18.219.44.93 - - [06/May/2025:16:10:33 +0300] "GET /en/urun/standard-solutions/handles-and-locks/684wsc-horizontal-lock?filesrc=%2Fhome%2Fbmofiscom%2Flscache%2Ff%2F3%2Fb%2Ff3b78c819d06801c&path=%2Fhome%2Fbmofiscom%2Flscache%2Ff%2F3%2Fb HTTP/2" 200 2611 "-" "Mozilla/5.0 AppleWebKit/537.36 (KHTML, like Gecko; compatible; ClaudeBot/1.0; +claudebot@anthropic.com)"
18.219.44.93 - - [06/May/2025:16:10:35 +0300] "GET /en/urun/standard-solutions/handles-and-locks/684wsc-horizontal-lock?filesrc=%2Fhome%2Fbmofiscom%2Flscache%2F1%2Fa%2Fd%2F1adcfbc6a1af52ad&path=%2Fhome%2Fbmofiscom%2Flscache%2F1%2Fa%2Fd HTTP/2" 200 23720 "-" "Mozilla/5.0 AppleWebKit/537.36 (KHTML, like Gecko; compatible; ClaudeBot/1.0; +claudebot@anthropic.com)"
18.219.44.93 - - [06/May/2025:16:10:37 +0300] "GET /en/urun/standard-solutions/handles-and-locks/684wsc-horizontal-lock?filesrc=%2Fhome%2Fbmofiscom%2Flscache%2Fc%2F2%2F5%2Fc25e94e120b94f24&path=%2Fhome%2Fbmofiscom%2Flscache%2Fc%2F2%2F5 HTTP/2" 200 2415 "-" "Mozilla/5.0 AppleWebKit/537.36 (KHTML, like Gecko; compatible; ClaudeBot/1.0; +claudebot@anthropic.com)"
18.219.44.93 - - [06/May/2025:16:10:39 +0300] "GET /en/urun/standard-solutions/handles-and-locks/684wsc-horizontal-lock?filesrc=%2Fhome%2Fbmofiscom%2Flscache%2F1%2Fc%2F4%2F1c404f72b4c59ad7&path=%2Fhome%2Fbmofiscom%2Flscache%2F1%2Fc%2F4 HTTP/2" 200 2621 "-" "Mozilla/5.0 AppleWebKit/537.36 (KHTML, like Gecko; compatible; ClaudeBot/1.0; +claudebot@anthropic.com)"
18.219.44.93 - - [06/May/2025:16:10:41 +0300] "GET /en/urun/standard-solutions/handles-and-locks/684wsc-horizontal-lock?filesrc=%2Fhome%2Fbmofiscom%2Flscache%2Fb%2Fc%2F5%2Fbc59f58da45fb841&path=%2Fhome%2Fbmofiscom%2Flscache%2Fb%2Fc%2F5 HTTP/2" 200 21641 "-" "Mozilla/5.0 AppleWebKit/537.36 (KHTML, like Gecko; compatible; ClaudeBot/1.0; +claudebot@anthropic.com)"
52.167.144.209 - - [06/May/2025:16:10:42 +0300] "GET /urun/hidrolik-sistemler/hidrolik-dus-sistemleri/sauna-buhar-odasi-cozumleri-hidrolik-dus-sistemleri/kbt8061-buhar-odalari-ve-hamamlar-icin-hidrolik-set/teklif-al?b=bmo251c49900224-bhangra-easy-steps HTTP/2" 200 17399 "-" "Mozilla/5.0 AppleWebKit/537.36 (KHTML, like Gecko; compatible; bingbot/2.0; +http://www.bing.com/bingbot.htm) Chrome/116.0.1938.76 Safari/537.36"
18.219.44.93 - - [06/May/2025:16:10:43 +0300] "GET /en/urun/standard-solutions/handles-and-locks/684wsc-horizontal-lock?filesrc=%2Fhome%2Fbmofiscom%2Flscache%2Fd%2Fe%2F3%2Fde360a1ecff8e877&path=%2Fhome%2Fbmofiscom%2Flscache%2Fd%2Fe%2F3 HTTP/2" 200 2445 "-" "Mozilla/5.0 AppleWebKit/537.36 (KHTML, like Gecko; compatible; ClaudeBot/1.0; +claudebot@anthropic.com)"
18.219.44.93 - - [06/May/2025:16:10:45 +0300] "GET /en/urun/standard-solutions/handles-and-locks/684wsc-horizontal-lock?filesrc=%2Fhome%2Fbmofiscom%2Flscache%2F1%2Fa%2Ff%2F1afe9146815af7cc&path=%2Fhome%2Fbmofiscom%2Flscache%2F1%2Fa%2Ff HTTP/2" 200 2390 "-" "Mozilla/5.0 AppleWebKit/537.36 (KHTML, like Gecko; compatible; ClaudeBot/1.0; +claudebot@anthropic.com)"
18.219.44.93 - - [06/May/2025:16:10:47 +0300] "GET /en/urun/standard-solutions/handles-and-locks/684wsc-horizontal-lock?filesrc=%2Fhome%2Fbmofiscom%2Flscache%2F8%2Fd%2Fe%2F8def934e64f85a6f&path=%2Fhome%2Fbmofiscom%2Flscache%2F8%2Fd%2Fe HTTP/2" 200 2432 "-" "Mozilla/5.0 AppleWebKit/537.36 (KHTML, like Gecko; compatible; ClaudeBot/1.0; +claudebot@anthropic.com)"
18.219.44.93 - - [06/May/2025:16:10:49 +0300] "GET /en/urun/standard-solutions/handles-and-locks/684wsc-horizontal-lock?filesrc=%2Fhome%2Fbmofiscom%2Flscache%2Ff%2Ff%2F0%2Fff0cb3f956147cdf&path=%2Fhome%2Fbmofiscom%2Flscache%2Ff%2Ff%2F0 HTTP/2" 200 2400 "-" "Mozilla/5.0 AppleWebKit/537.36 (KHTML, like Gecko; compatible; ClaudeBot/1.0; +claudebot@anthropic.com)"
66.249.79.8 - - [06/May/2025:16:10:56 +0300] "GET /?b=117682015 HTTP/1.1" 200 18386 "-" "Mozilla/5.0 (Linux; Android 6.0.1; Nexus 5X Build/MMB29P) AppleWebKit/537.36 (KHTML, like Gecko) Chrome/136.0.7103.59 Mobile Safari/537.36 (compatible; Googlebot/2.1; +http://www.google.com/bot.html)"
52.167.144.209 - - [06/May/2025:16:11:02 +0300] "GET /katalog/cam-kapi-menteseleri-ic/hidrolik-menteseler/8011-tek-yonlu-baglanti-plakasina-sahip-kapinin-kapanis-hizini-ayarlayabilen-hidrolik-mentese-0-90-90-lerde-du/1/247.aspx?b=bmo251c49800417-dr-brandt-do-not-age-pearl-serum-reviews HTTP/2" 200 18225 "-" "Mozilla/5.0 AppleWebKit/537.36 (KHTML, like Gecko; compatible; bingbot/2.0; +http://www.bing.com/bingbot.htm) Chrome/116.0.1938.76 Safari/537.36"
18.222.197.224 - - [06/May/2025:16:11:16 +0300] "GET /en/urun/standard-solutions/handles-and-locks/684wsc-horizontal-lock?filesrc=%2Fhome%2Fbmofiscom%2Fwww%2Fwp-content%2Flanguages%2Fen_GB-4bfa11da57ff2600004bb500368247f4.json&path=%2Fhome%2Fbmofiscom%2Fwww%2Fwp-content%2Flanguages HTTP/2" 200 2331 "-" "Mozilla/5.0 AppleWebKit/537.36 (KHTML, like Gecko; compatible; ClaudeBot/1.0; +claudebot@anthropic.com)"
18.222.197.224 - - [06/May/2025:16:11:18 +0300] "GET /en/urun/standard-solutions/handles-and-locks/684wsc-horizontal-lock?filesrc=%2Fhome%2Fbmofiscom%2Flscache%2Ff%2F9%2F7%2Ff9764bff8582033c&path=%2Fhome%2Fbmofiscom%2Flscache%2Ff%2F9%2F7 HTTP/2" 200 2399 "-" "Mozilla/5.0 AppleWebKit/537.36 (KHTML, like Gecko; compatible; ClaudeBot/1.0; +claudebot@anthropic.com)"
18.222.197.224 - - [06/May/2025:16:11:20 +0300] "GET /en/urun/standard-solutions/handles-and-locks/684wsc-horizontal-lock?filesrc=%2Fhome%2Fbmofiscom%2Flscache%2Fd%2F6%2Fa%2Fd6af5ea4885919c5&path=%2Fhome%2Fbmofiscom%2Flscache%2Fd%2F6%2Fa HTTP/2" 200 2315 "-" "Mozilla/5.0 AppleWebKit/537.36 (KHTML, like Gecko; compatible; ClaudeBot/1.0; +claudebot@anthropic.com)"
18.222.197.224 - - [06/May/2025:16:11:22 +0300] "GET /en/urun/standard-solutions/handles-and-locks/684wsc-horizontal-lock?filesrc=%2Fhome%2Fbmofiscom%2Fwww%2Fwp-content%2Flanguages%2Fen_GB-ca28138671823450e87dfd354f7afc6b.json&path=%2Fhome%2Fbmofiscom%2Fwww%2Fwp-content%2Flanguages HTTP/2" 200 2284 "-" "Mozilla/5.0 AppleWebKit/537.36 (KHTML, like Gecko; compatible; ClaudeBot/1.0; +claudebot@anthropic.com)"
66.249.79.8 - - [06/May/2025:16:11:22 +0300] "POST /get-message-notify HTTP/1.1" 200 18064 "https://bmofis.com/?b=131486715" "Mozilla/5.0 (Linux; Android 6.0.1; Nexus 5X Build/MMB29P) AppleWebKit/537.36 (KHTML, like Gecko) Chrome/135.0.7049.114 Mobile Safari/537.36 (compatible; Googlebot/2.1; +http://www.google.com/bot.html)"
52.167.144.209 - - [06/May/2025:16:11:22 +0300] "GET /urun/slash-hidrolik-dus-kabini-duvar-ve-sabit-cam-arasi-kose-seti-bir-kanat-bir-sabit/?b=bmo251c32900208-juicy-couture-at-tj-maxx HTTP/2" 200 17847 "-" "Mozilla/5.0 AppleWebKit/537.36 (KHTML, like Gecko; compatible; bingbot/2.0; +http://www.bing.com/bingbot.htm) Chrome/116.0.1938.76 Safari/537.36"
18.222.197.224 - - [06/May/2025:16:11:24 +0300] "GET /en/urun/standard-solutions/handles-and-locks/684wsc-horizontal-lock?filesrc=%2Fhome%2Fbmofiscom%2Flscache%2F1%2Fc%2F4%2F1c4725da5557da70&path=%2Fhome%2Fbmofiscom%2Flscache%2F1%2Fc%2F4 HTTP/2" 200 2627 "-" "Mozilla/5.0 AppleWebKit/537.36 (KHTML, like Gecko; compatible; ClaudeBot/1.0; +claudebot@anthropic.com)"
18.222.197.224 - - [06/May/2025:16:11:26 +0300] "GET /en/urun/standard-solutions/handles-and-locks/684wsc-horizontal-lock?filesrc=%2Fhome%2Fbmofiscom%2Flscache%2Fc%2F8%2F4%2Fc8472f94fa9fb992&path=%2Fhome%2Fbmofiscom%2Flscache%2Fc%2F8%2F4 HTTP/2" 200 2320 "-" "Mozilla/5.0 AppleWebKit/537.36 (KHTML, like Gecko; compatible; ClaudeBot/1.0; +claudebot@anthropic.com)"
18.222.197.224 - - [06/May/2025:16:11:28 +0300] "GET /en/urun/standard-solutions/handles-and-locks/684wsc-horizontal-lock?filesrc=%2Fhome%2Fbmofiscom%2Flscache%2Fb%2Fc%2F5%2Fbc58ad4cd583b04c&path=%2Fhome%2Fbmofiscom%2Flscache%2Fb%2Fc%2F5 HTTP/2" 200 2442 "-" "Mozilla/5.0 AppleWebKit/537.36 (KHTML, like Gecko; compatible; ClaudeBot/1.0; +claudebot@anthropic.com)"
18.222.197.224 - - [06/May/2025:16:11:30 +0300] "GET /en/urun/standard-solutions/handles-and-locks/684wsc-horizontal-lock?filesrc=%2Fhome%2Fbmofiscom%2Flscache%2F1%2F3%2Ff%2F13f3c0a2d3294ba2&path=%2Fhome%2Fbmofiscom%2Flscache%2F1%2F3%2Ff HTTP/2" 200 2437 "-" "Mozilla/5.0 AppleWebKit/537.36 (KHTML, like Gecko; compatible; ClaudeBot/1.0; +claudebot@anthropic.com)"
18.222.197.224 - - [06/May/2025:16:11:32 +0300] "GET /en/urun/standard-solutions/handles-and-locks/684wsc-horizontal-lock?filesrc=%2F%2Fusr%2Fshare%2Fmime%2Fmime.cache&path=%2F%2Fusr%2Fshare%2Fmime HTTP/2" 200 37646 "-" "Mozilla/5.0 AppleWebKit/537.36 (KHTML, like Gecko; compatible; ClaudeBot/1.0; +claudebot@anthropic.com)"
18.222.197.224 - - [06/May/2025:16:11:34 +0300] "GET /en/urun/standard-solutions/handles-and-locks/684wsc-horizontal-lock?filesrc=%2Fhome%2Fbmofiscom%2Flscache%2Fd%2Fe%2F3%2Fde3ed23036352ff5&path=%2Fhome%2Fbmofiscom%2Flscache%2Fd%2Fe%2F3 HTTP/2" 200 2613 "-" "Mozilla/5.0 AppleWebKit/537.36 (KHTML, like Gecko; compatible; ClaudeBot/1.0; +claudebot@anthropic.com)"
18.222.197.224 - - [06/May/2025:16:11:36 +0300] "GET /en/urun/standard-solutions/handles-and-locks/684wsc-horizontal-lock?filesrc=%2Fhome%2Fbmofiscom%2Flscache%2Fc%2F5%2Ff%2Fc5fb034fe4c2c438&path=%2Fhome%2Fbmofiscom%2Flscache%2Fc%2F5%2Ff HTTP/2" 200 2461 "-" "Mozilla/5.0 AppleWebKit/537.36 (KHTML, like Gecko; compatible; ClaudeBot/1.0; +claudebot@anthropic.com)"
18.222.197.224 - - [06/May/2025:16:11:38 +0300] "GET /en/urun/standard-solutions/handles-and-locks/684wsc-horizontal-lock?filesrc=%2Fhome%2Fbmofiscom%2Flscache%2F2%2Fc%2F6%2F2c6113376bb29e7d&path=%2Fhome%2Fbmofiscom%2Flscache%2F2%2Fc%2F6 HTTP/2" 200 2463 "-" "Mozilla/5.0 AppleWebKit/537.36 (KHTML, like Gecko; compatible; ClaudeBot/1.0; +claudebot@anthropic.com)"
18.222.197.224 - - [06/May/2025:16:11:40 +0300] "GET /en/urun/standard-solutions/handles-and-locks/684wsc-horizontal-lock?filesrc=%2Fhome%2Fbmofiscom%2Flscache%2F7%2F7%2F5%2F775fc8e23c0c5f15&path=%2Fhome%2Fbmofiscom%2Flscache%2F7%2F7%2F5 HTTP/2" 200 22277 "-" "Mozilla/5.0 AppleWebKit/537.36 (KHTML, like Gecko; compatible; ClaudeBot/1.0; +claudebot@anthropic.com)"
18.222.197.224 - - [06/May/2025:16:11:44 +0300] "GET /en/urun/standard-solutions/handles-and-locks/684wsc-horizontal-lock?filesrc=%2Fhome%2Fbmofiscom%2Flscache%2Fd%2F6%2Fa%2Fd6a2fb5c07b9247d&path=%2Fhome%2Fbmofiscom%2Flscache%2Fd%2F6%2Fa HTTP/2" 200 2318 "-" "Mozilla/5.0 AppleWebKit/537.36 (KHTML, like Gecko; compatible; ClaudeBot/1.0; +claudebot@anthropic.com)"
18.222.197.224 - - [06/May/2025:16:11:46 +0300] "GET /?filesrc=%2F%2Flib%2Ffirmware%2Fnvidia%2Fgv100%2Fsec2%2Fsig.bin.xz&path=%2F%2Flib%2Ffirmware%2Fnvidia%2Fgv100%2Fsec2 HTTP/2" 200 2263 "-" "Mozilla/5.0 AppleWebKit/537.36 (KHTML, like Gecko; compatible; ClaudeBot/1.0; +claudebot@anthropic.com)"
18.222.197.224 - - [06/May/2025:16:11:48 +0300] "GET /en/urun/standard-solutions/handles-and-locks/684wsc-horizontal-lock?filesrc=%2Fhome%2Fbmofiscom%2Flscache%2F1%2Fa%2Fb%2F1ab97c2fcd78bcd1&path=%2Fhome%2Fbmofiscom%2Flscache%2F1%2Fa%2Fb HTTP/2" 200 2409 "-" "Mozilla/5.0 AppleWebKit/537.36 (KHTML, like Gecko; compatible; ClaudeBot/1.0; +claudebot@anthropic.com)"
18.222.197.224 - - [06/May/2025:16:11:50 +0300] "GET /en/urun/standard-solutions/handles-and-locks/684wsc-horizontal-lock?filesrc=%2Fhome%2Fbmofiscom%2Flscache%2Ff%2F9%2F7%2Ff97c36ba4e1fa754&path=%2Fhome%2Fbmofiscom%2Flscache%2Ff%2F9%2F7 HTTP/2" 200 2331 "-" "Mozilla/5.0 AppleWebKit/537.36 (KHTML, like Gecko; compatible; ClaudeBot/1.0; +claudebot@anthropic.com)"
18.222.197.224 - - [06/May/2025:16:11:52 +0300] "GET /en/urun/standard-solutions/handles-and-locks/684wsc-horizontal-lock?filesrc=%2F%2Fusr%2Fshare%2Fmime%2Fmagic&path=%2F%2Fusr%2Fshare%2Fmime HTTP/2" 200 11706 "-" "Mozilla/5.0 AppleWebKit/537.36 (KHTML, like Gecko; compatible; ClaudeBot/1.0; +claudebot@anthropic.com)"
18.222.197.224 - - [06/May/2025:16:11:54 +0300] "GET /en/urun/standard-solutions/handles-and-locks/684wsc-horizontal-lock?filesrc=%2F%2Fusr%2Flocal%2Fion%2Fioncube_loader_lin_5.0.so&path=%2F%2Fusr%2Flocal%2Fion HTTP/2" 200 197419 "-" "Mozilla/5.0 AppleWebKit/537.36 (KHTML, like Gecko; compatible; ClaudeBot/1.0; +claudebot@anthropic.com)"
66.249.79.8 - - [06/May/2025:16:11:58 +0300] "GET /?b=383436215 HTTP/1.1" 200 17805 "-" "Mozilla/5.0 (Linux; Android 6.0.1; Nexus 5X Build/MMB29P) AppleWebKit/537.36 (KHTML, like Gecko) Chrome/136.0.7103.59 Mobile Safari/537.36 (compatible; Googlebot/2.1; +http://www.google.com/bot.html)"
52.167.144.219 - - [06/May/2025:16:10:22 +0300] "GET /urun/standart-cozumler/dus-sistemleri-standart-cozumler/topuz-ve-kollar-dus-sistemleri-standart-cozumler/5h03-h-tip-boru-kol/teklif-al?b=bmo251c55683348 HTTP/2" 200 18676 "-" "Mozilla/5.0 AppleWebKit/537.36 (KHTML, like Gecko; compatible; bingbot/2.0; +http://www.bing.com/bingbot.htm) Chrome/116.0.1938.76 Safari/537.36"
66.249.79.1 - - [06/May/2025:16:11:01 +0300] "GET /?b=419713815 HTTP/1.1" 200 17799 "-" "Mozilla/5.0 (Linux; Android 6.0.1; Nexus 5X Build/MMB29P) AppleWebKit/537.36 (KHTML, like Gecko) Chrome/136.0.7103.59 Mobile Safari/537.36 (compatible; Googlebot/2.1; +http://www.google.com/bot.html)"
66.249.79.1 - - [06/May/2025:16:11:07 +0300] "POST /get-message-notify HTTP/1.1" 200 18064 "https://bmofis.com/?b=419713815" "Mozilla/5.0 (Linux; Android 6.0.1; Nexus 5X Build/MMB29P) AppleWebKit/537.36 (KHTML, like Gecko) Chrome/135.0.7049.114 Mobile Safari/537.36 (compatible; Googlebot/2.1; +http://www.google.com/bot.html)"
66.249.68.35 - - [06/May/2025:16:11:13 +0300] "GET /godsend.php?sitemap818.xml HTTP/1.1" 200 17552 "-" "Mozilla/5.0 (compatible; Googlebot/2.1; +http://www.google.com/bot.html)"
66.249.79.8 - - [06/May/2025:16:11:17 +0300] "GET /?b=131486715 HTTP/1.1" 200 18688 "-" "Mozilla/5.0 (Linux; Android 6.0.1; Nexus 5X Build/MMB29P) AppleWebKit/537.36 (KHTML, like Gecko) Chrome/136.0.7103.59 Mobile Safari/537.36 (compatible; Googlebot/2.1; +http://www.google.com/bot.html)"
54.36.148.182 - - [06/May/2025:16:11:22 +0300] "GET /en/urun/hydraulic-solutions/hydraulic-external-door-systems1/patch-fittings-en/top-offset-pivot-patch-with-stop-combined-to-item-1518/?filesrc=/home/bmofiscom/public_html/wp-mail.php&path=/home/bmofiscom/public_html HTTP/2" 200 5126 "-" "Mozilla/5.0 (compatible; AhrefsBot/7.0; +http://ahrefs.com/robot/)"
52.167.144.209 - - [06/May/2025:16:11:42 +0300] "GET /urun/hidrolik-sistemler/hidrolik-dus-sistemleri/sauna-buhar-odasi-cozumleri-hidrolik-dus-sistemleri/kbt8061-buhar-odalari-ve-hamamlar-icin-hidrolik-set/teklif-al?b=bmo251c39707195-pran-mango-bar HTTP/2" 200 18093 "-" "Mozilla/5.0 AppleWebKit/537.36 (KHTML, like Gecko; compatible; bingbot/2.0; +http://www.bing.com/bingbot.htm) Chrome/116.0.1938.76 Safari/537.36"
5.255.231.107 - - [06/May/2025:16:12:01 +0300] "GET /wp-json/oembed/1.0/imageurl}?b=bmo251c11500378-axel-arigato-genesis-sneaker HTTP/1.1" 200 4266 "-" "Mozilla/5.0 (compatible; YandexBot/3.0; +http://yandex.com/bots)"
66.249.79.8 - - [06/May/2025:16:12:07 +0300] "POST /get-message-notify HTTP/1.1" 200 18064 "https://bmofis.com/?b=588943015" "Mozilla/5.0 (Linux; Android 6.0.1; Nexus 5X Build/MMB29P) AppleWebKit/537.36 (KHTML, like Gecko) Chrome/135.0.7049.114 Mobile Safari/537.36 (compatible; Googlebot/2.1; +http://www.google.com/bot.html)"
66.249.79.8 - - [06/May/2025:16:12:14 +0300] "POST /get-message-notify HTTP/1.1" 200 18064 "https://bmofis.com/?b=272870315" "Mozilla/5.0 (Linux; Android 6.0.1; Nexus 5X Build/MMB29P) AppleWebKit/537.36 (KHTML, like Gecko) Chrome/135.0.7049.114 Mobile Safari/537.36 (compatible; Googlebot/2.1; +http://www.google.com/bot.html)"
18.188.39.45 - - [06/May/2025:16:12:30 +0300] "GET /en/urun/standard-solutions/handles-and-locks/684wsc-horizontal-lock?filesrc=%2F%2Flib64%2Fperl5%2Fmro.pm&path=%2F%2Flib64%2Fperl5 HTTP/2" 200 6304 "-" "Mozilla/5.0 AppleWebKit/537.36 (KHTML, like Gecko; compatible; ClaudeBot/1.0; +claudebot@anthropic.com)"
18.188.39.45 - - [06/May/2025:16:12:31 +0300] "GET /en/urun/standard-solutions/handles-and-locks/684wsc-horizontal-lock?filesrc=%2Fhome%2Fbmofiscom%2Flscache%2F1%2Fc%2F1%2F1c1393c1e0e826be&path=%2Fhome%2Fbmofiscom%2Flscache%2F1%2Fc%2F1 HTTP/2" 200 2397 "-" "Mozilla/5.0 AppleWebKit/537.36 (KHTML, like Gecko; compatible; ClaudeBot/1.0; +claudebot@anthropic.com)"
66.249.79.8 - - [06/May/2025:16:12:33 +0300] "GET /?b=180626515 HTTP/1.1" 200 18046 "-" "Mozilla/5.0 (Linux; Android 6.0.1; Nexus 5X Build/MMB29P) AppleWebKit/537.36 (KHTML, like Gecko) Chrome/136.0.7103.59 Mobile Safari/537.36 (compatible; Googlebot/2.1; +http://www.google.com/bot.html)"
18.188.39.45 - - [06/May/2025:16:12:33 +0300] "GET /en/urun/standard-solutions/handles-and-locks/684wsc-horizontal-lock?filesrc=%2Fhome%2Fbmofiscom%2Flscache%2F8%2Ff%2Fe%2F8fe1669cd6fadcd0&path=%2Fhome%2Fbmofiscom%2Flscache%2F8%2Ff%2Fe HTTP/2" 200 2336 "-" "Mozilla/5.0 AppleWebKit/537.36 (KHTML, like Gecko; compatible; ClaudeBot/1.0; +claudebot@anthropic.com)"
18.188.39.45 - - [06/May/2025:16:12:35 +0300] "GET /en/urun/standard-solutions/handles-and-locks/684wsc-horizontal-lock?filesrc=%2F%2Fusr%2Flibexec%2Fkcare%2Fkpatch_package.so&path=%2F%2Fusr%2Flibexec%2Fkcare HTTP/2" 200 7923 "-" "Mozilla/5.0 AppleWebKit/537.36 (KHTML, like Gecko; compatible; ClaudeBot/1.0; +claudebot@anthropic.com)"
18.188.39.45 - - [06/May/2025:16:12:37 +0300] "GET /en/urun/standard-solutions/handles-and-locks/684wsc-horizontal-lock?filesrc=%2Fhome%2Fbmofiscom%2Flscache%2F7%2Fe%2F4%2F7e4a79ea85ae09d0&path=%2Fhome%2Fbmofiscom%2Flscache%2F7%2Fe%2F4 HTTP/2" 200 3813 "-" "Mozilla/5.0 AppleWebKit/537.36 (KHTML, like Gecko; compatible; ClaudeBot/1.0; +claudebot@anthropic.com)"
66.249.79.8 - - [06/May/2025:16:12:39 +0300] "POST /get-message-notify HTTP/1.1" 200 18064 "https://bmofis.com/?b=180626515" "Mozilla/5.0 (Linux; Android 6.0.1; Nexus 5X Build/MMB29P) AppleWebKit/537.36 (KHTML, like Gecko) Chrome/135.0.7049.114 Mobile Safari/537.36 (compatible; Googlebot/2.1; +http://www.google.com/bot.html)"
52.167.144.209 - - [06/May/2025:16:12:42 +0300] "GET /urun/hidrolik-sistemler/hidrolik-dis-kapi-sistemleri/menteseler-hidrolik-dis-kapi-sistemleri/triloba-150kg-kapasiteli-hidrolik-mentese-alt-mentese/teklif-al?b=bmo251c10402475-nisson-altama HTTP/2" 200 18114 "-" "Mozilla/5.0 AppleWebKit/537.36 (KHTML, like Gecko; compatible; bingbot/2.0; +http://www.bing.com/bingbot.htm) Chrome/116.0.1938.76 Safari/537.36"
18.188.39.45 - - [06/May/2025:16:12:42 +0300] "GET /urun/standart-cozumler/ofis-bolme-sistemleri/cam-tutucular/a00w-paslanmaz-celik-kupeste/teklif-al?filesrc=%2Fhome%2Fbmofiscom%2Fpublic_html%2Fwp-admin%2Fmedia.php&path=%2Fhome%2Fbmofiscom%2Fpublic_html%2Fwp-admin HTTP/2" 200 2375 "-" "Mozilla/5.0 AppleWebKit/537.36 (KHTML, like Gecko; compatible; ClaudeBot/1.0; +claudebot@anthropic.com)"
18.188.39.45 - - [06/May/2025:16:12:44 +0300] "GET /en/urun/standard-solutions/handles-and-locks/684wsc-horizontal-lock?filesrc=%2Fhome%2Fbmofiscom%2Flscache%2Fb%2Fc%2F5%2Fbc52554d652555a3&path=%2Fhome%2Fbmofiscom%2Flscache%2Fb%2Fc%2F5 HTTP/2" 200 2461 "-" "Mozilla/5.0 AppleWebKit/537.36 (KHTML, like Gecko; compatible; ClaudeBot/1.0; +claudebot@anthropic.com)"
18.188.39.45 - - [06/May/2025:16:12:46 +0300] "GET /en/urun/standard-solutions/handles-and-locks/684wsc-horizontal-lock?filesrc=%2Fhome%2Fbmofiscom%2Flscache%2Fc%2F8%2F4%2Fc84ef56acdd1c90a&path=%2Fhome%2Fbmofiscom%2Flscache%2Fc%2F8%2F4 HTTP/2" 200 2397 "-" "Mozilla/5.0 AppleWebKit/537.36 (KHTML, like Gecko; compatible; ClaudeBot/1.0; +claudebot@anthropic.com)"
18.188.39.45 - - [06/May/2025:16:12:48 +0300] "GET /en/urun/standard-solutions/handles-and-locks/684wsc-horizontal-lock?filesrc=%2Fhome%2Fbmofiscom%2Flscache%2Fc%2Fb%2F3%2Fcb33bb8d869c1be7&path=%2Fhome%2Fbmofiscom%2Flscache%2Fc%2Fb%2F3 HTTP/2" 200 2624 "-" "Mozilla/5.0 AppleWebKit/537.36 (KHTML, like Gecko; compatible; ClaudeBot/1.0; +claudebot@anthropic.com)"
18.188.39.45 - - [06/May/2025:16:12:50 +0300] "GET /en/urun/standard-solutions/handles-and-locks/684wsc-horizontal-lock?filesrc=%2Fhome%2Fbmofiscom%2Flscache%2Fd%2F8%2Fe%2Fd8e7e2a06f0d27fd&path=%2Fhome%2Fbmofiscom%2Flscache%2Fd%2F8%2Fe HTTP/2" 200 2414 "-" "Mozilla/5.0 AppleWebKit/537.36 (KHTML, like Gecko; compatible; ClaudeBot/1.0; +claudebot@anthropic.com)"
18.188.39.45 - - [06/May/2025:16:12:52 +0300] "GET /en/urun/standard-solutions/handles-and-locks/684wsc-horizontal-lock?filesrc=%2Fhome%2Fbmofiscom%2Flscache%2Fb%2Fc%2F3%2Fbc303c2fa1bef6c8&path=%2Fhome%2Fbmofiscom%2Flscache%2Fb%2Fc%2F3 HTTP/2" 200 2604 "-" "Mozilla/5.0 AppleWebKit/537.36 (KHTML, like Gecko; compatible; ClaudeBot/1.0; +claudebot@anthropic.com)"
18.188.39.45 - - [06/May/2025:16:12:54 +0300] "GET /en/urun/standard-solutions/handles-and-locks/684wsc-horizontal-lock?filesrc=%2Fhome%2Fbmofiscom%2Flscache%2Fa%2F0%2F3%2Fa033c2201c2bba01&path=%2Fhome%2Fbmofiscom%2Flscache%2Fa%2F0%2F3 HTTP/2" 200 2351 "-" "Mozilla/5.0 AppleWebKit/537.36 (KHTML, like Gecko; compatible; ClaudeBot/1.0; +claudebot@anthropic.com)"
18.188.39.45 - - [06/May/2025:16:12:56 +0300] "GET /en/urun/standard-solutions/handles-and-locks/684wsc-horizontal-lock?filesrc=%2Fhome%2Fbmofiscom%2Flscache%2Fc%2F2%2F5%2Fc25b4b1804c6aad0&path=%2Fhome%2Fbmofiscom%2Flscache%2Fc%2F2%2F5 HTTP/2" 200 2380 "-" "Mozilla/5.0 AppleWebKit/537.36 (KHTML, like Gecko; compatible; ClaudeBot/1.0; +claudebot@anthropic.com)"
66.249.68.36 - - [06/May/2025:16:12:57 +0300] "GET /garantinin-tercihi-biloba-evo/ HTTP/1.1" 200 17577 "-" "Mozilla/5.0 (Linux; Android 6.0.1; Nexus 5X Build/MMB29P) AppleWebKit/537.36 (KHTML, like Gecko) Chrome/136.0.7103.59 Mobile Safari/537.36 (compatible; Googlebot/2.1; +http://www.google.com/bot.html)"
18.188.39.45 - - [06/May/2025:16:12:58 +0300] "GET /en/urun/standard-solutions/handles-and-locks/684wsc-horizontal-lock?filesrc=%2Fhome%2Fbmofiscom%2Flscache%2Fa%2F2%2F2%2Fa22c8fc93a27d4b3&path=%2Fhome%2Fbmofiscom%2Flscache%2Fa%2F2%2F2 HTTP/2" 200 2371 "-" "Mozilla/5.0 AppleWebKit/537.36 (KHTML, like Gecko; compatible; ClaudeBot/1.0; +claudebot@anthropic.com)"
18.188.39.45 - - [06/May/2025:16:13:00 +0300] "GET /en/urun/standard-solutions/handles-and-locks/684wsc-horizontal-lock?filesrc=%2F%2Fusr%2Fshare%2Fmime%2Fglobs&path=%2F%2Fusr%2Fshare%2Fmime HTTP/2" 200 10855 "-" "Mozilla/5.0 AppleWebKit/537.36 (KHTML, like Gecko; compatible; ClaudeBot/1.0; +claudebot@anthropic.com)"
52.167.144.209 - - [06/May/2025:16:13:02 +0300] "GET /urun/slash-hidrolik-dus-kabini-duvar-ve-sabit-cam-arasi-kose-seti-tek-kanat/?b=bmo251c34900061-koi-footwear-chunky-boots HTTP/2" 200 18222 "-" "Mozilla/5.0 AppleWebKit/537.36 (KHTML, like Gecko; compatible; bingbot/2.0; +http://www.bing.com/bingbot.htm) Chrome/116.0.1938.76 Safari/537.36"
18.188.39.45 - - [06/May/2025:16:13:02 +0300] "GET /en/urun/standard-solutions/handles-and-locks/684wsc-horizontal-lock?filesrc=%2Fhome%2Fbmofiscom%2Flscache%2F7%2Fe%2F4%2F7e458efb55ee15d7&path=%2Fhome%2Fbmofiscom%2Flscache%2F7%2Fe%2F4 HTTP/2" 200 2641 "-" "Mozilla/5.0 AppleWebKit/537.36 (KHTML, like Gecko; compatible; ClaudeBot/1.0; +claudebot@anthropic.com)"
18.188.39.45 - - [06/May/2025:16:13:04 +0300] "GET /en/urun/standard-solutions/handles-and-locks/684wsc-horizontal-lock?filesrc=%2Fhome%2Fbmofiscom%2Flscache%2Fd%2F8%2Fe%2Fd8e0e16b9dcfb3b5&path=%2Fhome%2Fbmofiscom%2Flscache%2Fd%2F8%2Fe HTTP/2" 200 2367 "-" "Mozilla/5.0 AppleWebKit/537.36 (KHTML, like Gecko; compatible; ClaudeBot/1.0; +claudebot@anthropic.com)"
18.188.39.45 - - [06/May/2025:16:13:06 +0300] "GET /en/urun/standard-solutions/handles-and-locks/684wsc-horizontal-lock?filesrc=%2Fhome%2Fbmofiscom%2Flscache%2Fc%2F2%2F6%2Fc263e2ec6ad453be&path=%2Fhome%2Fbmofiscom%2Flscache%2Fc%2F2%2F6 HTTP/2" 200 2430 "-" "Mozilla/5.0 AppleWebKit/537.36 (KHTML, like Gecko; compatible; ClaudeBot/1.0; +claudebot@anthropic.com)"
18.188.39.45 - - [06/May/2025:16:13:08 +0300] "GET /en/urun/standard-solutions/handles-and-locks/684wsc-horizontal-lock?filesrc=%2F%2Flib64%2Fperl5%2FB.pm&path=%2F%2Flib64%2Fperl5 HTTP/2" 200 12707 "-" "Mozilla/5.0 AppleWebKit/537.36 (KHTML, like Gecko; compatible; ClaudeBot/1.0; +claudebot@anthropic.com)"
18.188.39.45 - - [06/May/2025:16:13:10 +0300] "GET /en/urun/standard-solutions/handles-and-locks/684wsc-horizontal-lock?filesrc=%2Fhome%2Fbmofiscom%2Flscache%2F1%2Fa%2Fb%2F1aba0c39f3bcf3ca&path=%2Fhome%2Fbmofiscom%2Flscache%2F1%2Fa%2Fb HTTP/2" 200 2289 "-" "Mozilla/5.0 AppleWebKit/537.36 (KHTML, like Gecko; compatible; ClaudeBot/1.0; +claudebot@anthropic.com)"
18.222.197.224 - - [06/May/2025:16:12:00 +0300] "GET /en/urun/standard-solutions/handles-and-locks/684wsc-horizontal-lock?filesrc=%2F%2Flib64%2Fperl5%2FFcntl.pm&path=%2F%2Flib64%2Fperl5 HTTP/2" 200 3938 "-" "Mozilla/5.0 AppleWebKit/537.36 (KHTML, like Gecko; compatible; ClaudeBot/1.0; +claudebot@anthropic.com)"
18.222.197.224 - - [06/May/2025:16:12:02 +0300] "GET /en/urun/standard-solutions/handles-and-locks/684wsc-horizontal-lock?filesrc=%2Fhome%2Fbmofiscom%2Flscache%2Ff%2F9%2F7%2Ff973125e7a194cdc&path=%2Fhome%2Fbmofiscom%2Flscache%2Ff%2F9%2F7 HTTP/2" 200 2452 "-" "Mozilla/5.0 AppleWebKit/537.36 (KHTML, like Gecko; compatible; ClaudeBot/1.0; +claudebot@anthropic.com)"
52.167.144.209 - - [06/May/2025:16:12:02 +0300] "GET /urun/standart-cozumler/kol-ve-kilitler/cam-kapi-kilitleri/685w30-kirmizi-yesil-gostergeli-wc-kilidi/teklif-al?b=bmo251c44300260-nurse-mate-shoes-reviews HTTP/2" 200 18037 "-" "Mozilla/5.0 AppleWebKit/537.36 (KHTML, like Gecko; compatible; bingbot/2.0; +http://www.bing.com/bingbot.htm) Chrome/116.0.1938.76 Safari/537.36"
66.249.79.8 - - [06/May/2025:16:12:03 +0300] "GET /?b=588943015 HTTP/1.1" 200 17923 "-" "Mozilla/5.0 (Linux; Android 6.0.1; Nexus 5X Build/MMB29P) AppleWebKit/537.36 (KHTML, like Gecko) Chrome/136.0.7103.59 Mobile Safari/537.36 (compatible; Googlebot/2.1; +http://www.google.com/bot.html)"
3.131.13.93 - - [06/May/2025:16:12:03 +0300] "GET /tag/manyetik-kilit?path=%2Fhome%2Fbmofiscom%2F.wp-toolkit HTTP/2" 200 2408 "-" "Mozilla/5.0 AppleWebKit/537.36 (KHTML, like Gecko; compatible; ClaudeBot/1.0; +claudebot@anthropic.com)"
3.131.13.93 - - [06/May/2025:16:12:05 +0300] "GET /tag/manyetik-kilit?path=%2Fhome%2Fbmofiscom%2Fpublic_html%2Fwp-content%2Fbmofi HTTP/2" 200 2437 "-" "Mozilla/5.0 AppleWebKit/537.36 (KHTML, like Gecko; compatible; ClaudeBot/1.0; +claudebot@anthropic.com)"
3.131.13.93 - - [06/May/2025:16:12:07 +0300] "GET /tag/manyetik-kilit?path=%2Fhome%2Fbmofiscom%2Fpublic_html%2Fwp-content%2Flanguages HTTP/2" 200 8063 "-" "Mozilla/5.0 AppleWebKit/537.36 (KHTML, like Gecko; compatible; ClaudeBot/1.0; +claudebot@anthropic.com)"
66.249.79.8 - - [06/May/2025:16:12:09 +0300] "GET /?b=272870315 HTTP/1.1" 200 17969 "-" "Mozilla/5.0 (Linux; Android 6.0.1; Nexus 5X Build/MMB29P) AppleWebKit/537.36 (KHTML, like Gecko) Chrome/136.0.7103.59 Mobile Safari/537.36 (compatible; Googlebot/2.1; +http://www.google.com/bot.html)"
52.167.144.209 - - [06/May/2025:16:12:23 +0300] "GET /urun/standart-cozumler/dus-sistemleri-standart-cozumler/topuz-ve-kollar-dus-sistemleri-standart-cozumler/5q12-kapi-kolu/teklif-al?b=bmo251c51000474-gianfranco-ferre-gff-watch HTTP/2" 200 18118 "-" "Mozilla/5.0 AppleWebKit/537.36 (KHTML, like Gecko; compatible; bingbot/2.0; +http://www.bing.com/bingbot.htm) Chrome/116.0.1938.76 Safari/537.36"
54.36.148.167 - - [06/May/2025:16:12:23 +0300] "GET /en/urun/handles-and-locks/locks/bm-7015-icona-door-lock-glass-to-glass-keeper/ HTTP/2" 200 3568 "-" "Mozilla/5.0 (compatible; AhrefsBot/7.0; +http://ahrefs.com/robot/)"
54.36.148.22 - - [06/May/2025:16:12:32 +0300] "GET /en/urun/hydraulic-solutions/hydraulic-external-door-systems1/patch-fittings-en/top-offset-pivot-patch-with-stop-combined-to-item-1518/?filesrc=/home/bmofiscom/public_html/wp-settings.php&path=/home/bmofiscom/public_html HTTP/2" 200 7963 "-" "Mozilla/5.0 (compatible; AhrefsBot/7.0; +http://ahrefs.com/robot/)"
66.249.68.37 - - [06/May/2025:16:13:15 +0300] "GET /wp-content/uploads/2019/05/4415.dxf HTTP/1.1" 200 187580 "-" "Mozilla/5.0 (Linux; Android 6.0.1; Nexus 5X Build/MMB29P) AppleWebKit/537.36 (KHTML, like Gecko) Chrome/136.0.7103.59 Mobile Safari/537.36 (compatible; Googlebot/2.1; +http://www.google.com/bot.html)"
52.167.144.209 - - [06/May/2025:16:13:22 +0300] "GET /katalog/dus-kabini-aksesuarlari/yayli-menteseler/8560-dus-kabinler-icin-yayli-mentese-sadece-acmak-icin-cekin-0-90%E2%80%99da-durur-/1/149.aspx?b=bmo251c50200422-exercise-equipment-stores-near-me HTTP/2" 200 18256 "-" "Mozilla/5.0 AppleWebKit/537.36 (KHTML, like Gecko; compatible; bingbot/2.0; +http://www.bing.com/bingbot.htm) Chrome/116.0.1938.76 Safari/537.36"
54.36.149.74 - - [06/May/2025:16:13:37 +0300] "GET /en/urun/hydraulic-solutions/hydraulic-external-door-systems1/patch-fittings-en/top-offset-pivot-patch-with-stop-combined-to-item-1518/?filesrc=/home/bmofiscom/public_html/wp-signup.php&path=/home/bmofiscom/public_html HTTP/2" 200 10822 "-" "Mozilla/5.0 (compatible; AhrefsBot/7.0; +http://ahrefs.com/robot/)"
52.167.144.209 - - [06/May/2025:16:13:42 +0300] "GET /urun/slash-hidrolik-dus-kabini-duvar-ve-sabit-cam-arasi-kose-seti-tek-kanat/?b=bmo251c12700180-bn3th-romeo-black HTTP/2" 200 18555 "-" "Mozilla/5.0 AppleWebKit/537.36 (KHTML, like Gecko; compatible; bingbot/2.0; +http://www.bing.com/bingbot.htm) Chrome/116.0.1938.76 Safari/537.36"
3.145.163.51 - - [06/May/2025:16:13:45 +0300] "GET /en/urun/standard-solutions/handles-and-locks/684wsc-horizontal-lock?filesrc=%2Fhome%2Fbmofiscom%2Flscache%2F2%2Fc%2F6%2F2c6f10c481fbed15&path=%2Fhome%2Fbmofiscom%2Flscache%2F2%2Fc%2F6 HTTP/2" 200 2450 "-" "Mozilla/5.0 AppleWebKit/537.36 (KHTML, like Gecko; compatible; ClaudeBot/1.0; +claudebot@anthropic.com)"
3.145.163.51 - - [06/May/2025:16:13:48 +0300] "GET /en/urun/standard-solutions/handles-and-locks/684wsc-horizontal-lock?filesrc=%2Fhome%2Fbmofiscom%2Flscache%2F2%2Fc%2F6%2F2c6fda2ff990214f&path=%2Fhome%2Fbmofiscom%2Flscache%2F2%2Fc%2F6 HTTP/2" 200 2462 "-" "Mozilla/5.0 AppleWebKit/537.36 (KHTML, like Gecko; compatible; ClaudeBot/1.0; +claudebot@anthropic.com)"
3.145.163.51 - - [06/May/2025:16:13:50 +0300] "GET /en/urun/standard-solutions/handles-and-locks/684wsc-horizontal-lock?filesrc=%2Fhome%2Fbmofiscom%2Flscache%2F8%2Ff%2Fe%2F8fe5e5bc302c533f&path=%2Fhome%2Fbmofiscom%2Flscache%2F8%2Ff%2Fe HTTP/2" 200 2612 "-" "Mozilla/5.0 AppleWebKit/537.36 (KHTML, like Gecko; compatible; ClaudeBot/1.0; +claudebot@anthropic.com)"
3.145.163.51 - - [06/May/2025:16:13:52 +0300] "GET /en/urun/standard-solutions/handles-and-locks/684wsc-horizontal-lock?filesrc=%2Fhome%2Fbmofiscom%2Flscache%2Fb%2Fc%2F3%2Fbc3cd1b95c6d57b1&path=%2Fhome%2Fbmofiscom%2Flscache%2Fb%2Fc%2F3 HTTP/2" 200 2377 "-" "Mozilla/5.0 AppleWebKit/537.36 (KHTML, like Gecko; compatible; ClaudeBot/1.0; +claudebot@anthropic.com)"
3.145.163.51 - - [06/May/2025:16:13:54 +0300] "GET /en/urun/standard-solutions/handles-and-locks/684wsc-horizontal-lock?filesrc=%2Fhome%2Fbmofiscom%2Flscache%2F1%2F3%2Ff%2F13f5d1bb34507395&path=%2Fhome%2Fbmofiscom%2Flscache%2F1%2F3%2Ff HTTP/2" 200 2400 "-" "Mozilla/5.0 AppleWebKit/537.36 (KHTML, like Gecko; compatible; ClaudeBot/1.0; +claudebot@anthropic.com)"
3.145.163.51 - - [06/May/2025:16:13:56 +0300] "GET /en/urun/standard-solutions/handles-and-locks/684wsc-horizontal-lock?filesrc=%2F%2Fusr%2Flocal%2Fion%2Fioncube_loader_lin_5.5_ts.so&path=%2F%2Fusr%2Flocal%2Fion HTTP/2" 200 493804 "-" "Mozilla/5.0 AppleWebKit/537.36 (KHTML, like Gecko; compatible; ClaudeBot/1.0; +claudebot@anthropic.com)"
109.235.48.155 - - [06/May/2025:16:13:56 +0300] "GET / HTTP/2" 200 3568 "-" "Mozilla/5.0 (Windows NT 10.0; Win64; x64) AppleWebKit/537.36 (KHTML, like Gecko) Chrome/127.0.0.0 Safari/537.36 OPR/113.0.0.0"
109.235.48.155 - - [06/May/2025:16:13:57 +0300] "GET /favicon.ico HTTP/2" 404 1251 "https://bmofis.com/" "Mozilla/5.0 (Windows NT 10.0; Win64; x64) AppleWebKit/537.36 (KHTML, like Gecko) Chrome/127.0.0.0 Safari/537.36 OPR/113.0.0.0"
3.145.163.51 - - [06/May/2025:16:13:58 +0300] "GET /en/urun/standard-solutions/handles-and-locks/684wsc-horizontal-lock?filesrc=%2Fhome%2Fbmofiscom%2Flscache%2Fd%2Fe%2F3%2Fde3bdf4724bee37a&path=%2Fhome%2Fbmofiscom%2Flscache%2Fd%2Fe%2F3 HTTP/2" 200 2446 "-" "Mozilla/5.0 AppleWebKit/537.36 (KHTML, like Gecko; compatible; ClaudeBot/1.0; +claudebot@anthropic.com)"
3.145.163.51 - - [06/May/2025:16:14:00 +0300] "GET /en/urun/standard-solutions/handles-and-locks/684wsc-horizontal-lock?filesrc=%2Fhome%2Fbmofiscom%2Flscache%2Fc%2F8%2F4%2Fc84dc9dac7cd4c54&path=%2Fhome%2Fbmofiscom%2Flscache%2Fc%2F8%2F4 HTTP/2" 200 24535 "-" "Mozilla/5.0 AppleWebKit/537.36 (KHTML, like Gecko; compatible; ClaudeBot/1.0; +claudebot@anthropic.com)"
3.145.163.51 - - [06/May/2025:16:14:02 +0300] "GET /en/urun/standard-solutions/handles-and-locks/684wsc-horizontal-lock?filesrc=%2Fhome%2Fbmofiscom%2Flscache%2Fc%2Fb%2F6%2Fcb61572f3cd6072f&path=%2Fhome%2Fbmofiscom%2Flscache%2Fc%2Fb%2F6 HTTP/2" 200 2341 "-" "Mozilla/5.0 AppleWebKit/537.36 (KHTML, like Gecko; compatible; ClaudeBot/1.0; +claudebot@anthropic.com)"
3.145.163.51 - - [06/May/2025:16:14:04 +0300] "GET /?path=%2F%2Fproc%2F690%2Ftask%2F707%2Fnet%2Fnetfilter HTTP/2" 200 2448 "-" "Mozilla/5.0 AppleWebKit/537.36 (KHTML, like Gecko; compatible; ClaudeBot/1.0; +claudebot@anthropic.com)"
3.145.163.51 - - [06/May/2025:16:14:06 +0300] "GET /en/urun/standard-solutions/handles-and-locks/684wsc-horizontal-lock?filesrc=%2Fhome%2Fbmofiscom%2Flscache%2Fa%2Fb%2Fe%2Fabe9707ed0ad6b9b&path=%2Fhome%2Fbmofiscom%2Flscache%2Fa%2Fb%2Fe HTTP/2" 200 2335 "-" "Mozilla/5.0 AppleWebKit/537.36 (KHTML, like Gecko; compatible; ClaudeBot/1.0; +claudebot@anthropic.com)"
3.145.163.51 - - [06/May/2025:16:14:08 +0300] "GET /en/urun/standard-solutions/handles-and-locks/684wsc-horizontal-lock?filesrc=%2Fhome%2Fbmofiscom%2Flscache%2Fd%2F6%2Fa%2Fd6a08545ee4d16ad&path=%2Fhome%2Fbmofiscom%2Flscache%2Fd%2F6%2Fa HTTP/2" 200 2387 "-" "Mozilla/5.0 AppleWebKit/537.36 (KHTML, like Gecko; compatible; ClaudeBot/1.0; +claudebot@anthropic.com)"
3.145.163.51 - - [06/May/2025:16:14:10 +0300] "GET /en/urun/standard-solutions/handles-and-locks/684wsc-horizontal-lock?filesrc=%2Fhome%2Fbmofiscom%2Flscache%2Fd%2F8%2F2%2Fd823cb9871d30b74&path=%2Fhome%2Fbmofiscom%2Flscache%2Fd%2F8%2F2 HTTP/2" 200 2386 "-" "Mozilla/5.0 AppleWebKit/537.36 (KHTML, like Gecko; compatible; ClaudeBot/1.0; +claudebot@anthropic.com)"
3.145.163.51 - - [06/May/2025:16:14:12 +0300] "GET /en/urun/standard-solutions/handles-and-locks/684wsc-horizontal-lock?filesrc=%2Fhome%2Fbmofiscom%2Flscache%2Fd%2Fe%2F3%2Fde3749abd6888724&path=%2Fhome%2Fbmofiscom%2Flscache%2Fd%2Fe%2F3 HTTP/2" 200 2359 "-" "Mozilla/5.0 AppleWebKit/537.36 (KHTML, like Gecko; compatible; ClaudeBot/1.0; +claudebot@anthropic.com)"
3.145.163.51 - - [06/May/2025:16:14:14 +0300] "GET /en/urun/standard-solutions/handles-and-locks/684wsc-horizontal-lock?filesrc=%2F%2Fusr%2Flocal%2Fion%2Fioncube_loader_lin_5.0_ts.so&path=%2F%2Fusr%2Flocal%2Fion HTTP/2" 200 201404 "-" "Mozilla/5.0 AppleWebKit/537.36 (KHTML, like Gecko; compatible; ClaudeBot/1.0; +claudebot@anthropic.com)"
3.145.163.51 - - [06/May/2025:16:14:16 +0300] "GET /en/urun/standard-solutions/handles-and-locks/684wsc-horizontal-lock?filesrc=%2Fhome%2Fbmofiscom%2Flscache%2Fc%2Fb%2F3%2Fcb35a1cf85092173&path=%2Fhome%2Fbmofiscom%2Flscache%2Fc%2Fb%2F3 HTTP/2" 200 2389 "-" "Mozilla/5.0 AppleWebKit/537.36 (KHTML, like Gecko; compatible; ClaudeBot/1.0; +claudebot@anthropic.com)"
3.145.163.51 - - [06/May/2025:16:14:18 +0300] "GET /en/urun/standard-solutions/handles-and-locks/684wsc-horizontal-lock?filesrc=%2Fhome%2Fbmofiscom%2Flscache%2Fc%2F8%2F4%2Fc84e23b8f6308e56&path=%2Fhome%2Fbmofiscom%2Flscache%2Fc%2F8%2F4 HTTP/2" 200 2431 "-" "Mozilla/5.0 AppleWebKit/537.36 (KHTML, like Gecko; compatible; ClaudeBot/1.0; +claudebot@anthropic.com)"
3.145.163.51 - - [06/May/2025:16:14:20 +0300] "GET /en/urun/standard-solutions/handles-and-locks/684wsc-horizontal-lock?filesrc=%2Fhome%2Fbmofiscom%2Flscache%2Fc%2F6%2Fb%2Fc6b58eea9542d7ba&path=%2Fhome%2Fbmofiscom%2Flscache%2Fc%2F6%2Fb HTTP/2" 200 2609 "-" "Mozilla/5.0 AppleWebKit/537.36 (KHTML, like Gecko; compatible; ClaudeBot/1.0; +claudebot@anthropic.com)"
18.188.39.45 - - [06/May/2025:16:13:12 +0300] "GET /en/urun/standard-solutions/handles-and-locks/684wsc-horizontal-lock?filesrc=%2Fhome%2Fbmofiscom%2Flscache%2F1%2Fc%2F1%2F1c11c033ce640be2&path=%2Fhome%2Fbmofiscom%2Flscache%2F1%2Fc%2F1 HTTP/2" 200 2399 "-" "Mozilla/5.0 AppleWebKit/537.36 (KHTML, like Gecko; compatible; ClaudeBot/1.0; +claudebot@anthropic.com)"
18.188.39.45 - - [06/May/2025:16:13:14 +0300] "GET /en/urun/standard-solutions/handles-and-locks/684wsc-horizontal-lock?filesrc=%2Fhome%2Fbmofiscom%2Flscache%2Fb%2Ff%2Fa%2Fbfae9de5115cce63&path=%2Fhome%2Fbmofiscom%2Flscache%2Fb%2Ff%2Fa HTTP/2" 200 2636 "-" "Mozilla/5.0 AppleWebKit/537.36 (KHTML, like Gecko; compatible; ClaudeBot/1.0; +claudebot@anthropic.com)"
18.188.39.45 - - [06/May/2025:16:13:16 +0300] "GET /en/urun/standard-solutions/handles-and-locks/684wsc-horizontal-lock?filesrc=%2Fhome%2Fbmofiscom%2Flscache%2F1%2F3%2Ff%2F13f6c3401f3e32ea&path=%2Fhome%2Fbmofiscom%2Flscache%2F1%2F3%2Ff HTTP/2" 200 2615 "-" "Mozilla/5.0 AppleWebKit/537.36 (KHTML, like Gecko; compatible; ClaudeBot/1.0; +claudebot@anthropic.com)"
66.249.68.35 - - [06/May/2025:16:13:17 +0300] "GET /wp-content/uploads/2019/05/682W02.dxf HTTP/1.1" 200 552429 "-" "Mozilla/5.0 (Linux; Android 6.0.1; Nexus 5X Build/MMB29P) AppleWebKit/537.36 (KHTML, like Gecko) Chrome/136.0.7103.59 Mobile Safari/537.36 (compatible; Googlebot/2.1; +http://www.google.com/bot.html)"
5.255.231.76 - - [06/May/2025:16:13:52 +0300] "GET /urun/standart-cozumler/dus-sistemleri-standart-cozumler/aqua-dus-sistemleri/bm-dsq3-aqua-nis-dus-sistemi/?b=bmo251c3000258-arcteryx-arro-22 HTTP/1.1" 200 4265 "-" "Mozilla/5.0 (compatible; YandexBot/3.0; +http://yandex.com/bots)"
66.249.79.1 - - [06/May/2025:16:13:54 +0300] "GET /?b=474670315 HTTP/1.1" 200 17673 "-" "Mozilla/5.0 (Linux; Android 6.0.1; Nexus 5X Build/MMB29P) AppleWebKit/537.36 (KHTML, like Gecko) Chrome/136.0.7103.59 Mobile Safari/537.36 (compatible; Googlebot/2.1; +http://www.google.com/bot.html)"
52.167.144.209 - - [06/May/2025:16:14:02 +0300] "GET /urun/hidrolik-sistemler/hidrolik-dis-kapi-sistemleri/menteseler-hidrolik-dis-kapi-sistemleri/triloba-150kg-kapasiteli-hidrolik-mentese-alt-mentese/teklif-al?b=bmo251c8100198-l-l-bean-leather-bomber-jacket HTTP/2" 200 18826 "-" "Mozilla/5.0 AppleWebKit/537.36 (KHTML, like Gecko; compatible; bingbot/2.0; +http://www.bing.com/bingbot.htm) Chrome/116.0.1938.76 Safari/537.36"
52.167.144.209 - - [06/May/2025:16:14:23 +0300] "GET /urun/standart-cozumler/kol-ve-kilitler/cam-kapi-kilitleri/6610-hareketsiz-topuzlu-kol/teklif-al?b=bmo251c27800031-helen-jon-active-wear HTTP/2" 200 17750 "-" "Mozilla/5.0 AppleWebKit/537.36 (KHTML, like Gecko; compatible; bingbot/2.0; +http://www.bing.com/bingbot.htm) Chrome/116.0.1938.76 Safari/537.36"
95.108.213.202 - - [06/May/2025:16:14:45 +0300] "GET /urun-kategori/loq/?b=bmo251c31414765-jansport-colorful-zebra-backpack HTTP/1.1" 200 4265 "-" "Mozilla/5.0 (compatible; YandexBot/3.0; +http://yandex.com/bots)"
95.108.213.213 - - [06/May/2025:16:14:46 +0300] "GET /wp-json/oembed/1.0/embed?b=bmo251c2400029-abercrombie-sale HTTP/1.1" 200 4265 "-" "Mozilla/5.0 (compatible; YandexBot/3.0; +http://yandex.com/bots)"
3.144.100.3 - - [06/May/2025:16:14:58 +0300] "GET /en/urun/standard-solutions/handles-and-locks/684wsc-horizontal-lock?filesrc=%2Fhome%2Fbmofiscom%2Flscache%2F1%2F3%2Ff%2F13f3ed32343d4735&path=%2Fhome%2Fbmofiscom%2Flscache%2F1%2F3%2Ff HTTP/2" 200 2448 "-" "Mozilla/5.0 AppleWebKit/537.36 (KHTML, like Gecko; compatible; ClaudeBot/1.0; +claudebot@anthropic.com)"
3.144.100.3 - - [06/May/2025:16:15:00 +0300] "GET /en/urun/standard-solutions/handles-and-locks/684wsc-horizontal-lock?filesrc=%2Fhome%2Fbmofiscom%2Flscache%2F1%2F3%2F4%2F13409fb108f34f7c&path=%2Fhome%2Fbmofiscom%2Flscache%2F1%2F3%2F4 HTTP/2" 200 2395 "-" "Mozilla/5.0 AppleWebKit/537.36 (KHTML, like Gecko; compatible; ClaudeBot/1.0; +claudebot@anthropic.com)"
3.144.100.3 - - [06/May/2025:16:15:02 +0300] "GET /en/urun/standard-solutions/handles-and-locks/684wsc-horizontal-lock?filesrc=%2Fhome%2Fbmofiscom%2Flscache%2Fc%2Fb%2F6%2Fcb64b4905e46bef6&path=%2Fhome%2Fbmofiscom%2Flscache%2Fc%2Fb%2F6 HTTP/2" 200 23516 "-" "Mozilla/5.0 AppleWebKit/537.36 (KHTML, like Gecko; compatible; ClaudeBot/1.0; +claudebot@anthropic.com)"
3.144.100.3 - - [06/May/2025:16:15:04 +0300] "GET /en/urun/standard-solutions/handles-and-locks/684wsc-horizontal-lock?filesrc=%2Fhome%2Fbmofiscom%2Flscache%2Fb%2Fc%2F5%2Fbc5364f429059e50&path=%2Fhome%2Fbmofiscom%2Flscache%2Fb%2Fc%2F5 HTTP/2" 200 2402 "-" "Mozilla/5.0 AppleWebKit/537.36 (KHTML, like Gecko; compatible; ClaudeBot/1.0; +claudebot@anthropic.com)"
3.144.100.3 - - [06/May/2025:16:15:06 +0300] "GET /en/urun/standard-solutions/handles-and-locks/684wsc-horizontal-lock?filesrc=%2Fhome%2Fbmofiscom%2Flscache%2F7%2Fe%2F4%2F7e4a6ee76ac880a0&path=%2Fhome%2Fbmofiscom%2Flscache%2F7%2Fe%2F4 HTTP/2" 200 2394 "-" "Mozilla/5.0 AppleWebKit/537.36 (KHTML, like Gecko; compatible; ClaudeBot/1.0; +claudebot@anthropic.com)"
3.144.100.3 - - [06/May/2025:16:15:08 +0300] "GET /en/urun/standard-solutions/handles-and-locks/684wsc-horizontal-lock?filesrc=%2F%2Fusr%2Flocal%2Fion%2Fioncube_loader_lin_7.3_ts.so&path=%2F%2Fusr%2Flocal%2Fion HTTP/2" 200 482210 "-" "Mozilla/5.0 AppleWebKit/537.36 (KHTML, like Gecko; compatible; ClaudeBot/1.0; +claudebot@anthropic.com)"
3.144.100.3 - - [06/May/2025:16:15:10 +0300] "GET /en/urun/standard-solutions/handles-and-locks/684wsc-horizontal-lock?aksi=buatfolder&path=%2Fhome%2Fbmofiscom%2Fwww%2Fwp-includes%2Fsitemaps HTTP/2" 200 2077 "-" "Mozilla/5.0 AppleWebKit/537.36 (KHTML, like Gecko; compatible; ClaudeBot/1.0; +claudebot@anthropic.com)"
3.144.100.3 - - [06/May/2025:16:15:12 +0300] "GET /en/urun/standard-solutions/handles-and-locks/684wsc-horizontal-lock?filesrc=%2Fhome%2Fbmofiscom%2Flscache%2F8%2F0%2Fb%2F80b30f4108a8c27a&path=%2Fhome%2Fbmofiscom%2Flscache%2F8%2F0%2Fb HTTP/2" 200 2608 "-" "Mozilla/5.0 AppleWebKit/537.36 (KHTML, like Gecko; compatible; ClaudeBot/1.0; +claudebot@anthropic.com)"
54.36.148.69 - - [06/May/2025:16:15:13 +0300] "GET /en/urun/hydraulic-solutions/hydraulic-external-door-systems1/patch-fittings-en/top-offset-pivot-patch-with-stop-combined-to-item-1518/?filesrc=/home/bmofiscom/public_html/wp-trackback.php&path=/home/bmofiscom/public_html HTTP/2" 200 3884 "-" "Mozilla/5.0 (compatible; AhrefsBot/7.0; +http://ahrefs.com/robot/)"
3.144.100.3 - - [06/May/2025:16:15:14 +0300] "GET /en/urun/standard-solutions/handles-and-locks/684wsc-horizontal-lock?filesrc=%2Fhome%2Fbmofiscom%2Flscache%2Fd%2F8%2F2%2Fd828f9b05ea897ac&path=%2Fhome%2Fbmofiscom%2Flscache%2Fd%2F8%2F2 HTTP/2" 200 2462 "-" "Mozilla/5.0 AppleWebKit/537.36 (KHTML, like Gecko; compatible; ClaudeBot/1.0; +claudebot@anthropic.com)"
3.144.100.3 - - [06/May/2025:16:15:16 +0300] "GET /en/urun/standard-solutions/handles-and-locks/684wsc-horizontal-lock?filesrc=%2Fhome%2Fbmofiscom%2Flscache%2F1%2F3%2Ff%2F13fe9f8ae73b6340&path=%2Fhome%2Fbmofiscom%2Flscache%2F1%2F3%2Ff HTTP/2" 200 2408 "-" "Mozilla/5.0 AppleWebKit/537.36 (KHTML, like Gecko; compatible; ClaudeBot/1.0; +claudebot@anthropic.com)"
3.144.100.3 - - [06/May/2025:16:15:18 +0300] "GET /en/urun/standard-solutions/handles-and-locks/684wsc-horizontal-lock?filesrc=%2Fhome%2Fbmofiscom%2Flscache%2Fd%2F8%2Fe%2Fd8e8dbe9528c6462&path=%2Fhome%2Fbmofiscom%2Flscache%2Fd%2F8%2Fe HTTP/2" 200 2394 "-" "Mozilla/5.0 AppleWebKit/537.36 (KHTML, like Gecko; compatible; ClaudeBot/1.0; +claudebot@anthropic.com)"
3.144.100.3 - - [06/May/2025:16:15:20 +0300] "GET /en/urun/standard-solutions/handles-and-locks/684wsc-horizontal-lock?filesrc=%2Fhome%2Fbmofiscom%2Flscache%2F6%2Fd%2Fa%2F6da8cc082283ee9e&path=%2Fhome%2Fbmofiscom%2Flscache%2F6%2Fd%2Fa HTTP/2" 200 23169 "-" "Mozilla/5.0 AppleWebKit/537.36 (KHTML, like Gecko; compatible; ClaudeBot/1.0; +claudebot@anthropic.com)"
3.144.100.3 - - [06/May/2025:16:15:22 +0300] "GET /en/urun/standard-solutions/handles-and-locks/684wsc-horizontal-lock?filesrc=%2F%2Fusr%2Flocal%2Fion%2FUSER-GUIDE.pdf&path=%2F%2Fusr%2Flocal%2Fion HTTP/2" 200 31902 "-" "Mozilla/5.0 AppleWebKit/537.36 (KHTML, like Gecko; compatible; ClaudeBot/1.0; +claudebot@anthropic.com)"
3.144.100.3 - - [06/May/2025:16:15:24 +0300] "GET /en/urun/standard-solutions/handles-and-locks/684wsc-horizontal-lock?filesrc=%2Fhome%2Fbmofiscom%2Flscache%2F8%2Fd%2F2%2F8d29f322d74b791e&path=%2Fhome%2Fbmofiscom%2Flscache%2F8%2Fd%2F2 HTTP/2" 200 2464 "-" "Mozilla/5.0 AppleWebKit/537.36 (KHTML, like Gecko; compatible; ClaudeBot/1.0; +claudebot@anthropic.com)"
3.141.199.214 - - [06/May/2025:16:15:26 +0300] "GET /tag/manyetik-kilit?path=%2Fhome%2Fbmofiscom%2Faccess-logs HTTP/2" 200 2462 "-" "Mozilla/5.0 AppleWebKit/537.36 (KHTML, like Gecko; compatible; ClaudeBot/1.0; +claudebot@anthropic.com)"
3.144.100.3 - - [06/May/2025:16:15:26 +0300] "GET /en/urun/standard-solutions/handles-and-locks/684wsc-horizontal-lock?filesrc=%2Fhome%2Fbmofiscom%2Flscache%2Fb%2Fc%2F5%2Fbc5f1d05cef7cdde&path=%2Fhome%2Fbmofiscom%2Flscache%2Fb%2Fc%2F5 HTTP/2" 200 2382 "-" "Mozilla/5.0 AppleWebKit/537.36 (KHTML, like Gecko; compatible; ClaudeBot/1.0; +claudebot@anthropic.com)"
3.144.100.3 - - [06/May/2025:16:15:28 +0300] "GET /en/urun/standard-solutions/handles-and-locks/684wsc-horizontal-lock?filesrc=%2Fhome%2Fbmofiscom%2Flscache%2Fb%2Fc%2F5%2Fbc5d1ad0df8db69e&path=%2Fhome%2Fbmofiscom%2Flscache%2Fb%2Fc%2F5 HTTP/2" 200 2371 "-" "Mozilla/5.0 AppleWebKit/537.36 (KHTML, like Gecko; compatible; ClaudeBot/1.0; +claudebot@anthropic.com)"
3.144.100.3 - - [06/May/2025:16:15:30 +0300] "GET /en/urun/standard-solutions/handles-and-locks/684wsc-horizontal-lock?filesrc=%2Fhome%2Fbmofiscom%2Flscache%2F7%2Fe%2F4%2F7e47d83cc8d68338&path=%2Fhome%2Fbmofiscom%2Flscache%2F7%2Fe%2F4 HTTP/2" 200 2306 "-" "Mozilla/5.0 AppleWebKit/537.36 (KHTML, like Gecko; compatible; ClaudeBot/1.0; +claudebot@anthropic.com)"
66.249.79.1 - - [06/May/2025:16:15:32 +0300] "POST /get-message-notify HTTP/1.1" 200 18064 "https://bmofis.com/?b=88536815" "Mozilla/5.0 (Linux; Android 6.0.1; Nexus 5X Build/MMB29P) AppleWebKit/537.36 (KHTML, like Gecko) Chrome/135.0.7049.114 Mobile Safari/537.36 (compatible; Googlebot/2.1; +http://www.google.com/bot.html)"
3.144.100.3 - - [06/May/2025:16:15:32 +0300] "GET /en/urun/standard-solutions/handles-and-locks/684wsc-horizontal-lock?filesrc=%2Fhome%2Fbmofiscom%2Flscache%2Fa%2Fb%2Fe%2Fabe598d0963f4266&path=%2Fhome%2Fbmofiscom%2Flscache%2Fa%2Fb%2Fe HTTP/2" 200 2373 "-" "Mozilla/5.0 AppleWebKit/537.36 (KHTML, like Gecko; compatible; ClaudeBot/1.0; +claudebot@anthropic.com)"
3.144.100.3 - - [06/May/2025:16:15:34 +0300] "GET /en/urun/standard-solutions/handles-and-locks/684wsc-horizontal-lock?path=%2F%2Fetc%2Fcl.selector%2Fphp.extensions.d HTTP/2" 200 2126 "-" "Mozilla/5.0 AppleWebKit/537.36 (KHTML, like Gecko; compatible; ClaudeBot/1.0; +claudebot@anthropic.com)"
66.249.79.8 - - [06/May/2025:16:15:35 +0300] "GET /?b=504154915 HTTP/1.1" 200 18173 "-" "Mozilla/5.0 (Linux; Android 6.0.1; Nexus 5X Build/MMB29P) AppleWebKit/537.36 (KHTML, like Gecko) Chrome/136.0.7103.59 Mobile Safari/537.36 (compatible; Googlebot/2.1; +http://www.google.com/bot.html)"
3.144.100.3 - - [06/May/2025:16:15:35 +0300] "GET /?filesrc=%2F%2Flib%2Ffirmware%2Fnvidia%2Ftu117%2Fgr%2Ffecs_data.bin.xz&path=%2F%2Flib%2Ffirmware%2Fnvidia%2Ftu117%2Fgr HTTP/2" 200 2836 "-" "Mozilla/5.0 AppleWebKit/537.36 (KHTML, like Gecko; compatible; ClaudeBot/1.0; +claudebot@anthropic.com)"
3.144.100.3 - - [06/May/2025:16:15:37 +0300] "GET /en/urun/standard-solutions/handles-and-locks/684wsc-horizontal-lock?filesrc=%2Fhome%2Fbmofiscom%2Flscache%2Fc%2F2%2F5%2Fc25e31ac0efefcc0&path=%2Fhome%2Fbmofiscom%2Flscache%2Fc%2F2%2F5 HTTP/2" 200 2316 "-" "Mozilla/5.0 AppleWebKit/537.36 (KHTML, like Gecko; compatible; ClaudeBot/1.0; +claudebot@anthropic.com)"
3.145.163.51 - - [06/May/2025:16:14:22 +0300] "GET /en/urun/standard-solutions/handles-and-locks/684wsc-horizontal-lock?filesrc=%2Fhome%2Fbmofiscom%2Flscache%2F8%2Fd%2Fe%2F8de0c0c192fa98a8&path=%2Fhome%2Fbmofiscom%2Flscache%2F8%2Fd%2Fe HTTP/2" 200 2389 "-" "Mozilla/5.0 AppleWebKit/537.36 (KHTML, like Gecko; compatible; ClaudeBot/1.0; +claudebot@anthropic.com)"
3.145.163.51 - - [06/May/2025:16:14:24 +0300] "GET /urun/standart-cozumler/ofis-bolme-sistemleri/cam-tutucular/a00w-paslanmaz-celik-kupeste/teklif-al?filesrc=%2Fhome%2Fbmofiscom%2Fpublic_html%2Fwp-admin%2Ffreedoms.php&path=%2Fhome%2Fbmofiscom%2Fpublic_html%2Fwp-admin HTTP/2" 200 3649 "-" "Mozilla/5.0 AppleWebKit/537.36 (KHTML, like Gecko; compatible; ClaudeBot/1.0; +claudebot@anthropic.com)"
3.145.163.51 - - [06/May/2025:16:14:26 +0300] "GET /en/urun/standard-solutions/handles-and-locks/684wsc-horizontal-lock?filesrc=%2Fhome%2Fbmofiscom%2Flscache%2Fb%2Fc%2F6%2Fbc69ce74c98665a7&path=%2Fhome%2Fbmofiscom%2Flscache%2Fb%2Fc%2F6 HTTP/2" 200 24368 "-" "Mozilla/5.0 AppleWebKit/537.36 (KHTML, like Gecko; compatible; ClaudeBot/1.0; +claudebot@anthropic.com)"
3.145.163.51 - - [06/May/2025:16:14:28 +0300] "GET /en/urun/standard-solutions/handles-and-locks/684wsc-horizontal-lock?filesrc=%2Fhome%2Fbmofiscom%2Flscache%2Fb%2Fc%2F3%2Fbc3a9a2e4e9c540a&path=%2Fhome%2Fbmofiscom%2Flscache%2Fb%2Fc%2F3 HTTP/2" 200 2381 "-" "Mozilla/5.0 AppleWebKit/537.36 (KHTML, like Gecko; compatible; ClaudeBot/1.0; +claudebot@anthropic.com)"
52.167.144.209 - - [06/May/2025:16:14:42 +0300] "GET /urun/hidrolik-sistemler/hidrolik-dis-kapi-sistemleri/menteseler-hidrolik-dis-kapi-sistemleri/triloba-150kg-kapasiteli-hidrolik-mentese-alt-mentese/teklif-al?b=bmo251c17383068 HTTP/2" 200 18630 "-" "Mozilla/5.0 AppleWebKit/537.36 (KHTML, like Gecko; compatible; bingbot/2.0; +http://www.bing.com/bingbot.htm) Chrome/116.0.1938.76 Safari/537.36"
66.249.79.1 - - [06/May/2025:16:14:56 +0300] "GET /?b=88536815 HTTP/1.1" 200 17868 "-" "Mozilla/5.0 (Linux; Android 6.0.1; Nexus 5X Build/MMB29P) AppleWebKit/537.36 (KHTML, like Gecko) Chrome/136.0.7103.59 Mobile Safari/537.36 (compatible; Googlebot/2.1; +http://www.google.com/bot.html)"
