3.133.137.102 - - [06/May/2025:16:21:18 +0300] "GET /en/urun/standard-solutions/handles-and-locks/684wsc-horizontal-lock?path=%2F%2Fetc%2Fmicrocode_ctl%2Fucode_with_caveats HTTP/2" 200 2124 "-" "Mozilla/5.0 AppleWebKit/537.36 (KHTML, like Gecko; compatible; ClaudeBot/1.0; +claudebot@anthropic.com)"
3.133.137.102 - - [06/May/2025:16:21:19 +0300] "GET /en/urun/standard-solutions/handles-and-locks/684wsc-horizontal-lock?path=%2F%2Fopt%2Fcpanel%2Fea-php81 HTTP/2" 200 2529 "-" "Mozilla/5.0 AppleWebKit/537.36 (KHTML, like Gecko; compatible; ClaudeBot/1.0; +claudebot@anthropic.com)"
3.133.137.102 - - [06/May/2025:16:21:21 +0300] "GET /en/urun/standard-solutions/handles-and-locks/684wsc-horizontal-lock?filesrc=%2Fhome%2Fbmofiscom%2Flscache%2Ff%2F3%2Fb%2Ff3bff6de2eaf118e&path=%2Fhome%2Fbmofiscom%2Flscache%2Ff%2F3%2Fb HTTP/2" 200 2402 "-" "Mozilla/5.0 AppleWebKit/537.36 (KHTML, like Gecko; compatible; ClaudeBot/1.0; +claudebot@anthropic.com)"
52.167.144.209 - - [06/May/2025:16:21:23 +0300] "GET /urun/standart-cozumler/dus-sistemleri-standart-cozumler/piuma-surme-dus-sistemi/piuma-cift-kanatli-surme-kose-dus-sistemi/teklif-al?b=bmo251c69000094-violeta-by-mango-tiendas-malaga HTTP/2" 200 17973 "-" "Mozilla/5.0 AppleWebKit/537.36 (KHTML, like Gecko; compatible; bingbot/2.0; +http://www.bing.com/bingbot.htm) Chrome/116.0.1938.76 Safari/537.36"
3.133.137.102 - - [06/May/2025:16:21:23 +0300] "GET /en/urun/standard-solutions/handles-and-locks/684wsc-horizontal-lock?filesrc=%2Fhome%2Fbmofiscom%2Flscache%2F7%2F0%2F4%2F7043e8fb87b004cd&path=%2Fhome%2Fbmofiscom%2Flscache%2F7%2F0%2F4 HTTP/2" 200 2632 "-" "Mozilla/5.0 AppleWebKit/537.36 (KHTML, like Gecko; compatible; ClaudeBot/1.0; +claudebot@anthropic.com)"
3.133.137.102 - - [06/May/2025:16:21:25 +0300] "GET /en/urun/standard-solutions/handles-and-locks/684wsc-horizontal-lock?filesrc=%2Fhome%2Fbmofiscom%2Flscache%2F1%2Fa%2Fb%2F1abf710cfaeef96a&path=%2Fhome%2Fbmofiscom%2Flscache%2F1%2Fa%2Fb HTTP/2" 200 2403 "-" "Mozilla/5.0 AppleWebKit/537.36 (KHTML, like Gecko; compatible; ClaudeBot/1.0; +claudebot@anthropic.com)"
3.133.137.102 - - [06/May/2025:16:21:27 +0300] "GET /en/urun/standard-solutions/handles-and-locks/684wsc-horizontal-lock?filesrc=%2Fhome%2Fbmofiscom%2Flscache%2Fa%2Fb%2F2%2Fab21ac7df072e4a4&path=%2Fhome%2Fbmofiscom%2Flscache%2Fa%2Fb%2F2 HTTP/2" 200 16481 "-" "Mozilla/5.0 AppleWebKit/537.36 (KHTML, like Gecko; compatible; ClaudeBot/1.0; +claudebot@anthropic.com)"
3.133.137.102 - - [06/May/2025:16:21:29 +0300] "GET /en/urun/standard-solutions/handles-and-locks/684wsc-horizontal-lock?filesrc=%2F%2Fusr%2Flibexec%2Fkcare%2Fkpatch_package.so.nessus&path=%2F%2Fusr%2Flibexec%2Fkcare HTTP/2" 200 7901 "-" "Mozilla/5.0 AppleWebKit/537.36 (KHTML, like Gecko; compatible; ClaudeBot/1.0; +claudebot@anthropic.com)"
3.133.137.102 - - [06/May/2025:16:21:31 +0300] "GET /en/urun/standard-solutions/handles-and-locks/684wsc-horizontal-lock?filesrc=%2Fhome%2Fbmofiscom%2Flscache%2F4%2F0%2F9%2F409845a2627a2beb&path=%2Fhome%2Fbmofiscom%2Flscache%2F4%2F0%2F9 HTTP/2" 200 2396 "-" "Mozilla/5.0 AppleWebKit/537.36 (KHTML, like Gecko; compatible; ClaudeBot/1.0; +claudebot@anthropic.com)"
3.133.137.102 - - [06/May/2025:16:21:33 +0300] "GET /en/urun/standard-solutions/handles-and-locks/684wsc-horizontal-lock?filesrc=%2F%2Fusr%2Flocal%2Fion%2Fioncube_loader_lin_7.1.so&path=%2F%2Fusr%2Flocal%2Fion HTTP/2" 200 478618 "-" "Mozilla/5.0 AppleWebKit/537.36 (KHTML, like Gecko; compatible; ClaudeBot/1.0; +claudebot@anthropic.com)"
3.133.137.102 - - [06/May/2025:16:21:35 +0300] "GET /en/urun/standard-solutions/handles-and-locks/684wsc-horizontal-lock?filesrc=%2Fhome%2Fbmofiscom%2Flscache%2Fc%2F2%2F5%2Fc2555f21281c2445&path=%2Fhome%2Fbmofiscom%2Flscache%2Fc%2F2%2F5 HTTP/2" 200 2455 "-" "Mozilla/5.0 AppleWebKit/537.36 (KHTML, like Gecko; compatible; ClaudeBot/1.0; +claudebot@anthropic.com)"
3.148.222.68 - - [06/May/2025:16:20:30 +0300] "GET /?path=%2F%2Fproc%2F690%2Ftask%2F714%2Fnet%2Fdev_snmp6 HTTP/2" 200 2477 "-" "Mozilla/5.0 AppleWebKit/537.36 (KHTML, like Gecko; compatible; ClaudeBot/1.0; +claudebot@anthropic.com)"
3.148.222.68 - - [06/May/2025:16:20:32 +0300] "GET /en/urun/standard-solutions/handles-and-locks/684wsc-horizontal-lock?filesrc=%2Fhome%2Fbmofiscom%2Flscache%2F1%2Fc%2F4%2F1c4eb5731f9d7996&path=%2Fhome%2Fbmofiscom%2Flscache%2F1%2Fc%2F4 HTTP/2" 200 2612 "-" "Mozilla/5.0 AppleWebKit/537.36 (KHTML, like Gecko; compatible; ClaudeBot/1.0; +claudebot@anthropic.com)"
3.148.222.68 - - [06/May/2025:16:20:33 +0300] "GET /en/urun/standard-solutions/handles-and-locks/684wsc-horizontal-lock?filesrc=%2Fhome%2Fbmofiscom%2Flscache%2F6%2Fc%2Fb%2F6cb777de97f7afdb&path=%2Fhome%2Fbmofiscom%2Flscache%2F6%2Fc%2Fb HTTP/2" 200 2436 "-" "Mozilla/5.0 AppleWebKit/537.36 (KHTML, like Gecko; compatible; ClaudeBot/1.0; +claudebot@anthropic.com)"
3.148.222.68 - - [06/May/2025:16:20:36 +0300] "GET /en/urun/standard-solutions/handles-and-locks/684wsc-horizontal-lock?filesrc=%2Fhome%2Fbmofiscom%2Flscache%2F1%2F3%2F2%2F132fe0057b7585d0&path=%2Fhome%2Fbmofiscom%2Flscache%2F1%2F3%2F2 HTTP/2" 200 2463 "-" "Mozilla/5.0 AppleWebKit/537.36 (KHTML, like Gecko; compatible; ClaudeBot/1.0; +claudebot@anthropic.com)"
3.148.222.68 - - [06/May/2025:16:20:37 +0300] "GET /?filesrc=%2F%2Flib%2Ffirmware%2Fnvidia%2Fgp107%2Fsec2%2Fdesc-1.bin.xz&path=%2F%2Flib%2Ffirmware%2Fnvidia%2Fgp107%2Fsec2 HTTP/2" 200 2293 "-" "Mozilla/5.0 AppleWebKit/537.36 (KHTML, like Gecko; compatible; ClaudeBot/1.0; +claudebot@anthropic.com)"
3.148.222.68 - - [06/May/2025:16:20:40 +0300] "GET /en/urun/standard-solutions/handles-and-locks/684wsc-horizontal-lock?filesrc=%2Fhome%2Fbmofiscom%2Flscache%2Fc%2Fb%2F3%2Fcb3c2544571b1cd0&path=%2Fhome%2Fbmofiscom%2Flscache%2Fc%2Fb%2F3 HTTP/2" 200 2400 "-" "Mozilla/5.0 AppleWebKit/537.36 (KHTML, like Gecko; compatible; ClaudeBot/1.0; +claudebot@anthropic.com)"
52.167.144.209 - - [06/May/2025:16:20:42 +0300] "GET /urun/standart-cozumler/dus-sistemleri-standart-cozumler/piuma-surme-dus-sistemi/piuma-cift-kanatli-surme-kose-dus-sistemi/teklif-al?b=bmo251c65200164-auto-lenders-of-toms-river HTTP/2" 200 18125 "-" "Mozilla/5.0 AppleWebKit/537.36 (KHTML, like Gecko; compatible; bingbot/2.0; +http://www.bing.com/bingbot.htm) Chrome/116.0.1938.76 Safari/537.36"
52.167.144.209 - - [06/May/2025:16:21:02 +0300] "GET /urun/standart-cozumler/dus-sistemleri-standart-cozumler/piuma-surme-dus-sistemi/piuma-cift-kanatli-surme-kose-dus-sistemi/teklif-al?b=bmo251c39600042-manduka-begin-yoga-mat HTTP/2" 200 18172 "-" "Mozilla/5.0 AppleWebKit/537.36 (KHTML, like Gecko; compatible; bingbot/2.0; +http://www.bing.com/bingbot.htm) Chrome/116.0.1938.76 Safari/537.36"
66.249.79.8 - - [06/May/2025:16:21:08 +0300] "GET /?b=443693615 HTTP/1.1" 200 17813 "-" "Mozilla/5.0 (Linux; Android 6.0.1; Nexus 5X Build/MMB29P) AppleWebKit/537.36 (KHTML, like Gecko) Chrome/136.0.7103.59 Mobile Safari/537.36 (compatible; Googlebot/2.1; +http://www.google.com/bot.html)"
54.36.148.200 - - [06/May/2025:16:21:11 +0300] "GET /en/urun/hydraulic-solutions/hydraulic-external-door-systems1/patch-fittings-en/top-offset-pivot-patch-with-stop-combined-to-item-1518/?path=/ HTTP/2" 200 3290 "-" "Mozilla/5.0 (compatible; AhrefsBot/7.0; +http://ahrefs.com/robot/)"
87.250.224.89 - - [06/May/2025:16:21:46 +0300] "GET /wp-json/oembed/1.0/embed?b=bmo251c57719691-samsonite-lite-shock-spinner-xl HTTP/1.1" 200 4275 "-" "Mozilla/5.0 (compatible; YandexBot/3.0; +http://yandex.com/bots)"
66.249.68.37 - - [06/May/2025:16:21:48 +0300] "GET /?b=293520315 HTTP/1.1" 200 18054 "-" "Mozilla/5.0 (Linux; Android 6.0.1; Nexus 5X Build/MMB29P) AppleWebKit/537.36 (KHTML, like Gecko) Chrome/136.0.7103.59 Mobile Safari/537.36 (compatible; Googlebot/2.1; +http://www.google.com/bot.html)"
52.167.144.228 - - [06/May/2025:16:22:02 +0300] "GET /urun/hidrolik-sistemler/hidrolik-dis-kapi-sistemleri/menteseler-hidrolik-dis-kapi-sistemleri/triloba-150kg-kapasiteli-hidrolik-mentese-alt-mentese/teklif-al?b=bmo251c60335323 HTTP/2" 200 18284 "-" "Mozilla/5.0 AppleWebKit/537.36 (KHTML, like Gecko; compatible; bingbot/2.0; +http://www.bing.com/bingbot.htm) Chrome/116.0.1938.76 Safari/537.36"
54.36.148.228 - - [06/May/2025:16:22:08 +0300] "GET /en/urun/hydraulic-solutions/hydraulic-external-door-systems1/patch-fittings-en/top-offset-pivot-patch-with-stop-combined-to-item-1518/?path=/home HTTP/2" 200 2080 "-" "Mozilla/5.0 (compatible; AhrefsBot/7.0; +http://ahrefs.com/robot/)"
3.133.144.147 - - [06/May/2025:16:22:18 +0300] "GET /en/urun/standard-solutions/handles-and-locks/684wsc-horizontal-lock?filesrc=%2Fhome%2Fbmofiscom%2Flscache%2F7%2Fe%2F4%2F7e4947de67ed14dc&path=%2Fhome%2Fbmofiscom%2Flscache%2F7%2Fe%2F4 HTTP/2" 200 2394 "-" "Mozilla/5.0 AppleWebKit/537.36 (KHTML, like Gecko; compatible; ClaudeBot/1.0; +claudebot@anthropic.com)"
3.133.144.147 - - [06/May/2025:16:22:19 +0300] "GET /en/urun/standard-solutions/handles-and-locks/684wsc-horizontal-lock?filesrc=%2F%2Fusr%2Flocal%2Fion%2FREADME.txt&path=%2F%2Fusr%2Flocal%2Fion HTTP/2" 200 3691 "-" "Mozilla/5.0 AppleWebKit/537.36 (KHTML, like Gecko; compatible; ClaudeBot/1.0; +claudebot@anthropic.com)"
3.133.144.147 - - [06/May/2025:16:22:21 +0300] "GET /en/urun/standard-solutions/handles-and-locks/684wsc-horizontal-lock?filesrc=%2Fhome%2Fbmofiscom%2Flscache%2Fd%2Fd%2F4%2Fdd40ecde87f26520&path=%2Fhome%2Fbmofiscom%2Flscache%2Fd%2Fd%2F4 HTTP/2" 200 2411 "-" "Mozilla/5.0 AppleWebKit/537.36 (KHTML, like Gecko; compatible; ClaudeBot/1.0; +claudebot@anthropic.com)"
52.167.144.228 - - [06/May/2025:16:22:22 +0300] "GET /urun/standart-cozumler/kol-ve-kilitler/cam-kapi-kilitleri/6603-paslanmaz-celik-kol/teklif-al?b=bmo251c37400219-linen-house-towels-review HTTP/2" 200 18089 "-" "Mozilla/5.0 AppleWebKit/537.36 (KHTML, like Gecko; compatible; bingbot/2.0; +http://www.bing.com/bingbot.htm) Chrome/116.0.1938.76 Safari/537.36"
3.133.144.147 - - [06/May/2025:16:22:23 +0300] "GET /en/urun/standard-solutions/handles-and-locks/684wsc-horizontal-lock?filesrc=%2Fhome%2Fbmofiscom%2Flscache%2F1%2F5%2F0%2F150f9911daa13645&path=%2Fhome%2Fbmofiscom%2Flscache%2F1%2F5%2F0 HTTP/2" 200 23702 "-" "Mozilla/5.0 AppleWebKit/537.36 (KHTML, like Gecko; compatible; ClaudeBot/1.0; +claudebot@anthropic.com)"
66.249.68.37 - - [06/May/2025:16:22:23 +0300] "GET /?b=241272815 HTTP/1.1" 200 17355 "-" "Mozilla/5.0 (Linux; Android 6.0.1; Nexus 5X Build/MMB29P) AppleWebKit/537.36 (KHTML, like Gecko) Chrome/136.0.7103.59 Mobile Safari/537.36 (compatible; Googlebot/2.1; +http://www.google.com/bot.html)"
3.133.144.147 - - [06/May/2025:16:22:25 +0300] "GET /en/urun/standard-solutions/handles-and-locks/684wsc-horizontal-lock?filesrc=%2Fhome%2Fbmofiscom%2Flscache%2F7%2Fe%2F4%2F7e4e38f3015c7289&path=%2Fhome%2Fbmofiscom%2Flscache%2F7%2Fe%2F4 HTTP/2" 200 2608 "-" "Mozilla/5.0 AppleWebKit/537.36 (KHTML, like Gecko; compatible; ClaudeBot/1.0; +claudebot@anthropic.com)"
3.133.144.147 - - [06/May/2025:16:22:27 +0300] "GET /en/urun/standard-solutions/handles-and-locks/684wsc-horizontal-lock?filesrc=%2Fhome%2Fbmofiscom%2Flscache%2F8%2Ff%2F2%2F8f24948a55d58eec&path=%2Fhome%2Fbmofiscom%2Flscache%2F8%2Ff%2F2 HTTP/2" 200 2446 "-" "Mozilla/5.0 AppleWebKit/537.36 (KHTML, like Gecko; compatible; ClaudeBot/1.0; +claudebot@anthropic.com)"
3.133.144.147 - - [06/May/2025:16:22:29 +0300] "GET /en/urun/standard-solutions/handles-and-locks/684wsc-horizontal-lock?filesrc=%2F%2Fusr%2Flocal%2Fion%2Fioncube_loader_lin_7.4.so&path=%2F%2Fusr%2Flocal%2Fion HTTP/2" 200 482851 "-" "Mozilla/5.0 AppleWebKit/537.36 (KHTML, like Gecko; compatible; ClaudeBot/1.0; +claudebot@anthropic.com)"
3.133.144.147 - - [06/May/2025:16:22:31 +0300] "GET /en/urun/standard-solutions/handles-and-locks/684wsc-horizontal-lock?filesrc=%2Fhome%2Fbmofiscom%2Flscache%2Ff%2F8%2F2%2Ff8200e858889477e&path=%2Fhome%2Fbmofiscom%2Flscache%2Ff%2F8%2F2 HTTP/2" 200 2423 "-" "Mozilla/5.0 AppleWebKit/537.36 (KHTML, like Gecko; compatible; ClaudeBot/1.0; +claudebot@anthropic.com)"
3.133.144.147 - - [06/May/2025:16:22:33 +0300] "GET /en/urun/standard-solutions/handles-and-locks/684wsc-horizontal-lock?filesrc=%2Fhome%2Fbmofiscom%2Flscache%2Fb%2Fd%2F3%2Fbd36a6a3cebfc662&path=%2Fhome%2Fbmofiscom%2Flscache%2Fb%2Fd%2F3 HTTP/2" 200 2300 "-" "Mozilla/5.0 AppleWebKit/537.36 (KHTML, like Gecko; compatible; ClaudeBot/1.0; +claudebot@anthropic.com)"
3.133.144.147 - - [06/May/2025:16:22:35 +0300] "GET /en/urun/standard-solutions/handles-and-locks/684wsc-horizontal-lock?filesrc=%2Fhome%2Fbmofiscom%2Flscache%2F8%2Fd%2F2%2F8d21e1699e75d5ad&path=%2Fhome%2Fbmofiscom%2Flscache%2F8%2Fd%2F2 HTTP/2" 200 2644 "-" "Mozilla/5.0 AppleWebKit/537.36 (KHTML, like Gecko; compatible; ClaudeBot/1.0; +claudebot@anthropic.com)"
3.133.144.147 - - [06/May/2025:16:22:37 +0300] "GET /en/urun/standard-solutions/handles-and-locks/684wsc-horizontal-lock?filesrc=%2Fhome%2Fbmofiscom%2Flscache%2Fc%2F2%2F6%2Fc2638b326353e2df&path=%2Fhome%2Fbmofiscom%2Flscache%2Fc%2F2%2F6 HTTP/2" 200 20317 "-" "Mozilla/5.0 AppleWebKit/537.36 (KHTML, like Gecko; compatible; ClaudeBot/1.0; +claudebot@anthropic.com)"
3.133.144.147 - - [06/May/2025:16:22:39 +0300] "GET /en/urun/standard-solutions/handles-and-locks/684wsc-horizontal-lock?filesrc=%2Fhome%2Fbmofiscom%2Flscache%2F8%2Fd%2F2%2F8d2dd44bc230d5a8&path=%2Fhome%2Fbmofiscom%2Flscache%2F8%2Fd%2F2 HTTP/2" 200 2663 "-" "Mozilla/5.0 AppleWebKit/537.36 (KHTML, like Gecko; compatible; ClaudeBot/1.0; +claudebot@anthropic.com)"
3.133.144.147 - - [06/May/2025:16:22:41 +0300] "GET /en/urun/standard-solutions/handles-and-locks/684wsc-horizontal-lock?filesrc=%2Fhome%2Fbmofiscom%2Flscache%2Ff%2F8%2F2%2Ff8244574fc83f3dc&path=%2Fhome%2Fbmofiscom%2Flscache%2Ff%2F8%2F2 HTTP/2" 200 2299 "-" "Mozilla/5.0 AppleWebKit/537.36 (KHTML, like Gecko; compatible; ClaudeBot/1.0; +claudebot@anthropic.com)"
40.77.167.123 - - [06/May/2025:16:22:42 +0300] "GET /urun/hidrolik-sistemler/hidrolik-dis-kapi-sistemleri/menteseler-hidrolik-dis-kapi-sistemleri/triloba-150kg-kapasiteli-hidrolik-mentese-alt-mentese/teklif-al?b=bmo251c9949760 HTTP/2" 200 18038 "-" "Mozilla/5.0 AppleWebKit/537.36 (KHTML, like Gecko; compatible; bingbot/2.0; +http://www.bing.com/bingbot.htm) Chrome/116.0.1938.76 Safari/537.36"
3.133.144.147 - - [06/May/2025:16:22:43 +0300] "GET /en/urun/standard-solutions/handles-and-locks/684wsc-horizontal-lock?filesrc=%2Fhome%2Fbmofiscom%2Flscache%2Fc%2F2%2F5%2Fc2579bec09e797cb&path=%2Fhome%2Fbmofiscom%2Flscache%2Fc%2F2%2F5 HTTP/2" 200 2469 "-" "Mozilla/5.0 AppleWebKit/537.36 (KHTML, like Gecko; compatible; ClaudeBot/1.0; +claudebot@anthropic.com)"
3.133.144.147 - - [06/May/2025:16:22:45 +0300] "GET /en/urun/standard-solutions/handles-and-locks/684wsc-horizontal-lock?filesrc=%2Fhome%2Fbmofiscom%2Flscache%2F1%2F3%2F2%2F13208c7a79e259a4&path=%2Fhome%2Fbmofiscom%2Flscache%2F1%2F3%2F2 HTTP/2" 200 2403 "-" "Mozilla/5.0 AppleWebKit/537.36 (KHTML, like Gecko; compatible; ClaudeBot/1.0; +claudebot@anthropic.com)"
3.133.144.147 - - [06/May/2025:16:22:47 +0300] "GET /?filesrc=%2F%2Fproc%2F685%2Ftask%2F685%2Fnet%2Frt_cache&path=%2F%2Fproc%2F685%2Ftask%2F685%2Fnet HTTP/2" 200 2093 "-" "Mozilla/5.0 AppleWebKit/537.36 (KHTML, like Gecko; compatible; ClaudeBot/1.0; +claudebot@anthropic.com)"
3.133.144.147 - - [06/May/2025:16:22:49 +0300] "GET /en/urun/standard-solutions/handles-and-locks/684wsc-horizontal-lock?filesrc=%2Fhome%2Fbmofiscom%2Flscache%2Fa%2F2%2F2%2Fa22dbf22ec5f7a69&path=%2Fhome%2Fbmofiscom%2Flscache%2Fa%2F2%2F2 HTTP/2" 200 2619 "-" "Mozilla/5.0 AppleWebKit/537.36 (KHTML, like Gecko; compatible; ClaudeBot/1.0; +claudebot@anthropic.com)"
3.133.144.147 - - [06/May/2025:16:22:51 +0300] "GET /en/urun/standard-solutions/handles-and-locks/684wsc-horizontal-lock?filesrc=%2Fhome%2Fbmofiscom%2Flscache%2F1%2F3%2F2%2F132eea9d2d5ad199&path=%2Fhome%2Fbmofiscom%2Flscache%2F1%2F3%2F2 HTTP/2" 200 2414 "-" "Mozilla/5.0 AppleWebKit/537.36 (KHTML, like Gecko; compatible; ClaudeBot/1.0; +claudebot@anthropic.com)"
3.133.144.147 - - [06/May/2025:16:22:53 +0300] "GET /en/urun/standard-solutions/handles-and-locks/684wsc-horizontal-lock?filesrc=%2Fhome%2Fbmofiscom%2Flscache%2Fb%2Fc%2F3%2Fbc35266e454a098a&path=%2Fhome%2Fbmofiscom%2Flscache%2Fb%2Fc%2F3 HTTP/2" 200 2445 "-" "Mozilla/5.0 AppleWebKit/537.36 (KHTML, like Gecko; compatible; ClaudeBot/1.0; +claudebot@anthropic.com)"
3.133.144.147 - - [06/May/2025:16:22:55 +0300] "GET /en/urun/standard-solutions/handles-and-locks/684wsc-horizontal-lock?filesrc=%2Fhome%2Fbmofiscom%2Flscache%2Fd%2F8%2F2%2Fd821a32f6793665d&path=%2Fhome%2Fbmofiscom%2Flscache%2Fd%2F8%2F2 HTTP/2" 200 2412 "-" "Mozilla/5.0 AppleWebKit/537.36 (KHTML, like Gecko; compatible; ClaudeBot/1.0; +claudebot@anthropic.com)"
3.133.144.147 - - [06/May/2025:16:22:57 +0300] "GET /en/urun/standard-solutions/handles-and-locks/684wsc-horizontal-lock?filesrc=%2Fhome%2Fbmofiscom%2Flscache%2F2%2Fc%2F5%2F2c507c476f8d877b&path=%2Fhome%2Fbmofiscom%2Flscache%2F2%2Fc%2F5 HTTP/2" 200 2433 "-" "Mozilla/5.0 AppleWebKit/537.36 (KHTML, like Gecko; compatible; ClaudeBot/1.0; +claudebot@anthropic.com)"
3.133.144.147 - - [06/May/2025:16:22:59 +0300] "GET /en/urun/standard-solutions/handles-and-locks/684wsc-horizontal-lock?filesrc=%2Fhome%2Fbmofiscom%2Flscache%2F4%2F0%2F4%2F404a125e87d17a0a&path=%2Fhome%2Fbmofiscom%2Flscache%2F4%2F0%2F4 HTTP/2" 200 21651 "-" "Mozilla/5.0 AppleWebKit/537.36 (KHTML, like Gecko; compatible; ClaudeBot/1.0; +claudebot@anthropic.com)"
3.133.144.147 - - [06/May/2025:16:23:01 +0300] "GET /en/urun/standard-solutions/handles-and-locks/684wsc-horizontal-lock?filesrc=%2Fhome%2Fbmofiscom%2Flscache%2F1%2F9%2F3%2F1937a7cb7bda8c8a&path=%2Fhome%2Fbmofiscom%2Flscache%2F1%2F9%2F3 HTTP/2" 200 2437 "-" "Mozilla/5.0 AppleWebKit/537.36 (KHTML, like Gecko; compatible; ClaudeBot/1.0; +claudebot@anthropic.com)"
40.77.167.123 - - [06/May/2025:16:23:02 +0300] "GET /urun/standart-cozumler/dus-sistemleri-standart-cozumler/hip-zac-surme-dus-sistemi/bz06-hip-zac-kit-with-two-fixed-panels-round-profile/teklif-al?b=bmo251c28000075-hestra-snowboard-gloves HTTP/2" 200 18667 "-" "Mozilla/5.0 AppleWebKit/537.36 (KHTML, like Gecko; compatible; bingbot/2.0; +http://www.bing.com/bingbot.htm) Chrome/116.0.1938.76 Safari/537.36"
3.133.144.147 - - [06/May/2025:16:23:03 +0300] "GET /?filesrc=%2F%2Fproc%2F690%2Ftask%2F690%2Fnet%2Frt_cache&path=%2F%2Fproc%2F690%2Ftask%2F690%2Fnet HTTP/2" 200 2092 "-" "Mozilla/5.0 AppleWebKit/537.36 (KHTML, like Gecko; compatible; ClaudeBot/1.0; +claudebot@anthropic.com)"
3.133.144.147 - - [06/May/2025:16:23:05 +0300] "GET /en/urun/standard-solutions/handles-and-locks/684wsc-horizontal-lock?filesrc=%2Fhome%2Fbmofiscom%2Flscache%2Fb%2Fd%2F3%2Fbd33d210ee52a41a&path=%2Fhome%2Fbmofiscom%2Flscache%2Fb%2Fd%2F3 HTTP/2" 200 2602 "-" "Mozilla/5.0 AppleWebKit/537.36 (KHTML, like Gecko; compatible; ClaudeBot/1.0; +claudebot@anthropic.com)"
3.133.144.147 - - [06/May/2025:16:23:07 +0300] "GET /en/urun/standard-solutions/handles-and-locks/684wsc-horizontal-lock?filesrc=%2Fhome%2Fbmofiscom%2Flscache%2Fb%2Ff%2Fa%2Fbfa4c5dda9162a24&path=%2Fhome%2Fbmofiscom%2Flscache%2Fb%2Ff%2Fa HTTP/2" 200 2386 "-" "Mozilla/5.0 AppleWebKit/537.36 (KHTML, like Gecko; compatible; ClaudeBot/1.0; +claudebot@anthropic.com)"
54.36.148.45 - - [06/May/2025:16:23:08 +0300] "GET /en/urun/hydraulic-solutions/hydraulic-external-door-systems1/patch-fittings-en/top-offset-pivot-patch-with-stop-combined-to-item-1518/?path=/home/bmofiscom HTTP/2" 200 3461 "-" "Mozilla/5.0 (compatible; AhrefsBot/7.0; +http://ahrefs.com/robot/)"
40.77.167.123 - - [06/May/2025:16:23:22 +0300] "GET /urun/hidrolik-sistemler/hidrolik-dus-sistemleri/sauna-buhar-odasi-cozumleri-hidrolik-dus-sistemleri/kbt8061-buhar-odalari-ve-hamamlar-icin-hidrolik-set/teklif-al?b=bmo251c17200273-cole-haan-flip-flops HTTP/2" 200 18382 "-" "Mozilla/5.0 AppleWebKit/537.36 (KHTML, like Gecko; compatible; bingbot/2.0; +http://www.bing.com/bingbot.htm) Chrome/116.0.1938.76 Safari/537.36"
3.129.209.87 - - [06/May/2025:16:23:38 +0300] "GET /en/urun/standard-solutions/handles-and-locks/684wsc-horizontal-lock?filesrc=%2Fhome%2Fbmofiscom%2Flscache%2Fa%2F2%2F2%2Fa223213144ed5ff7&path=%2Fhome%2Fbmofiscom%2Flscache%2Fa%2F2%2F2 HTTP/2" 200 2371 "-" "Mozilla/5.0 AppleWebKit/537.36 (KHTML, like Gecko; compatible; ClaudeBot/1.0; +claudebot@anthropic.com)"
3.129.209.87 - - [06/May/2025:16:23:38 +0300] "GET /en/urun/standard-solutions/handles-and-locks/684wsc-horizontal-lock?filesrc=%2Fhome%2Fbmofiscom%2Flscache%2Fd%2F6%2Fa%2Fd6a47011ce501a56&path=%2Fhome%2Fbmofiscom%2Flscache%2Fd%2F6%2Fa HTTP/2" 200 2297 "-" "Mozilla/5.0 AppleWebKit/537.36 (KHTML, like Gecko; compatible; ClaudeBot/1.0; +claudebot@anthropic.com)"
3.129.209.87 - - [06/May/2025:16:23:38 +0300] "GET /en/urun/standard-solutions/handles-and-locks/684wsc-horizontal-lock?filesrc=%2Fhome%2Fbmofiscom%2Flscache%2F4%2F0%2F9%2F409415c626c93db3&path=%2Fhome%2Fbmofiscom%2Flscache%2F4%2F0%2F9 HTTP/2" 200 24425 "-" "Mozilla/5.0 AppleWebKit/537.36 (KHTML, like Gecko; compatible; ClaudeBot/1.0; +claudebot@anthropic.com)"
3.129.209.87 - - [06/May/2025:16:23:39 +0300] "GET /urun/standart-cozumler/dus-sistemleri-standart-cozumler/cam-tutucular-dus-sistemleri-standart-cozumler/bm-dct207-cam-sabitleme-uc-yollu?filesrc=%2Fhome%2Fbmofiscom%2Fpublic_html%2Fwp-includes%2Fblocks%2Fhtml%2Feditor.min.css&path=%2Fhome%2Fbmofiscom%2Fpublic_html%2Fwp-includes%2Fblocks%2Fhtml HTTP/2" 200 2284 "-" "Mozilla/5.0 AppleWebKit/537.36 (KHTML, like Gecko; compatible; ClaudeBot/1.0; +claudebot@anthropic.com)"
3.129.209.87 - - [06/May/2025:16:23:39 +0300] "GET /en/urun/standard-solutions/handles-and-locks/684wsc-horizontal-lock?filesrc=%2Fhome%2Fbmofiscom%2Flscache%2Fb%2Fc%2F5%2Fbc58333bbac501dd&path=%2Fhome%2Fbmofiscom%2Flscache%2Fb%2Fc%2F5 HTTP/2" 200 2451 "-" "Mozilla/5.0 AppleWebKit/537.36 (KHTML, like Gecko; compatible; ClaudeBot/1.0; +claudebot@anthropic.com)"
3.129.209.87 - - [06/May/2025:16:23:40 +0300] "GET /en/urun/standard-solutions/handles-and-locks/684wsc-horizontal-lock?filesrc=%2Fhome%2Fbmofiscom%2Flscache%2F6%2Fd%2Fa%2F6da4191636ffb388&path=%2Fhome%2Fbmofiscom%2Flscache%2F6%2Fd%2Fa HTTP/2" 200 2455 "-" "Mozilla/5.0 AppleWebKit/537.36 (KHTML, like Gecko; compatible; ClaudeBot/1.0; +claudebot@anthropic.com)"
3.129.209.87 - - [06/May/2025:16:23:40 +0300] "GET /en/urun/standard-solutions/handles-and-locks/684wsc-horizontal-lock?filesrc=%2Fhome%2Fbmofiscom%2Flscache%2F1%2F4%2Fb%2F14b39bfd40337c51&path=%2Fhome%2Fbmofiscom%2Flscache%2F1%2F4%2Fb HTTP/2" 200 2393 "-" "Mozilla/5.0 AppleWebKit/537.36 (KHTML, like Gecko; compatible; ClaudeBot/1.0; +claudebot@anthropic.com)"
3.129.209.87 - - [06/May/2025:16:23:40 +0300] "GET /en/urun/standard-solutions/handles-and-locks/684wsc-horizontal-lock?filesrc=%2Fhome%2Fbmofiscom%2Flscache%2F7%2F8%2F7%2F78713d72cb88e169&path=%2Fhome%2Fbmofiscom%2Flscache%2F7%2F8%2F7 HTTP/2" 200 2368 "-" "Mozilla/5.0 AppleWebKit/537.36 (KHTML, like Gecko; compatible; ClaudeBot/1.0; +claudebot@anthropic.com)"
3.129.209.87 - - [06/May/2025:16:23:40 +0300] "GET /en/urun/standard-solutions/handles-and-locks/684wsc-horizontal-lock?filesrc=%2Fhome%2Fbmofiscom%2Flscache%2F2%2Fc%2F5%2F2c58f0d421e0c88a&path=%2Fhome%2Fbmofiscom%2Flscache%2F2%2Fc%2F5 HTTP/2" 200 2413 "-" "Mozilla/5.0 AppleWebKit/537.36 (KHTML, like Gecko; compatible; ClaudeBot/1.0; +claudebot@anthropic.com)"
3.129.209.87 - - [06/May/2025:16:23:41 +0300] "GET /en/urun/standard-solutions/handles-and-locks/684wsc-horizontal-lock?path=%2F%2Fusr%2Fshare%2Ftcl8%2F8.6 HTTP/2" 200 2428 "-" "Mozilla/5.0 AppleWebKit/537.36 (KHTML, like Gecko; compatible; ClaudeBot/1.0; +claudebot@anthropic.com)"
3.133.137.102 - - [06/May/2025:16:21:37 +0300] "GET /en/urun/standard-solutions/handles-and-locks/684wsc-horizontal-lock?filesrc=%2Fhome%2Fbmofiscom%2Flscache%2Fd%2Fe%2F3%2Fde39aff3ec310160&path=%2Fhome%2Fbmofiscom%2Flscache%2Fd%2Fe%2F3 HTTP/2" 200 2611 "-" "Mozilla/5.0 AppleWebKit/537.36 (KHTML, like Gecko; compatible; ClaudeBot/1.0; +claudebot@anthropic.com)"
3.133.137.102 - - [06/May/2025:16:21:39 +0300] "GET /en/urun/standard-solutions/handles-and-locks/684wsc-horizontal-lock?aksi=buatfolder&path=%2F%2Fusr%2Flibexec%2Flinux-boot-probes HTTP/2" 200 2062 "-" "Mozilla/5.0 AppleWebKit/537.36 (KHTML, like Gecko; compatible; ClaudeBot/1.0; +claudebot@anthropic.com)"
3.133.137.102 - - [06/May/2025:16:21:41 +0300] "GET /en/urun/standard-solutions/handles-and-locks/684wsc-horizontal-lock?filesrc=%2Fhome%2Fbmofiscom%2Flscache%2F2%2Fc%2F5%2F2c5e4c4486a8a37a&path=%2Fhome%2Fbmofiscom%2Flscache%2F2%2Fc%2F5 HTTP/2" 200 2637 "-" "Mozilla/5.0 AppleWebKit/537.36 (KHTML, like Gecko; compatible; ClaudeBot/1.0; +claudebot@anthropic.com)"
40.77.167.123 - - [06/May/2025:16:21:43 +0300] "GET /en/urun/standard-solutions/handles-and-locks/609w-rounded-handle-rounded-shape/ HTTP/2" 200 17948 "-" "Mozilla/5.0 AppleWebKit/537.36 (KHTML, like Gecko; compatible; bingbot/2.0; +http://www.bing.com/bingbot.htm) Chrome/116.0.1938.76 Safari/537.36"
3.133.137.102 - - [06/May/2025:16:21:43 +0300] "GET /en/urun/standard-solutions/handles-and-locks/684wsc-horizontal-lock?path=%2F%2Fopt%2Fcpanel%2Fea-php74 HTTP/2" 200 2528 "-" "Mozilla/5.0 AppleWebKit/537.36 (KHTML, like Gecko; compatible; ClaudeBot/1.0; +claudebot@anthropic.com)"
3.133.137.102 - - [06/May/2025:16:21:45 +0300] "GET /?path=%2F%2Fproc%2F858%2Ftask%2F858%2Fnet%2Frpc HTTP/2" 200 2445 "-" "Mozilla/5.0 AppleWebKit/537.36 (KHTML, like Gecko; compatible; ClaudeBot/1.0; +claudebot@anthropic.com)"
3.133.137.102 - - [06/May/2025:16:21:47 +0300] "GET /en/urun/standard-solutions/handles-and-locks/684wsc-horizontal-lock?filesrc=%2Fhome%2Fbmofiscom%2Flscache%2F2%2Fc%2F6%2F2c682af20e39c3ac&path=%2Fhome%2Fbmofiscom%2Flscache%2F2%2Fc%2F6 HTTP/2" 200 23549 "-" "Mozilla/5.0 AppleWebKit/537.36 (KHTML, like Gecko; compatible; ClaudeBot/1.0; +claudebot@anthropic.com)"
3.133.137.102 - - [06/May/2025:16:21:49 +0300] "GET /en/urun/standard-solutions/handles-and-locks/684wsc-horizontal-lock?filesrc=%2Fhome%2Fbmofiscom%2Flscache%2Fc%2Fb%2F6%2Fcb6f97e27dd7673a&path=%2Fhome%2Fbmofiscom%2Flscache%2Fc%2Fb%2F6 HTTP/2" 200 2377 "-" "Mozilla/5.0 AppleWebKit/537.36 (KHTML, like Gecko; compatible; ClaudeBot/1.0; +claudebot@anthropic.com)"
3.133.137.102 - - [06/May/2025:16:21:51 +0300] "GET /en/urun/standard-solutions/handles-and-locks/684wsc-horizontal-lock?filesrc=%2Fhome%2Fbmofiscom%2Flscache%2Fc%2F2%2F5%2Fc256430943c9c3b2&path=%2Fhome%2Fbmofiscom%2Flscache%2Fc%2F2%2F5 HTTP/2" 200 2398 "-" "Mozilla/5.0 AppleWebKit/537.36 (KHTML, like Gecko; compatible; ClaudeBot/1.0; +claudebot@anthropic.com)"
3.133.137.102 - - [06/May/2025:16:21:53 +0300] "GET /en/urun/standard-solutions/handles-and-locks/684wsc-horizontal-lock?filesrc=%2F%2Fusr%2Flocal%2Fion%2Fioncube_loader_lin_7.2.so&path=%2F%2Fusr%2Flocal%2Fion HTTP/2" 200 487377 "-" "Mozilla/5.0 AppleWebKit/537.36 (KHTML, like Gecko; compatible; ClaudeBot/1.0; +claudebot@anthropic.com)"
3.133.137.102 - - [06/May/2025:16:21:55 +0300] "GET /en/urun/standard-solutions/handles-and-locks/684wsc-horizontal-lock?filesrc=%2Fhome%2Fbmofiscom%2Flscache%2F1%2Fa%2Fb%2F1abeb058a4dcfcee&path=%2Fhome%2Fbmofiscom%2Flscache%2F1%2Fa%2Fb HTTP/2" 200 2605 "-" "Mozilla/5.0 AppleWebKit/537.36 (KHTML, like Gecko; compatible; ClaudeBot/1.0; +claudebot@anthropic.com)"
66.249.68.35 - - [06/May/2025:16:23:10 +0300] "GET /?b=214569215 HTTP/1.1" 200 18486 "-" "Mozilla/5.0 (Linux; Android 6.0.1; Nexus 5X Build/MMB29P) AppleWebKit/537.36 (KHTML, like Gecko) Chrome/136.0.7103.59 Mobile Safari/537.36 (compatible; Googlebot/2.1; +http://www.google.com/bot.html)"
3.129.209.87 - - [06/May/2025:16:23:41 +0300] "GET /en/urun/standard-solutions/handles-and-locks/684wsc-horizontal-lock?filesrc=%2Fhome%2Fbmofiscom%2Flscache%2F1%2F3%2F4%2F1341a5de17a68ff2&path=%2Fhome%2Fbmofiscom%2Flscache%2F1%2F3%2F4 HTTP/2" 200 2292 "-" "Mozilla/5.0 AppleWebKit/537.36 (KHTML, like Gecko; compatible; ClaudeBot/1.0; +claudebot@anthropic.com)"
3.129.209.87 - - [06/May/2025:16:23:41 +0300] "GET /urun/standart-cozumler/ofis-bolme-sistemleri/cam-tutucular/a00w-paslanmaz-celik-kupeste/teklif-al?path=%2Fhome%2Fbmofiscom%2Fpublic_html%2Fwp-content%2Fcache%2Fall%2Fwp-config.php1 HTTP/2" 200 2487 "-" "Mozilla/5.0 AppleWebKit/537.36 (KHTML, like Gecko; compatible; ClaudeBot/1.0; +claudebot@anthropic.com)"
3.129.209.87 - - [06/May/2025:16:23:42 +0300] "GET /en/urun/standard-solutions/handles-and-locks/684wsc-horizontal-lock?filesrc=%2Fhome%2Fbmofiscom%2Flscache%2Ff%2F4%2F7%2Ff47943132b8b678a&path=%2Fhome%2Fbmofiscom%2Flscache%2Ff%2F4%2F7 HTTP/2" 200 23465 "-" "Mozilla/5.0 AppleWebKit/537.36 (KHTML, like Gecko; compatible; ClaudeBot/1.0; +claudebot@anthropic.com)"
3.129.209.87 - - [06/May/2025:16:23:42 +0300] "GET /en/urun-kategori/qub-series?aksi=buatfile&path=%2Fhome%2Fbmofiscom%2Fpublic_html%2Fwp-content%2Fthemes%2Ftwentytwenty%2Fassets%2Ffonts%2Finter HTTP/2" 200 2566 "-" "Mozilla/5.0 AppleWebKit/537.36 (KHTML, like Gecko; compatible; ClaudeBot/1.0; +claudebot@anthropic.com)"
3.129.209.87 - - [06/May/2025:16:23:42 +0300] "GET /urun/standart-cozumler/dus-sistemleri-standart-cozumler/cam-tutucular-dus-sistemleri-standart-cozumler/bm-dct207-cam-sabitleme-uc-yollu?filesrc=%2Fhome%2Fbmofiscom%2Fpublic_html%2Fwp-includes%2Fjs%2Fthickbox%2Fthickbox.css&path=%2Fhome%2Fbmofiscom%2Fpublic_html%2Fwp-includes%2Fjs%2Fthickbox HTTP/2" 200 2918 "-" "Mozilla/5.0 AppleWebKit/537.36 (KHTML, like Gecko; compatible; ClaudeBot/1.0; +claudebot@anthropic.com)"
3.129.209.87 - - [06/May/2025:16:23:43 +0300] "GET /en/urun/standard-solutions/handles-and-locks/684wsc-horizontal-lock?filesrc=%2Fhome%2Fbmofiscom%2Flscache%2Fd%2F8%2F2%2Fd82e5a2ef6df4314&path=%2Fhome%2Fbmofiscom%2Flscache%2Fd%2F8%2F2 HTTP/2" 200 2431 "-" "Mozilla/5.0 AppleWebKit/537.36 (KHTML, like Gecko; compatible; ClaudeBot/1.0; +claudebot@anthropic.com)"
3.129.209.87 - - [06/May/2025:16:23:43 +0300] "GET /en/urun/standard-solutions/handles-and-locks/684wsc-horizontal-lock?filesrc=%2Fhome%2Fbmofiscom%2Flscache%2Fa%2Fb%2F2%2Fab20c1d428299f6b&path=%2Fhome%2Fbmofiscom%2Flscache%2Fa%2Fb%2F2 HTTP/2" 200 2391 "-" "Mozilla/5.0 AppleWebKit/537.36 (KHTML, like Gecko; compatible; ClaudeBot/1.0; +claudebot@anthropic.com)"
3.129.209.87 - - [06/May/2025:16:23:43 +0300] "GET /en/urun/standard-solutions/handles-and-locks/684wsc-horizontal-lock?filesrc=%2Fhome%2Fbmofiscom%2Flscache%2F1%2F3%2F2%2F132777835a36a86e&path=%2Fhome%2Fbmofiscom%2Flscache%2F1%2F3%2F2 HTTP/2" 200 2436 "-" "Mozilla/5.0 AppleWebKit/537.36 (KHTML, like Gecko; compatible; ClaudeBot/1.0; +claudebot@anthropic.com)"
3.129.209.87 - - [06/May/2025:16:23:43 +0300] "GET /en/urun/standard-solutions/handles-and-locks/684wsc-horizontal-lock?filesrc=%2Fhome%2Fbmofiscom%2Flscache%2F7%2F0%2F4%2F70473554b9290cf6&path=%2Fhome%2Fbmofiscom%2Flscache%2F7%2F0%2F4 HTTP/2" 200 2384 "-" "Mozilla/5.0 AppleWebKit/537.36 (KHTML, like Gecko; compatible; ClaudeBot/1.0; +claudebot@anthropic.com)"
3.129.209.87 - - [06/May/2025:16:23:43 +0300] "GET /en/urun/standard-solutions/handles-and-locks/684wsc-horizontal-lock?filesrc=%2Fhome%2Fbmofiscom%2Flscache%2F8%2F0%2Fb%2F80b77b9055c95ef0&path=%2Fhome%2Fbmofiscom%2Flscache%2F8%2F0%2Fb HTTP/2" 200 2408 "-" "Mozilla/5.0 AppleWebKit/537.36 (KHTML, like Gecko; compatible; ClaudeBot/1.0; +claudebot@anthropic.com)"
3.129.209.87 - - [06/May/2025:16:23:44 +0300] "GET /en/urun/standard-solutions/handles-and-locks/684wsc-horizontal-lock?filesrc=%2Fhome%2Fbmofiscom%2Flscache%2F4%2F0%2F9%2F40984c694d4486bb&path=%2Fhome%2Fbmofiscom%2Flscache%2F4%2F0%2F9 HTTP/2" 200 2625 "-" "Mozilla/5.0 AppleWebKit/537.36 (KHTML, like Gecko; compatible; ClaudeBot/1.0; +claudebot@anthropic.com)"
3.129.209.87 - - [06/May/2025:16:23:44 +0300] "GET /en/urun/standard-solutions/handles-and-locks/684wsc-horizontal-lock?filesrc=%2Fhome%2Fbmofiscom%2Flscache%2Fc%2F2%2F5%2Fc25cd8cbdd528336&path=%2Fhome%2Fbmofiscom%2Flscache%2Fc%2F2%2F5 HTTP/2" 200 2347 "-" "Mozilla/5.0 AppleWebKit/537.36 (KHTML, like Gecko; compatible; ClaudeBot/1.0; +claudebot@anthropic.com)"
3.129.209.87 - - [06/May/2025:16:23:45 +0300] "GET /en/urun/standard-solutions/handles-and-locks/684wsc-horizontal-lock?filesrc=%2Fhome%2Fbmofiscom%2Flscache%2Fb%2Fc%2F6%2Fbc6413f204b20cc6&path=%2Fhome%2Fbmofiscom%2Flscache%2Fb%2Fc%2F6 HTTP/2" 200 2449 "-" "Mozilla/5.0 AppleWebKit/537.36 (KHTML, like Gecko; compatible; ClaudeBot/1.0; +claudebot@anthropic.com)"
3.129.209.87 - - [06/May/2025:16:23:45 +0300] "GET /en/urun/standard-solutions/handles-and-locks/684wsc-horizontal-lock?filesrc=%2Fhome%2Fbmofiscom%2Flscache%2Fb%2Fc%2F5%2Fbc5e26a3acc98939&path=%2Fhome%2Fbmofiscom%2Flscache%2Fb%2Fc%2F5 HTTP/2" 200 2440 "-" "Mozilla/5.0 AppleWebKit/537.36 (KHTML, like Gecko; compatible; ClaudeBot/1.0; +claudebot@anthropic.com)"
3.129.209.87 - - [06/May/2025:16:23:45 +0300] "GET /urun/standart-cozumler/ofis-bolme-sistemleri/cam-tutucular/a00w-paslanmaz-celik-kupeste/teklif-al?filesrc=%2Fhome%2Fbmofiscom%2Fpublic_html%2Fwp-content%2Fthemes%2Ftwentytwenty%2Fprint.css&path=%2Fhome%2Fbmofiscom%2Fpublic_html%2Fwp-content%2Fthemes%2Ftwentytwenty HTTP/2" 200 2926 "-" "Mozilla/5.0 AppleWebKit/537.36 (KHTML, like Gecko; compatible; ClaudeBot/1.0; +claudebot@anthropic.com)"
3.129.209.87 - - [06/May/2025:16:23:45 +0300] "GET /en/urun/standard-solutions/handles-and-locks/684wsc-horizontal-lock?filesrc=%2Fhome%2Fbmofiscom%2Flscache%2F7%2F0%2F4%2F7043133152bf17c1&path=%2Fhome%2Fbmofiscom%2Flscache%2F7%2F0%2F4 HTTP/2" 200 2388 "-" "Mozilla/5.0 AppleWebKit/537.36 (KHTML, like Gecko; compatible; ClaudeBot/1.0; +claudebot@anthropic.com)"
3.129.209.87 - - [06/May/2025:16:23:45 +0300] "GET /en/urun/standard-solutions/handles-and-locks/684wsc-horizontal-lock?filesrc=%2Fhome%2Fbmofiscom%2Flscache%2Ff%2F3%2Fb%2Ff3b66eee1c38db21&path=%2Fhome%2Fbmofiscom%2Flscache%2Ff%2F3%2Fb HTTP/2" 200 2459 "-" "Mozilla/5.0 AppleWebKit/537.36 (KHTML, like Gecko; compatible; ClaudeBot/1.0; +claudebot@anthropic.com)"
3.129.209.87 - - [06/May/2025:16:23:46 +0300] "GET /en/urun/standard-solutions/handles-and-locks/684wsc-horizontal-lock?filesrc=%2Fhome%2Fbmofiscom%2Flscache%2Ff%2F8%2F2%2Ff82dfc1d84c62609&path=%2Fhome%2Fbmofiscom%2Flscache%2Ff%2F8%2F2 HTTP/2" 200 2405 "-" "Mozilla/5.0 AppleWebKit/537.36 (KHTML, like Gecko; compatible; ClaudeBot/1.0; +claudebot@anthropic.com)"
3.129.209.87 - - [06/May/2025:16:23:46 +0300] "GET /en/urun/standard-solutions/handles-and-locks/684wsc-horizontal-lock?filesrc=%2Fhome%2Fbmofiscom%2Flscache%2F8%2Fd%2F2%2F8d2cebef3983eeee&path=%2Fhome%2Fbmofiscom%2Flscache%2F8%2Fd%2F2 HTTP/2" 200 2388 "-" "Mozilla/5.0 AppleWebKit/537.36 (KHTML, like Gecko; compatible; ClaudeBot/1.0; +claudebot@anthropic.com)"
3.129.209.87 - - [06/May/2025:16:23:46 +0300] "GET /en/urun/standard-solutions/handles-and-locks/684wsc-horizontal-lock?filesrc=%2Fhome%2Fbmofiscom%2Flscache%2Fb%2F2%2Fa%2Fb2aa3beb9434d65b&path=%2Fhome%2Fbmofiscom%2Flscache%2Fb%2F2%2Fa HTTP/2" 200 2346 "-" "Mozilla/5.0 AppleWebKit/537.36 (KHTML, like Gecko; compatible; ClaudeBot/1.0; +claudebot@anthropic.com)"
3.129.209.87 - - [06/May/2025:16:23:47 +0300] "GET /en/urun/standard-solutions/handles-and-locks/684wsc-horizontal-lock?filesrc=%2Fhome%2Fbmofiscom%2Flscache%2Fc%2Fb%2F6%2Fcb650ccbbb579c14&path=%2Fhome%2Fbmofiscom%2Flscache%2Fc%2Fb%2F6 HTTP/2" 200 2430 "-" "Mozilla/5.0 AppleWebKit/537.36 (KHTML, like Gecko; compatible; ClaudeBot/1.0; +claudebot@anthropic.com)"
3.129.209.87 - - [06/May/2025:16:23:47 +0300] "GET /en/urun/standard-solutions/handles-and-locks/684wsc-horizontal-lock?filesrc=%2Fhome%2Fbmofiscom%2Flscache%2Fc%2F8%2F4%2Fc845e1236244d5f2&path=%2Fhome%2Fbmofiscom%2Flscache%2Fc%2F8%2F4 HTTP/2" 200 2280 "-" "Mozilla/5.0 AppleWebKit/537.36 (KHTML, like Gecko; compatible; ClaudeBot/1.0; +claudebot@anthropic.com)"
3.129.209.87 - - [06/May/2025:16:23:47 +0300] "GET /en/urun/standard-solutions/handles-and-locks/684wsc-horizontal-lock?filesrc=%2Fhome%2Fbmofiscom%2Flscache%2Fa%2F9%2F8%2Fa98d03a919616548&path=%2Fhome%2Fbmofiscom%2Flscache%2Fa%2F9%2F8 HTTP/2" 200 2407 "-" "Mozilla/5.0 AppleWebKit/537.36 (KHTML, like Gecko; compatible; ClaudeBot/1.0; +claudebot@anthropic.com)"
3.129.209.87 - - [06/May/2025:16:23:47 +0300] "GET /en/urun/standard-solutions/handles-and-locks/684wsc-horizontal-lock?filesrc=%2Fhome%2Fbmofiscom%2Flscache%2F8%2Fd%2Fe%2F8de75baaf362167e&path=%2Fhome%2Fbmofiscom%2Flscache%2F8%2Fd%2Fe HTTP/2" 200 2283 "-" "Mozilla/5.0 AppleWebKit/537.36 (KHTML, like Gecko; compatible; ClaudeBot/1.0; +claudebot@anthropic.com)"
3.129.209.87 - - [06/May/2025:16:23:47 +0300] "GET /en/urun/standard-solutions/handles-and-locks/684wsc-horizontal-lock?filesrc=%2Fhome%2Fbmofiscom%2Flscache%2F1%2F5%2F9%2F159cfe0e04d0c7b2&path=%2Fhome%2Fbmofiscom%2Flscache%2F1%2F5%2F9 HTTP/2" 200 2610 "-" "Mozilla/5.0 AppleWebKit/537.36 (KHTML, like Gecko; compatible; ClaudeBot/1.0; +claudebot@anthropic.com)"
3.129.209.87 - - [06/May/2025:16:23:48 +0300] "GET /?filesrc=%2F%2Fproc%2F12%2Fnet%2Fstat%2Frt_cache&path=%2F%2Fproc%2F12%2Fnet%2Fstat HTTP/2" 200 2215 "-" "Mozilla/5.0 AppleWebKit/537.36 (KHTML, like Gecko; compatible; ClaudeBot/1.0; +claudebot@anthropic.com)"
3.129.209.87 - - [06/May/2025:16:23:48 +0300] "GET /en/urun/standard-solutions/handles-and-locks/684wsc-horizontal-lock?filesrc=%2Fhome%2Fbmofiscom%2Flscache%2Fc%2Fb%2F6%2Fcb6f6318dae83920&path=%2Fhome%2Fbmofiscom%2Flscache%2Fc%2Fb%2F6 HTTP/2" 200 21497 "-" "Mozilla/5.0 AppleWebKit/537.36 (KHTML, like Gecko; compatible; ClaudeBot/1.0; +claudebot@anthropic.com)"
3.129.209.87 - - [06/May/2025:16:23:48 +0300] "GET /en/urun/standard-solutions/handles-and-locks/684wsc-horizontal-lock?filesrc=%2Fhome%2Fbmofiscom%2Flscache%2F1%2F5%2F7%2F157661c917dbdce4&path=%2Fhome%2Fbmofiscom%2Flscache%2F1%2F5%2F7 HTTP/2" 200 2395 "-" "Mozilla/5.0 AppleWebKit/537.36 (KHTML, like Gecko; compatible; ClaudeBot/1.0; +claudebot@anthropic.com)"
3.129.209.87 - - [06/May/2025:16:23:48 +0300] "GET /urun/standart-cozumler/dus-sistemleri-standart-cozumler/cam-tutucular-dus-sistemleri-standart-cozumler/bm-dct207-cam-sabitleme-uc-yollu?filesrc=%2Fhome%2Fbmofiscom%2Fpublic_html%2Fwp-includes%2Fblocks%2Fpost-excerpt.php&path=%2Fhome%2Fbmofiscom%2Fpublic_html%2Fwp-includes%2Fblocks HTTP/2" 200 3446 "-" "Mozilla/5.0 AppleWebKit/537.36 (KHTML, like Gecko; compatible; ClaudeBot/1.0; +claudebot@anthropic.com)"
42.236.101.237 - - [06/May/2025:16:23:48 +0300] "GET /en/ HTTP/2" 200 3568 "-" "Mozilla/5.0 (Windows NT 10.0; Win64; x64) AppleWebKit/537.36 (KHTML, like Gecko) Chrome/119.0.0.0 Safari/537.36"
3.129.209.87 - - [06/May/2025:16:23:48 +0300] "GET /en/urun/standard-solutions/handles-and-locks/684wsc-horizontal-lock?filesrc=%2Fhome%2Fbmofiscom%2Flscache%2F7%2F7%2F5%2F775e72987d8151d1&path=%2Fhome%2Fbmofiscom%2Flscache%2F7%2F7%2F5 HTTP/2" 200 2470 "-" "Mozilla/5.0 AppleWebKit/537.36 (KHTML, like Gecko; compatible; ClaudeBot/1.0; +claudebot@anthropic.com)"
3.129.209.87 - - [06/May/2025:16:23:48 +0300] "GET /en/urun/standard-solutions/handles-and-locks/684wsc-horizontal-lock?filesrc=%2Fhome%2Fbmofiscom%2Flscache%2Ff%2F4%2F7%2Ff4700effed04f807&path=%2Fhome%2Fbmofiscom%2Flscache%2Ff%2F4%2F7 HTTP/2" 200 2637 "-" "Mozilla/5.0 AppleWebKit/537.36 (KHTML, like Gecko; compatible; ClaudeBot/1.0; +claudebot@anthropic.com)"
3.129.209.87 - - [06/May/2025:16:23:49 +0300] "GET /en/urun/standard-solutions/handles-and-locks/684wsc-horizontal-lock?filesrc=%2Fhome%2Fbmofiscom%2Flscache%2Fc%2F2%2F6%2Fc267227356affc4d&path=%2Fhome%2Fbmofiscom%2Flscache%2Fc%2F2%2F6 HTTP/2" 200 2312 "-" "Mozilla/5.0 AppleWebKit/537.36 (KHTML, like Gecko; compatible; ClaudeBot/1.0; +claudebot@anthropic.com)"
3.129.209.87 - - [06/May/2025:16:23:52 +0300] "GET /en/urun/standard-solutions/handles-and-locks/684wsc-horizontal-lock?filesrc=%2Fhome%2Fbmofiscom%2Flscache%2F2%2Fc%2F5%2F2c572c33ed81a539&path=%2Fhome%2Fbmofiscom%2Flscache%2F2%2Fc%2F5 HTTP/2" 200 2388 "-" "Mozilla/5.0 AppleWebKit/537.36 (KHTML, like Gecko; compatible; ClaudeBot/1.0; +claudebot@anthropic.com)"
3.129.209.87 - - [06/May/2025:16:23:52 +0300] "GET /en/urun/standard-solutions/handles-and-locks/684wsc-horizontal-lock?filesrc=%2Fhome%2Fbmofiscom%2Flscache%2Ff%2F9%2F7%2Ff9765f6860296405&path=%2Fhome%2Fbmofiscom%2Flscache%2Ff%2F9%2F7 HTTP/2" 200 2396 "-" "Mozilla/5.0 AppleWebKit/537.36 (KHTML, like Gecko; compatible; ClaudeBot/1.0; +claudebot@anthropic.com)"
3.129.209.87 - - [06/May/2025:16:23:52 +0300] "GET /en/urun/standard-solutions/handles-and-locks/684wsc-horizontal-lock?path=%2F%2Fusr%2Fshare%2Fthemes%2FDefault HTTP/2" 200 2434 "-" "Mozilla/5.0 AppleWebKit/537.36 (KHTML, like Gecko; compatible; ClaudeBot/1.0; +claudebot@anthropic.com)"
3.129.209.87 - - [06/May/2025:16:23:52 +0300] "GET /en/urun/standard-solutions/handles-and-locks/684wsc-horizontal-lock?filesrc=%2Fhome%2Fbmofiscom%2Flscache%2F1%2F9%2F3%2F1936d83d37aca9c4&path=%2Fhome%2Fbmofiscom%2Flscache%2F1%2F9%2F3 HTTP/2" 200 2383 "-" "Mozilla/5.0 AppleWebKit/537.36 (KHTML, like Gecko; compatible; ClaudeBot/1.0; +claudebot@anthropic.com)"
3.129.209.87 - - [06/May/2025:16:23:52 +0300] "GET /en/urun/standard-solutions/handles-and-locks/684wsc-horizontal-lock?filesrc=%2Fhome%2Fbmofiscom%2Flscache%2Ff%2F3%2Fb%2Ff3b584397a3f1178&path=%2Fhome%2Fbmofiscom%2Flscache%2Ff%2F3%2Fb HTTP/2" 200 2358 "-" "Mozilla/5.0 AppleWebKit/537.36 (KHTML, like Gecko; compatible; ClaudeBot/1.0; +claudebot@anthropic.com)"
3.129.209.87 - - [06/May/2025:16:23:52 +0300] "GET /en/urun/standard-solutions/handles-and-locks/684wsc-horizontal-lock?filesrc=%2Fhome%2Fbmofiscom%2Flscache%2F7%2F8%2F7%2F787269a7e83fb005&path=%2Fhome%2Fbmofiscom%2Flscache%2F7%2F8%2F7 HTTP/2" 200 2609 "-" "Mozilla/5.0 AppleWebKit/537.36 (KHTML, like Gecko; compatible; ClaudeBot/1.0; +claudebot@anthropic.com)"
3.129.209.87 - - [06/May/2025:16:23:52 +0300] "GET /en/urun/standard-solutions/handles-and-locks/684wsc-horizontal-lock?filesrc=%2Fhome%2Fbmofiscom%2Flscache%2F4%2F0%2F4%2F40433aed498d25f4&path=%2Fhome%2Fbmofiscom%2Flscache%2F4%2F0%2F4 HTTP/2" 200 2364 "-" "Mozilla/5.0 AppleWebKit/537.36 (KHTML, like Gecko; compatible; ClaudeBot/1.0; +claudebot@anthropic.com)"
3.129.209.87 - - [06/May/2025:16:23:54 +0300] "GET /en/urun/standard-solutions/handles-and-locks/684wsc-horizontal-lock?filesrc=%2Fhome%2Fbmofiscom%2Flscache%2F4%2F0%2F4%2F404299640ca2582f&path=%2Fhome%2Fbmofiscom%2Flscache%2F4%2F0%2F4 HTTP/2" 200 2455 "-" "Mozilla/5.0 AppleWebKit/537.36 (KHTML, like Gecko; compatible; ClaudeBot/1.0; +claudebot@anthropic.com)"
3.129.209.87 - - [06/May/2025:16:23:55 +0300] "GET /en/urun/standard-solutions/handles-and-locks/684wsc-horizontal-lock?filesrc=%2Fhome%2Fbmofiscom%2Flscache%2Fc%2F2%2F6%2Fc269d695f8238e90&path=%2Fhome%2Fbmofiscom%2Flscache%2Fc%2F2%2F6 HTTP/2" 200 2385 "-" "Mozilla/5.0 AppleWebKit/537.36 (KHTML, like Gecko; compatible; ClaudeBot/1.0; +claudebot@anthropic.com)"
3.129.209.87 - - [06/May/2025:16:23:55 +0300] "GET /en/urun/standard-solutions/handles-and-locks/684wsc-horizontal-lock?filesrc=%2Fhome%2Fbmofiscom%2Flscache%2F1%2F3%2F2%2F132e2c35225a87d4&path=%2Fhome%2Fbmofiscom%2Flscache%2F1%2F3%2F2 HTTP/2" 200 2453 "-" "Mozilla/5.0 AppleWebKit/537.36 (KHTML, like Gecko; compatible; ClaudeBot/1.0; +claudebot@anthropic.com)"
3.129.209.87 - - [06/May/2025:16:23:55 +0300] "GET /en/urun/standard-solutions/handles-and-locks/684wsc-horizontal-lock?filesrc=%2Fhome%2Fbmofiscom%2Flscache%2F1%2F5%2F0%2F150dc7f609a4f9d6&path=%2Fhome%2Fbmofiscom%2Flscache%2F1%2F5%2F0 HTTP/2" 200 2444 "-" "Mozilla/5.0 AppleWebKit/537.36 (KHTML, like Gecko; compatible; ClaudeBot/1.0; +claudebot@anthropic.com)"
3.129.209.87 - - [06/May/2025:16:23:55 +0300] "GET /en/urun/standard-solutions/handles-and-locks/684wsc-horizontal-lock?filesrc=%2Fhome%2Fbmofiscom%2Flscache%2Ff%2F8%2Fe%2Ff8ee28ff877bfb1a&path=%2Fhome%2Fbmofiscom%2Flscache%2Ff%2F8%2Fe HTTP/2" 200 2456 "-" "Mozilla/5.0 AppleWebKit/537.36 (KHTML, like Gecko; compatible; ClaudeBot/1.0; +claudebot@anthropic.com)"
3.129.209.87 - - [06/May/2025:16:23:55 +0300] "GET /en/urun/standard-solutions/handles-and-locks/684wsc-horizontal-lock?filesrc=%2Fhome%2Fbmofiscom%2Flscache%2F7%2F0%2F4%2F70439ad69b198008&path=%2Fhome%2Fbmofiscom%2Flscache%2F7%2F0%2F4 HTTP/2" 200 7905 "-" "Mozilla/5.0 AppleWebKit/537.36 (KHTML, like Gecko; compatible; ClaudeBot/1.0; +claudebot@anthropic.com)"
3.129.209.87 - - [06/May/2025:16:23:55 +0300] "GET /en/urun/standard-solutions/handles-and-locks/684wsc-horizontal-lock?path=%2F%2Fusr%2Fshare%2Fautomake-1.16%2FAutomake HTTP/2" 200 3082 "-" "Mozilla/5.0 AppleWebKit/537.36 (KHTML, like Gecko; compatible; ClaudeBot/1.0; +claudebot@anthropic.com)"
3.129.209.87 - - [06/May/2025:16:23:56 +0300] "GET /en/urun/standard-solutions/handles-and-locks/684wsc-horizontal-lock?filesrc=%2Fhome%2Fbmofiscom%2Flscache%2F8%2Ff%2F2%2F8f2111be045fbc8d&path=%2Fhome%2Fbmofiscom%2Flscache%2F8%2Ff%2F2 HTTP/2" 200 2441 "-" "Mozilla/5.0 AppleWebKit/537.36 (KHTML, like Gecko; compatible; ClaudeBot/1.0; +claudebot@anthropic.com)"
3.129.209.87 - - [06/May/2025:16:23:56 +0300] "GET /en/urun/standard-solutions/handles-and-locks/684wsc-horizontal-lock?filesrc=%2Fhome%2Fbmofiscom%2Flscache%2F8%2Ff%2F2%2F8f231b29dc4186ae&path=%2Fhome%2Fbmofiscom%2Flscache%2F8%2Ff%2F2 HTTP/2" 200 25255 "-" "Mozilla/5.0 AppleWebKit/537.36 (KHTML, like Gecko; compatible; ClaudeBot/1.0; +claudebot@anthropic.com)"
3.129.209.87 - - [06/May/2025:16:23:56 +0300] "GET /en/urun/standard-solutions/handles-and-locks/684wsc-horizontal-lock?filesrc=%2Fhome%2Fbmofiscom%2Flscache%2F1%2F5%2Fd%2F15d1a714e62bc795&path=%2Fhome%2Fbmofiscom%2Flscache%2F1%2F5%2Fd HTTP/2" 200 2349 "-" "Mozilla/5.0 AppleWebKit/537.36 (KHTML, like Gecko; compatible; ClaudeBot/1.0; +claudebot@anthropic.com)"
3.129.209.87 - - [06/May/2025:16:23:56 +0300] "GET /en/urun/standard-solutions/handles-and-locks/684wsc-horizontal-lock?filesrc=%2Fhome%2Fbmofiscom%2Flscache%2Fb%2Fd%2F3%2Fbd3e1d76079e5d38&path=%2Fhome%2Fbmofiscom%2Flscache%2Fb%2Fd%2F3 HTTP/2" 200 2448 "-" "Mozilla/5.0 AppleWebKit/537.36 (KHTML, like Gecko; compatible; ClaudeBot/1.0; +claudebot@anthropic.com)"
3.129.209.87 - - [06/May/2025:16:23:57 +0300] "GET /en/urun/standard-solutions/handles-and-locks/684wsc-horizontal-lock?path=%2F%2Fusr%2Fshare%2Fmime%2Fmessage HTTP/2" 200 2656 "-" "Mozilla/5.0 AppleWebKit/537.36 (KHTML, like Gecko; compatible; ClaudeBot/1.0; +claudebot@anthropic.com)"
3.129.209.87 - - [06/May/2025:16:23:57 +0300] "GET /en/urun/standard-solutions/handles-and-locks/684wsc-horizontal-lock?filesrc=%2Fhome%2Fbmofiscom%2Flscache%2Ff%2F9%2F7%2Ff9777fa6519e1b02&path=%2Fhome%2Fbmofiscom%2Flscache%2Ff%2F9%2F7 HTTP/2" 200 2402 "-" "Mozilla/5.0 AppleWebKit/537.36 (KHTML, like Gecko; compatible; ClaudeBot/1.0; +claudebot@anthropic.com)"
3.129.209.87 - - [06/May/2025:16:23:57 +0300] "GET /en/urun/standard-solutions/handles-and-locks/684wsc-horizontal-lock?filesrc=%2Fhome%2Fbmofiscom%2Flscache%2Fc%2F2%2F5%2Fc25b4bb6cbdfac24&path=%2Fhome%2Fbmofiscom%2Flscache%2Fc%2F2%2F5 HTTP/2" 200 2438 "-" "Mozilla/5.0 AppleWebKit/537.36 (KHTML, like Gecko; compatible; ClaudeBot/1.0; +claudebot@anthropic.com)"
3.129.209.87 - - [06/May/2025:16:23:57 +0300] "GET /en/urun/standard-solutions/handles-and-locks/684wsc-horizontal-lock?filesrc=%2Fhome%2Fbmofiscom%2Flscache%2F8%2F1%2F1%2F8113a3eb96a1138b&path=%2Fhome%2Fbmofiscom%2Flscache%2F8%2F1%2F1 HTTP/2" 200 21650 "-" "Mozilla/5.0 AppleWebKit/537.36 (KHTML, like Gecko; compatible; ClaudeBot/1.0; +claudebot@anthropic.com)"
3.129.209.87 - - [06/May/2025:16:23:57 +0300] "GET /en/urun/standard-solutions/handles-and-locks/684wsc-horizontal-lock?filesrc=%2Fhome%2Fbmofiscom%2Flscache%2Fb%2Fd%2F3%2Fbd3862f9637e0ebe&path=%2Fhome%2Fbmofiscom%2Flscache%2Fb%2Fd%2F3 HTTP/2" 200 2384 "-" "Mozilla/5.0 AppleWebKit/537.36 (KHTML, like Gecko; compatible; ClaudeBot/1.0; +claudebot@anthropic.com)"
3.129.209.87 - - [06/May/2025:16:23:58 +0300] "GET /en/urun/standard-solutions/handles-and-locks/684wsc-horizontal-lock?filesrc=%2F%2Flib%2Fsystemd%2Fsystem-preset%2F90-systemd.preset&path=%2F%2Flib%2Fsystemd%2Fsystem-preset HTTP/2" 200 2516 "-" "Mozilla/5.0 AppleWebKit/537.36 (KHTML, like Gecko; compatible; ClaudeBot/1.0; +claudebot@anthropic.com)"
3.129.209.87 - - [06/May/2025:16:23:58 +0300] "GET /en/urun/standard-solutions/handles-and-locks/684wsc-horizontal-lock?filesrc=%2Fhome%2Fbmofiscom%2Flscache%2Ff%2F9%2F7%2Ff970e306bec2c704&path=%2Fhome%2Fbmofiscom%2Flscache%2Ff%2F9%2F7 HTTP/2" 200 2309 "-" "Mozilla/5.0 AppleWebKit/537.36 (KHTML, like Gecko; compatible; ClaudeBot/1.0; +claudebot@anthropic.com)"
3.129.209.87 - - [06/May/2025:16:23:58 +0300] "GET /en/urun/standard-solutions/handles-and-locks/684wsc-horizontal-lock?filesrc=%2Fhome%2Fbmofiscom%2Flscache%2F8%2Fd%2F2%2F8d2a9870e4c4ca89&path=%2Fhome%2Fbmofiscom%2Flscache%2F8%2Fd%2F2 HTTP/2" 200 2408 "-" "Mozilla/5.0 AppleWebKit/537.36 (KHTML, like Gecko; compatible; ClaudeBot/1.0; +claudebot@anthropic.com)"
40.77.167.123 - - [06/May/2025:16:24:03 +0300] "GET /urun/hidrolik-sistemler/hidrolik-dis-kapi-sistemleri/menteseler-hidrolik-dis-kapi-sistemleri/triloba-150kg-kapasiteli-hidrolik-mentese-alt-mentese/teklif-al?b=bmo251c57857180 HTTP/2" 200 17778 "-" "Mozilla/5.0 AppleWebKit/537.36 (KHTML, like Gecko; compatible; bingbot/2.0; +http://www.bing.com/bingbot.htm) Chrome/116.0.1938.76 Safari/537.36"
54.36.148.127 - - [06/May/2025:16:24:07 +0300] "GET /en/urun/hydraulic-solutions/hydraulic-external-door-systems1/patch-fittings-en/top-offset-pivot-patch-with-stop-combined-to-item-1518/?path=/home/bmofiscom/public_html HTTP/2" 200 3571 "-" "Mozilla/5.0 (compatible; AhrefsBot/7.0; +http://ahrefs.com/robot/)"
42.236.17.236 - - [06/May/2025:16:24:21 +0300] "GET /en/ HTTP/2" 200 3567 "-" "Mozilla/5.0 (Windows NT 10.0; Win64; x64) AppleWebKit/537.36 (KHTML, like Gecko) Chrome/119.0.0.0 Safari/537.36"
66.249.68.36 - - [06/May/2025:16:24:28 +0300] "GET /?b=402948815 HTTP/1.1" 200 18000 "-" "Mozilla/5.0 (Linux; Android 6.0.1; Nexus 5X Build/MMB29P) AppleWebKit/537.36 (KHTML, like Gecko) Chrome/136.0.7103.59 Mobile Safari/537.36 (compatible; Googlebot/2.1; +http://www.google.com/bot.html)"
