85.105.3.100 - - [06/May/2025:15:10:02 +0300] "GET / HTTP/2" 200 3568 "https://www.google.com/" "Mozilla/5.0 (Macintosh; Intel Mac OS X 10_15_7) AppleWebKit/605.1.15 (KHTML, like Gecko) Version/16.3 Safari/605.1.15"
40.77.167.72 - - [06/May/2025:15:10:02 +0300] "GET /urun/hidrolik-sistemler/hidrolik-dus-sistemleri/sauna-buhar-odasi-cozumleri-hidrolik-dus-sistemleri/kbt8061-buhar-odalari-ve-hamamlar-icin-hidrolik-set/teklif-al?b=bmo251c8800363-saquon-barkley-jersey HTTP/2" 200 18180 "-" "Mozilla/5.0 AppleWebKit/537.36 (KHTML, like Gecko; compatible; bingbot/2.0; +http://www.bing.com/bingbot.htm) Chrome/116.0.1938.76 Safari/537.36"
66.249.66.11 - - [06/May/2025:15:10:06 +0300] "GET /?b=274353515 HTTP/1.1" 200 18357 "-" "Mozilla/5.0 (Linux; Android 6.0.1; Nexus 5X Build/MMB29P) AppleWebKit/537.36 (KHTML, like Gecko) Chrome/136.0.7103.59 Mobile Safari/537.36 (compatible; Googlebot/2.1; +http://www.google.com/bot.html)"
3.212.205.90 - - [06/May/2025:15:10:14 +0300] "GET /urun-kategori/hidrolik-cozumler/hidrolik-dus-sistemleri/ HTTP/1.1" 200 4262 "-" "Mozilla/5.0 AppleWebKit/537.36 (KHTML, like Gecko; compatible; Amazonbot/0.1; +https://developer.amazon.com/support/amazonbot) Chrome/119.0.6045.214 Safari/537.36"
54.225.81.20 - - [06/May/2025:15:10:18 +0300] "GET /kvkk HTTP/1.1" 200 4262 "-" "Mozilla/5.0 AppleWebKit/537.36 (KHTML, like Gecko; compatible; Amazonbot/0.1; +https://developer.amazon.com/support/amazonbot) Chrome/119.0.6045.214 Safari/537.36"
54.84.147.79 - - [06/May/2025:15:10:21 +0300] "GET /en/urun/hydraulic-solutions/hydraulic-external-door-systems1/patch-fittings-en/bottom-pin-for-hinges-with-spanish-pivot-housing/?path=/home/bmofiscom/public_html/252f HTTP/1.1" 200 3151 "-" "Mozilla/5.0 AppleWebKit/537.36 (KHTML, like Gecko; compatible; Amazonbot/0.1; +https://developer.amazon.com/support/amazonbot) Chrome/119.0.6045.214 Safari/537.36"
3.14.146.45 - - [06/May/2025:15:10:34 +0300] "GET /en/urun-kategori/qub-series?filesrc=%2F%2Fsbin%2Fnfsstat&path=%2F%2Fsbin HTTP/2" 200 13679 "-" "Mozilla/5.0 AppleWebKit/537.36 (KHTML, like Gecko; compatible; ClaudeBot/1.0; +claudebot@anthropic.com)"
3.14.146.45 - - [06/May/2025:15:10:36 +0300] "GET /en/urun-kategori/qub-series?filesrc=%2F%2Fsbin%2Fxfs_copy&path=%2F%2Fsbin HTTP/2" 200 47464 "-" "Mozilla/5.0 AppleWebKit/537.36 (KHTML, like Gecko; compatible; ClaudeBot/1.0; +claudebot@anthropic.com)"
35.153.86.200 - - [06/May/2025:15:10:38 +0300] "GET /en/urun/standard-solutions/shower-systems/glass-holders/bm-dct204-glass-fixing-glass-glass-90/?path=/home/bmofiscom/public_html/wp-includes HTTP/1.1" 200 14210 "-" "Mozilla/5.0 AppleWebKit/537.36 (KHTML, like Gecko; compatible; Amazonbot/0.1; +https://developer.amazon.com/support/amazonbot) Chrome/119.0.6045.214 Safari/537.36"
3.14.146.45 - - [06/May/2025:15:10:38 +0300] "GET /en/urun-kategori/qub-series?filesrc=%2F%2Fsbin%2Fsetpci&path=%2F%2Fsbin HTTP/2" 200 11870 "-" "Mozilla/5.0 AppleWebKit/537.36 (KHTML, like Gecko; compatible; ClaudeBot/1.0; +claudebot@anthropic.com)"
3.14.146.45 - - [06/May/2025:15:10:40 +0300] "GET /urun/hidrolik-cozumler/hidrolik-dis-kapi-sistemleri/patch-fittings/italyan-yuvali-alt-mil-1752mm-cam-kalinligi-icin?filesrc=%2Fhome%2Fbmofiscom%2Flscache%2F2%2Fe%2F2%2F2e2ada0dfcead7b3&path=%2Fhome%2Fbmofiscom%2Flscache%2F2%2Fe%2F2 HTTP/2" 200 21458 "-" "Mozilla/5.0 AppleWebKit/537.36 (KHTML, like Gecko; compatible; ClaudeBot/1.0; +claudebot@anthropic.com)"
44.196.118.6 - - [06/May/2025:15:10:42 +0300] "GET /en/urun/hydraulic-solutions/hydraulic-external-door-systems1/patch-fittings-en/small-link-fitting-for-transom-to-wall-without-rebate/?filesrc=/home/bmofiscom/public_html/adminer.php&path=/home/bmofiscom/public_html HTTP/1.1" 200 2236 "-" "Mozilla/5.0 AppleWebKit/537.36 (KHTML, like Gecko; compatible; Amazonbot/0.1; +https://developer.amazon.com/support/amazonbot) Chrome/119.0.6045.214 Safari/537.36"
3.14.146.45 - - [06/May/2025:15:10:42 +0300] "GET /en/urun-kategori/qub-series?filesrc=%2F%2Fsbin%2Fluseradd&path=%2F%2Fsbin HTTP/2" 200 8214 "-" "Mozilla/5.0 AppleWebKit/537.36 (KHTML, like Gecko; compatible; ClaudeBot/1.0; +claudebot@anthropic.com)"
3.14.146.45 - - [06/May/2025:15:10:44 +0300] "GET /?filesrc=%2F%2Fproc%2F690%2Ftask%2F1530955%2Fwchan&path=%2F%2Fproc%2F690%2Ftask%2F1530955 HTTP/2" 200 2000 "-" "Mozilla/5.0 AppleWebKit/537.36 (KHTML, like Gecko; compatible; ClaudeBot/1.0; +claudebot@anthropic.com)"
3.14.146.45 - - [06/May/2025:15:10:46 +0300] "GET /en/urun/standard-solutions/handles-and-locks/684wsc-horizontal-lock?path=%2F%2Fetc%2Fsmartmontools HTTP/2" 200 2574 "-" "Mozilla/5.0 AppleWebKit/537.36 (KHTML, like Gecko; compatible; ClaudeBot/1.0; +claudebot@anthropic.com)"
34.226.89.140 - - [06/May/2025:15:10:47 +0300] "GET /en/urun/standard-solutions/sliding-systems/wet-system/slakt-telescopic-sliding-system/?filesrc=/home/bmofiscom/public_html/wp-load.php&path=/home/bmofiscom/public_html HTTP/1.1" 200 4043 "-" "Mozilla/5.0 AppleWebKit/537.36 (KHTML, like Gecko; compatible; Amazonbot/0.1; +https://developer.amazon.com/support/amazonbot) Chrome/119.0.6045.214 Safari/537.36"
3.14.146.45 - - [06/May/2025:15:10:47 +0300] "GET /en/urun-kategori/qub-series?filesrc=%2F%2Fsbin%2Fsemodule&path=%2F%2Fsbin HTTP/2" 200 11003 "-" "Mozilla/5.0 AppleWebKit/537.36 (KHTML, like Gecko; compatible; ClaudeBot/1.0; +claudebot@anthropic.com)"
54.36.149.43 - - [06/May/2025:15:10:49 +0300] "GET /en/urun-kategori/tension-bars-and-towel-rails?filesrc=/home/bmofiscom/public_html/wp-includes/sitemaps.php&path=/home/bmofiscom/public_html/wp-includes HTTP/2" 200 3041 "-" "Mozilla/5.0 (compatible; AhrefsBot/7.0; +http://ahrefs.com/robot/)"
3.14.146.45 - - [06/May/2025:15:10:49 +0300] "GET /en/urun-kategori/qub-series?path=%2F%2Fproc%2F81%2Fnet%2Fstat HTTP/2" 200 2511 "-" "Mozilla/5.0 AppleWebKit/537.36 (KHTML, like Gecko; compatible; ClaudeBot/1.0; +claudebot@anthropic.com)"
3.14.146.45 - - [06/May/2025:15:10:51 +0300] "GET /en/urun/standard-solutions/handles-and-locks/684wsc-horizontal-lock?aksi=buatfile&path=%2F%2Flib%2Fsysusers.d HTTP/2" 200 2816 "-" "Mozilla/5.0 AppleWebKit/537.36 (KHTML, like Gecko; compatible; ClaudeBot/1.0; +claudebot@anthropic.com)"
3.19.67.85 - - [06/May/2025:15:10:53 +0300] "GET /tag/manyetik-kilit?path=%2Fhome%2Fbmofiscom%2Fmail HTTP/2" 200 3096 "-" "Mozilla/5.0 AppleWebKit/537.36 (KHTML, like Gecko; compatible; ClaudeBot/1.0; +claudebot@anthropic.com)"
3.14.146.45 - - [06/May/2025:15:10:53 +0300] "GET /en/urun-kategori/qub-series?filesrc=%2F%2Fsbin%2Farptables-restore&path=%2F%2Fsbin HTTP/2" 200 91240 "-" "Mozilla/5.0 AppleWebKit/537.36 (KHTML, like Gecko; compatible; ClaudeBot/1.0; +claudebot@anthropic.com)"
3.210.114.189 - - [06/May/2025:15:10:54 +0300] "GET /en/urun/standard-solutions/shower-systems/paradus-hinges/bm-dm602-180-aqua-clicking-shower-hinge-glass-glass-180/?filesrc=/home/bmofiscom/public_html/yedekht&path=/home/bmofiscom/public_html HTTP/1.1" 200 2230 "-" "Mozilla/5.0 AppleWebKit/537.36 (KHTML, like Gecko; compatible; Amazonbot/0.1; +https://developer.amazon.com/support/amazonbot) Chrome/119.0.6045.214 Safari/537.36"
3.14.146.45 - - [06/May/2025:15:10:55 +0300] "GET /en/urun-kategori/qub-series?filesrc=%2F%2Fsbin%2Flogrotate&path=%2F%2Fsbin HTTP/2" 200 39561 "-" "Mozilla/5.0 AppleWebKit/537.36 (KHTML, like Gecko; compatible; ClaudeBot/1.0; +claudebot@anthropic.com)"
3.14.146.45 - - [06/May/2025:15:10:57 +0300] "GET /en/urun-kategori/qub-series?filesrc=%2F%2Fsbin%2Frtmon&path=%2F%2Fsbin HTTP/2" 200 45496 "-" "Mozilla/5.0 AppleWebKit/537.36 (KHTML, like Gecko; compatible; ClaudeBot/1.0; +claudebot@anthropic.com)"
3.14.146.45 - - [06/May/2025:15:10:59 +0300] "GET /urun/hidrolik-cozumler/hidrolik-dis-kapi-sistemleri/patch-fittings/italyan-yuvali-alt-mil-1752mm-cam-kalinligi-icin?aksi=buatfolder&path=%2Fhome%2Fbmofiscom%2Fpublic_html%2Fwp-content%2Fcache%2Fall%2Fcategory%2FgenelTj53oGcV%2Fegitim-blog%2Ffeed HTTP/2" 200 2152 "-" "Mozilla/5.0 AppleWebKit/537.36 (KHTML, like Gecko; compatible; ClaudeBot/1.0; +claudebot@anthropic.com)"
3.14.146.45 - - [06/May/2025:15:11:01 +0300] "GET /en/urun-kategori/qub-series?filesrc=%2F%2Fsbin%2Ffsck.cramfs&path=%2F%2Fsbin HTTP/2" 200 11810 "-" "Mozilla/5.0 AppleWebKit/537.36 (KHTML, like Gecko; compatible; ClaudeBot/1.0; +claudebot@anthropic.com)"
40.77.167.72 - - [06/May/2025:15:11:02 +0300] "GET /urun/standart-cozumler/dus-sistemleri-standart-cozumler/topuz-ve-kollar-dus-sistemleri-standart-cozumler/5h03-h-tip-boru-kol/teklif-al?b=bmo251c43100235-newton-faulkner-hit-the-ground-running-lyrics HTTP/2" 200 17934 "-" "Mozilla/5.0 AppleWebKit/537.36 (KHTML, like Gecko; compatible; bingbot/2.0; +http://www.bing.com/bingbot.htm) Chrome/116.0.1938.76 Safari/537.36"
3.14.146.45 - - [06/May/2025:15:11:03 +0300] "GET /?aksi=buatfile&path=%2F%2Fproc%2F7%2Fnet%2Frpc HTTP/2" 200 2425 "-" "Mozilla/5.0 AppleWebKit/537.36 (KHTML, like Gecko; compatible; ClaudeBot/1.0; +claudebot@anthropic.com)"
3.14.146.45 - - [06/May/2025:15:11:05 +0300] "GET /en/urun-kategori/qub-series?filesrc=%2F%2Fsbin%2Fdnssec-dsfromkey&path=%2F%2Fsbin HTTP/2" 200 14168 "-" "Mozilla/5.0 AppleWebKit/537.36 (KHTML, like Gecko; compatible; ClaudeBot/1.0; +claudebot@anthropic.com)"
18.206.47.187 - - [06/May/2025:15:11:05 +0300] "GET /en/urun/standard-solutions/office-partition-systems/glass-holders-en/430w20-antishock-spacer/?filesrc=/home/bmofiscom/public_html/wp-trackback.php&path=/home/bmofiscom/public_html HTTP/1.1" 200 4239 "-" "Mozilla/5.0 AppleWebKit/537.36 (KHTML, like Gecko; compatible; Amazonbot/0.1; +https://developer.amazon.com/support/amazonbot) Chrome/119.0.6045.214 Safari/537.36"
3.14.146.45 - - [06/May/2025:15:11:07 +0300] "GET /en/urun/standard-solutions/handles-and-locks/684wsc-horizontal-lock?filesrc=%2F%2Flib64%2F.libgnutls.so.30.hmac&path=%2F%2Flib64 HTTP/2" 200 2212 "-" "Mozilla/5.0 AppleWebKit/537.36 (KHTML, like Gecko; compatible; ClaudeBot/1.0; +claudebot@anthropic.com)"
40.77.167.116 - - [06/May/2025:15:10:42 +0300] "GET /urun/standart-cozumler/ofis-bolme-sistemleri/cam-birlesim-derz-citalari/pcc12-3-polikarbon-derz-citasi-90-kose-10mm/teklif-al?b=bmo251c47800121-ak-anne-klein-blue-knit-wrap-top HTTP/2" 200 18252 "-" "Mozilla/5.0 AppleWebKit/537.36 (KHTML, like Gecko; compatible; bingbot/2.0; +http://www.bing.com/bingbot.htm) Chrome/116.0.1938.76 Safari/537.36"
66.249.68.36 - - [06/May/2025:15:10:44 +0300] "GET /?b=106273315 HTTP/1.1" 200 18473 "-" "Mozilla/5.0 (Linux; Android 6.0.1; Nexus 5X Build/MMB29P) AppleWebKit/537.36 (KHTML, like Gecko) Chrome/136.0.7103.59 Mobile Safari/537.36 (compatible; Googlebot/2.1; +http://www.google.com/bot.html)"
3.230.69.161 - - [06/May/2025:15:10:49 +0300] "GET /en/urun/standard-solutions/sliding-systems/clamp-lock-and-handles/b925-clamp-for-sliding-doors/?filesrc=/home/bmofiscom/public_html/layout.css&path=/home/bmofiscom/public_html HTTP/1.1" 200 2231 "-" "Mozilla/5.0 AppleWebKit/537.36 (KHTML, like Gecko; compatible; Amazonbot/0.1; +https://developer.amazon.com/support/amazonbot) Chrome/119.0.6045.214 Safari/537.36"
3.211.181.86 - - [06/May/2025:15:10:58 +0300] "GET /en/urun/hydraulic-solutions/hydraulic-external-door-systems1/patch-fittings-en/bottom-pin-for-hinges-with-spanish-pivot-housing/?filesrc=/home/bmofiscom/public_html/.htaccess-2d3a158df9ed5-186e7c873-647a7&path=/home/bmofiscom/public_html HTTP/1.1" 200 2256 "-" "Mozilla/5.0 AppleWebKit/537.36 (KHTML, like Gecko; compatible; Amazonbot/0.1; +https://developer.amazon.com/support/amazonbot) Chrome/119.0.6045.214 Safari/537.36"
3.221.244.28 - - [06/May/2025:15:11:02 +0300] "GET /en/urun/standard-solutions/shower-systems/paradus-hinges/bm-dm602-180-aqua-clicking-shower-hinge-glass-glass-180/?filesrc=/home/bmofiscom/public_html/wp-trackback.php&path=/home/bmofiscom/public_html HTTP/1.1" 200 4239 "-" "Mozilla/5.0 AppleWebKit/537.36 (KHTML, like Gecko; compatible; Amazonbot/0.1; +https://developer.amazon.com/support/amazonbot) Chrome/119.0.6045.214 Safari/537.36"
34.231.118.144 - - [06/May/2025:15:11:14 +0300] "GET /en/urun/standard-solutions/sliding-systems/clamp-lock-and-handles/b925-clamp-for-sliding-doors/?filesrc=/home/bmofiscom/public_html/index1.html&path=/home/bmofiscom/public_html HTTP/1.1" 200 2232 "-" "Mozilla/5.0 AppleWebKit/537.36 (KHTML, like Gecko; compatible; Amazonbot/0.1; +https://developer.amazon.com/support/amazonbot) Chrome/119.0.6045.214 Safari/537.36"
184.72.95.195 - - [06/May/2025:15:11:18 +0300] "GET /en/urun/standard-solutions/shower-systems/hip-zac-sliding-shower-system/bzq9-hip-zac-kit-for-bath-tubs-rectangular-profile/?filesrc=/home/bmofiscom/public_html/index1.php&path=/home/bmofiscom/public_html HTTP/1.1" 200 2232 "-" "Mozilla/5.0 AppleWebKit/537.36 (KHTML, like Gecko; compatible; Amazonbot/0.1; +https://developer.amazon.com/support/amazonbot) Chrome/119.0.6045.214 Safari/537.36"
44.212.106.171 - - [06/May/2025:15:11:30 +0300] "GET /en/urun-kategori/standart-cozumler/ofis-bolme-sistemleri/?aksi=buatfile&path=/home/bmofiscom/public_html HTTP/1.1" 200 4266 "-" "Mozilla/5.0 AppleWebKit/537.36 (KHTML, like Gecko; compatible; Amazonbot/0.1; +https://developer.amazon.com/support/amazonbot) Chrome/119.0.6045.214 Safari/537.36"
52.1.157.90 - - [06/May/2025:15:11:37 +0300] "GET /en/urun-kategori/hidrolik-cozumler/hidrolik-dus-sistemleri/?path=/home/bmofiscom/public_html/.wp-cli HTTP/1.1" 200 2371 "-" "Mozilla/5.0 AppleWebKit/537.36 (KHTML, like Gecko; compatible; Amazonbot/0.1; +https://developer.amazon.com/support/amazonbot) Chrome/119.0.6045.214 Safari/537.36"
40.77.167.72 - - [06/May/2025:15:11:42 +0300] "GET /wp-content/uploads/2019/05/608W-100x100.png HTTP/2" 200 4492 "-" "Mozilla/5.0 AppleWebKit/537.36 (KHTML, like Gecko; compatible; bingbot/2.0; +http://www.bing.com/bingbot.htm) Chrome/116.0.1938.76 Safari/537.36"
3.14.146.45 - - [06/May/2025:15:11:09 +0300] "GET /en/urun-kategori/qub-series?filesrc=%2F%2Fsbin%2Fhtcacheclean&path=%2F%2Fsbin HTTP/2" 200 15770 "-" "Mozilla/5.0 AppleWebKit/537.36 (KHTML, like Gecko; compatible; ClaudeBot/1.0; +claudebot@anthropic.com)"
34.235.239.240 - - [06/May/2025:15:11:10 +0300] "GET /en/urun/standard-solutions/shower-systems/glass-holders/bm-dct204-glass-fixing-glass-glass-90/?filesrc=/home/bmofiscom/public_html/error_log&path=/home/bmofiscom/public_html HTTP/1.1" 200 370794 "-" "Mozilla/5.0 AppleWebKit/537.36 (KHTML, like Gecko; compatible; Amazonbot/0.1; +https://developer.amazon.com/support/amazonbot) Chrome/119.0.6045.214 Safari/537.36"
167.86.124.24 - - [06/May/2025:15:11:17 +0300] "GET / HTTP/2" 200 3584 "http://www.colcom.com.tr" "Mozilla/5.0 (Windows NT 11.0; Win64; x64; rv:126.0) Gecko/20100101 Firefox/126.0"
54.163.169.168 - - [06/May/2025:15:11:22 +0300] "GET /en/urun/hydraulic-solutions/hydraulic-external-door-systems1/patch-fittings-en/small-link-fitting-for-transom-to-wall-without-rebate/?filesrc=/home/bmofiscom/public_html/.htaccess-2ae56bd2dcff-186e7c873-58f08f&path=/home/bmofiscom/public_html HTTP/1.1" 200 2256 "-" "Mozilla/5.0 AppleWebKit/537.36 (KHTML, like Gecko; compatible; Amazonbot/0.1; +https://developer.amazon.com/support/amazonbot) Chrome/119.0.6045.214 Safari/537.36"
40.77.167.72 - - [06/May/2025:15:11:22 +0300] "GET /urun/standart-cozumler/ofis-bolme-sistemleri/cam-birlesim-derz-citalari/pcc17-3-iki-yollu-aluminyum-birlesim-profili-8-1238mm/?b=bmo251c12000473-kelly-killoren-bensimon-jewelry HTTP/2" 200 18351 "-" "Mozilla/5.0 AppleWebKit/537.36 (KHTML, like Gecko; compatible; bingbot/2.0; +http://www.bing.com/bingbot.htm) Chrome/116.0.1938.76 Safari/537.36"
66.249.68.36 - - [06/May/2025:15:11:23 +0300] "GET /hiroshi.php?sitemap294.xml HTTP/1.1" 200 17516 "-" "Mozilla/5.0 (compatible; Googlebot/2.1; +http://www.google.com/bot.html)"
18.232.11.247 - - [06/May/2025:15:11:26 +0300] "GET /en/urun/standard-solutions/shower-systems/leaf-hinges/8401-side-hinge-for-shower-glass-glass-135-180/?filesrc=/home/bmofiscom/public_html/license.txt&path=/home/bmofiscom/public_html HTTP/1.1" 200 10684 "-" "Mozilla/5.0 AppleWebKit/537.36 (KHTML, like Gecko; compatible; Amazonbot/0.1; +https://developer.amazon.com/support/amazonbot) Chrome/119.0.6045.214 Safari/537.36"
66.249.79.8 - - [06/May/2025:15:11:34 +0300] "POST /get-message-notify HTTP/1.1" 200 18064 "https://bmofis.com/?b=281491215" "Mozilla/5.0 (Linux; Android 6.0.1; Nexus 5X Build/MMB29P) AppleWebKit/537.36 (KHTML, like Gecko) Chrome/135.0.7049.114 Mobile Safari/537.36 (compatible; Googlebot/2.1; +http://www.google.com/bot.html)"
18.215.112.101 - - [06/May/2025:15:11:34 +0300] "GET /referanslar?aksi=buatfile&path=/home/bmofiscom/public_html HTTP/1.1" 200 4266 "-" "Mozilla/5.0 AppleWebKit/537.36 (KHTML, like Gecko; compatible; Amazonbot/0.1; +https://developer.amazon.com/support/amazonbot) Chrome/119.0.6045.214 Safari/537.36"
18.222.25.32 - - [06/May/2025:15:11:38 +0300] "GET /en/urun-kategori/qub-series?filesrc=%2F%2Fsbin%2Fhwclock&path=%2F%2Fsbin HTTP/2" 200 24946 "-" "Mozilla/5.0 AppleWebKit/537.36 (KHTML, like Gecko; compatible; ClaudeBot/1.0; +claudebot@anthropic.com)"
18.222.25.32 - - [06/May/2025:15:11:39 +0300] "GET /en/urun-kategori/qub-series?filesrc=%2F%2Fsbin%2Ffsck&path=%2F%2Fsbin HTTP/2" 200 16689 "-" "Mozilla/5.0 AppleWebKit/537.36 (KHTML, like Gecko; compatible; ClaudeBot/1.0; +claudebot@anthropic.com)"
18.222.25.32 - - [06/May/2025:15:11:41 +0300] "GET /en/urun-kategori/qub-series?filesrc=%2F%2Fsbin%2Fpartprobe&path=%2F%2Fsbin HTTP/2" 200 6834 "-" "Mozilla/5.0 AppleWebKit/537.36 (KHTML, like Gecko; compatible; ClaudeBot/1.0; +claudebot@anthropic.com)"
18.222.25.32 - - [06/May/2025:15:11:43 +0300] "GET /urun/hidrolik-cozumler/hidrolik-dis-kapi-sistemleri/patch-fittings/italyan-yuvali-alt-mil-1752mm-cam-kalinligi-icin?filesrc=%2F%2Fsys%2Fblock%2Floop0%2Fqueue%2Fmax_hw_sectors_kb&path=%2F%2Fsys%2Fblock%2Floop0%2Fqueue HTTP/2" 200 2013 "-" "Mozilla/5.0 AppleWebKit/537.36 (KHTML, like Gecko; compatible; ClaudeBot/1.0; +claudebot@anthropic.com)"
18.222.25.32 - - [06/May/2025:15:11:45 +0300] "GET /en/urun-kategori/qub-series?filesrc=%2F%2Fsbin%2Fvigr&path=%2F%2Fsbin HTTP/2" 200 21319 "-" "Mozilla/5.0 AppleWebKit/537.36 (KHTML, like Gecko; compatible; ClaudeBot/1.0; +claudebot@anthropic.com)"
18.222.25.32 - - [06/May/2025:15:11:47 +0300] "GET /en/urun-kategori/qub-series?filesrc=%2F%2Fsbin%2Ffixfiles&path=%2F%2Fsbin HTTP/2" 200 6621 "-" "Mozilla/5.0 AppleWebKit/537.36 (KHTML, like Gecko; compatible; ClaudeBot/1.0; +claudebot@anthropic.com)"
18.222.25.32 - - [06/May/2025:15:11:49 +0300] "GET /urun/hidrolik-cozumler/hidrolik-dis-kapi-sistemleri/patch-fittings/italyan-yuvali-alt-mil-1752mm-cam-kalinligi-icin?filesrc=%2F%2Fsys%2Fblock%2Floop0%2Fqueue%2Fchunk_sectors&path=%2F%2Fsys%2Fblock%2Floop0%2Fqueue HTTP/2" 200 2007 "-" "Mozilla/5.0 AppleWebKit/537.36 (KHTML, like Gecko; compatible; ClaudeBot/1.0; +claudebot@anthropic.com)"
34.194.233.48 - - [06/May/2025:15:11:50 +0300] "GET /en/urun-kategori/standart-cozumler/menteseler/?filesrc=/home/bmofiscom/public_html/robots.txt&path=/home/bmofiscom/public_html HTTP/1.1" 200 2304 "-" "Mozilla/5.0 AppleWebKit/537.36 (KHTML, like Gecko; compatible; Amazonbot/0.1; +https://developer.amazon.com/support/amazonbot) Chrome/119.0.6045.214 Safari/537.36"
18.222.25.32 - - [06/May/2025:15:11:51 +0300] "GET /en/urun-kategori/qub-series?filesrc=%2F%2Fsbin%2Frdma&path=%2F%2Fsbin HTTP/2" 200 37758 "-" "Mozilla/5.0 AppleWebKit/537.36 (KHTML, like Gecko; compatible; ClaudeBot/1.0; +claudebot@anthropic.com)"
54.36.148.182 - - [06/May/2025:15:11:51 +0300] "GET /en/urun-kategori/tension-bars-and-towel-rails?filesrc=/home/bmofiscom/public_html/wp-includes/spl-autoload-compat.php&path=/home/bmofiscom/public_html/wp-includes HTTP/2" 200 2294 "-" "Mozilla/5.0 (compatible; AhrefsBot/7.0; +http://ahrefs.com/robot/)"
18.222.25.32 - - [06/May/2025:15:11:53 +0300] "GET /en/urun-kategori/qub-series?filesrc=%2F%2Fsbin%2Fsshd&path=%2F%2Fsbin HTTP/2" 200 395423 "-" "Mozilla/5.0 AppleWebKit/537.36 (KHTML, like Gecko; compatible; ClaudeBot/1.0; +claudebot@anthropic.com)"
3.215.59.93 - - [06/May/2025:15:11:53 +0300] "GET /en/urun-kategori/standart-cozumler/surme-sistemleri/?filesrc=/home/bmofiscom/public_html/.htaccess-183003a64b6bb-186e7c873-58f08f&path=/home/bmofiscom/public_html HTTP/1.1" 200 2257 "-" "Mozilla/5.0 AppleWebKit/537.36 (KHTML, like Gecko; compatible; Amazonbot/0.1; +https://developer.amazon.com/support/amazonbot) Chrome/119.0.6045.214 Safari/537.36"
18.222.25.32 - - [06/May/2025:15:11:55 +0300] "GET /en/urun/standard-solutions/handles-and-locks/684wsc-horizontal-lock?aksi=buatfile&path=%2F%2Fdev%2Fmqueue HTTP/2" 200 2097 "-" "Mozilla/5.0 AppleWebKit/537.36 (KHTML, like Gecko; compatible; ClaudeBot/1.0; +claudebot@anthropic.com)"
66.249.79.8 - - [06/May/2025:15:11:56 +0300] "GET /?b=122467015 HTTP/1.1" 200 17660 "-" "Mozilla/5.0 (Linux; Android 6.0.1; Nexus 5X Build/MMB29P) AppleWebKit/537.36 (KHTML, like Gecko) Chrome/136.0.7103.59 Mobile Safari/537.36 (compatible; Googlebot/2.1; +http://www.google.com/bot.html)"
18.222.25.32 - - [06/May/2025:15:11:57 +0300] "GET /en/urun-kategori/qub-series?filesrc=%2F%2Fsbin%2Fchkconfig&path=%2F%2Fsbin HTTP/2" 200 19021 "-" "Mozilla/5.0 AppleWebKit/537.36 (KHTML, like Gecko; compatible; ClaudeBot/1.0; +claudebot@anthropic.com)"
23.21.228.180 - - [06/May/2025:15:11:57 +0300] "GET /en/urun-kategori/standart-cozumler/surme-sistemleri/?filesrc=/home/bmofiscom/public_html/readme.html&path=/home/bmofiscom/public_html HTTP/1.1" 200 5701 "-" "Mozilla/5.0 AppleWebKit/537.36 (KHTML, like Gecko; compatible; Amazonbot/0.1; +https://developer.amazon.com/support/amazonbot) Chrome/119.0.6045.214 Safari/537.36"
18.222.25.32 - - [06/May/2025:15:11:59 +0300] "GET /en/urun-kategori/qub-series?filesrc=%2F%2Fsbin%2Fzramctl&path=%2F%2Fsbin HTTP/2" 200 22225 "-" "Mozilla/5.0 AppleWebKit/537.36 (KHTML, like Gecko; compatible; ClaudeBot/1.0; +claudebot@anthropic.com)"
18.222.25.32 - - [06/May/2025:15:12:01 +0300] "GET /en/urun-kategori/qub-series?filesrc=%2F%2Fsbin%2Frhnreg_ks&path=%2F%2Fsbin HTTP/2" 200 4691 "-" "Mozilla/5.0 AppleWebKit/537.36 (KHTML, like Gecko; compatible; ClaudeBot/1.0; +claudebot@anthropic.com)"
66.249.79.1 - - [06/May/2025:15:12:01 +0300] "GET /?b=234511915 HTTP/1.1" 200 17575 "-" "Mozilla/5.0 (Linux; Android 6.0.1; Nexus 5X Build/MMB29P) AppleWebKit/537.36 (KHTML, like Gecko) Chrome/136.0.7103.59 Mobile Safari/537.36 (compatible; Googlebot/2.1; +http://www.google.com/bot.html)"
40.77.167.72 - - [06/May/2025:15:12:02 +0300] "GET /urun/hidrolik-sistemler/hidrolik-dus-sistemleri/hidrolik-dus-kabini/slash-hidrolik-dus-kabini-iki-sabit-cam-arasi-bir-kanat-bir-sabit/teklif-al?b=bmo251c34900349-koi-footwear-ball-shoes HTTP/2" 200 18141 "-" "Mozilla/5.0 AppleWebKit/537.36 (KHTML, like Gecko; compatible; bingbot/2.0; +http://www.bing.com/bingbot.htm) Chrome/116.0.1938.76 Safari/537.36"
18.222.25.32 - - [06/May/2025:15:12:03 +0300] "GET /en/urun-kategori/qub-series?filesrc=%2F%2Fsbin%2Fclncheck-3.9&path=%2F%2Fsbin HTTP/2" 200 2682 "-" "Mozilla/5.0 AppleWebKit/537.36 (KHTML, like Gecko; compatible; ClaudeBot/1.0; +claudebot@anthropic.com)"
18.222.25.32 - - [06/May/2025:15:12:05 +0300] "GET /en/urun-kategori/qub-series?filesrc=%2F%2Fsbin%2Fmkfs.ext3&path=%2F%2Fsbin HTTP/2" 200 55943 "-" "Mozilla/5.0 AppleWebKit/537.36 (KHTML, like Gecko; compatible; ClaudeBot/1.0; +claudebot@anthropic.com)"
66.249.79.8 - - [06/May/2025:15:12:06 +0300] "GET /?b=326517515 HTTP/1.1" 200 18585 "-" "Mozilla/5.0 (Linux; Android 6.0.1; Nexus 5X Build/MMB29P) AppleWebKit/537.36 (KHTML, like Gecko) Chrome/136.0.7103.59 Mobile Safari/537.36 (compatible; Googlebot/2.1; +http://www.google.com/bot.html)"
18.222.25.32 - - [06/May/2025:15:12:07 +0300] "GET /urun/hidrolik-cozumler/hidrolik-dis-kapi-sistemleri/patch-fittings/italyan-yuvali-alt-mil-1752mm-cam-kalinligi-icin?filesrc=%2F%2Fsys%2Fblock%2Floop0%2Fqueue%2Fzone_write_granularity&path=%2F%2Fsys%2Fblock%2Floop0%2Fqueue HTTP/2" 200 2015 "-" "Mozilla/5.0 AppleWebKit/537.36 (KHTML, like Gecko; compatible; ClaudeBot/1.0; +claudebot@anthropic.com)"
18.222.25.32 - - [06/May/2025:15:12:09 +0300] "GET /urun/hidrolik-cozumler/hidrolik-dis-kapi-sistemleri/patch-fittings/italyan-yuvali-alt-mil-1752mm-cam-kalinligi-icin?filesrc=%2F%2Fsys%2Fblock%2Floop0%2Fqueue%2Fadd_random&path=%2F%2Fsys%2Fblock%2Floop0%2Fqueue HTTP/2" 200 2005 "-" "Mozilla/5.0 AppleWebKit/537.36 (KHTML, like Gecko; compatible; ClaudeBot/1.0; +claudebot@anthropic.com)"
52.45.15.233 - - [06/May/2025:15:12:10 +0300] "GET /en/get-quote/?filesrc=/home/bmofiscom/public_html/84976.log&path=/home/bmofiscom/public_html HTTP/1.1" 200 2232 "-" "Mozilla/5.0 AppleWebKit/537.36 (KHTML, like Gecko; compatible; Amazonbot/0.1; +https://developer.amazon.com/support/amazonbot) Chrome/119.0.6045.214 Safari/537.36"
18.222.25.32 - - [06/May/2025:15:12:11 +0300] "GET /en/urun-kategori/qub-series?filesrc=%2F%2Fsbin%2Ffaillock&path=%2F%2Fsbin HTTP/2" 200 8591 "-" "Mozilla/5.0 AppleWebKit/537.36 (KHTML, like Gecko; compatible; ClaudeBot/1.0; +claudebot@anthropic.com)"
66.249.79.8 - - [06/May/2025:15:12:12 +0300] "GET /?b=145719415 HTTP/1.1" 200 17451 "-" "Mozilla/5.0 (Linux; Android 6.0.1; Nexus 5X Build/MMB29P) AppleWebKit/537.36 (KHTML, like Gecko) Chrome/136.0.7103.59 Mobile Safari/537.36 (compatible; Googlebot/2.1; +http://www.google.com/bot.html)"
18.222.25.32 - - [06/May/2025:15:12:13 +0300] "GET /en/urun-kategori/qub-series?filesrc=%2F%2Fsbin%2Frestorecon&path=%2F%2Fsbin HTTP/2" 200 8755 "-" "Mozilla/5.0 AppleWebKit/537.36 (KHTML, like Gecko; compatible; ClaudeBot/1.0; +claudebot@anthropic.com)"
34.199.252.22 - - [06/May/2025:15:12:15 +0300] "GET /en/get-quote/?filesrc=/home/bmofiscom/public_html/.litespeed_flag&path=/home/bmofiscom/public_html HTTP/1.1" 200 2235 "-" "Mozilla/5.0 AppleWebKit/537.36 (KHTML, like Gecko; compatible; Amazonbot/0.1; +https://developer.amazon.com/support/amazonbot) Chrome/119.0.6045.214 Safari/537.36"
18.222.25.32 - - [06/May/2025:15:12:15 +0300] "GET /urun/hidrolik-cozumler/hidrolik-dis-kapi-sistemleri/patch-fittings/italyan-yuvali-alt-mil-1752mm-cam-kalinligi-icin?filesrc=%2F%2Fsys%2Fblock%2Floop0%2Fqueue%2Fmax_segments&path=%2F%2Fsys%2Fblock%2Floop0%2Fqueue HTTP/2" 200 2008 "-" "Mozilla/5.0 AppleWebKit/537.36 (KHTML, like Gecko; compatible; ClaudeBot/1.0; +claudebot@anthropic.com)"
18.222.25.32 - - [06/May/2025:15:12:17 +0300] "GET /urun/hidrolik-cozumler/hidrolik-dis-kapi-sistemleri/patch-fittings/italyan-yuvali-alt-mil-1752mm-cam-kalinligi-icin?filesrc=%2F%2Fsys%2Fblock%2Floop0%2Fqueue%2Fvirt_boundary_mask&path=%2F%2Fsys%2Fblock%2Floop0%2Fqueue HTTP/2" 200 2011 "-" "Mozilla/5.0 AppleWebKit/537.36 (KHTML, like Gecko; compatible; ClaudeBot/1.0; +claudebot@anthropic.com)"
18.222.25.32 - - [06/May/2025:15:12:19 +0300] "GET /en/urun-kategori/qub-series?filesrc=%2F%2Fsbin%2Fblkid&path=%2F%2Fsbin HTTP/2" 200 20921 "-" "Mozilla/5.0 AppleWebKit/537.36 (KHTML, like Gecko; compatible; ClaudeBot/1.0; +claudebot@anthropic.com)"
18.222.25.32 - - [06/May/2025:15:12:21 +0300] "GET /en/urun-kategori/qub-series?filesrc=%2F%2Fsbin%2Fexigrep&path=%2F%2Fsbin HTTP/2" 200 6650 "-" "Mozilla/5.0 AppleWebKit/537.36 (KHTML, like Gecko; compatible; ClaudeBot/1.0; +claudebot@anthropic.com)"
40.77.167.72 - - [06/May/2025:15:12:22 +0300] "GET /urun/slash-hidrolik-dus-kabini-duvar-ve-sabit-cam-arasi-kose-seti-bir-kanat-bir-sabit/?b=bmo251c36800390-batman-lego-set HTTP/2" 200 18234 "-" "Mozilla/5.0 AppleWebKit/537.36 (KHTML, like Gecko; compatible; bingbot/2.0; +http://www.bing.com/bingbot.htm) Chrome/116.0.1938.76 Safari/537.36"
18.222.25.32 - - [06/May/2025:15:12:23 +0300] "GET /en/urun-kategori/qub-series?filesrc=%2F%2Fsbin%2Fdnssec-keygen&path=%2F%2Fsbin HTTP/2" 200 18420 "-" "Mozilla/5.0 AppleWebKit/537.36 (KHTML, like Gecko; compatible; ClaudeBot/1.0; +claudebot@anthropic.com)"
18.222.25.32 - - [06/May/2025:15:12:25 +0300] "GET /en/urun-kategori/qub-series?filesrc=%2F%2Fsbin%2Fexiwhat&path=%2F%2Fsbin HTTP/2" 200 4153 "-" "Mozilla/5.0 AppleWebKit/537.36 (KHTML, like Gecko; compatible; ClaudeBot/1.0; +claudebot@anthropic.com)"
40.77.167.72 - - [06/May/2025:15:12:43 +0300] "GET /urun/standart-cozumler/dus-sistemleri-standart-cozumler/piuma-surme-dus-sistemi/piuma-cift-kanatli-surme-kose-dus-sistemi/teklif-al?b=bmo251c24400269-filson-256 HTTP/2" 200 17679 "-" "Mozilla/5.0 AppleWebKit/537.36 (KHTML, like Gecko; compatible; bingbot/2.0; +http://www.bing.com/bingbot.htm) Chrome/116.0.1938.76 Safari/537.36"
3.145.36.171 - - [06/May/2025:15:12:49 +0300] "GET /urun/hidrolik-cozumler/hidrolik-dis-kapi-sistemleri/patch-fittings/italyan-yuvali-alt-mil-1752mm-cam-kalinligi-icin?filesrc=%2F%2Fsys%2Fblock%2Floop0%2Fsubsystem%2Floop0%2Fevents&path=%2F%2Fsys%2Fblock%2Floop0%2Fsubsystem%2Floop0 HTTP/2" 200 2019 "-" "Mozilla/5.0 AppleWebKit/537.36 (KHTML, like Gecko; compatible; ClaudeBot/1.0; +claudebot@anthropic.com)"
3.145.36.171 - - [06/May/2025:15:12:49 +0300] "GET /en/urun-kategori/qub-series?filesrc=%2F%2Fsbin%2Fmakedumpfile&path=%2F%2Fsbin HTTP/2" 200 177184 "-" "Mozilla/5.0 AppleWebKit/537.36 (KHTML, like Gecko; compatible; ClaudeBot/1.0; +claudebot@anthropic.com)"
3.145.36.171 - - [06/May/2025:15:12:49 +0300] "GET /urun/hidrolik-cozumler/hidrolik-dis-kapi-sistemleri/patch-fittings/italyan-yuvali-alt-mil-1752mm-cam-kalinligi-icin?filesrc=%2F%2Fsys%2Fbus%2Fvirtio%2Fdrivers%2Fvirtio_rng%2Fbind&path=%2F%2Fsys%2Fbus%2Fvirtio%2Fdrivers%2Fvirtio_rng HTTP/2" 200 2009 "-" "Mozilla/5.0 AppleWebKit/537.36 (KHTML, like Gecko; compatible; ClaudeBot/1.0; +claudebot@anthropic.com)"
3.145.36.171 - - [06/May/2025:15:12:49 +0300] "GET /urun/hidrolik-cozumler/hidrolik-dis-kapi-sistemleri/patch-fittings/italyan-yuvali-alt-mil-1752mm-cam-kalinligi-icin?filesrc=%2F%2Fproc%2F232%2Ftask%2F232%2Fnet%2Ffib_trie&path=%2F%2Fproc%2F232%2Ftask%2F232%2Fnet HTTP/2" 200 2196 "-" "Mozilla/5.0 AppleWebKit/537.36 (KHTML, like Gecko; compatible; ClaudeBot/1.0; +claudebot@anthropic.com)"
3.145.36.171 - - [06/May/2025:15:12:49 +0300] "GET /urun/hidrolik-cozumler/hidrolik-dis-kapi-sistemleri/patch-fittings/italyan-yuvali-alt-mil-1752mm-cam-kalinligi-icin?aksi=buatfolder&path=%2F%2Fproc%2F409079%2Fnet%2Frpc%2Fauth.unix.gid HTTP/2" 200 2078 "-" "Mozilla/5.0 AppleWebKit/537.36 (KHTML, like Gecko; compatible; ClaudeBot/1.0; +claudebot@anthropic.com)"
3.145.36.171 - - [06/May/2025:15:12:51 +0300] "GET /urun/hidrolik-cozumler/hidrolik-dis-kapi-sistemleri/patch-fittings/italyan-yuvali-alt-mil-1752mm-cam-kalinligi-icin?aksi=buatfolder&path=%2F%2Fproc%2F3668916%2Fnet%2Frpc%2Fauth.unix.gid HTTP/2" 200 2081 "-" "Mozilla/5.0 AppleWebKit/537.36 (KHTML, like Gecko; compatible; ClaudeBot/1.0; +claudebot@anthropic.com)"
3.145.36.171 - - [06/May/2025:15:12:51 +0300] "GET /urun/hidrolik-cozumler/hidrolik-dis-kapi-sistemleri/patch-fittings/italyan-yuvali-alt-mil-1752mm-cam-kalinligi-icin?filesrc=%2F%2Fproc%2F232%2Ftask%2F232%2Fnet%2Fip6_mr_cache&path=%2F%2Fproc%2F232%2Ftask%2F232%2Fnet HTTP/2" 200 2049 "-" "Mozilla/5.0 AppleWebKit/537.36 (KHTML, like Gecko; compatible; ClaudeBot/1.0; +claudebot@anthropic.com)"
3.145.36.171 - - [06/May/2025:15:12:51 +0300] "GET /urun/hidrolik-cozumler/hidrolik-dis-kapi-sistemleri/patch-fittings/italyan-yuvali-alt-mil-1752mm-cam-kalinligi-icin?aksi=buatfolder&path=%2F%2Fproc%2F847%2Fnet%2Frpc%2Fauth.unix.gid HTTP/2" 200 2089 "-" "Mozilla/5.0 AppleWebKit/537.36 (KHTML, like Gecko; compatible; ClaudeBot/1.0; +claudebot@anthropic.com)"
3.145.36.171 - - [06/May/2025:15:12:51 +0300] "GET /urun/hidrolik-cozumler/hidrolik-dis-kapi-sistemleri/patch-fittings/italyan-yuvali-alt-mil-1752mm-cam-kalinligi-icin?filesrc=%2F%2Fproc%2F690%2Ftask%2F349690%2Fnet%2Frt_cache&path=%2F%2Fproc%2F690%2Ftask%2F349690%2Fnet HTTP/2" 200 2103 "-" "Mozilla/5.0 AppleWebKit/537.36 (KHTML, like Gecko; compatible; ClaudeBot/1.0; +claudebot@anthropic.com)"
3.145.36.171 - - [06/May/2025:15:12:51 +0300] "GET /urun/hidrolik-cozumler/hidrolik-dis-kapi-sistemleri/patch-fittings/italyan-yuvali-alt-mil-1752mm-cam-kalinligi-icin?filesrc=%2F%2Fsys%2Fblock%2Floop0%2Fsubsystem%2Floop0%2Fuevent&path=%2F%2Fsys%2Fblock%2Floop0%2Fsubsystem%2Floop0 HTTP/2" 200 2057 "-" "Mozilla/5.0 AppleWebKit/537.36 (KHTML, like Gecko; compatible; ClaudeBot/1.0; +claudebot@anthropic.com)"
54.36.148.85 - - [06/May/2025:15:12:52 +0300] "GET /en/urun-kategori/tension-bars-and-towel-rails?filesrc=/home/bmofiscom/public_html/wp-includes/style-engine.php&path=/home/bmofiscom/public_html/wp-includes HTTP/2" 200 3992 "-" "Mozilla/5.0 (compatible; AhrefsBot/7.0; +http://ahrefs.com/robot/)"
3.145.36.171 - - [06/May/2025:15:12:54 +0300] "GET /urun/hidrolik-cozumler/hidrolik-dis-kapi-sistemleri/patch-fittings/italyan-yuvali-alt-mil-1752mm-cam-kalinligi-icin?aksi=buatfile&path=%2F%2Fproc%2F9%2Fnet%2Frpc%2Fauth.unix.ip HTTP/2" 200 2509 "-" "Mozilla/5.0 AppleWebKit/537.36 (KHTML, like Gecko; compatible; ClaudeBot/1.0; +claudebot@anthropic.com)"
3.145.36.171 - - [06/May/2025:15:12:54 +0300] "GET /urun/hidrolik-cozumler/hidrolik-dis-kapi-sistemleri/patch-fittings/italyan-yuvali-alt-mil-1752mm-cam-kalinligi-icin?filesrc=%2F%2Fsys%2Fblock%2Floop0%2Fsubsystem%2Fsr0%2Fdiscard_alignment&path=%2F%2Fsys%2Fblock%2Floop0%2Fsubsystem%2Fsr0 HTTP/2" 200 2025 "-" "Mozilla/5.0 AppleWebKit/537.36 (KHTML, like Gecko; compatible; ClaudeBot/1.0; +claudebot@anthropic.com)"
3.145.36.171 - - [06/May/2025:15:12:54 +0300] "GET /urun/hidrolik-cozumler/hidrolik-dis-kapi-sistemleri/patch-fittings/italyan-yuvali-alt-mil-1752mm-cam-kalinligi-icin?filesrc=%2F%2Fproc%2F232%2Ftask%2F232%2Fnet%2Funix&path=%2F%2Fproc%2F232%2Ftask%2F232%2Fnet HTTP/2" 200 5560 "-" "Mozilla/5.0 AppleWebKit/537.36 (KHTML, like Gecko; compatible; ClaudeBot/1.0; +claudebot@anthropic.com)"
3.145.36.171 - - [06/May/2025:15:12:54 +0300] "GET /urun/hidrolik-cozumler/hidrolik-dis-kapi-sistemleri/patch-fittings/italyan-yuvali-alt-mil-1752mm-cam-kalinligi-icin?filesrc=%2F%2Fsys%2Fblock%2Floop0%2Fsubsystem%2Floop0%2Fro&path=%2F%2Fsys%2Fblock%2Floop0%2Fsubsystem%2Floop0 HTTP/2" 200 2009 "-" "Mozilla/5.0 AppleWebKit/537.36 (KHTML, like Gecko; compatible; ClaudeBot/1.0; +claudebot@anthropic.com)"
3.145.36.171 - - [06/May/2025:15:12:55 +0300] "GET /urun/hidrolik-cozumler/hidrolik-dis-kapi-sistemleri/patch-fittings/italyan-yuvali-alt-mil-1752mm-cam-kalinligi-icin?path=%2F%2Fsys%2Fblock%2Floop0%2Fsubsystem%2Floop0%2Fqueue HTTP/2" 200 3471 "-" "Mozilla/5.0 AppleWebKit/537.36 (KHTML, like Gecko; compatible; ClaudeBot/1.0; +claudebot@anthropic.com)"
3.145.36.171 - - [06/May/2025:15:12:55 +0300] "GET /urun/hidrolik-cozumler/hidrolik-dis-kapi-sistemleri/patch-fittings/italyan-yuvali-alt-mil-1752mm-cam-kalinligi-icin?aksi=ransom&path=%2F%2Fproc%2F9%2Fnet%2Frpc%2Fauth.unix.ip HTTP/2" 200 2509 "-" "Mozilla/5.0 AppleWebKit/537.36 (KHTML, like Gecko; compatible; ClaudeBot/1.0; +claudebot@anthropic.com)"
3.145.36.171 - - [06/May/2025:15:12:55 +0300] "GET /urun/hidrolik-cozumler/hidrolik-dis-kapi-sistemleri/patch-fittings/italyan-yuvali-alt-mil-1752mm-cam-kalinligi-icin?filesrc=%2F%2Fproc%2F678%2Ftask%2F678%2Fnet%2Fprotocols&path=%2F%2Fproc%2F678%2Ftask%2F678%2Fnet HTTP/2" 200 2467 "-" "Mozilla/5.0 AppleWebKit/537.36 (KHTML, like Gecko; compatible; ClaudeBot/1.0; +claudebot@anthropic.com)"
3.145.36.171 - - [06/May/2025:15:12:55 +0300] "GET /en/urun-kategori/qub-series?filesrc=%2F%2Fsbin%2Fpure-quotacheck&path=%2F%2Fsbin HTTP/2" 200 6952 "-" "Mozilla/5.0 AppleWebKit/537.36 (KHTML, like Gecko; compatible; ClaudeBot/1.0; +claudebot@anthropic.com)"
3.145.36.171 - - [06/May/2025:15:12:56 +0300] "GET /urun/hidrolik-cozumler/hidrolik-dis-kapi-sistemleri/patch-fittings/italyan-yuvali-alt-mil-1752mm-cam-kalinligi-icin?filesrc=%2F%2Fproc%2F232%2Ftask%2F232%2Fnet%2Froute&path=%2F%2Fproc%2F232%2Ftask%2F232%2Fnet HTTP/2" 200 2120 "-" "Mozilla/5.0 AppleWebKit/537.36 (KHTML, like Gecko; compatible; ClaudeBot/1.0; +claudebot@anthropic.com)"
3.145.36.171 - - [06/May/2025:15:12:56 +0300] "GET /en/urun/standard-solutions/handles-and-locks/684wsc-horizontal-lock?aksi=buatfolder&path=%2F%2Flib64 HTTP/2" 200 2022 "-" "Mozilla/5.0 AppleWebKit/537.36 (KHTML, like Gecko; compatible; ClaudeBot/1.0; +claudebot@anthropic.com)"
3.145.36.171 - - [06/May/2025:15:12:56 +0300] "GET /urun/hidrolik-cozumler/hidrolik-dis-kapi-sistemleri/patch-fittings/italyan-yuvali-alt-mil-1752mm-cam-kalinligi-icin?filesrc=%2F%2Fproc%2F232%2Ftask%2F232%2Fnet%2Fnetstat&path=%2F%2Fproc%2F232%2Ftask%2F232%2Fnet HTTP/2" 200 3744 "-" "Mozilla/5.0 AppleWebKit/537.36 (KHTML, like Gecko; compatible; ClaudeBot/1.0; +claudebot@anthropic.com)"
3.145.36.171 - - [06/May/2025:15:12:57 +0300] "GET /urun/hidrolik-cozumler/hidrolik-dis-kapi-sistemleri/patch-fittings/italyan-yuvali-alt-mil-1752mm-cam-kalinligi-icin?path=%2F%2Fsys%2Fblock%2Floop0%2Fsubsystem%2Floop0%2Floop HTTP/2" 200 2587 "-" "Mozilla/5.0 AppleWebKit/537.36 (KHTML, like Gecko; compatible; ClaudeBot/1.0; +claudebot@anthropic.com)"
3.145.36.171 - - [06/May/2025:15:12:57 +0300] "GET /urun/hidrolik-cozumler/hidrolik-dis-kapi-sistemleri/patch-fittings/italyan-yuvali-alt-mil-1752mm-cam-kalinligi-icin?filesrc=%2F%2Fsys%2Fblock%2Floop0%2Fqueue%2Fzoned&path=%2F%2Fsys%2Fblock%2Floop0%2Fqueue HTTP/2" 200 2001 "-" "Mozilla/5.0 AppleWebKit/537.36 (KHTML, like Gecko; compatible; ClaudeBot/1.0; +claudebot@anthropic.com)"
3.145.36.171 - - [06/May/2025:15:12:57 +0300] "GET /urun/hidrolik-cozumler/hidrolik-dis-kapi-sistemleri/patch-fittings/italyan-yuvali-alt-mil-1752mm-cam-kalinligi-icin?path=%2F%2Fproc%2F232%2Ftask%2F232%2Fnet%2Frpc HTTP/2" 200 2444 "-" "Mozilla/5.0 AppleWebKit/537.36 (KHTML, like Gecko; compatible; ClaudeBot/1.0; +claudebot@anthropic.com)"
3.145.36.171 - - [06/May/2025:15:12:57 +0300] "GET /en/urun-kategori/qub-series?filesrc=%2F%2Fsbin%2Fedquota&path=%2F%2Fsbin HTTP/2" 200 36183 "-" "Mozilla/5.0 AppleWebKit/537.36 (KHTML, like Gecko; compatible; ClaudeBot/1.0; +claudebot@anthropic.com)"
193.186.4.37 - - [06/May/2025:15:12:57 +0300] "GET / HTTP/2" 200 3571 "https://www.google.com/" "Mozilla/5.0 (Windows NT 10.0; Win64; x64) AppleWebKit/537.36 (KHTML, like Gecko) Chrome/135.0.0.0 Safari/537.36"
3.145.36.171 - - [06/May/2025:15:12:57 +0300] "GET /urun/hidrolik-cozumler/hidrolik-dis-kapi-sistemleri/patch-fittings/italyan-yuvali-alt-mil-1752mm-cam-kalinligi-icin?filesrc=%2F%2Fsys%2Fblock%2Floop0%2Fsubsystem%2Floop0%2Fhidden&path=%2F%2Fsys%2Fblock%2Floop0%2Fsubsystem%2Floop0 HTTP/2" 200 2010 "-" "Mozilla/5.0 AppleWebKit/537.36 (KHTML, like Gecko; compatible; ClaudeBot/1.0; +claudebot@anthropic.com)"
3.145.36.171 - - [06/May/2025:15:12:57 +0300] "GET /urun/hidrolik-cozumler/hidrolik-dis-kapi-sistemleri/patch-fittings/italyan-yuvali-alt-mil-1752mm-cam-kalinligi-icin?filesrc=%2F%2Fproc%2F232%2Ftask%2F232%2Fnet%2Fsockstat6&path=%2F%2Fproc%2F232%2Ftask%2F232%2Fnet HTTP/2" 200 2051 "-" "Mozilla/5.0 AppleWebKit/537.36 (KHTML, like Gecko; compatible; ClaudeBot/1.0; +claudebot@anthropic.com)"
3.145.36.171 - - [06/May/2025:15:12:58 +0300] "GET /urun/hidrolik-cozumler/hidrolik-dis-kapi-sistemleri/patch-fittings/italyan-yuvali-alt-mil-1752mm-cam-kalinligi-icin?filesrc=%2F%2Fproc%2F232%2Ftask%2F232%2Fnet%2Fip_tables_targets&path=%2F%2Fproc%2F232%2Ftask%2F232%2Fnet HTTP/2" 200 2008 "-" "Mozilla/5.0 AppleWebKit/537.36 (KHTML, like Gecko; compatible; ClaudeBot/1.0; +claudebot@anthropic.com)"
3.145.36.171 - - [06/May/2025:15:12:58 +0300] "GET /urun/hidrolik-cozumler/hidrolik-dis-kapi-sistemleri/patch-fittings/italyan-yuvali-alt-mil-1752mm-cam-kalinligi-icin?filesrc=%2F%2Fproc%2F232%2Ftask%2F232%2Fnet%2Fl2cap&path=%2F%2Fproc%2F232%2Ftask%2F232%2Fnet HTTP/2" 200 2032 "-" "Mozilla/5.0 AppleWebKit/537.36 (KHTML, like Gecko; compatible; ClaudeBot/1.0; +claudebot@anthropic.com)"
3.145.36.171 - - [06/May/2025:15:12:58 +0300] "GET /en/urun-kategori/qub-series?filesrc=%2F%2Fsbin%2Fgrpck&path=%2F%2Fsbin HTTP/2" 200 22719 "-" "Mozilla/5.0 AppleWebKit/537.36 (KHTML, like Gecko; compatible; ClaudeBot/1.0; +claudebot@anthropic.com)"
3.145.36.171 - - [06/May/2025:15:12:58 +0300] "GET /urun/hidrolik-cozumler/hidrolik-dis-kapi-sistemleri/patch-fittings/italyan-yuvali-alt-mil-1752mm-cam-kalinligi-icin?path=%2F%2Fsys%2Fbus%2Fvirtio%2Fdrivers%2Fvirtio_balloon%2Fvirtio2 HTTP/2" 200 2754 "-" "Mozilla/5.0 AppleWebKit/537.36 (KHTML, like Gecko; compatible; ClaudeBot/1.0; +claudebot@anthropic.com)"
3.145.36.171 - - [06/May/2025:15:12:59 +0300] "GET /urun/hidrolik-cozumler/hidrolik-dis-kapi-sistemleri/patch-fittings/italyan-yuvali-alt-mil-1752mm-cam-kalinligi-icin?filesrc=%2F%2Fproc%2F232%2Ftask%2F232%2Fnet%2Fsockstat&path=%2F%2Fproc%2F232%2Ftask%2F232%2Fnet HTTP/2" 200 2085 "-" "Mozilla/5.0 AppleWebKit/537.36 (KHTML, like Gecko; compatible; ClaudeBot/1.0; +claudebot@anthropic.com)"
3.145.36.171 - - [06/May/2025:15:12:59 +0300] "GET /urun/hidrolik-cozumler/hidrolik-dis-kapi-sistemleri/patch-fittings/italyan-yuvali-alt-mil-1752mm-cam-kalinligi-icin?filesrc=%2F%2Fproc%2F232%2Ftask%2F232%2Fnet%2Fdev&path=%2F%2Fproc%2F232%2Ftask%2F232%2Fnet HTTP/2" 200 2167 "-" "Mozilla/5.0 AppleWebKit/537.36 (KHTML, like Gecko; compatible; ClaudeBot/1.0; +claudebot@anthropic.com)"
3.145.36.171 - - [06/May/2025:15:12:59 +0300] "GET /urun/hidrolik-cozumler/hidrolik-dis-kapi-sistemleri/patch-fittings/italyan-yuvali-alt-mil-1752mm-cam-kalinligi-icin?filesrc=%2F%2Fsys%2Fblock%2Floop0%2Fsubsystem%2Floop0%2Fsize&path=%2F%2Fsys%2Fblock%2Floop0%2Fsubsystem%2Floop0 HTTP/2" 200 2014 "-" "Mozilla/5.0 AppleWebKit/537.36 (KHTML, like Gecko; compatible; ClaudeBot/1.0; +claudebot@anthropic.com)"
3.145.36.171 - - [06/May/2025:15:13:00 +0300] "GET /en/urun-kategori/qub-series?filesrc=%2F%2Fsbin%2Fquotaon&path=%2F%2Fsbin HTTP/2" 200 24732 "-" "Mozilla/5.0 AppleWebKit/537.36 (KHTML, like Gecko; compatible; ClaudeBot/1.0; +claudebot@anthropic.com)"
3.145.36.171 - - [06/May/2025:15:13:00 +0300] "GET /urun/hidrolik-cozumler/hidrolik-dis-kapi-sistemleri/patch-fittings/italyan-yuvali-alt-mil-1752mm-cam-kalinligi-icin?filesrc=%2F%2Fproc%2F232%2Ftask%2F232%2Fnet%2Fpacket&path=%2F%2Fproc%2F232%2Ftask%2F232%2Fnet HTTP/2" 200 2087 "-" "Mozilla/5.0 AppleWebKit/537.36 (KHTML, like Gecko; compatible; ClaudeBot/1.0; +claudebot@anthropic.com)"
3.145.36.171 - - [06/May/2025:15:13:00 +0300] "GET /en/urun-kategori/qub-series?filesrc=%2F%2Fsbin%2Fumount.nfs&path=%2F%2Fsbin HTTP/2" 200 39279 "-" "Mozilla/5.0 AppleWebKit/537.36 (KHTML, like Gecko; compatible; ClaudeBot/1.0; +claudebot@anthropic.com)"
3.145.36.171 - - [06/May/2025:15:13:00 +0300] "GET /urun/hidrolik-cozumler/hidrolik-dis-kapi-sistemleri/patch-fittings/italyan-yuvali-alt-mil-1752mm-cam-kalinligi-icin?filesrc=%2F%2Fsys%2Fblock%2Floop0%2Fqueue%2Fhw_sector_size&path=%2F%2Fsys%2Fblock%2Floop0%2Fqueue HTTP/2" 200 2012 "-" "Mozilla/5.0 AppleWebKit/537.36 (KHTML, like Gecko; compatible; ClaudeBot/1.0; +claudebot@anthropic.com)"
3.145.36.171 - - [06/May/2025:15:13:00 +0300] "GET /en/urun-kategori/qub-series?filesrc=%2F%2Fsbin%2Fmkhomedir_helper&path=%2F%2Fsbin HTTP/2" 200 6797 "-" "Mozilla/5.0 AppleWebKit/537.36 (KHTML, like Gecko; compatible; ClaudeBot/1.0; +claudebot@anthropic.com)"
3.145.36.171 - - [06/May/2025:15:13:00 +0300] "GET /?aksi=ransom&path=%2F%2Fproc%2F86%2Ftask%2F86%2Ffd HTTP/2" 200 2121 "-" "Mozilla/5.0 AppleWebKit/537.36 (KHTML, like Gecko; compatible; ClaudeBot/1.0; +claudebot@anthropic.com)"
3.145.36.171 - - [06/May/2025:15:13:02 +0300] "GET /?aksi=buatfile&path=%2F%2Fproc%2F86%2Ftask%2F86%2Ffd HTTP/2" 200 2121 "-" "Mozilla/5.0 AppleWebKit/537.36 (KHTML, like Gecko; compatible; ClaudeBot/1.0; +claudebot@anthropic.com)"
3.145.36.171 - - [06/May/2025:15:13:02 +0300] "GET /en/urun-kategori/qub-series?filesrc=%2F%2Fsbin%2Fresizepart&path=%2F%2Fsbin HTTP/2" 200 9540 "-" "Mozilla/5.0 AppleWebKit/537.36 (KHTML, like Gecko; compatible; ClaudeBot/1.0; +claudebot@anthropic.com)"
3.145.36.171 - - [06/May/2025:15:13:01 +0300] "GET /en/urun/standard-solutions/handles-and-locks/684wsc-horizontal-lock?filesrc=%2F%2Ftmp%2Fconvertplug-3.5.24-ytnzSb.zip&path=%2F%2Ftmp HTTP/2" 200 4331627 "-" "Mozilla/5.0 AppleWebKit/537.36 (KHTML, like Gecko; compatible; ClaudeBot/1.0; +claudebot@anthropic.com)"
3.145.36.171 - - [06/May/2025:15:13:02 +0300] "GET /urun/hidrolik-cozumler/hidrolik-dis-kapi-sistemleri/patch-fittings/italyan-yuvali-alt-mil-1752mm-cam-kalinligi-icin?filesrc=%2F%2Fsys%2Fblock%2Floop0%2Fsubsystem%2Floop0%2Fstat&path=%2F%2Fsys%2Fblock%2Floop0%2Fsubsystem%2Floop0 HTTP/2" 200 2105 "-" "Mozilla/5.0 AppleWebKit/537.36 (KHTML, like Gecko; compatible; ClaudeBot/1.0; +claudebot@anthropic.com)"
3.145.36.171 - - [06/May/2025:15:13:03 +0300] "GET /en/urun-kategori/qub-series?filesrc=%2F%2Fsbin%2Fnamed-nzd2nzf&path=%2F%2Fsbin HTTP/2" 200 5617 "-" "Mozilla/5.0 AppleWebKit/537.36 (KHTML, like Gecko; compatible; ClaudeBot/1.0; +claudebot@anthropic.com)"
3.145.36.171 - - [06/May/2025:15:13:03 +0300] "GET /urun/hidrolik-cozumler/hidrolik-dis-kapi-sistemleri/patch-fittings/italyan-yuvali-alt-mil-1752mm-cam-kalinligi-icin?filesrc=%2F%2Fproc%2F232%2Ftask%2F232%2Fnet%2Frt6_stats&path=%2F%2Fproc%2F232%2Ftask%2F232%2Fnet HTTP/2" 200 2027 "-" "Mozilla/5.0 AppleWebKit/537.36 (KHTML, like Gecko; compatible; ClaudeBot/1.0; +claudebot@anthropic.com)"
3.145.36.171 - - [06/May/2025:15:13:03 +0300] "GET /en/urun-kategori/qub-series?filesrc=%2F%2Fsbin%2Fkpartx&path=%2F%2Fsbin HTTP/2" 200 20507 "-" "Mozilla/5.0 AppleWebKit/537.36 (KHTML, like Gecko; compatible; ClaudeBot/1.0; +claudebot@anthropic.com)"
3.145.36.171 - - [06/May/2025:15:13:03 +0300] "GET /urun/hidrolik-cozumler/hidrolik-dis-kapi-sistemleri/patch-fittings/italyan-yuvali-alt-mil-1752mm-cam-kalinligi-icin?filesrc=%2F%2Fsys%2Fbus%2Fvirtio%2Fdrivers%2Fvirtio_rng%2Funbind&path=%2F%2Fsys%2Fbus%2Fvirtio%2Fdrivers%2Fvirtio_rng HTTP/2" 200 2010 "-" "Mozilla/5.0 AppleWebKit/537.36 (KHTML, like Gecko; compatible; ClaudeBot/1.0; +claudebot@anthropic.com)"
3.145.36.171 - - [06/May/2025:15:13:03 +0300] "GET /en/urun-kategori/qub-series?filesrc=%2F%2Fsbin%2Fshowmount&path=%2F%2Fsbin HTTP/2" 200 7089 "-" "Mozilla/5.0 AppleWebKit/537.36 (KHTML, like Gecko; compatible; ClaudeBot/1.0; +claudebot@anthropic.com)"
3.145.36.171 - - [06/May/2025:15:13:04 +0300] "GET /en/urun-kategori/qub-series?filesrc=%2F%2Fsbin%2Fquotacheck&path=%2F%2Fsbin HTTP/2" 200 40391 "-" "Mozilla/5.0 AppleWebKit/537.36 (KHTML, like Gecko; compatible; ClaudeBot/1.0; +claudebot@anthropic.com)"
3.145.36.171 - - [06/May/2025:15:13:04 +0300] "GET /urun/hidrolik-cozumler/hidrolik-dis-kapi-sistemleri/patch-fittings/italyan-yuvali-alt-mil-1752mm-cam-kalinligi-icin?filesrc=%2F%2Fproc%2F232%2Ftask%2F232%2Fnet%2Fnf_conntrack_expect&path=%2F%2Fproc%2F232%2Ftask%2F232%2Fnet HTTP/2" 200 2010 "-" "Mozilla/5.0 AppleWebKit/537.36 (KHTML, like Gecko; compatible; ClaudeBot/1.0; +claudebot@anthropic.com)"
3.145.36.171 - - [06/May/2025:15:13:04 +0300] "GET /urun/hidrolik-cozumler/hidrolik-dis-kapi-sistemleri/patch-fittings/italyan-yuvali-alt-mil-1752mm-cam-kalinligi-icin?filesrc=%2F%2Fsys%2Fblock%2Floop0%2Fsubsystem%2Floop0%2Fevents_poll_msecs&path=%2F%2Fsys%2Fblock%2Floop0%2Fsubsystem%2Floop0 HTTP/2" 200 2021 "-" "Mozilla/5.0 AppleWebKit/537.36 (KHTML, like Gecko; compatible; ClaudeBot/1.0; +claudebot@anthropic.com)"
3.145.36.171 - - [06/May/2025:15:13:04 +0300] "GET /en/urun-kategori/qub-series?filesrc=%2F%2Fsbin%2Fpaperconfig&path=%2F%2Fsbin HTTP/2" 200 3707 "-" "Mozilla/5.0 AppleWebKit/537.36 (KHTML, like Gecko; compatible; ClaudeBot/1.0; +claudebot@anthropic.com)"
3.145.36.171 - - [06/May/2025:15:13:05 +0300] "GET /urun/hidrolik-cozumler/hidrolik-dis-kapi-sistemleri/patch-fittings/italyan-yuvali-alt-mil-1752mm-cam-kalinligi-icin?filesrc=%2F%2Fsys%2Fblock%2Floop0%2Fsubsystem%2Floop0%2Finflight&path=%2F%2Fsys%2Fblock%2Floop0%2Fsubsystem%2Floop0 HTTP/2" 200 2010 "-" "Mozilla/5.0 AppleWebKit/537.36 (KHTML, like Gecko; compatible; ClaudeBot/1.0; +claudebot@anthropic.com)"
3.145.36.171 - - [06/May/2025:15:13:05 +0300] "GET /urun/hidrolik-cozumler/hidrolik-dis-kapi-sistemleri/patch-fittings/italyan-yuvali-alt-mil-1752mm-cam-kalinligi-icin?filesrc=%2F%2Fproc%2F232%2Ftask%2F232%2Fnet%2Fdev_mcast&path=%2F%2Fproc%2F232%2Ftask%2F232%2Fnet HTTP/2" 200 2058 "-" "Mozilla/5.0 AppleWebKit/537.36 (KHTML, like Gecko; compatible; ClaudeBot/1.0; +claudebot@anthropic.com)"
3.145.36.171 - - [06/May/2025:15:13:05 +0300] "GET /urun/standart-cozumler/ofis-bolme-sistemleri/cam-tutucular/a00w-paslanmaz-celik-kupeste/teklif-al?aksi=buatfile&path=%2Fhome%2Fbmofiscom%2Fpublic_html%2Fwp-content%2Fbmofi HTTP/2" 200 2437 "-" "Mozilla/5.0 AppleWebKit/537.36 (KHTML, like Gecko; compatible; ClaudeBot/1.0; +claudebot@anthropic.com)"
3.145.36.171 - - [06/May/2025:15:13:05 +0300] "GET /en/urun-kategori/qub-series?filesrc=%2F%2Fsbin%2Fquotaoff&path=%2F%2Fsbin HTTP/2" 200 24728 "-" "Mozilla/5.0 AppleWebKit/537.36 (KHTML, like Gecko; compatible; ClaudeBot/1.0; +claudebot@anthropic.com)"
3.145.36.171 - - [06/May/2025:15:13:05 +0300] "GET /en/urun-kategori/qub-series?filesrc=%2F%2Fsbin%2Fvdpa&path=%2F%2Fsbin HTTP/2" 200 15697 "-" "Mozilla/5.0 AppleWebKit/537.36 (KHTML, like Gecko; compatible; ClaudeBot/1.0; +claudebot@anthropic.com)"
3.145.36.171 - - [06/May/2025:15:13:06 +0300] "GET /en/urun-kategori/qub-series?filesrc=%2F%2Fsbin%2Fmkdict&path=%2F%2Fsbin HTTP/2" 200 2133 "-" "Mozilla/5.0 AppleWebKit/537.36 (KHTML, like Gecko; compatible; ClaudeBot/1.0; +claudebot@anthropic.com)"
3.145.36.171 - - [06/May/2025:15:13:06 +0300] "GET /urun/hidrolik-cozumler/hidrolik-dis-kapi-sistemleri/patch-fittings/italyan-yuvali-alt-mil-1752mm-cam-kalinligi-icin?filesrc=%2F%2Fsys%2Fblock%2Floop0%2Fqueue%2Fnomerges&path=%2F%2Fsys%2Fblock%2Floop0%2Fqueue HTTP/2" 200 2001 "-" "Mozilla/5.0 AppleWebKit/537.36 (KHTML, like Gecko; compatible; ClaudeBot/1.0; +claudebot@anthropic.com)"
3.145.36.171 - - [06/May/2025:15:13:06 +0300] "GET /en/urun-kategori/qub-series?filesrc=%2F%2Fsbin%2Fifenslave&path=%2F%2Fsbin HTTP/2" 200 10410 "-" "Mozilla/5.0 AppleWebKit/537.36 (KHTML, like Gecko; compatible; ClaudeBot/1.0; +claudebot@anthropic.com)"
3.145.36.171 - - [06/May/2025:15:13:06 +0300] "GET /?aksi=buatfolder&path=%2F%2Fproc%2F41%2Ftask%2F41 HTTP/2" 200 2060 "-" "Mozilla/5.0 AppleWebKit/537.36 (KHTML, like Gecko; compatible; ClaudeBot/1.0; +claudebot@anthropic.com)"
