18.188.92.213 - - [06/May/2025:15:30:39 +0300] "GET /urun/standart-cozumler/dus-sistemleri-standart-cozumler/cam-tutucular-dus-sistemleri-standart-cozumler/bm-dct207-cam-sabitleme-uc-yollu?path=%2F%2Fproc%2F16%2Ftask HTTP/2" 200 2370 "-" "Mozilla/5.0 AppleWebKit/537.36 (KHTML, like Gecko; compatible; ClaudeBot/1.0; +claudebot@anthropic.com)"
18.188.92.213 - - [06/May/2025:15:30:41 +0300] "GET /urun/standart-cozumler/dus-sistemleri-standart-cozumler/cam-tutucular-dus-sistemleri-standart-cozumler/bm-dct207-cam-sabitleme-uc-yollu?filesrc=%2F%2Fproc%2F689%2Foom_score_adj&path=%2F%2Fproc%2F689 HTTP/2" 200 1983 "-" "Mozilla/5.0 AppleWebKit/537.36 (KHTML, like Gecko; compatible; ClaudeBot/1.0; +claudebot@anthropic.com)"
52.167.144.145 - - [06/May/2025:15:30:42 +0300] "GET /urun/standart-cozumler/dus-sistemleri-standart-cozumler/piuma-surme-dus-sistemi/piuma-cift-kanatli-surme-kose-dus-sistemi/teklif-al?b=bmo251c6300866-fjallraven-abisko-tent HTTP/2" 200 17650 "-" "Mozilla/5.0 AppleWebKit/537.36 (KHTML, like Gecko; compatible; bingbot/2.0; +http://www.bing.com/bingbot.htm) Chrome/116.0.1938.76 Safari/537.36"
18.188.92.213 - - [06/May/2025:15:30:43 +0300] "GET /urun/standart-cozumler/dus-sistemleri-standart-cozumler/cam-tutucular-dus-sistemleri-standart-cozumler/bm-dct207-cam-sabitleme-uc-yollu?path=%2F%2Fsys%2Fmodule%2Fi8042 HTTP/2" 200 2544 "-" "Mozilla/5.0 AppleWebKit/537.36 (KHTML, like Gecko; compatible; ClaudeBot/1.0; +claudebot@anthropic.com)"
18.188.92.213 - - [06/May/2025:15:30:45 +0300] "GET /urun/standart-cozumler/dus-sistemleri-standart-cozumler/cam-tutucular-dus-sistemleri-standart-cozumler/bm-dct207-cam-sabitleme-uc-yollu?filesrc=%2F%2Fproc%2F1668030%2Fpagemap&path=%2F%2Fproc%2F1668030 HTTP/2" 200 1978 "-" "Mozilla/5.0 AppleWebKit/537.36 (KHTML, like Gecko; compatible; ClaudeBot/1.0; +claudebot@anthropic.com)"
18.188.92.213 - - [06/May/2025:15:30:47 +0300] "GET /urun/standart-cozumler/dus-sistemleri-standart-cozumler/cam-tutucular-dus-sistemleri-standart-cozumler/bm-dct207-cam-sabitleme-uc-yollu?filesrc=%2F%2Fproc%2Fnet%2Figmp&path=%2F%2Fproc%2Fnet HTTP/2" 200 2059 "-" "Mozilla/5.0 AppleWebKit/537.36 (KHTML, like Gecko; compatible; ClaudeBot/1.0; +claudebot@anthropic.com)"
18.188.92.213 - - [06/May/2025:15:30:49 +0300] "GET /urun/standart-cozumler/dus-sistemleri-standart-cozumler/cam-tutucular-dus-sistemleri-standart-cozumler/bm-dct207-cam-sabitleme-uc-yollu?filesrc=%2F%2Fproc%2F4079880%2Fsmaps_rollup&path=%2F%2Fproc%2F4079880 HTTP/2" 200 1987 "-" "Mozilla/5.0 AppleWebKit/537.36 (KHTML, like Gecko; compatible; ClaudeBot/1.0; +claudebot@anthropic.com)"
18.188.92.213 - - [06/May/2025:15:30:51 +0300] "GET /urun/standart-cozumler/dus-sistemleri-standart-cozumler/cam-tutucular-dus-sistemleri-standart-cozumler/bm-dct207-cam-sabitleme-uc-yollu?filesrc=%2F%2Fproc%2F1668030%2Fsetgroups&path=%2F%2Fproc%2F1668030 HTTP/2" 200 1983 "-" "Mozilla/5.0 AppleWebKit/537.36 (KHTML, like Gecko; compatible; ClaudeBot/1.0; +claudebot@anthropic.com)"
18.188.92.213 - - [06/May/2025:15:30:53 +0300] "GET /urun/standart-cozumler/dus-sistemleri-standart-cozumler/cam-tutucular-dus-sistemleri-standart-cozumler/bm-dct207-cam-sabitleme-uc-yollu?filesrc=%2F%2Fproc%2F12%2Fpagemap&path=%2F%2Fproc%2F12 HTTP/2" 200 1970 "-" "Mozilla/5.0 AppleWebKit/537.36 (KHTML, like Gecko; compatible; ClaudeBot/1.0; +claudebot@anthropic.com)"
18.188.92.213 - - [06/May/2025:15:30:55 +0300] "GET /urun/standart-cozumler/dus-sistemleri-standart-cozumler/cam-tutucular-dus-sistemleri-standart-cozumler/bm-dct207-cam-sabitleme-uc-yollu?filesrc=%2F%2Fproc%2F1310%2Fsessionid&path=%2F%2Fproc%2F1310 HTTP/2" 200 1988 "-" "Mozilla/5.0 AppleWebKit/537.36 (KHTML, like Gecko; compatible; ClaudeBot/1.0; +claudebot@anthropic.com)"
135.181.213.220 - - [06/May/2025:15:30:56 +0300] "GET /en/urun/hydraulic-external-door-systems/biloba-evo-hydraulic-glass-door-hinge-wall-glass/teklif-al?path=//proc/3222636/ns HTTP/1.1" 200 2111 "-" "Mozilla/5.0 (compatible; MJ12bot/v1.4.8; http://mj12bot.com/)"
18.188.92.213 - - [06/May/2025:15:30:57 +0300] "GET /urun/standart-cozumler/dus-sistemleri-standart-cozumler/cam-tutucular-dus-sistemleri-standart-cozumler/bm-dct207-cam-sabitleme-uc-yollu?filesrc=%2F%2Fproc%2F69%2Farch_status&path=%2F%2Fproc%2F69 HTTP/2" 200 1975 "-" "Mozilla/5.0 AppleWebKit/537.36 (KHTML, like Gecko; compatible; ClaudeBot/1.0; +claudebot@anthropic.com)"
18.188.92.213 - - [06/May/2025:15:31:00 +0300] "GET /urun/standart-cozumler/dus-sistemleri-standart-cozumler/cam-tutucular-dus-sistemleri-standart-cozumler/bm-dct207-cam-sabitleme-uc-yollu?filesrc=%2F%2Fproc%2F2108736%2Fsetgroups&path=%2F%2Fproc%2F2108736 HTTP/2" 200 1983 "-" "Mozilla/5.0 AppleWebKit/537.36 (KHTML, like Gecko; compatible; ClaudeBot/1.0; +claudebot@anthropic.com)"
18.188.92.213 - - [06/May/2025:15:31:02 +0300] "GET /urun/standart-cozumler/dus-sistemleri-standart-cozumler/cam-tutucular-dus-sistemleri-standart-cozumler/bm-dct207-cam-sabitleme-uc-yollu?filesrc=%2F%2Fproc%2F10%2Fmounts&path=%2F%2Fproc%2F10 HTTP/2" 200 2639 "-" "Mozilla/5.0 AppleWebKit/537.36 (KHTML, like Gecko; compatible; ClaudeBot/1.0; +claudebot@anthropic.com)"
135.181.213.220 - - [06/May/2025:15:31:02 +0300] "GET /en/urun/hydraulic-external-door-systems/biloba-evo-hydraulic-glass-door-hinge-wall-glass/teklif-al?path=//proc/3222721&aksi=buatfile HTTP/1.1" 200 3782 "-" "Mozilla/5.0 (compatible; MJ12bot/v1.4.8; http://mj12bot.com/)"
52.167.144.145 - - [06/May/2025:15:31:02 +0300] "GET /katalog/cam-kapi-menteseleri-ic/hidrolik-menteseler/8011-tek-yonlu-baglanti-plakasina-sahip-kapinin-kapanis-hizini-ayarlayabilen-hidrolik-mentese-0-90-90-lerde-du/1/247.aspx?b=bmo251c7900056-samsonite-promo-code HTTP/2" 200 3592 "-" "Mozilla/5.0 AppleWebKit/537.36 (KHTML, like Gecko; compatible; bingbot/2.0; +http://www.bing.com/bingbot.htm) Chrome/116.0.1938.76 Safari/537.36"
18.188.92.213 - - [06/May/2025:15:31:04 +0300] "GET /urun/standart-cozumler/dus-sistemleri-standart-cozumler/cam-tutucular-dus-sistemleri-standart-cozumler/bm-dct207-cam-sabitleme-uc-yollu?filesrc=%2F%2Fproc%2F425%2Foom_score_adj&path=%2F%2Fproc%2F425 HTTP/2" 200 1982 "-" "Mozilla/5.0 AppleWebKit/537.36 (KHTML, like Gecko; compatible; ClaudeBot/1.0; +claudebot@anthropic.com)"
135.181.213.220 - - [06/May/2025:15:31:05 +0300] "GET /en/urun/hydraulic-external-door-systems/biloba-evo-hydraulic-glass-door-hinge-wall-glass/teklif-al?path=//proc/3222721&aksi=buatfolder HTTP/1.1" 200 2040 "-" "Mozilla/5.0 (compatible; MJ12bot/v1.4.8; http://mj12bot.com/)"
18.188.92.213 - - [06/May/2025:15:31:06 +0300] "GET /urun/standart-cozumler/dus-sistemleri-standart-cozumler/cam-tutucular-dus-sistemleri-standart-cozumler/bm-dct207-cam-sabitleme-uc-yollu?path=%2F%2Fproc%2F3222567%2Ftask HTTP/2" 200 2385 "-" "Mozilla/5.0 AppleWebKit/537.36 (KHTML, like Gecko; compatible; ClaudeBot/1.0; +claudebot@anthropic.com)"
87.250.224.86 - - [06/May/2025:15:31:06 +0300] "GET /wp-json/oembed/1.0/embed?b=bmo251c5500175-wilson-evo HTTP/1.1" 200 4265 "-" "Mozilla/5.0 (compatible; YandexBot/3.0; +http://yandex.com/bots)"
18.188.92.213 - - [06/May/2025:15:31:08 +0300] "GET /urun/standart-cozumler/dus-sistemleri-standart-cozumler/cam-tutucular-dus-sistemleri-standart-cozumler/bm-dct207-cam-sabitleme-uc-yollu?filesrc=%2F%2Fproc%2F1322%2Fclear_refs&path=%2F%2Fproc%2F1322 HTTP/2" 200 1985 "-" "Mozilla/5.0 AppleWebKit/537.36 (KHTML, like Gecko; compatible; ClaudeBot/1.0; +claudebot@anthropic.com)"
18.188.92.213 - - [06/May/2025:15:31:10 +0300] "GET /urun/standart-cozumler/dus-sistemleri-standart-cozumler/cam-tutucular-dus-sistemleri-standart-cozumler/bm-dct207-cam-sabitleme-uc-yollu?filesrc=%2F%2Fproc%2F678%2Fpagemap&path=%2F%2Fproc%2F678 HTTP/2" 200 1974 "-" "Mozilla/5.0 AppleWebKit/537.36 (KHTML, like Gecko; compatible; ClaudeBot/1.0; +claudebot@anthropic.com)"
135.181.213.220 - - [06/May/2025:15:31:10 +0300] "GET /en/urun/hydraulic-external-door-systems/biloba-evo-hydraulic-glass-door-hinge-wall-glass/teklif-al?path=//proc/3222721/attr HTTP/1.1" 200 2588 "-" "Mozilla/5.0 (compatible; MJ12bot/v1.4.8; http://mj12bot.com/)"
18.188.92.213 - - [06/May/2025:15:31:12 +0300] "GET /urun/standart-cozumler/dus-sistemleri-standart-cozumler/cam-tutucular-dus-sistemleri-standart-cozumler/bm-dct207-cam-sabitleme-uc-yollu?filesrc=%2F%2Fproc%2F2073217%2Fksm_stat&path=%2F%2Fproc%2F2073217 HTTP/2" 200 1981 "-" "Mozilla/5.0 AppleWebKit/537.36 (KHTML, like Gecko; compatible; ClaudeBot/1.0; +claudebot@anthropic.com)"
135.181.213.220 - - [06/May/2025:15:31:13 +0300] "GET /en/urun/hydraulic-external-door-systems/biloba-evo-hydraulic-glass-door-hinge-wall-glass/teklif-al?path=//proc/3222721/fd HTTP/1.1" 200 2111 "-" "Mozilla/5.0 (compatible; MJ12bot/v1.4.8; http://mj12bot.com/)"
18.188.92.213 - - [06/May/2025:15:31:14 +0300] "GET /urun/standart-cozumler/dus-sistemleri-standart-cozumler/cam-tutucular-dus-sistemleri-standart-cozumler/bm-dct207-cam-sabitleme-uc-yollu?filesrc=%2F%2Fproc%2F12%2Fsetgroups&path=%2F%2Fproc%2F12 HTTP/2" 200 1975 "-" "Mozilla/5.0 AppleWebKit/537.36 (KHTML, like Gecko; compatible; ClaudeBot/1.0; +claudebot@anthropic.com)"
135.181.213.220 - - [06/May/2025:15:29:58 +0300] "GET /en/urun/hydraulic-external-door-systems/biloba-evo-hydraulic-glass-door-hinge-wall-glass/teklif-al?path=//proc/3222567/task HTTP/1.1" 200 2385 "-" "Mozilla/5.0 (compatible; MJ12bot/v1.4.8; http://mj12bot.com/)"
135.181.213.220 - - [06/May/2025:15:30:01 +0300] "GET /en/urun/hydraulic-external-door-systems/biloba-evo-hydraulic-glass-door-hinge-wall-glass/teklif-al?path=//proc/3222636&aksi=buatfile HTTP/1.1" 200 3784 "-" "Mozilla/5.0 (compatible; MJ12bot/v1.4.8; http://mj12bot.com/)"
135.181.213.220 - - [06/May/2025:15:30:04 +0300] "GET /en/urun/hydraulic-external-door-systems/biloba-evo-hydraulic-glass-door-hinge-wall-glass/teklif-al?path=//proc/3222636&aksi=buatfolder HTTP/1.1" 200 2040 "-" "Mozilla/5.0 (compatible; MJ12bot/v1.4.8; http://mj12bot.com/)"
135.181.213.220 - - [06/May/2025:15:30:07 +0300] "GET /en/urun/hydraulic-external-door-systems/biloba-evo-hydraulic-glass-door-hinge-wall-glass/teklif-al?path=//proc/3222636&aksi=ransom HTTP/1.1" 200 3784 "-" "Mozilla/5.0 (compatible; MJ12bot/v1.4.8; http://mj12bot.com/)"
135.181.213.220 - - [06/May/2025:15:30:10 +0300] "GET /en/urun/hydraulic-external-door-systems/biloba-evo-hydraulic-glass-door-hinge-wall-glass/teklif-al?path=//proc/3222636/attr HTTP/1.1" 200 2587 "-" "Mozilla/5.0 (compatible; MJ12bot/v1.4.8; http://mj12bot.com/)"
54.36.148.141 - - [06/May/2025:15:30:13 +0300] "GET /en/urun-kategori/tension-bars-and-towel-rails?filesrc=/home/bmofiscom/public_html/wp-includes/wp-diff.php&path=/home/bmofiscom/public_html/wp-includes HTTP/2" 200 2271 "-" "Mozilla/5.0 (compatible; AhrefsBot/7.0; +http://ahrefs.com/robot/)"
66.249.68.36 - - [06/May/2025:15:30:13 +0300] "GET /godsend.php?shopdetail/38291284312 HTTP/1.1" 200 24500 "-" "Mozilla/5.0 (Linux; Android 6.0.1; Nexus 5X Build/MMB29P) AppleWebKit/537.36 (KHTML, like Gecko) Chrome/136.0.7103.59 Mobile Safari/537.36 (compatible; GoogleOther)"
135.181.213.220 - - [06/May/2025:15:30:19 +0300] "GET /en/urun/hydraulic-external-door-systems/biloba-evo-hydraulic-glass-door-hinge-wall-glass/teklif-al?path=//proc/3222636/map_files HTTP/1.1" 200 2118 "-" "Mozilla/5.0 (compatible; MJ12bot/v1.4.8; http://mj12bot.com/)"
66.249.79.2 - - [06/May/2025:15:30:56 +0300] "GET /?b=514295315 HTTP/1.1" 200 17890 "-" "Mozilla/5.0 (Linux; Android 6.0.1; Nexus 5X Build/MMB29P) AppleWebKit/537.36 (KHTML, like Gecko) Chrome/136.0.7103.59 Mobile Safari/537.36 (compatible; Googlebot/2.1; +http://www.google.com/bot.html)"
135.181.213.220 - - [06/May/2025:15:30:59 +0300] "GET /en/urun/hydraulic-external-door-systems/biloba-evo-hydraulic-glass-door-hinge-wall-glass/teklif-al?path=//proc/3222636/task HTTP/1.1" 200 2385 "-" "Mozilla/5.0 (compatible; MJ12bot/v1.4.8; http://mj12bot.com/)"
135.181.213.220 - - [06/May/2025:15:31:08 +0300] "GET /en/urun/hydraulic-external-door-systems/biloba-evo-hydraulic-glass-door-hinge-wall-glass/teklif-al?path=//proc/3222721&aksi=ransom HTTP/1.1" 200 3793 "-" "Mozilla/5.0 (compatible; MJ12bot/v1.4.8; http://mj12bot.com/)"
54.36.148.226 - - [06/May/2025:15:31:17 +0300] "GET /en/urun-kategori/tension-bars-and-towel-rails?option&path=/home/bmofiscom/public_html/wp-includes HTTP/2" 200 1979 "-" "Mozilla/5.0 (compatible; AhrefsBot/7.0; +http://ahrefs.com/robot/)"
135.181.213.220 - - [06/May/2025:15:31:22 +0300] "GET /en/urun/hydraulic-external-door-systems/biloba-evo-hydraulic-glass-door-hinge-wall-glass/teklif-al?path=//proc/3222721/net HTTP/1.1" 200 3794 "-" "Mozilla/5.0 (compatible; MJ12bot/v1.4.8; http://mj12bot.com/)"
52.167.144.145 - - [06/May/2025:15:31:22 +0300] "GET /urun/hidrolik-cozumler/hidrolik-dus-sistemleri/hidrolik-dus-kabini/slash-hidrolik-dus-kabini-duvar-ve-sabit-cam-arasi-kose-seti-tek-kanat/?b=bmo251c69100294-vionic-kirra HTTP/2" 200 19103 "-" "Mozilla/5.0 AppleWebKit/537.36 (KHTML, like Gecko; compatible; bingbot/2.0; +http://www.bing.com/bingbot.htm) Chrome/116.0.1938.76 Safari/537.36"
135.181.213.220 - - [06/May/2025:15:31:28 +0300] "GET /en/urun/hydraulic-external-door-systems/biloba-evo-hydraulic-glass-door-hinge-wall-glass/teklif-al?path=//proc/3222721/task HTTP/1.1" 200 2386 "-" "Mozilla/5.0 (compatible; MJ12bot/v1.4.8; http://mj12bot.com/)"
135.181.213.220 - - [06/May/2025:15:31:31 +0300] "GET /en/urun/hydraulic-external-door-systems/biloba-evo-hydraulic-glass-door-hinge-wall-glass/teklif-al?path=//proc/3279229&aksi=buatfile HTTP/1.1" 200 2104 "-" "Mozilla/5.0 (compatible; MJ12bot/v1.4.8; http://mj12bot.com/)"
135.181.213.220 - - [06/May/2025:15:31:34 +0300] "GET /en/urun/hydraulic-external-door-systems/biloba-evo-hydraulic-glass-door-hinge-wall-glass/teklif-al?path=//proc/3279229&aksi=buatfolder HTTP/1.1" 200 2040 "-" "Mozilla/5.0 (compatible; MJ12bot/v1.4.8; http://mj12bot.com/)"
135.181.213.220 - - [06/May/2025:15:31:39 +0300] "GET /en/urun/hydraulic-external-door-systems/biloba-evo-hydraulic-glass-door-hinge-wall-glass/teklif-al?path=//proc/3279229/attr HTTP/1.1" 200 2121 "-" "Mozilla/5.0 (compatible; MJ12bot/v1.4.8; http://mj12bot.com/)"
52.167.144.145 - - [06/May/2025:15:31:42 +0300] "GET /urun/hidrolik-sistemler/hidrolik-dus-sistemleri/sauna-buhar-odasi-cozumleri-hidrolik-dus-sistemleri/kbt8061-buhar-odalari-ve-hamamlar-icin-hidrolik-set/teklif-al?b=bmo251c20100118-diemme-boots-sizing-reddit HTTP/2" 200 18620 "-" "Mozilla/5.0 AppleWebKit/537.36 (KHTML, like Gecko; compatible; bingbot/2.0; +http://www.bing.com/bingbot.htm) Chrome/116.0.1938.76 Safari/537.36"
5.255.231.86 - - [06/May/2025:15:31:43 +0300] "GET /wp-json/oembed/1.0/embed?b=bmo251c29100300-hudson-drew-bootcut-jeans HTTP/1.1" 200 4265 "-" "Mozilla/5.0 (compatible; YandexBot/3.0; +http://yandex.com/bots)"
135.181.213.220 - - [06/May/2025:15:31:45 +0300] "GET /en/urun/hydraulic-external-door-systems/biloba-evo-hydraulic-glass-door-hinge-wall-glass/teklif-al?path=//proc/3279229/fdinfo HTTP/1.1" 200 2116 "-" "Mozilla/5.0 (compatible; MJ12bot/v1.4.8; http://mj12bot.com/)"
3.22.248.193 - - [06/May/2025:15:31:46 +0300] "GET /urun/standart-cozumler/dus-sistemleri-standart-cozumler/cam-tutucular-dus-sistemleri-standart-cozumler/bm-dct207-cam-sabitleme-uc-yollu?filesrc=%2F%2Fproc%2F2073213%2Fpagemap&path=%2F%2Fproc%2F2073213 HTTP/2" 200 1978 "-" "Mozilla/5.0 AppleWebKit/537.36 (KHTML, like Gecko; compatible; ClaudeBot/1.0; +claudebot@anthropic.com)"
3.22.248.193 - - [06/May/2025:15:31:48 +0300] "GET /urun/standart-cozumler/dus-sistemleri-standart-cozumler/cam-tutucular-dus-sistemleri-standart-cozumler/bm-dct207-cam-sabitleme-uc-yollu?filesrc=%2F%2Fproc%2F746%2Farch_status&path=%2F%2Fproc%2F746 HTTP/2" 200 1978 "-" "Mozilla/5.0 AppleWebKit/537.36 (KHTML, like Gecko; compatible; ClaudeBot/1.0; +claudebot@anthropic.com)"
3.22.248.193 - - [06/May/2025:15:31:50 +0300] "GET /urun/standart-cozumler/dus-sistemleri-standart-cozumler/cam-tutucular-dus-sistemleri-standart-cozumler/bm-dct207-cam-sabitleme-uc-yollu?path=%2F%2Fproc%2F2073214%2Ftask HTTP/2" 200 2385 "-" "Mozilla/5.0 AppleWebKit/537.36 (KHTML, like Gecko; compatible; ClaudeBot/1.0; +claudebot@anthropic.com)"
135.181.213.220 - - [06/May/2025:15:31:51 +0300] "GET /en/urun/hydraulic-external-door-systems/biloba-evo-hydraulic-glass-door-hinge-wall-glass/teklif-al?path=//proc/3279229/net HTTP/1.1" 200 2119 "-" "Mozilla/5.0 (compatible; MJ12bot/v1.4.8; http://mj12bot.com/)"
3.22.248.193 - - [06/May/2025:15:31:52 +0300] "GET /urun/standart-cozumler/dus-sistemleri-standart-cozumler/cam-tutucular-dus-sistemleri-standart-cozumler/bm-dct207-cam-sabitleme-uc-yollu?path=%2F%2Fproc%2F227%2Ffd HTTP/2" 200 2109 "-" "Mozilla/5.0 AppleWebKit/537.36 (KHTML, like Gecko; compatible; ClaudeBot/1.0; +claudebot@anthropic.com)"
3.22.248.193 - - [06/May/2025:15:31:54 +0300] "GET /urun/standart-cozumler/dus-sistemleri-standart-cozumler/cam-tutucular-dus-sistemleri-standart-cozumler/bm-dct207-cam-sabitleme-uc-yollu?filesrc=%2F%2Fproc%2F2073213%2Fsetgroups&path=%2F%2Fproc%2F2073213 HTTP/2" 200 1983 "-" "Mozilla/5.0 AppleWebKit/537.36 (KHTML, like Gecko; compatible; ClaudeBot/1.0; +claudebot@anthropic.com)"
18.188.92.213 - - [06/May/2025:15:31:16 +0300] "GET /urun/standart-cozumler/dus-sistemleri-standart-cozumler/cam-tutucular-dus-sistemleri-standart-cozumler/bm-dct207-cam-sabitleme-uc-yollu?filesrc=%2F%2Fproc%2F2128364%2Fpagemap&path=%2F%2Fproc%2F2128364 HTTP/2" 200 1978 "-" "Mozilla/5.0 AppleWebKit/537.36 (KHTML, like Gecko; compatible; ClaudeBot/1.0; +claudebot@anthropic.com)"
135.181.213.220 - - [06/May/2025:15:31:16 +0300] "GET /en/urun/hydraulic-external-door-systems/biloba-evo-hydraulic-glass-door-hinge-wall-glass/teklif-al?path=//proc/3222721/fdinfo HTTP/1.1" 200 2519 "-" "Mozilla/5.0 (compatible; MJ12bot/v1.4.8; http://mj12bot.com/)"
18.188.92.213 - - [06/May/2025:15:31:18 +0300] "GET /urun/standart-cozumler/dus-sistemleri-standart-cozumler/cam-tutucular-dus-sistemleri-standart-cozumler/bm-dct207-cam-sabitleme-uc-yollu?path=%2F%2Fproc%2F232%2Fns HTTP/2" 200 2109 "-" "Mozilla/5.0 AppleWebKit/537.36 (KHTML, like Gecko; compatible; ClaudeBot/1.0; +claudebot@anthropic.com)"
135.181.213.220 - - [06/May/2025:15:31:19 +0300] "GET /en/urun/hydraulic-external-door-systems/biloba-evo-hydraulic-glass-door-hinge-wall-glass/teklif-al?path=//proc/3222721/map_files HTTP/1.1" 200 2117 "-" "Mozilla/5.0 (compatible; MJ12bot/v1.4.8; http://mj12bot.com/)"
18.188.92.213 - - [06/May/2025:15:31:20 +0300] "GET /urun/standart-cozumler/dus-sistemleri-standart-cozumler/cam-tutucular-dus-sistemleri-standart-cozumler/bm-dct207-cam-sabitleme-uc-yollu?path=%2F%2Fproc%2F42%2Ftask HTTP/2" 200 2370 "-" "Mozilla/5.0 AppleWebKit/537.36 (KHTML, like Gecko; compatible; ClaudeBot/1.0; +claudebot@anthropic.com)"
135.181.213.220 - - [06/May/2025:15:31:25 +0300] "GET /en/urun/hydraulic-external-door-systems/biloba-evo-hydraulic-glass-door-hinge-wall-glass/teklif-al?path=//proc/3222721/ns HTTP/1.1" 200 2111 "-" "Mozilla/5.0 (compatible; MJ12bot/v1.4.8; http://mj12bot.com/)"
66.249.68.35 - - [06/May/2025:15:31:26 +0300] "GET /?b=449683415 HTTP/1.1" 200 18285 "-" "Mozilla/5.0 (Linux; Android 6.0.1; Nexus 5X Build/MMB29P) AppleWebKit/537.36 (KHTML, like Gecko) Chrome/136.0.7103.59 Mobile Safari/537.36 (compatible; Googlebot/2.1; +http://www.google.com/bot.html)"
135.181.213.220 - - [06/May/2025:15:31:36 +0300] "GET /en/urun/hydraulic-external-door-systems/biloba-evo-hydraulic-glass-door-hinge-wall-glass/teklif-al?path=//proc/3279229&aksi=ransom HTTP/1.1" 200 2104 "-" "Mozilla/5.0 (compatible; MJ12bot/v1.4.8; http://mj12bot.com/)"
135.181.213.220 - - [06/May/2025:15:31:42 +0300] "GET /en/urun/hydraulic-external-door-systems/biloba-evo-hydraulic-glass-door-hinge-wall-glass/teklif-al?path=//proc/3279229/fd HTTP/1.1" 200 2112 "-" "Mozilla/5.0 (compatible; MJ12bot/v1.4.8; http://mj12bot.com/)"
135.181.213.220 - - [06/May/2025:15:31:48 +0300] "GET /en/urun/hydraulic-external-door-systems/biloba-evo-hydraulic-glass-door-hinge-wall-glass/teklif-al?path=//proc/3279229/map_files HTTP/1.1" 200 2118 "-" "Mozilla/5.0 (compatible; MJ12bot/v1.4.8; http://mj12bot.com/)"
135.181.213.220 - - [06/May/2025:15:31:54 +0300] "GET /en/urun/hydraulic-external-door-systems/biloba-evo-hydraulic-glass-door-hinge-wall-glass/teklif-al?path=//proc/3279229/ns HTTP/1.1" 200 2111 "-" "Mozilla/5.0 (compatible; MJ12bot/v1.4.8; http://mj12bot.com/)"
114.119.167.239 - - [06/May/2025:15:31:56 +0300] "GET /en/get-quote?b=bmo251c23200352-etnies-arto HTTP/1.1" 200 4278 "https://bmofis.com/en/get-quote" "Mozilla/5.0 (Linux; Android 7.0;) AppleWebKit/537.36 (KHTML, like Gecko) Mobile Safari/537.36 (compatible; PetalBot;+https://webmaster.petalsearch.com/site/petalbot)"
135.181.213.220 - - [06/May/2025:15:32:00 +0300] "GET /en/urun/hydraulic-external-door-systems/biloba-evo-hydraulic-glass-door-hinge-wall-glass/teklif-al?path=//proc/33&aksi=buatfile HTTP/1.1" 200 3755 "-" "Mozilla/5.0 (compatible; MJ12bot/v1.4.8; http://mj12bot.com/)"
135.181.213.220 - - [06/May/2025:15:32:03 +0300] "GET /en/urun/hydraulic-external-door-systems/biloba-evo-hydraulic-glass-door-hinge-wall-glass/teklif-al?path=//proc/33&aksi=buatfolder HTTP/1.1" 200 2032 "-" "Mozilla/5.0 (compatible; MJ12bot/v1.4.8; http://mj12bot.com/)"
3.22.248.193 - - [06/May/2025:15:31:56 +0300] "GET /urun/standart-cozumler/dus-sistemleri-standart-cozumler/cam-tutucular-dus-sistemleri-standart-cozumler/bm-dct207-cam-sabitleme-uc-yollu?filesrc=%2F%2Fproc%2F76%2Fcmdline&path=%2F%2Fproc%2F76 HTTP/2" 200 1969 "-" "Mozilla/5.0 AppleWebKit/537.36 (KHTML, like Gecko; compatible; ClaudeBot/1.0; +claudebot@anthropic.com)"
135.181.213.220 - - [06/May/2025:15:31:57 +0300] "GET /en/urun/hydraulic-external-door-systems/biloba-evo-hydraulic-glass-door-hinge-wall-glass/teklif-al?path=//proc/3279229/task HTTP/1.1" 200 2122 "-" "Mozilla/5.0 (compatible; MJ12bot/v1.4.8; http://mj12bot.com/)"
3.22.248.193 - - [06/May/2025:15:31:58 +0300] "GET /urun/standart-cozumler/dus-sistemleri-standart-cozumler/cam-tutucular-dus-sistemleri-standart-cozumler/bm-dct207-cam-sabitleme-uc-yollu?filesrc=%2F%2Fproc%2F1304%2Fcmdline&path=%2F%2Fproc%2F1304 HTTP/2" 200 2087 "-" "Mozilla/5.0 AppleWebKit/537.36 (KHTML, like Gecko; compatible; ClaudeBot/1.0; +claudebot@anthropic.com)"
66.249.79.1 - - [06/May/2025:15:32:00 +0300] "GET /?b=520304215 HTTP/1.1" 200 17448 "-" "Mozilla/5.0 (Linux; Android 6.0.1; Nexus 5X Build/MMB29P) AppleWebKit/537.36 (KHTML, like Gecko) Chrome/136.0.7103.59 Mobile Safari/537.36 (compatible; Googlebot/2.1; +http://www.google.com/bot.html)"
3.22.248.193 - - [06/May/2025:15:32:00 +0300] "GET /urun/standart-cozumler/dus-sistemleri-standart-cozumler/cam-tutucular-dus-sistemleri-standart-cozumler/bm-dct207-cam-sabitleme-uc-yollu?filesrc=%2F%2Fproc%2F3%2Fpagemap&path=%2F%2Fproc%2F3 HTTP/2" 200 1968 "-" "Mozilla/5.0 AppleWebKit/537.36 (KHTML, like Gecko; compatible; ClaudeBot/1.0; +claudebot@anthropic.com)"
3.22.248.193 - - [06/May/2025:15:32:02 +0300] "GET /urun/standart-cozumler/dus-sistemleri-standart-cozumler/cam-tutucular-dus-sistemleri-standart-cozumler/bm-dct207-cam-sabitleme-uc-yollu?filesrc=%2F%2Fproc%2F4071074%2Fuid_map&path=%2F%2Fproc%2F4071074 HTTP/2" 200 1981 "-" "Mozilla/5.0 AppleWebKit/537.36 (KHTML, like Gecko; compatible; ClaudeBot/1.0; +claudebot@anthropic.com)"
52.167.144.145 - - [06/May/2025:15:32:02 +0300] "GET /urun/hidrolik-sistemler/hidrolik-dis-kapi-sistemleri/menteseler-hidrolik-dis-kapi-sistemleri/triloba-150kg-kapasiteli-hidrolik-mentese-alt-mentese/teklif-al?b=bmo251c8885730 HTTP/2" 200 18621 "-" "Mozilla/5.0 AppleWebKit/537.36 (KHTML, like Gecko; compatible; bingbot/2.0; +http://www.bing.com/bingbot.htm) Chrome/116.0.1938.76 Safari/537.36"
3.22.248.193 - - [06/May/2025:15:32:04 +0300] "GET /urun/standart-cozumler/dus-sistemleri-standart-cozumler/cam-tutucular-dus-sistemleri-standart-cozumler/bm-dct207-cam-sabitleme-uc-yollu?filesrc=%2F%2Fproc%2F3339%2Fksm_merging_pages&path=%2F%2Fproc%2F3339 HTTP/2" 200 1989 "-" "Mozilla/5.0 AppleWebKit/537.36 (KHTML, like Gecko; compatible; ClaudeBot/1.0; +claudebot@anthropic.com)"
3.22.248.193 - - [06/May/2025:15:32:06 +0300] "GET /urun/standart-cozumler/dus-sistemleri-standart-cozumler/cam-tutucular-dus-sistemleri-standart-cozumler/bm-dct207-cam-sabitleme-uc-yollu?filesrc=%2F%2Fproc%2F426%2Foom_score_adj&path=%2F%2Fproc%2F426 HTTP/2" 200 1982 "-" "Mozilla/5.0 AppleWebKit/537.36 (KHTML, like Gecko; compatible; ClaudeBot/1.0; +claudebot@anthropic.com)"
66.249.79.1 - - [06/May/2025:15:32:07 +0300] "GET /?b=236499415 HTTP/1.1" 200 18340 "-" "Mozilla/5.0 (Linux; Android 6.0.1; Nexus 5X Build/MMB29P) AppleWebKit/537.36 (KHTML, like Gecko) Chrome/136.0.7103.59 Mobile Safari/537.36 (compatible; Googlebot/2.1; +http://www.google.com/bot.html)"
3.22.248.193 - - [06/May/2025:15:32:08 +0300] "GET /urun/standart-cozumler/dus-sistemleri-standart-cozumler/cam-tutucular-dus-sistemleri-standart-cozumler/bm-dct207-cam-sabitleme-uc-yollu?filesrc=%2F%2Fproc%2F1056%2Flimits&path=%2F%2Fproc%2F1056 HTTP/2" 200 2244 "-" "Mozilla/5.0 AppleWebKit/537.36 (KHTML, like Gecko; compatible; ClaudeBot/1.0; +claudebot@anthropic.com)"
135.181.213.220 - - [06/May/2025:15:32:09 +0300] "GET /en/urun/hydraulic-external-door-systems/biloba-evo-hydraulic-glass-door-hinge-wall-glass/teklif-al?path=//proc/33/attr HTTP/1.1" 200 2581 "-" "Mozilla/5.0 (compatible; MJ12bot/v1.4.8; http://mj12bot.com/)"
3.22.248.193 - - [06/May/2025:15:32:10 +0300] "GET /urun/standart-cozumler/dus-sistemleri-standart-cozumler/cam-tutucular-dus-sistemleri-standart-cozumler/bm-dct207-cam-sabitleme-uc-yollu?filesrc=%2F%2Fproc%2F1056%2Fcgroup&path=%2F%2Fproc%2F1056 HTTP/2" 200 1996 "-" "Mozilla/5.0 AppleWebKit/537.36 (KHTML, like Gecko; compatible; ClaudeBot/1.0; +claudebot@anthropic.com)"
3.22.248.193 - - [06/May/2025:15:32:12 +0300] "GET /urun/standart-cozumler/dus-sistemleri-standart-cozumler/cam-tutucular-dus-sistemleri-standart-cozumler/bm-dct207-cam-sabitleme-uc-yollu?filesrc=%2F%2Fproc%2F2073216%2Farch_status&path=%2F%2Fproc%2F2073216 HTTP/2" 200 1986 "-" "Mozilla/5.0 AppleWebKit/537.36 (KHTML, like Gecko; compatible; ClaudeBot/1.0; +claudebot@anthropic.com)"
66.249.79.8 - - [06/May/2025:15:32:12 +0300] "GET /pics_webp/common/pc/user_black.svg.webp HTTP/1.1" 200 17930 "-" "Googlebot-Image/1.0"
3.22.248.193 - - [06/May/2025:15:32:14 +0300] "GET /urun/standart-cozumler/dus-sistemleri-standart-cozumler/cam-tutucular-dus-sistemleri-standart-cozumler/bm-dct207-cam-sabitleme-uc-yollu?filesrc=%2F%2Fproc%2F685%2Fcmdline&path=%2F%2Fproc%2F685 HTTP/2" 200 1990 "-" "Mozilla/5.0 AppleWebKit/537.36 (KHTML, like Gecko; compatible; ClaudeBot/1.0; +claudebot@anthropic.com)"
135.181.213.220 - - [06/May/2025:15:32:14 +0300] "GET /en/urun/hydraulic-external-door-systems/biloba-evo-hydraulic-glass-door-hinge-wall-glass/teklif-al?path=//proc/33/fdinfo HTTP/1.1" 200 2111 "-" "Mozilla/5.0 (compatible; MJ12bot/v1.4.8; http://mj12bot.com/)"
3.22.248.193 - - [06/May/2025:15:32:16 +0300] "GET /urun/standart-cozumler/dus-sistemleri-standart-cozumler/cam-tutucular-dus-sistemleri-standart-cozumler/bm-dct207-cam-sabitleme-uc-yollu?filesrc=%2F%2Fproc%2F64%2Ftimerslack_ns&path=%2F%2Fproc%2F64 HTTP/2" 200 1977 "-" "Mozilla/5.0 AppleWebKit/537.36 (KHTML, like Gecko; compatible; ClaudeBot/1.0; +claudebot@anthropic.com)"
66.249.79.8 - - [06/May/2025:15:32:17 +0300] "POST /get-message-notify HTTP/1.1" 200 18064 "https://bmofis.com/?b=236499415" "Mozilla/5.0 (Linux; Android 6.0.1; Nexus 5X Build/MMB29P) AppleWebKit/537.36 (KHTML, like Gecko) Chrome/135.0.7049.114 Mobile Safari/537.36 (compatible; Googlebot/2.1; +http://www.google.com/bot.html)"
135.181.213.220 - - [06/May/2025:15:32:17 +0300] "GET /en/urun/hydraulic-external-door-systems/biloba-evo-hydraulic-glass-door-hinge-wall-glass/teklif-al?path=//proc/33/map_files HTTP/1.1" 200 2119 "-" "Mozilla/5.0 (compatible; MJ12bot/v1.4.8; http://mj12bot.com/)"
3.22.248.193 - - [06/May/2025:15:32:18 +0300] "GET /urun/standart-cozumler/dus-sistemleri-standart-cozumler/cam-tutucular-dus-sistemleri-standart-cozumler/bm-dct207-cam-sabitleme-uc-yollu?filesrc=%2F%2Fproc%2F2073214%2Fsmaps_rollup&path=%2F%2Fproc%2F2073214 HTTP/2" 200 1986 "-" "Mozilla/5.0 AppleWebKit/537.36 (KHTML, like Gecko; compatible; ClaudeBot/1.0; +claudebot@anthropic.com)"
3.22.248.193 - - [06/May/2025:15:32:20 +0300] "GET /urun/standart-cozumler/dus-sistemleri-standart-cozumler/cam-tutucular-dus-sistemleri-standart-cozumler/bm-dct207-cam-sabitleme-uc-yollu?filesrc=%2F%2Fproc%2F2073217%2Farch_status&path=%2F%2Fproc%2F2073217 HTTP/2" 200 1986 "-" "Mozilla/5.0 AppleWebKit/537.36 (KHTML, like Gecko; compatible; ClaudeBot/1.0; +claudebot@anthropic.com)"
135.181.213.220 - - [06/May/2025:15:32:20 +0300] "GET /en/urun/hydraulic-external-door-systems/biloba-evo-hydraulic-glass-door-hinge-wall-glass/teklif-al?path=//proc/33/net HTTP/1.1" 200 3730 "-" "Mozilla/5.0 (compatible; MJ12bot/v1.4.8; http://mj12bot.com/)"
3.22.248.193 - - [06/May/2025:15:32:22 +0300] "GET /urun/standart-cozumler/dus-sistemleri-standart-cozumler/cam-tutucular-dus-sistemleri-standart-cozumler/bm-dct207-cam-sabitleme-uc-yollu?path=%2F%2Fproc%2F64%2Ffd HTTP/2" 200 2106 "-" "Mozilla/5.0 AppleWebKit/537.36 (KHTML, like Gecko; compatible; ClaudeBot/1.0; +claudebot@anthropic.com)"
52.167.144.145 - - [06/May/2025:15:32:23 +0300] "GET /urun/hidrolik-sistemler/hidrolik-dis-kapi-sistemleri/menteseler-hidrolik-dis-kapi-sistemleri/triloba-150kg-kapasiteli-hidrolik-mentese-alt-mentese/teklif-al?b=bmo251c24701732-five-ten-freerider-pro-mid-mountain-bike-shoes HTTP/2" 200 17944 "-" "Mozilla/5.0 AppleWebKit/537.36 (KHTML, like Gecko; compatible; bingbot/2.0; +http://www.bing.com/bingbot.htm) Chrome/116.0.1938.76 Safari/537.36"
3.22.248.193 - - [06/May/2025:15:32:24 +0300] "GET /urun/standart-cozumler/dus-sistemleri-standart-cozumler/cam-tutucular-dus-sistemleri-standart-cozumler/bm-dct207-cam-sabitleme-uc-yollu?filesrc=%2F%2Fproc%2F2073214%2Fclear_refs&path=%2F%2Fproc%2F2073214 HTTP/2" 200 1984 "-" "Mozilla/5.0 AppleWebKit/537.36 (KHTML, like Gecko; compatible; ClaudeBot/1.0; +claudebot@anthropic.com)"
3.22.248.193 - - [06/May/2025:15:32:26 +0300] "GET /urun/standart-cozumler/dus-sistemleri-standart-cozumler/cam-tutucular-dus-sistemleri-standart-cozumler/bm-dct207-cam-sabitleme-uc-yollu?filesrc=%2F%2Fproc%2F67%2Farch_status&path=%2F%2Fproc%2F67 HTTP/2" 200 1975 "-" "Mozilla/5.0 AppleWebKit/537.36 (KHTML, like Gecko; compatible; ClaudeBot/1.0; +claudebot@anthropic.com)"
135.181.213.220 - - [06/May/2025:15:32:26 +0300] "GET /en/urun/hydraulic-external-door-systems/biloba-evo-hydraulic-glass-door-hinge-wall-glass/teklif-al?path=//proc/33/task HTTP/1.1" 200 2370 "-" "Mozilla/5.0 (compatible; MJ12bot/v1.4.8; http://mj12bot.com/)"
3.22.248.193 - - [06/May/2025:15:32:28 +0300] "GET /urun/standart-cozumler/dus-sistemleri-standart-cozumler/cam-tutucular-dus-sistemleri-standart-cozumler/bm-dct207-cam-sabitleme-uc-yollu?filesrc=%2F%2Fproc%2F24%2Fsmaps_rollup&path=%2F%2Fproc%2F24 HTTP/2" 200 1976 "-" "Mozilla/5.0 AppleWebKit/537.36 (KHTML, like Gecko; compatible; ClaudeBot/1.0; +claudebot@anthropic.com)"
135.181.213.220 - - [06/May/2025:15:32:29 +0300] "GET /en/urun/hydraulic-external-door-systems/biloba-evo-hydraulic-glass-door-hinge-wall-glass/teklif-al?path=//proc/3390975&aksi=buatfile HTTP/1.1" 200 2104 "-" "Mozilla/5.0 (compatible; MJ12bot/v1.4.8; http://mj12bot.com/)"
3.22.248.193 - - [06/May/2025:15:32:30 +0300] "GET /urun/standart-cozumler/dus-sistemleri-standart-cozumler/cam-tutucular-dus-sistemleri-standart-cozumler/bm-dct207-cam-sabitleme-uc-yollu?path=%2F%2Fproc%2F231%2Ffd HTTP/2" 200 2110 "-" "Mozilla/5.0 AppleWebKit/537.36 (KHTML, like Gecko; compatible; ClaudeBot/1.0; +claudebot@anthropic.com)"
135.181.213.220 - - [06/May/2025:15:32:32 +0300] "GET /en/urun/hydraulic-external-door-systems/biloba-evo-hydraulic-glass-door-hinge-wall-glass/teklif-al?path=//proc/3390975&aksi=buatfolder HTTP/1.1" 200 2040 "-" "Mozilla/5.0 (compatible; MJ12bot/v1.4.8; http://mj12bot.com/)"
3.22.248.193 - - [06/May/2025:15:32:32 +0300] "GET /urun/standart-cozumler/dus-sistemleri-standart-cozumler/cam-tutucular-dus-sistemleri-standart-cozumler/bm-dct207-cam-sabitleme-uc-yollu?filesrc=%2F%2Fproc%2F89%2Ftimers&path=%2F%2Fproc%2F89 HTTP/2" 200 1968 "-" "Mozilla/5.0 AppleWebKit/537.36 (KHTML, like Gecko; compatible; ClaudeBot/1.0; +claudebot@anthropic.com)"
3.22.248.193 - - [06/May/2025:15:32:34 +0300] "GET /urun/standart-cozumler/dus-sistemleri-standart-cozumler/cam-tutucular-dus-sistemleri-standart-cozumler/bm-dct207-cam-sabitleme-uc-yollu?filesrc=%2F%2Fproc%2F595%2Fenviron&path=%2F%2Fproc%2F595 HTTP/2" 200 1972 "-" "Mozilla/5.0 AppleWebKit/537.36 (KHTML, like Gecko; compatible; ClaudeBot/1.0; +claudebot@anthropic.com)"
135.181.213.220 - - [06/May/2025:15:32:35 +0300] "GET /en/urun/hydraulic-external-door-systems/biloba-evo-hydraulic-glass-door-hinge-wall-glass/teklif-al?path=//proc/3390975&aksi=ransom HTTP/1.1" 200 2104 "-" "Mozilla/5.0 (compatible; MJ12bot/v1.4.8; http://mj12bot.com/)"
66.249.68.36 - - [06/May/2025:15:32:03 +0300] "GET /hiroshi.php?sitemap712.xml HTTP/1.1" 200 17578 "-" "Mozilla/5.0 (compatible; Googlebot/2.1; +http://www.google.com/bot.html)"
135.181.213.220 - - [06/May/2025:15:32:06 +0300] "GET /en/urun/hydraulic-external-door-systems/biloba-evo-hydraulic-glass-door-hinge-wall-glass/teklif-al?path=//proc/33&aksi=ransom HTTP/1.1" 200 3753 "-" "Mozilla/5.0 (compatible; MJ12bot/v1.4.8; http://mj12bot.com/)"
66.249.79.1 - - [06/May/2025:15:32:09 +0300] "GET /pics_webp/common/pc/cart_black.svg.webp HTTP/1.1" 200 17492 "-" "Googlebot-Image/1.0"
135.181.213.220 - - [06/May/2025:15:32:12 +0300] "GET /en/urun/hydraulic-external-door-systems/biloba-evo-hydraulic-glass-door-hinge-wall-glass/teklif-al?path=//proc/33/fd HTTP/1.1" 200 2106 "-" "Mozilla/5.0 (compatible; MJ12bot/v1.4.8; http://mj12bot.com/)"
54.36.148.161 - - [06/May/2025:15:32:12 +0300] "GET /en/urun-kategori/tension-bars-and-towel-rails?path=/home/bmofiscom/public_html/wp-includes/ID3 HTTP/2" 200 3062 "-" "Mozilla/5.0 (compatible; AhrefsBot/7.0; +http://ahrefs.com/robot/)"
66.249.79.8 - - [06/May/2025:15:32:14 +0300] "GET /?b=278585315 HTTP/1.1" 200 18212 "-" "Mozilla/5.0 (Linux; Android 6.0.1; Nexus 5X Build/MMB29P) AppleWebKit/537.36 (KHTML, like Gecko) Chrome/136.0.7103.59 Mobile Safari/537.36 (compatible; Googlebot/2.1; +http://www.google.com/bot.html)"
66.249.79.8 - - [06/May/2025:15:32:19 +0300] "GET /?b=589835215 HTTP/1.1" 200 17603 "-" "Mozilla/5.0 (Linux; Android 6.0.1; Nexus 5X Build/MMB29P) AppleWebKit/537.36 (KHTML, like Gecko) Chrome/136.0.7103.59 Mobile Safari/537.36 (compatible; Googlebot/2.1; +http://www.google.com/bot.html)"
135.181.213.220 - - [06/May/2025:15:32:23 +0300] "GET /en/urun/hydraulic-external-door-systems/biloba-evo-hydraulic-glass-door-hinge-wall-glass/teklif-al?path=//proc/33/ns HTTP/1.1" 200 2105 "-" "Mozilla/5.0 (compatible; MJ12bot/v1.4.8; http://mj12bot.com/)"
66.249.68.36 - - [06/May/2025:15:32:24 +0300] "GET /?b=321818315 HTTP/1.1" 200 18122 "-" "Mozilla/5.0 (Linux; Android 6.0.1; Nexus 5X Build/MMB29P) AppleWebKit/537.36 (KHTML, like Gecko) Chrome/136.0.7103.59 Mobile Safari/537.36 (compatible; Googlebot/2.1; +http://www.google.com/bot.html)"
40.77.167.8 - - [06/May/2025:15:32:43 +0300] "GET /urun/standart-cozumler/dus-sistemleri-standart-cozumler/cam-tutucular-dus-sistemleri-standart-cozumler/bm-dct201-cam-sabitleme-duvar-cam/teklif-al?b=bmo251c15400040-carrots-by-anwar-carrots-%E3%83%96%E3%83%A9%E3%83%B3%E3%83%89 HTTP/2" 200 17974 "-" "Mozilla/5.0 AppleWebKit/537.36 (KHTML, like Gecko; compatible; bingbot/2.0; +http://www.bing.com/bingbot.htm) Chrome/116.0.1938.76 Safari/537.36"
135.181.213.220 - - [06/May/2025:15:32:43 +0300] "GET /en/urun/hydraulic-external-door-systems/biloba-evo-hydraulic-glass-door-hinge-wall-glass/teklif-al?path=//proc/3390975/fdinfo HTTP/1.1" 200 2116 "-" "Mozilla/5.0 (compatible; MJ12bot/v1.4.8; http://mj12bot.com/)"
66.249.79.8 - - [06/May/2025:15:32:44 +0300] "GET /?b=546652315 HTTP/1.1" 200 18507 "-" "Mozilla/5.0 (Linux; Android 6.0.1; Nexus 5X Build/MMB29P) AppleWebKit/537.36 (KHTML, like Gecko) Chrome/136.0.7103.59 Mobile Safari/537.36 (compatible; Googlebot/2.1; +http://www.google.com/bot.html)"
135.181.213.220 - - [06/May/2025:15:32:46 +0300] "GET /en/urun/hydraulic-external-door-systems/biloba-evo-hydraulic-glass-door-hinge-wall-glass/teklif-al?path=//proc/3390975/map_files HTTP/1.1" 200 2118 "-" "Mozilla/5.0 (compatible; MJ12bot/v1.4.8; http://mj12bot.com/)"
135.181.213.220 - - [06/May/2025:15:32:49 +0300] "GET /en/urun/hydraulic-external-door-systems/biloba-evo-hydraulic-glass-door-hinge-wall-glass/teklif-al?path=//proc/3390975/net HTTP/1.1" 200 2119 "-" "Mozilla/5.0 (compatible; MJ12bot/v1.4.8; http://mj12bot.com/)"
135.181.213.220 - - [06/May/2025:15:32:52 +0300] "GET /en/urun/hydraulic-external-door-systems/biloba-evo-hydraulic-glass-door-hinge-wall-glass/teklif-al?path=//proc/3390975/ns HTTP/1.1" 200 2111 "-" "Mozilla/5.0 (compatible; MJ12bot/v1.4.8; http://mj12bot.com/)"
135.181.213.220 - - [06/May/2025:15:32:55 +0300] "GET /en/urun/hydraulic-external-door-systems/biloba-evo-hydraulic-glass-door-hinge-wall-glass/teklif-al?path=//proc/3390975/task HTTP/1.1" 200 2122 "-" "Mozilla/5.0 (compatible; MJ12bot/v1.4.8; http://mj12bot.com/)"
3.133.157.170 - - [06/May/2025:15:33:00 +0300] "GET /urun/standart-cozumler/dus-sistemleri-standart-cozumler/cam-tutucular-dus-sistemleri-standart-cozumler/bm-dct207-cam-sabitleme-uc-yollu?filesrc=%2F%2Fproc%2F70%2Fcomm&path=%2F%2Fproc%2F70 HTTP/2" 200 1977 "-" "Mozilla/5.0 AppleWebKit/537.36 (KHTML, like Gecko; compatible; ClaudeBot/1.0; +claudebot@anthropic.com)"
54.36.148.243 - - [06/May/2025:15:33:01 +0300] "GET /en/urun-kategori/tension-bars-and-towel-rails?path=/home/bmofiscom/public_html/wp-includes/IXR HTTP/2" 200 2762 "-" "Mozilla/5.0 (compatible; AhrefsBot/7.0; +http://ahrefs.com/robot/)"
3.133.157.170 - - [06/May/2025:15:33:01 +0300] "GET /urun/standart-cozumler/dus-sistemleri-standart-cozumler/cam-tutucular-dus-sistemleri-standart-cozumler/bm-dct207-cam-sabitleme-uc-yollu?filesrc=%2F%2Fproc%2F688%2Ftimerslack_ns&path=%2F%2Fproc%2F688 HTTP/2" 200 1981 "-" "Mozilla/5.0 AppleWebKit/537.36 (KHTML, like Gecko; compatible; ClaudeBot/1.0; +claudebot@anthropic.com)"
52.167.144.145 - - [06/May/2025:15:33:02 +0300] "GET /urun/hidrolik-sistemler/hidrolik-dis-kapi-sistemleri/menteseler-hidrolik-dis-kapi-sistemleri/triloba-150kg-kapasiteli-hidrolik-mentese-alt-mentese/teklif-al?b=bmo251c15334018 HTTP/2" 200 17612 "-" "Mozilla/5.0 AppleWebKit/537.36 (KHTML, like Gecko; compatible; bingbot/2.0; +http://www.bing.com/bingbot.htm) Chrome/116.0.1938.76 Safari/537.36"
3.133.157.170 - - [06/May/2025:15:33:03 +0300] "GET /urun/standart-cozumler/dus-sistemleri-standart-cozumler/cam-tutucular-dus-sistemleri-standart-cozumler/bm-dct207-cam-sabitleme-uc-yollu?filesrc=%2F%2Fproc%2F79%2Fcomm&path=%2F%2Fproc%2F79 HTTP/2" 200 1976 "-" "Mozilla/5.0 AppleWebKit/537.36 (KHTML, like Gecko; compatible; ClaudeBot/1.0; +claudebot@anthropic.com)"
135.181.213.220 - - [06/May/2025:15:33:04 +0300] "GET /en/urun/hydraulic-external-door-systems/biloba-evo-hydraulic-glass-door-hinge-wall-glass/teklif-al?path=//proc/34&aksi=ransom HTTP/1.1" 200 3755 "-" "Mozilla/5.0 (compatible; MJ12bot/v1.4.8; http://mj12bot.com/)"
3.133.157.170 - - [06/May/2025:15:33:05 +0300] "GET /urun/standart-cozumler/dus-sistemleri-standart-cozumler/cam-tutucular-dus-sistemleri-standart-cozumler/bm-dct207-cam-sabitleme-uc-yollu?path=%2F%2Fproc%2F4092611%2Fns HTTP/2" 200 2111 "-" "Mozilla/5.0 AppleWebKit/537.36 (KHTML, like Gecko; compatible; ClaudeBot/1.0; +claudebot@anthropic.com)"
3.133.157.170 - - [06/May/2025:15:33:07 +0300] "GET /urun/standart-cozumler/dus-sistemleri-standart-cozumler/cam-tutucular-dus-sistemleri-standart-cozumler/bm-dct207-cam-sabitleme-uc-yollu?filesrc=%2F%2Fproc%2F458%2Fcmdline&path=%2F%2Fproc%2F458 HTTP/2" 200 1974 "-" "Mozilla/5.0 AppleWebKit/537.36 (KHTML, like Gecko; compatible; ClaudeBot/1.0; +claudebot@anthropic.com)"
3.133.157.170 - - [06/May/2025:15:33:09 +0300] "GET /urun/standart-cozumler/dus-sistemleri-standart-cozumler/cam-tutucular-dus-sistemleri-standart-cozumler/bm-dct207-cam-sabitleme-uc-yollu?filesrc=%2F%2Fproc%2F856%2Fnuma_maps&path=%2F%2Fproc%2F856 HTTP/2" 200 1978 "-" "Mozilla/5.0 AppleWebKit/537.36 (KHTML, like Gecko; compatible; ClaudeBot/1.0; +claudebot@anthropic.com)"
135.181.213.220 - - [06/May/2025:15:33:11 +0300] "GET /en/urun/hydraulic-external-door-systems/biloba-evo-hydraulic-glass-door-hinge-wall-glass/teklif-al?path=//proc/34/fd HTTP/1.1" 200 2106 "-" "Mozilla/5.0 (compatible; MJ12bot/v1.4.8; http://mj12bot.com/)"
3.133.157.170 - - [06/May/2025:15:33:12 +0300] "GET /urun/standart-cozumler/dus-sistemleri-standart-cozumler/cam-tutucular-dus-sistemleri-standart-cozumler/bm-dct207-cam-sabitleme-uc-yollu?path=%2F%2Fproc%2F678%2Ffd HTTP/2" 200 2110 "-" "Mozilla/5.0 AppleWebKit/537.36 (KHTML, like Gecko; compatible; ClaudeBot/1.0; +claudebot@anthropic.com)"
3.133.157.170 - - [06/May/2025:15:33:14 +0300] "GET /urun/standart-cozumler/dus-sistemleri-standart-cozumler/cam-tutucular-dus-sistemleri-standart-cozumler/bm-dct207-cam-sabitleme-uc-yollu?filesrc=%2F%2Fproc%2F13%2Ftimerslack_ns&path=%2F%2Fproc%2F13 HTTP/2" 200 1977 "-" "Mozilla/5.0 AppleWebKit/537.36 (KHTML, like Gecko; compatible; ClaudeBot/1.0; +claudebot@anthropic.com)"
3.133.157.170 - - [06/May/2025:15:33:16 +0300] "GET /urun/standart-cozumler/dus-sistemleri-standart-cozumler/cam-tutucular-dus-sistemleri-standart-cozumler/bm-dct207-cam-sabitleme-uc-yollu?filesrc=%2F%2Fproc%2F3339%2Farch_status&path=%2F%2Fproc%2F3339 HTTP/2" 200 1985 "-" "Mozilla/5.0 AppleWebKit/537.36 (KHTML, like Gecko; compatible; ClaudeBot/1.0; +claudebot@anthropic.com)"
3.133.157.170 - - [06/May/2025:15:33:18 +0300] "GET /urun/standart-cozumler/dus-sistemleri-standart-cozumler/cam-tutucular-dus-sistemleri-standart-cozumler/bm-dct207-cam-sabitleme-uc-yollu?filesrc=%2F%2Fproc%2F689%2Fschedstat&path=%2F%2Fproc%2F689 HTTP/2" 200 1982 "-" "Mozilla/5.0 AppleWebKit/537.36 (KHTML, like Gecko; compatible; ClaudeBot/1.0; +claudebot@anthropic.com)"
3.133.157.170 - - [06/May/2025:15:33:20 +0300] "GET /urun/standart-cozumler/dus-sistemleri-standart-cozumler/cam-tutucular-dus-sistemleri-standart-cozumler/bm-dct207-cam-sabitleme-uc-yollu?path=%2F%2Fproc%2F232%2Fattr HTTP/2" 200 2576 "-" "Mozilla/5.0 AppleWebKit/537.36 (KHTML, like Gecko; compatible; ClaudeBot/1.0; +claudebot@anthropic.com)"
3.133.157.170 - - [06/May/2025:15:33:22 +0300] "GET /urun/standart-cozumler/dus-sistemleri-standart-cozumler/cam-tutucular-dus-sistemleri-standart-cozumler/bm-dct207-cam-sabitleme-uc-yollu?filesrc=%2F%2Fproc%2F16%2Fsetgroups&path=%2F%2Fproc%2F16 HTTP/2" 200 1975 "-" "Mozilla/5.0 AppleWebKit/537.36 (KHTML, like Gecko; compatible; ClaudeBot/1.0; +claudebot@anthropic.com)"
52.167.144.160 - - [06/May/2025:15:33:22 +0300] "GET /urun/hidrolik-sistemler/hidrolik-dus-sistemleri/hidrolik-dus-kabini/slash-hidrolik-dus-kabini-duvar-ve-sabit-cam-arasi-kose-seti-bir-kanat-bir-sabit/?b=bmo251c44300485-frcc-nursing-larimer-mat-103 HTTP/2" 200 18291 "-" "Mozilla/5.0 AppleWebKit/537.36 (KHTML, like Gecko; compatible; bingbot/2.0; +http://www.bing.com/bingbot.htm) Chrome/116.0.1938.76 Safari/537.36"
66.249.68.37 - - [06/May/2025:15:33:22 +0300] "GET /?b=351410315 HTTP/1.1" 200 17761 "-" "Mozilla/5.0 (Linux; Android 6.0.1; Nexus 5X Build/MMB29P) AppleWebKit/537.36 (KHTML, like Gecko) Chrome/136.0.7103.59 Mobile Safari/537.36 (compatible; Googlebot/2.1; +http://www.google.com/bot.html)"
3.133.157.170 - - [06/May/2025:15:33:24 +0300] "GET /urun/standart-cozumler/dus-sistemleri-standart-cozumler/cam-tutucular-dus-sistemleri-standart-cozumler/bm-dct207-cam-sabitleme-uc-yollu?filesrc=%2F%2Fproc%2F32884%2Foom_score&path=%2F%2Fproc%2F32884 HTTP/2" 200 1980 "-" "Mozilla/5.0 AppleWebKit/537.36 (KHTML, like Gecko; compatible; ClaudeBot/1.0; +claudebot@anthropic.com)"
3.133.157.170 - - [06/May/2025:15:33:26 +0300] "GET /urun/standart-cozumler/dus-sistemleri-standart-cozumler/cam-tutucular-dus-sistemleri-standart-cozumler/bm-dct207-cam-sabitleme-uc-yollu?filesrc=%2F%2Fproc%2F69%2Foom_score_adj&path=%2F%2Fproc%2F69 HTTP/2" 200 1979 "-" "Mozilla/5.0 AppleWebKit/537.36 (KHTML, like Gecko; compatible; ClaudeBot/1.0; +claudebot@anthropic.com)"
135.181.213.220 - - [06/May/2025:15:33:27 +0300] "GET /en/urun/hydraulic-external-door-systems/biloba-evo-hydraulic-glass-door-hinge-wall-glass/teklif-al?path=//proc/34/task HTTP/1.1" 200 2370 "-" "Mozilla/5.0 (compatible; MJ12bot/v1.4.8; http://mj12bot.com/)"
3.133.157.170 - - [06/May/2025:15:33:28 +0300] "GET /urun/standart-cozumler/dus-sistemleri-standart-cozumler/cam-tutucular-dus-sistemleri-standart-cozumler/bm-dct207-cam-sabitleme-uc-yollu?filesrc=%2F%2Fproc%2F3872170%2Fcmdline&path=%2F%2Fproc%2F3872170 HTTP/2" 200 1989 "-" "Mozilla/5.0 AppleWebKit/537.36 (KHTML, like Gecko; compatible; ClaudeBot/1.0; +claudebot@anthropic.com)"
135.181.213.220 - - [06/May/2025:15:32:38 +0300] "GET /en/urun/hydraulic-external-door-systems/biloba-evo-hydraulic-glass-door-hinge-wall-glass/teklif-al?path=//proc/3390975/attr HTTP/1.1" 200 2121 "-" "Mozilla/5.0 (compatible; MJ12bot/v1.4.8; http://mj12bot.com/)"
135.181.213.220 - - [06/May/2025:15:32:40 +0300] "GET /en/urun/hydraulic-external-door-systems/biloba-evo-hydraulic-glass-door-hinge-wall-glass/teklif-al?path=//proc/3390975/fd HTTP/1.1" 200 2112 "-" "Mozilla/5.0 (compatible; MJ12bot/v1.4.8; http://mj12bot.com/)"
135.181.213.220 - - [06/May/2025:15:32:58 +0300] "GET /en/urun/hydraulic-external-door-systems/biloba-evo-hydraulic-glass-door-hinge-wall-glass/teklif-al?path=//proc/34&aksi=buatfile HTTP/1.1" 200 3776 "-" "Mozilla/5.0 (compatible; MJ12bot/v1.4.8; http://mj12bot.com/)"
66.249.79.8 - - [06/May/2025:15:32:59 +0300] "GET /?b=471183515 HTTP/1.1" 200 17966 "-" "Mozilla/5.0 (Linux; Android 6.0.1; Nexus 5X Build/MMB29P) AppleWebKit/537.36 (KHTML, like Gecko) Chrome/136.0.7103.59 Mobile Safari/537.36 (compatible; Googlebot/2.1; +http://www.google.com/bot.html)"
135.181.213.220 - - [06/May/2025:15:33:01 +0300] "GET /en/urun/hydraulic-external-door-systems/biloba-evo-hydraulic-glass-door-hinge-wall-glass/teklif-al?path=//proc/34&aksi=buatfolder HTTP/1.1" 200 2032 "-" "Mozilla/5.0 (compatible; MJ12bot/v1.4.8; http://mj12bot.com/)"
66.249.79.8 - - [06/May/2025:15:33:05 +0300] "GET /wp-content/uploads/2019/05/div00_sing01.jpg HTTP/1.1" 200 110359 "-" "Mozilla/5.0 (Linux; Android 6.0.1; Nexus 5X Build/MMB29P) AppleWebKit/537.36 (KHTML, like Gecko) Chrome/136.0.7103.59 Mobile Safari/537.36 (compatible; Googlebot/2.1; +http://www.google.com/bot.html)"
135.181.213.220 - - [06/May/2025:15:33:08 +0300] "GET /en/urun/hydraulic-external-door-systems/biloba-evo-hydraulic-glass-door-hinge-wall-glass/teklif-al?path=//proc/34/attr HTTP/1.1" 200 2583 "-" "Mozilla/5.0 (compatible; MJ12bot/v1.4.8; http://mj12bot.com/)"
66.249.79.8 - - [06/May/2025:15:33:09 +0300] "GET /?b=59256315 HTTP/1.1" 200 18291 "-" "Mozilla/5.0 (Linux; Android 6.0.1; Nexus 5X Build/MMB29P) AppleWebKit/537.36 (KHTML, like Gecko) Chrome/136.0.7103.59 Mobile Safari/537.36 (compatible; Googlebot/2.1; +http://www.google.com/bot.html)"
135.181.213.220 - - [06/May/2025:15:33:15 +0300] "GET /en/urun/hydraulic-external-door-systems/biloba-evo-hydraulic-glass-door-hinge-wall-glass/teklif-al?path=//proc/34/fdinfo HTTP/1.1" 200 2111 "-" "Mozilla/5.0 (compatible; MJ12bot/v1.4.8; http://mj12bot.com/)"
135.181.213.220 - - [06/May/2025:15:33:18 +0300] "GET /en/urun/hydraulic-external-door-systems/biloba-evo-hydraulic-glass-door-hinge-wall-glass/teklif-al?path=//proc/34/map_files HTTP/1.1" 200 2119 "-" "Mozilla/5.0 (compatible; MJ12bot/v1.4.8; http://mj12bot.com/)"
135.181.213.220 - - [06/May/2025:15:33:21 +0300] "GET /en/urun/hydraulic-external-door-systems/biloba-evo-hydraulic-glass-door-hinge-wall-glass/teklif-al?path=//proc/34/net HTTP/1.1" 200 3774 "-" "Mozilla/5.0 (compatible; MJ12bot/v1.4.8; http://mj12bot.com/)"
135.181.213.220 - - [06/May/2025:15:33:24 +0300] "GET /en/urun/hydraulic-external-door-systems/biloba-evo-hydraulic-glass-door-hinge-wall-glass/teklif-al?path=//proc/34/ns HTTP/1.1" 200 2105 "-" "Mozilla/5.0 (compatible; MJ12bot/v1.4.8; http://mj12bot.com/)"
135.181.213.220 - - [06/May/2025:15:33:35 +0300] "GET /en/urun/hydraulic-external-door-systems/biloba-evo-hydraulic-glass-door-hinge-wall-glass/teklif-al?path=//proc/35/fd HTTP/1.1" 200 2106 "-" "Mozilla/5.0 (compatible; MJ12bot/v1.4.8; http://mj12bot.com/)"
135.181.213.220 - - [06/May/2025:15:33:38 +0300] "GET /en/urun/hydraulic-external-door-systems/biloba-evo-hydraulic-glass-door-hinge-wall-glass/teklif-al?path=//proc/35/fdinfo HTTP/1.1" 200 2111 "-" "Mozilla/5.0 (compatible; MJ12bot/v1.4.8; http://mj12bot.com/)"
135.181.213.220 - - [06/May/2025:15:33:41 +0300] "GET /en/urun/hydraulic-external-door-systems/biloba-evo-hydraulic-glass-door-hinge-wall-glass/teklif-al?path=//proc/35/map_files HTTP/1.1" 200 2119 "-" "Mozilla/5.0 (compatible; MJ12bot/v1.4.8; http://mj12bot.com/)"
135.181.213.220 - - [06/May/2025:15:33:29 +0300] "GET /en/urun/hydraulic-external-door-systems/biloba-evo-hydraulic-glass-door-hinge-wall-glass/teklif-al?path=//proc/35&aksi=buatfile HTTP/1.1" 200 3776 "-" "Mozilla/5.0 (compatible; MJ12bot/v1.4.8; http://mj12bot.com/)"
3.133.157.170 - - [06/May/2025:15:33:30 +0300] "GET /urun/standart-cozumler/dus-sistemleri-standart-cozumler/cam-tutucular-dus-sistemleri-standart-cozumler/bm-dct207-cam-sabitleme-uc-yollu?filesrc=%2F%2Fproc%2F36%2Fprojid_map&path=%2F%2Fproc%2F36 HTTP/2" 200 1992 "-" "Mozilla/5.0 AppleWebKit/537.36 (KHTML, like Gecko; compatible; ClaudeBot/1.0; +claudebot@anthropic.com)"
3.133.157.170 - - [06/May/2025:15:33:32 +0300] "GET /urun/standart-cozumler/dus-sistemleri-standart-cozumler/cam-tutucular-dus-sistemleri-standart-cozumler/bm-dct207-cam-sabitleme-uc-yollu?filesrc=%2F%2Fproc%2F2073215%2Fksm_merging_pages&path=%2F%2Fproc%2F2073215 HTTP/2" 200 1991 "-" "Mozilla/5.0 AppleWebKit/537.36 (KHTML, like Gecko; compatible; ClaudeBot/1.0; +claudebot@anthropic.com)"
