45.85.147.131 - - [06/May/2025:15:37:40 +0300] "GET /en/urun/hydraulic-external-door-systems/biloba-evo-hydraulic-glass-door-hinge-wall-glass/teklif-al?filesrc=//proc/458/environ&path=//proc/458 HTTP/1.1" 200 1972 "-" "Mozilla/5.0 (compatible; MJ12bot/v1.4.8; http://mj12bot.com/)"
52.167.144.160 - - [06/May/2025:15:37:42 +0300] "GET /urun/slash-hidrolik-dus-kabini-duvar-ve-sabit-cam-arasi-kose-seti-bir-kanat-bir-sabit/?b=bmo251c22100114-electric-yoga-camisole HTTP/2" 200 18124 "-" "Mozilla/5.0 AppleWebKit/537.36 (KHTML, like Gecko; compatible; bingbot/2.0; +http://www.bing.com/bingbot.htm) Chrome/116.0.1938.76 Safari/537.36"
135.181.213.220 - - [06/May/2025:15:37:45 +0300] "GET /en/urun/hydraulic-external-door-systems/biloba-evo-hydraulic-glass-door-hinge-wall-glass/teklif-al?path=//proc/3900887/fd HTTP/1.1" 200 2112 "-" "Mozilla/5.0 (compatible; MJ12bot/v1.4.8; http://mj12bot.com/)"
135.181.213.220 - - [06/May/2025:15:37:48 +0300] "GET /en/urun/hydraulic-external-door-systems/biloba-evo-hydraulic-glass-door-hinge-wall-glass/teklif-al?path=//proc/3900887/fdinfo HTTP/1.1" 200 2116 "-" "Mozilla/5.0 (compatible; MJ12bot/v1.4.8; http://mj12bot.com/)"
45.85.147.131 - - [06/May/2025:15:37:51 +0300] "GET /en/urun/hydraulic-external-door-systems/biloba-evo-hydraulic-glass-door-hinge-wall-glass/teklif-al?filesrc=//proc/458/gid_map&path=//proc/458 HTTP/1.1" 200 1991 "-" "Mozilla/5.0 (compatible; MJ12bot/v1.4.8; http://mj12bot.com/)"
135.181.213.220 - - [06/May/2025:15:37:51 +0300] "GET /en/urun/hydraulic-external-door-systems/biloba-evo-hydraulic-glass-door-hinge-wall-glass/teklif-al?path=//proc/3900887/map_files HTTP/1.1" 200 2118 "-" "Mozilla/5.0 (compatible; MJ12bot/v1.4.8; http://mj12bot.com/)"
45.85.147.131 - - [06/May/2025:15:37:57 +0300] "GET /en/urun/hydraulic-external-door-systems/biloba-evo-hydraulic-glass-door-hinge-wall-glass/teklif-al?filesrc=//proc/458/io&path=//proc/458 HTTP/1.1" 200 1969 "-" "Mozilla/5.0 (compatible; MJ12bot/v1.4.8; http://mj12bot.com/)"
135.181.213.220 - - [06/May/2025:15:38:00 +0300] "GET /en/urun/hydraulic-external-door-systems/biloba-evo-hydraulic-glass-door-hinge-wall-glass/teklif-al?path=//proc/3900887/task HTTP/1.1" 200 2122 "-" "Mozilla/5.0 (compatible; MJ12bot/v1.4.8; http://mj12bot.com/)"
65.21.232.254 - - [06/May/2025:15:38:03 +0300] "GET /en/urun/hydraulic-external-door-systems/biloba-evo-hydraulic-glass-door-hinge-wall-glass/teklif-al?filesrc=//proc/51/setgroups&path=//proc/51 HTTP/1.1" 200 1975 "-" "Mozilla/5.0 (compatible; MJ12bot/v1.4.8; http://mj12bot.com/)"
135.181.213.220 - - [06/May/2025:15:38:03 +0300] "GET /en/urun/hydraulic-external-door-systems/biloba-evo-hydraulic-glass-door-hinge-wall-glass/teklif-al?path=//proc/3903840&aksi=buatfile HTTP/1.1" 200 3828 "-" "Mozilla/5.0 (compatible; MJ12bot/v1.4.8; http://mj12bot.com/)"
65.21.232.254 - - [06/May/2025:15:38:06 +0300] "GET /en/urun/hydraulic-external-door-systems/biloba-evo-hydraulic-glass-door-hinge-wall-glass/teklif-al?filesrc=//proc/51/smaps&path=//proc/51 HTTP/1.1" 200 1968 "-" "Mozilla/5.0 (compatible; MJ12bot/v1.4.8; http://mj12bot.com/)"
135.181.213.220 - - [06/May/2025:15:38:06 +0300] "GET /en/urun/hydraulic-external-door-systems/biloba-evo-hydraulic-glass-door-hinge-wall-glass/teklif-al?path=//proc/3903840&aksi=buatfolder HTTP/1.1" 200 2040 "-" "Mozilla/5.0 (compatible; MJ12bot/v1.4.8; http://mj12bot.com/)"
3.133.129.9 - - [06/May/2025:15:38:07 +0300] "GET /urun/standart-cozumler/dus-sistemleri-standart-cozumler/cam-tutucular-dus-sistemleri-standart-cozumler/bm-dct207-cam-sabitleme-uc-yollu?filesrc=%2F%2Fproc%2F2073217%2Fschedstat&path=%2F%2Fproc%2F2073217 HTTP/2" 200 2002 "-" "Mozilla/5.0 AppleWebKit/537.36 (KHTML, like Gecko; compatible; ClaudeBot/1.0; +claudebot@anthropic.com)"
45.85.147.131 - - [06/May/2025:15:38:08 +0300] "GET /en/urun/hydraulic-external-door-systems/biloba-evo-hydraulic-glass-door-hinge-wall-glass/teklif-al?filesrc=//proc/458/ksm_stat&path=//proc/458 HTTP/1.1" 200 1977 "-" "Mozilla/5.0 (compatible; MJ12bot/v1.4.8; http://mj12bot.com/)"
3.133.129.9 - - [06/May/2025:15:38:08 +0300] "GET /urun/standart-cozumler/dus-sistemleri-standart-cozumler/cam-tutucular-dus-sistemleri-standart-cozumler/bm-dct207-cam-sabitleme-uc-yollu?filesrc=%2F%2Fproc%2F76%2Fcomm&path=%2F%2Fproc%2F76 HTTP/2" 200 1979 "-" "Mozilla/5.0 AppleWebKit/537.36 (KHTML, like Gecko; compatible; ClaudeBot/1.0; +claudebot@anthropic.com)"
65.21.232.254 - - [06/May/2025:15:38:09 +0300] "GET /en/urun/hydraulic-external-door-systems/biloba-evo-hydraulic-glass-door-hinge-wall-glass/teklif-al?filesrc=//proc/51/smaps_rollup&path=//proc/51 HTTP/1.1" 200 1976 "-" "Mozilla/5.0 (compatible; MJ12bot/v1.4.8; http://mj12bot.com/)"
135.181.213.220 - - [06/May/2025:15:38:09 +0300] "GET /en/urun/hydraulic-external-door-systems/biloba-evo-hydraulic-glass-door-hinge-wall-glass/teklif-al?path=//proc/3903840&aksi=ransom HTTP/1.1" 200 3900 "-" "Mozilla/5.0 (compatible; MJ12bot/v1.4.8; http://mj12bot.com/)"
3.133.129.9 - - [06/May/2025:15:38:10 +0300] "GET /urun/standart-cozumler/dus-sistemleri-standart-cozumler/cam-tutucular-dus-sistemleri-standart-cozumler/bm-dct207-cam-sabitleme-uc-yollu?filesrc=%2F%2Fproc%2F49%2Fprojid_map&path=%2F%2Fproc%2F49 HTTP/2" 200 1992 "-" "Mozilla/5.0 AppleWebKit/537.36 (KHTML, like Gecko; compatible; ClaudeBot/1.0; +claudebot@anthropic.com)"
3.133.129.9 - - [06/May/2025:15:38:12 +0300] "GET /urun/standart-cozumler/dus-sistemleri-standart-cozumler/cam-tutucular-dus-sistemleri-standart-cozumler/bm-dct207-cam-sabitleme-uc-yollu?filesrc=%2F%2Fproc%2F233%2Flimits&path=%2F%2Fproc%2F233 HTTP/2" 200 2248 "-" "Mozilla/5.0 AppleWebKit/537.36 (KHTML, like Gecko; compatible; ClaudeBot/1.0; +claudebot@anthropic.com)"
3.133.129.9 - - [06/May/2025:15:38:14 +0300] "GET /urun/standart-cozumler/dus-sistemleri-standart-cozumler/cam-tutucular-dus-sistemleri-standart-cozumler/bm-dct207-cam-sabitleme-uc-yollu?filesrc=%2F%2Fproc%2F428%2Fstatus&path=%2F%2Fproc%2F428 HTTP/2" 200 2326 "-" "Mozilla/5.0 AppleWebKit/537.36 (KHTML, like Gecko; compatible; ClaudeBot/1.0; +claudebot@anthropic.com)"
135.181.213.220 - - [06/May/2025:15:37:57 +0300] "GET /en/urun/hydraulic-external-door-systems/biloba-evo-hydraulic-glass-door-hinge-wall-glass/teklif-al?path=//proc/3900887/ns HTTP/1.1" 200 2111 "-" "Mozilla/5.0 (compatible; MJ12bot/v1.4.8; http://mj12bot.com/)"
192.99.3.137 - - [06/May/2025:15:37:58 +0300] "GET /en/urun/hydraulic-external-door-systems/biloba-evo-hydraulic-glass-door-hinge-wall-glass/teklif-al?filesrc=//proc/63/ksm_stat&path=//proc/63 HTTP/1.1" 200 1972 "-" "Mozilla/5.0 (compatible; MJ12bot/v1.4.8; http://mj12bot.com/)"
65.21.232.254 - - [06/May/2025:15:37:59 +0300] "GET /en/urun/hydraulic-external-door-systems/biloba-evo-hydraulic-glass-door-hinge-wall-glass/teklif-al?filesrc=//proc/51/sessionid&path=//proc/51 HTTP/1.1" 200 1978 "-" "Mozilla/5.0 (compatible; MJ12bot/v1.4.8; http://mj12bot.com/)"
192.99.3.137 - - [06/May/2025:15:38:01 +0300] "GET /en/urun/hydraulic-external-door-systems/biloba-evo-hydraulic-glass-door-hinge-wall-glass/teklif-al?filesrc=//proc/63/limits&path=//proc/63 HTTP/1.1" 200 2240 "-" "Mozilla/5.0 (compatible; MJ12bot/v1.4.8; http://mj12bot.com/)"
52.167.144.160 - - [06/May/2025:15:38:02 +0300] "GET /urun/hidrolik-sistemler/hidrolik-dus-sistemleri/sauna-buhar-odasi-cozumleri-hidrolik-dus-sistemleri/kbt8061-buhar-odalari-ve-hamamlar-icin-hidrolik-set/teklif-al?b=bmo251c52513017-lee-canvas-bag HTTP/2" 200 18758 "-" "Mozilla/5.0 AppleWebKit/537.36 (KHTML, like Gecko; compatible; bingbot/2.0; +http://www.bing.com/bingbot.htm) Chrome/116.0.1938.76 Safari/537.36"
192.99.3.137 - - [06/May/2025:15:38:03 +0300] "GET /en/urun/hydraulic-external-door-systems/biloba-evo-hydraulic-glass-door-hinge-wall-glass/teklif-al?filesrc=//proc/63/loginuid&path=//proc/63 HTTP/1.1" 200 1978 "-" "Mozilla/5.0 (compatible; MJ12bot/v1.4.8; http://mj12bot.com/)"
192.99.3.137 - - [06/May/2025:15:38:06 +0300] "GET /en/urun/hydraulic-external-door-systems/biloba-evo-hydraulic-glass-door-hinge-wall-glass/teklif-al?filesrc=//proc/63/maps&path=//proc/63 HTTP/1.1" 200 1967 "-" "Mozilla/5.0 (compatible; MJ12bot/v1.4.8; http://mj12bot.com/)"
192.99.3.137 - - [06/May/2025:15:38:09 +0300] "GET /en/urun/hydraulic-external-door-systems/biloba-evo-hydraulic-glass-door-hinge-wall-glass/teklif-al?filesrc=//proc/63/mem&path=//proc/63 HTTP/1.1" 200 1966 "-" "Mozilla/5.0 (compatible; MJ12bot/v1.4.8; http://mj12bot.com/)"
192.99.3.137 - - [06/May/2025:15:38:12 +0300] "GET /en/urun/hydraulic-external-door-systems/biloba-evo-hydraulic-glass-door-hinge-wall-glass/teklif-al?filesrc=//proc/63/mountinfo&path=//proc/63 HTTP/1.1" 200 2872 "-" "Mozilla/5.0 (compatible; MJ12bot/v1.4.8; http://mj12bot.com/)"
65.21.232.254 - - [06/May/2025:15:38:12 +0300] "GET /en/urun/hydraulic-external-door-systems/biloba-evo-hydraulic-glass-door-hinge-wall-glass/teklif-al?filesrc=//proc/51/stack&path=//proc/51 HTTP/1.1" 200 1967 "-" "Mozilla/5.0 (compatible; MJ12bot/v1.4.8; http://mj12bot.com/)"
135.181.213.220 - - [06/May/2025:15:38:12 +0300] "GET /en/urun/hydraulic-external-door-systems/biloba-evo-hydraulic-glass-door-hinge-wall-glass/teklif-al?path=//proc/3903840/attr HTTP/1.1" 200 2587 "-" "Mozilla/5.0 (compatible; MJ12bot/v1.4.8; http://mj12bot.com/)"
192.99.3.137 - - [06/May/2025:15:38:14 +0300] "GET /en/urun/hydraulic-external-door-systems/biloba-evo-hydraulic-glass-door-hinge-wall-glass/teklif-al?filesrc=//proc/63/mounts&path=//proc/63 HTTP/1.1" 200 2604 "-" "Mozilla/5.0 (compatible; MJ12bot/v1.4.8; http://mj12bot.com/)"
54.36.149.78 - - [06/May/2025:15:38:16 +0300] "GET /en/urun-kategori/tension-bars-and-towel-rails?path=/home/bmofiscom/public_html/wp-includes/assets HTTP/2" 200 2606 "-" "Mozilla/5.0 (compatible; AhrefsBot/7.0; +http://ahrefs.com/robot/)"
192.99.3.137 - - [06/May/2025:15:38:19 +0300] "GET /en/urun/hydraulic-external-door-systems/biloba-evo-hydraulic-glass-door-hinge-wall-glass/teklif-al?filesrc=//proc/63/mountstats&path=//proc/63 HTTP/1.1" 200 1971 "-" "Mozilla/5.0 (compatible; MJ12bot/v1.4.8; http://mj12bot.com/)"
45.85.147.131 - - [06/May/2025:15:38:15 +0300] "GET /en/urun/hydraulic-external-door-systems/biloba-evo-hydraulic-glass-door-hinge-wall-glass/teklif-al?filesrc=//proc/458/maps&path=//proc/458 HTTP/1.1" 200 1972 "-" "Mozilla/5.0 (compatible; MJ12bot/v1.4.8; http://mj12bot.com/)"
65.21.232.254 - - [06/May/2025:15:38:15 +0300] "GET /en/urun/hydraulic-external-door-systems/biloba-evo-hydraulic-glass-door-hinge-wall-glass/teklif-al?filesrc=//proc/51/stat&path=//proc/51 HTTP/1.1" 200 2064 "-" "Mozilla/5.0 (compatible; MJ12bot/v1.4.8; http://mj12bot.com/)"
135.181.213.220 - - [06/May/2025:15:38:15 +0300] "GET /en/urun/hydraulic-external-door-systems/biloba-evo-hydraulic-glass-door-hinge-wall-glass/teklif-al?path=//proc/3903840/fd HTTP/1.1" 200 2112 "-" "Mozilla/5.0 (compatible; MJ12bot/v1.4.8; http://mj12bot.com/)"
3.133.129.9 - - [06/May/2025:15:38:17 +0300] "GET /urun/standart-cozumler/dus-sistemleri-standart-cozumler/cam-tutucular-dus-sistemleri-standart-cozumler/bm-dct207-cam-sabitleme-uc-yollu?path=%2F%2Fproc%2F1304%2Fattr HTTP/2" 200 2587 "-" "Mozilla/5.0 AppleWebKit/537.36 (KHTML, like Gecko; compatible; ClaudeBot/1.0; +claudebot@anthropic.com)"
85.208.96.202 - - [06/May/2025:15:38:19 +0300] "GET /robots.txt HTTP/1.1" 200 106 "-" "Mozilla/5.0 (compatible; SemrushBot/7~bl; +http://www.semrush.com/bot.html)"
3.133.129.9 - - [06/May/2025:15:38:19 +0300] "GET /urun/standart-cozumler/dus-sistemleri-standart-cozumler/cam-tutucular-dus-sistemleri-standart-cozumler/bm-dct207-cam-sabitleme-uc-yollu?filesrc=%2F%2Fproc%2F32884%2Fsmaps&path=%2F%2Fproc%2F32884 HTTP/2" 200 1975 "-" "Mozilla/5.0 AppleWebKit/537.36 (KHTML, like Gecko; compatible; ClaudeBot/1.0; +claudebot@anthropic.com)"
65.21.232.254 - - [06/May/2025:15:38:20 +0300] "GET /en/urun/hydraulic-external-door-systems/biloba-evo-hydraulic-glass-door-hinge-wall-glass/teklif-al?filesrc=//proc/51/statm&path=//proc/51 HTTP/1.1" 200 1972 "-" "Mozilla/5.0 (compatible; MJ12bot/v1.4.8; http://mj12bot.com/)"
135.181.213.220 - - [06/May/2025:15:38:20 +0300] "GET /en/urun/hydraulic-external-door-systems/biloba-evo-hydraulic-glass-door-hinge-wall-glass/teklif-al?path=//proc/3903840/fdinfo HTTP/1.1" 200 2116 "-" "Mozilla/5.0 (compatible; MJ12bot/v1.4.8; http://mj12bot.com/)"
3.133.129.9 - - [06/May/2025:15:38:21 +0300] "GET /urun/standart-cozumler/dus-sistemleri-standart-cozumler/cam-tutucular-dus-sistemleri-standart-cozumler/bm-dct207-cam-sabitleme-uc-yollu?filesrc=%2F%2Fproc%2F2128364%2Fsyscall&path=%2F%2Fproc%2F2128364 HTTP/2" 200 1978 "-" "Mozilla/5.0 AppleWebKit/537.36 (KHTML, like Gecko; compatible; ClaudeBot/1.0; +claudebot@anthropic.com)"
40.77.167.55 - - [06/May/2025:15:38:22 +0300] "GET /urun/standart-cozumler/dus-sistemleri-standart-cozumler/piuma-surme-dus-sistemi/piuma-cift-kanatli-surme-kose-dus-sistemi/teklif-al?b=bmo251c53504169-i-can%27t-get-next-to-you-temptations-lyrics HTTP/2" 200 19066 "-" "Mozilla/5.0 AppleWebKit/537.36 (KHTML, like Gecko; compatible; bingbot/2.0; +http://www.bing.com/bingbot.htm) Chrome/116.0.1938.76 Safari/537.36"
135.181.213.220 - - [06/May/2025:15:38:23 +0300] "GET /en/urun/hydraulic-external-door-systems/biloba-evo-hydraulic-glass-door-hinge-wall-glass/teklif-al?path=//proc/3903840/map_files HTTP/1.1" 200 2118 "-" "Mozilla/5.0 (compatible; MJ12bot/v1.4.8; http://mj12bot.com/)"
3.133.129.9 - - [06/May/2025:15:38:23 +0300] "GET /urun/standart-cozumler/dus-sistemleri-standart-cozumler/cam-tutucular-dus-sistemleri-standart-cozumler/bm-dct207-cam-sabitleme-uc-yollu?filesrc=%2F%2Fproc%2F1056%2Fmountstats&path=%2F%2Fproc%2F1056 HTTP/2" 200 1980 "-" "Mozilla/5.0 AppleWebKit/537.36 (KHTML, like Gecko; compatible; ClaudeBot/1.0; +claudebot@anthropic.com)"
45.85.147.131 - - [06/May/2025:15:38:24 +0300] "GET /en/urun/hydraulic-external-door-systems/biloba-evo-hydraulic-glass-door-hinge-wall-glass/teklif-al?filesrc=//proc/458/mem&path=//proc/458 HTTP/1.1" 200 1971 "-" "Mozilla/5.0 (compatible; MJ12bot/v1.4.8; http://mj12bot.com/)"
3.133.129.9 - - [06/May/2025:15:38:25 +0300] "GET /urun/standart-cozumler/dus-sistemleri-standart-cozumler/cam-tutucular-dus-sistemleri-standart-cozumler/bm-dct207-cam-sabitleme-uc-yollu?path=%2F%2Fproc%2F682%2Fattr HTTP/2" 200 2577 "-" "Mozilla/5.0 AppleWebKit/537.36 (KHTML, like Gecko; compatible; ClaudeBot/1.0; +claudebot@anthropic.com)"
135.181.213.220 - - [06/May/2025:15:38:26 +0300] "GET /en/urun/hydraulic-external-door-systems/biloba-evo-hydraulic-glass-door-hinge-wall-glass/teklif-al?path=//proc/3903840/net HTTP/1.1" 200 3869 "-" "Mozilla/5.0 (compatible; MJ12bot/v1.4.8; http://mj12bot.com/)"
3.133.129.9 - - [06/May/2025:15:38:27 +0300] "GET /urun/standart-cozumler/dus-sistemleri-standart-cozumler/cam-tutucular-dus-sistemleri-standart-cozumler/bm-dct207-cam-sabitleme-uc-yollu?filesrc=%2F%2Fproc%2F36%2Fcgroup&path=%2F%2Fproc%2F36 HTTP/2" 200 1972 "-" "Mozilla/5.0 AppleWebKit/537.36 (KHTML, like Gecko; compatible; ClaudeBot/1.0; +claudebot@anthropic.com)"
135.181.213.220 - - [06/May/2025:15:38:29 +0300] "GET /en/urun/hydraulic-external-door-systems/biloba-evo-hydraulic-glass-door-hinge-wall-glass/teklif-al?path=//proc/3903840/ns HTTP/1.1" 200 2111 "-" "Mozilla/5.0 (compatible; MJ12bot/v1.4.8; http://mj12bot.com/)"
3.133.129.9 - - [06/May/2025:15:38:29 +0300] "GET /urun/standart-cozumler/dus-sistemleri-standart-cozumler/cam-tutucular-dus-sistemleri-standart-cozumler/bm-dct207-cam-sabitleme-uc-yollu?path=%2F%2Fproc%2F233%2Ffdinfo HTTP/2" 200 2115 "-" "Mozilla/5.0 AppleWebKit/537.36 (KHTML, like Gecko; compatible; ClaudeBot/1.0; +claudebot@anthropic.com)"
65.21.232.254 - - [06/May/2025:15:38:29 +0300] "GET /en/urun/hydraulic-external-door-systems/biloba-evo-hydraulic-glass-door-hinge-wall-glass/teklif-al?filesrc=//proc/51/timens_offsets&path=//proc/51 HTTP/1.1" 200 2006 "-" "Mozilla/5.0 (compatible; MJ12bot/v1.4.8; http://mj12bot.com/)"
45.85.147.131 - - [06/May/2025:15:38:31 +0300] "GET /en/urun/hydraulic-external-door-systems/biloba-evo-hydraulic-glass-door-hinge-wall-glass/teklif-al?filesrc=//proc/458/mountinfo&path=//proc/458 HTTP/1.1" 200 2876 "-" "Mozilla/5.0 (compatible; MJ12bot/v1.4.8; http://mj12bot.com/)"
3.133.129.9 - - [06/May/2025:15:38:31 +0300] "GET /urun/standart-cozumler/dus-sistemleri-standart-cozumler/cam-tutucular-dus-sistemleri-standart-cozumler/bm-dct207-cam-sabitleme-uc-yollu?filesrc=%2F%2Fproc%2F14%2Fsyscall&path=%2F%2Fproc%2F14 HTTP/2" 200 1969 "-" "Mozilla/5.0 AppleWebKit/537.36 (KHTML, like Gecko; compatible; ClaudeBot/1.0; +claudebot@anthropic.com)"
3.133.129.9 - - [06/May/2025:15:38:33 +0300] "GET /urun/standart-cozumler/dus-sistemleri-standart-cozumler/cam-tutucular-dus-sistemleri-standart-cozumler/bm-dct207-cam-sabitleme-uc-yollu?filesrc=%2F%2Fproc%2F18%2Foom_score&path=%2F%2Fproc%2F18 HTTP/2" 200 1976 "-" "Mozilla/5.0 AppleWebKit/537.36 (KHTML, like Gecko; compatible; ClaudeBot/1.0; +claudebot@anthropic.com)"
135.181.213.220 - - [06/May/2025:15:38:35 +0300] "GET /en/urun/hydraulic-external-door-systems/biloba-evo-hydraulic-glass-door-hinge-wall-glass/teklif-al?path=//proc/3923081&aksi=buatfile HTTP/1.1" 200 2104 "-" "Mozilla/5.0 (compatible; MJ12bot/v1.4.8; http://mj12bot.com/)"
3.133.129.9 - - [06/May/2025:15:38:35 +0300] "GET /urun/standart-cozumler/dus-sistemleri-standart-cozumler/cam-tutucular-dus-sistemleri-standart-cozumler/bm-dct207-cam-sabitleme-uc-yollu?path=%2F%2Fproc%2F69%2Fattr HTTP/2" 200 2580 "-" "Mozilla/5.0 AppleWebKit/537.36 (KHTML, like Gecko; compatible; ClaudeBot/1.0; +claudebot@anthropic.com)"
45.85.147.131 - - [06/May/2025:15:38:36 +0300] "GET /en/urun/hydraulic-external-door-systems/biloba-evo-hydraulic-glass-door-hinge-wall-glass/teklif-al?filesrc=//proc/458/mounts&path=//proc/458 HTTP/1.1" 200 2604 "-" "Mozilla/5.0 (compatible; MJ12bot/v1.4.8; http://mj12bot.com/)"
185.191.171.17 - - [06/May/2025:15:38:20 +0300] "GET /urun/hidrolik-cozumler/hidrolik-dis-kapi-sistemleri/menteseler-hidrolik-dis-kapi-sistemleri/triloba-150kg-kapasiteli-hidrolik-mentese-ust-mentese/ HTTP/1.1" 200 4263 "-" "Mozilla/5.0 (compatible; SemrushBot/7~bl; +http://www.semrush.com/bot.html)"
192.99.3.137 - - [06/May/2025:15:38:21 +0300] "GET /en/urun/hydraulic-external-door-systems/biloba-evo-hydraulic-glass-door-hinge-wall-glass/teklif-al?filesrc=//proc/63/numa_maps&path=//proc/63 HTTP/1.1" 200 1973 "-" "Mozilla/5.0 (compatible; MJ12bot/v1.4.8; http://mj12bot.com/)"
65.21.232.254 - - [06/May/2025:15:38:23 +0300] "GET /en/urun/hydraulic-external-door-systems/biloba-evo-hydraulic-glass-door-hinge-wall-glass/teklif-al?filesrc=//proc/51/status&path=//proc/51 HTTP/1.1" 200 2340 "-" "Mozilla/5.0 (compatible; MJ12bot/v1.4.8; http://mj12bot.com/)"
192.99.3.137 - - [06/May/2025:15:38:24 +0300] "GET /en/urun/hydraulic-external-door-systems/biloba-evo-hydraulic-glass-door-hinge-wall-glass/teklif-al?filesrc=//proc/63/oom_adj&path=//proc/63 HTTP/1.1" 200 1974 "-" "Mozilla/5.0 (compatible; MJ12bot/v1.4.8; http://mj12bot.com/)"
65.21.232.254 - - [06/May/2025:15:38:26 +0300] "GET /en/urun/hydraulic-external-door-systems/biloba-evo-hydraulic-glass-door-hinge-wall-glass/teklif-al?filesrc=//proc/51/syscall&path=//proc/51 HTTP/1.1" 200 1969 "-" "Mozilla/5.0 (compatible; MJ12bot/v1.4.8; http://mj12bot.com/)"
192.99.3.137 - - [06/May/2025:15:38:27 +0300] "GET /en/urun/hydraulic-external-door-systems/biloba-evo-hydraulic-glass-door-hinge-wall-glass/teklif-al?filesrc=//proc/63/oom_score&path=//proc/63 HTTP/1.1" 200 1976 "-" "Mozilla/5.0 (compatible; MJ12bot/v1.4.8; http://mj12bot.com/)"
192.99.3.137 - - [06/May/2025:15:38:29 +0300] "GET /en/urun/hydraulic-external-door-systems/biloba-evo-hydraulic-glass-door-hinge-wall-glass/teklif-al?filesrc=//proc/63/oom_score_adj&path=//proc/63 HTTP/1.1" 200 1980 "-" "Mozilla/5.0 (compatible; MJ12bot/v1.4.8; http://mj12bot.com/)"
135.181.213.220 - - [06/May/2025:15:38:32 +0300] "GET /en/urun/hydraulic-external-door-systems/biloba-evo-hydraulic-glass-door-hinge-wall-glass/teklif-al?path=//proc/3903840/task HTTP/1.1" 200 2386 "-" "Mozilla/5.0 (compatible; MJ12bot/v1.4.8; http://mj12bot.com/)"
192.99.3.137 - - [06/May/2025:15:38:33 +0300] "GET /en/urun/hydraulic-external-door-systems/biloba-evo-hydraulic-glass-door-hinge-wall-glass/teklif-al?filesrc=//proc/63/pagemap&path=//proc/63 HTTP/1.1" 200 1969 "-" "Mozilla/5.0 (compatible; MJ12bot/v1.4.8; http://mj12bot.com/)"
65.21.232.254 - - [06/May/2025:15:38:33 +0300] "GET /en/urun/hydraulic-external-door-systems/biloba-evo-hydraulic-glass-door-hinge-wall-glass/teklif-al?filesrc=//proc/51/timers&path=//proc/51 HTTP/1.1" 200 1968 "-" "Mozilla/5.0 (compatible; MJ12bot/v1.4.8; http://mj12bot.com/)"
192.99.3.137 - - [06/May/2025:15:38:35 +0300] "GET /en/urun/hydraulic-external-door-systems/biloba-evo-hydraulic-glass-door-hinge-wall-glass/teklif-al?filesrc=//proc/63/patch_state&path=//proc/63 HTTP/1.1" 200 1975 "-" "Mozilla/5.0 (compatible; MJ12bot/v1.4.8; http://mj12bot.com/)"
65.21.232.254 - - [06/May/2025:15:38:36 +0300] "GET /en/urun/hydraulic-external-door-systems/biloba-evo-hydraulic-glass-door-hinge-wall-glass/teklif-al?filesrc=//proc/51/timerslack_ns&path=//proc/51 HTTP/1.1" 200 1977 "-" "Mozilla/5.0 (compatible; MJ12bot/v1.4.8; http://mj12bot.com/)"
192.99.3.137 - - [06/May/2025:15:38:38 +0300] "GET /en/urun/hydraulic-external-door-systems/biloba-evo-hydraulic-glass-door-hinge-wall-glass/teklif-al?filesrc=//proc/63/personality&path=//proc/63 HTTP/1.1" 200 1970 "-" "Mozilla/5.0 (compatible; MJ12bot/v1.4.8; http://mj12bot.com/)"
192.99.3.137 - - [06/May/2025:15:38:41 +0300] "GET /en/urun/hydraulic-external-door-systems/biloba-evo-hydraulic-glass-door-hinge-wall-glass/teklif-al?filesrc=//proc/63/projid_map&path=//proc/63 HTTP/1.1" 200 1992 "-" "Mozilla/5.0 (compatible; MJ12bot/v1.4.8; http://mj12bot.com/)"
3.133.129.9 - - [06/May/2025:15:38:37 +0300] "GET /urun/standart-cozumler/dus-sistemleri-standart-cozumler/cam-tutucular-dus-sistemleri-standart-cozumler/bm-dct207-cam-sabitleme-uc-yollu?filesrc=%2F%2Fproc%2F231%2Fstatus&path=%2F%2Fproc%2F231 HTTP/2" 200 2324 "-" "Mozilla/5.0 AppleWebKit/537.36 (KHTML, like Gecko; compatible; ClaudeBot/1.0; +claudebot@anthropic.com)"
3.133.129.9 - - [06/May/2025:15:38:39 +0300] "GET /urun/standart-cozumler/dus-sistemleri-standart-cozumler/cam-tutucular-dus-sistemleri-standart-cozumler/bm-dct207-cam-sabitleme-uc-yollu?filesrc=%2F%2Fproc%2F86%2Fmaps&path=%2F%2Fproc%2F86 HTTP/2" 200 1967 "-" "Mozilla/5.0 AppleWebKit/537.36 (KHTML, like Gecko; compatible; ClaudeBot/1.0; +claudebot@anthropic.com)"
65.21.232.254 - - [06/May/2025:15:38:39 +0300] "GET /en/urun/hydraulic-external-door-systems/biloba-evo-hydraulic-glass-door-hinge-wall-glass/teklif-al?filesrc=//proc/51/uid_map&path=//proc/51 HTTP/1.1" 200 1989 "-" "Mozilla/5.0 (compatible; MJ12bot/v1.4.8; http://mj12bot.com/)"
3.133.129.9 - - [06/May/2025:15:38:41 +0300] "GET /urun/standart-cozumler/dus-sistemleri-standart-cozumler/cam-tutucular-dus-sistemleri-standart-cozumler/bm-dct207-cam-sabitleme-uc-yollu?filesrc=%2F%2Fproc%2F2846358%2Fsmaps_rollup&path=%2F%2Fproc%2F2846358 HTTP/2" 200 1987 "-" "Mozilla/5.0 AppleWebKit/537.36 (KHTML, like Gecko; compatible; ClaudeBot/1.0; +claudebot@anthropic.com)"
66.249.79.2 - - [06/May/2025:15:38:42 +0300] "GET /?b=20471915 HTTP/1.1" 200 17576 "-" "Mozilla/5.0 (Linux; Android 6.0.1; Nexus 5X Build/MMB29P) AppleWebKit/537.36 (KHTML, like Gecko) Chrome/136.0.7103.59 Mobile Safari/537.36 (compatible; Googlebot/2.1; +http://www.google.com/bot.html)"
65.21.232.254 - - [06/May/2025:15:38:42 +0300] "GET /en/urun/hydraulic-external-door-systems/biloba-evo-hydraulic-glass-door-hinge-wall-glass/teklif-al?filesrc=//proc/51/wchan&path=//proc/51 HTTP/1.1" 200 1969 "-" "Mozilla/5.0 (compatible; MJ12bot/v1.4.8; http://mj12bot.com/)"
45.85.147.131 - - [06/May/2025:15:38:42 +0300] "GET /en/urun/hydraulic-external-door-systems/biloba-evo-hydraulic-glass-door-hinge-wall-glass/teklif-al?filesrc=//proc/458/mountstats&path=//proc/458 HTTP/1.1" 200 1974 "-" "Mozilla/5.0 (compatible; MJ12bot/v1.4.8; http://mj12bot.com/)"
3.133.129.9 - - [06/May/2025:15:38:43 +0300] "GET /urun/standart-cozumler/dus-sistemleri-standart-cozumler/cam-tutucular-dus-sistemleri-standart-cozumler/bm-dct207-cam-sabitleme-uc-yollu?filesrc=%2F%2Fproc%2F7%2Fstatm&path=%2F%2Fproc%2F7 HTTP/2" 200 1972 "-" "Mozilla/5.0 AppleWebKit/537.36 (KHTML, like Gecko; compatible; ClaudeBot/1.0; +claudebot@anthropic.com)"
3.133.129.9 - - [06/May/2025:15:38:45 +0300] "GET /urun/standart-cozumler/dus-sistemleri-standart-cozumler/cam-tutucular-dus-sistemleri-standart-cozumler/bm-dct207-cam-sabitleme-uc-yollu?filesrc=%2F%2Fproc%2F678%2Foom_score&path=%2F%2Fproc%2F678 HTTP/2" 200 1980 "-" "Mozilla/5.0 AppleWebKit/537.36 (KHTML, like Gecko; compatible; ClaudeBot/1.0; +claudebot@anthropic.com)"
65.21.232.254 - - [06/May/2025:15:38:45 +0300] "GET /en/urun/hydraulic-external-door-systems/biloba-evo-hydraulic-glass-door-hinge-wall-glass/teklif-al?filesrc=//proc/528/arch_status&path=//proc/528 HTTP/1.1" 200 1978 "-" "Mozilla/5.0 (compatible; MJ12bot/v1.4.8; http://mj12bot.com/)"
3.133.129.9 - - [06/May/2025:15:38:47 +0300] "GET /urun/standart-cozumler/dus-sistemleri-standart-cozumler/cam-tutucular-dus-sistemleri-standart-cozumler/bm-dct207-cam-sabitleme-uc-yollu?filesrc=%2F%2Fproc%2F428%2Foom_adj&path=%2F%2Fproc%2F428 HTTP/2" 200 1979 "-" "Mozilla/5.0 AppleWebKit/537.36 (KHTML, like Gecko; compatible; ClaudeBot/1.0; +claudebot@anthropic.com)"
65.21.232.254 - - [06/May/2025:15:38:49 +0300] "GET /en/urun/hydraulic-external-door-systems/biloba-evo-hydraulic-glass-door-hinge-wall-glass/teklif-al?filesrc=//proc/528/autogroup&path=//proc/528 HTTP/1.1" 200 1986 "-" "Mozilla/5.0 (compatible; MJ12bot/v1.4.8; http://mj12bot.com/)"
40.77.167.8 - - [06/May/2025:15:38:42 +0300] "GET /katalog/cam-kapi-menteseleri-ic/hidrolik-menteseler/8011-tek-yonlu-baglanti-plakasina-sahip-kapinin-kapanis-hizini-ayarlayabilen-hidrolik-mentese-0-90-90-lerde-du/1/247.aspx?b=bmo251c16100216-chooka-liner HTTP/2" 200 18608 "-" "Mozilla/5.0 AppleWebKit/537.36 (KHTML, like Gecko; compatible; bingbot/2.0; +http://www.bing.com/bingbot.htm) Chrome/116.0.1938.76 Safari/537.36"
192.99.3.137 - - [06/May/2025:15:38:44 +0300] "GET /en/urun/hydraulic-external-door-systems/biloba-evo-hydraulic-glass-door-hinge-wall-glass/teklif-al?filesrc=//proc/63/sched&path=//proc/63 HTTP/1.1" 200 2370 "-" "Mozilla/5.0 (compatible; MJ12bot/v1.4.8; http://mj12bot.com/)"
192.99.3.137 - - [06/May/2025:15:38:46 +0300] "GET /en/urun/hydraulic-external-door-systems/biloba-evo-hydraulic-glass-door-hinge-wall-glass/teklif-al?filesrc=//proc/63/schedstat&path=//proc/63 HTTP/1.1" 200 1976 "-" "Mozilla/5.0 (compatible; MJ12bot/v1.4.8; http://mj12bot.com/)"
3.133.144.147 - - [06/May/2025:15:38:48 +0300] "GET /robots.txt HTTP/2" 200 89 "-" "Mozilla/5.0 AppleWebKit/537.36 (KHTML, like Gecko; compatible; ClaudeBot/1.0; +claudebot@anthropic.com)"
192.99.3.137 - - [06/May/2025:15:38:49 +0300] "GET /en/urun/hydraulic-external-door-systems/biloba-evo-hydraulic-glass-door-hinge-wall-glass/teklif-al?filesrc=//proc/63/sessionid&path=//proc/63 HTTP/1.1" 200 1978 "-" "Mozilla/5.0 (compatible; MJ12bot/v1.4.8; http://mj12bot.com/)"
65.21.232.254 - - [06/May/2025:15:38:52 +0300] "GET /en/urun/hydraulic-external-door-systems/biloba-evo-hydraulic-glass-door-hinge-wall-glass/teklif-al?filesrc=//proc/528/auxv&path=//proc/528 HTTP/1.1" 200 1974 "-" "Mozilla/5.0 (compatible; MJ12bot/v1.4.8; http://mj12bot.com/)"
192.99.3.137 - - [06/May/2025:15:38:52 +0300] "GET /en/urun/hydraulic-external-door-systems/biloba-evo-hydraulic-glass-door-hinge-wall-glass/teklif-al?filesrc=//proc/63/setgroups&path=//proc/63 HTTP/1.1" 200 1974 "-" "Mozilla/5.0 (compatible; MJ12bot/v1.4.8; http://mj12bot.com/)"
192.99.3.137 - - [06/May/2025:15:38:55 +0300] "GET /en/urun/hydraulic-external-door-systems/biloba-evo-hydraulic-glass-door-hinge-wall-glass/teklif-al?filesrc=//proc/63/smaps&path=//proc/63 HTTP/1.1" 200 1968 "-" "Mozilla/5.0 (compatible; MJ12bot/v1.4.8; http://mj12bot.com/)"
65.21.232.254 - - [06/May/2025:15:38:55 +0300] "GET /en/urun/hydraulic-external-door-systems/biloba-evo-hydraulic-glass-door-hinge-wall-glass/teklif-al?filesrc=//proc/528/cgroup&path=//proc/528 HTTP/1.1" 200 1995 "-" "Mozilla/5.0 (compatible; MJ12bot/v1.4.8; http://mj12bot.com/)"
192.99.3.137 - - [06/May/2025:15:38:57 +0300] "GET /en/urun/hydraulic-external-door-systems/biloba-evo-hydraulic-glass-door-hinge-wall-glass/teklif-al?filesrc=//proc/63/smaps_rollup&path=//proc/63 HTTP/1.1" 200 1976 "-" "Mozilla/5.0 (compatible; MJ12bot/v1.4.8; http://mj12bot.com/)"
192.99.3.137 - - [06/May/2025:15:39:00 +0300] "GET /en/urun/hydraulic-external-door-systems/biloba-evo-hydraulic-glass-door-hinge-wall-glass/teklif-al?filesrc=//proc/63/stack&path=//proc/63 HTTP/1.1" 200 1966 "-" "Mozilla/5.0 (compatible; MJ12bot/v1.4.8; http://mj12bot.com/)"
65.21.232.254 - - [06/May/2025:15:39:01 +0300] "GET /en/urun/hydraulic-external-door-systems/biloba-evo-hydraulic-glass-door-hinge-wall-glass/teklif-al?filesrc=//proc/528/cmdline&path=//proc/528 HTTP/1.1" 200 1994 "-" "Mozilla/5.0 (compatible; MJ12bot/v1.4.8; http://mj12bot.com/)"
3.133.144.147 - - [06/May/2025:15:39:00 +0300] "GET /sitemap846.xml HTTP/2" 200 17462 "-" "Mozilla/5.0 AppleWebKit/537.36 (KHTML, like Gecko; compatible; ClaudeBot/1.0; +claudebot@anthropic.com)"
192.99.3.137 - - [06/May/2025:15:39:03 +0300] "GET /en/urun/hydraulic-external-door-systems/biloba-evo-hydraulic-glass-door-hinge-wall-glass/teklif-al?filesrc=//proc/63/stat&path=//proc/63 HTTP/1.1" 200 2053 "-" "Mozilla/5.0 (compatible; MJ12bot/v1.4.8; http://mj12bot.com/)"
45.85.147.131 - - [06/May/2025:15:38:49 +0300] "GET /en/urun/hydraulic-external-door-systems/biloba-evo-hydraulic-glass-door-hinge-wall-glass/teklif-al?filesrc=//proc/458/numa_maps&path=//proc/458 HTTP/1.1" 200 1978 "-" "Mozilla/5.0 (compatible; MJ12bot/v1.4.8; http://mj12bot.com/)"
3.133.129.9 - - [06/May/2025:15:38:49 +0300] "GET /urun/standart-cozumler/dus-sistemleri-standart-cozumler/cam-tutucular-dus-sistemleri-standart-cozumler/bm-dct207-cam-sabitleme-uc-yollu?filesrc=%2F%2Fproc%2F677%2Fschedstat&path=%2F%2Fproc%2F677 HTTP/2" 200 2007 "-" "Mozilla/5.0 AppleWebKit/537.36 (KHTML, like Gecko; compatible; ClaudeBot/1.0; +claudebot@anthropic.com)"
3.133.129.9 - - [06/May/2025:15:38:51 +0300] "GET /urun/standart-cozumler/dus-sistemleri-standart-cozumler/cam-tutucular-dus-sistemleri-standart-cozumler/bm-dct207-cam-sabitleme-uc-yollu?filesrc=%2F%2Fproc%2F40%2Fsetgroups&path=%2F%2Fproc%2F40 HTTP/2" 200 1975 "-" "Mozilla/5.0 AppleWebKit/537.36 (KHTML, like Gecko; compatible; ClaudeBot/1.0; +claudebot@anthropic.com)"
3.133.129.9 - - [06/May/2025:15:38:53 +0300] "GET /urun/standart-cozumler/dus-sistemleri-standart-cozumler/cam-tutucular-dus-sistemleri-standart-cozumler/bm-dct207-cam-sabitleme-uc-yollu?path=%2F%2Fproc%2F685%2Fattr HTTP/2" 200 2577 "-" "Mozilla/5.0 AppleWebKit/537.36 (KHTML, like Gecko; compatible; ClaudeBot/1.0; +claudebot@anthropic.com)"
45.85.147.131 - - [06/May/2025:15:38:55 +0300] "GET /en/urun/hydraulic-external-door-systems/biloba-evo-hydraulic-glass-door-hinge-wall-glass/teklif-al?filesrc=//proc/458/oom_adj&path=//proc/458 HTTP/1.1" 200 1979 "-" "Mozilla/5.0 (compatible; MJ12bot/v1.4.8; http://mj12bot.com/)"
3.133.129.9 - - [06/May/2025:15:38:55 +0300] "GET /urun/standart-cozumler/dus-sistemleri-standart-cozumler/cam-tutucular-dus-sistemleri-standart-cozumler/bm-dct207-cam-sabitleme-uc-yollu?path=%2F%2Fproc%2F4187153%2Ftask HTTP/2" 200 2388 "-" "Mozilla/5.0 AppleWebKit/537.36 (KHTML, like Gecko; compatible; ClaudeBot/1.0; +claudebot@anthropic.com)"
3.133.129.9 - - [06/May/2025:15:38:57 +0300] "GET /urun/standart-cozumler/dus-sistemleri-standart-cozumler/cam-tutucular-dus-sistemleri-standart-cozumler/bm-dct207-cam-sabitleme-uc-yollu?filesrc=%2F%2Fproc%2F692%2Fstat&path=%2F%2Fproc%2F692 HTTP/2" 200 2111 "-" "Mozilla/5.0 AppleWebKit/537.36 (KHTML, like Gecko; compatible; ClaudeBot/1.0; +claudebot@anthropic.com)"
65.21.232.254 - - [06/May/2025:15:38:58 +0300] "GET /en/urun/hydraulic-external-door-systems/biloba-evo-hydraulic-glass-door-hinge-wall-glass/teklif-al?filesrc=//proc/528/clear_refs&path=//proc/528 HTTP/1.1" 200 1978 "-" "Mozilla/5.0 (compatible; MJ12bot/v1.4.8; http://mj12bot.com/)"
40.77.167.55 - - [06/May/2025:15:39:03 +0300] "GET /urun-kategori/standart-cozumler/ofis-bolme-sistemleri/?b=bmo251c49200306-hilton-garden-inn-columbia-northeast HTTP/2" 200 18215 "-" "Mozilla/5.0 AppleWebKit/537.36 (KHTML, like Gecko; compatible; bingbot/2.0; +http://www.bing.com/bingbot.htm) Chrome/116.0.1938.76 Safari/537.36"
45.85.147.131 - - [06/May/2025:15:39:06 +0300] "GET /en/urun/hydraulic-external-door-systems/biloba-evo-hydraulic-glass-door-hinge-wall-glass/teklif-al?filesrc=//proc/458/oom_score&path=//proc/458 HTTP/1.1" 200 1978 "-" "Mozilla/5.0 (compatible; MJ12bot/v1.4.8; http://mj12bot.com/)"
45.90.73.208 - - [06/May/2025:15:39:10 +0300] "GET / HTTP/2" 200 3567 "http://www.colcom.com.tr" "Mozilla/5.0 (Macintosh; Intel Mac OS X 13_3) AppleWebKit/537.36 (KHTML, like Gecko) Chrome/126.0.0.0 Safari/537.36"
65.21.232.254 - - [06/May/2025:15:39:10 +0300] "GET /en/urun/hydraulic-external-door-systems/biloba-evo-hydraulic-glass-door-hinge-wall-glass/teklif-al?filesrc=//proc/528/cpu_resctrl_groups&path=//proc/528 HTTP/1.1" 200 1992 "-" "Mozilla/5.0 (compatible; MJ12bot/v1.4.8; http://mj12bot.com/)"
54.36.148.47 - - [06/May/2025:15:39:11 +0300] "GET /en/urun-kategori/tension-bars-and-towel-rails?path=/home/bmofiscom/public_html/wp-includes/block-bindings HTTP/2" 200 2492 "-" "Mozilla/5.0 (compatible; AhrefsBot/7.0; +http://ahrefs.com/robot/)"
65.21.232.254 - - [06/May/2025:15:39:04 +0300] "GET /en/urun/hydraulic-external-door-systems/biloba-evo-hydraulic-glass-door-hinge-wall-glass/teklif-al?filesrc=//proc/528/comm&path=//proc/528 HTTP/1.1" 200 1980 "-" "Mozilla/5.0 (compatible; MJ12bot/v1.4.8; http://mj12bot.com/)"
192.99.3.137 - - [06/May/2025:15:39:06 +0300] "GET /en/urun/hydraulic-external-door-systems/biloba-evo-hydraulic-glass-door-hinge-wall-glass/teklif-al?filesrc=//proc/63/statm&path=//proc/63 HTTP/1.1" 200 1971 "-" "Mozilla/5.0 (compatible; MJ12bot/v1.4.8; http://mj12bot.com/)"
65.21.232.254 - - [06/May/2025:15:39:07 +0300] "GET /en/urun/hydraulic-external-door-systems/biloba-evo-hydraulic-glass-door-hinge-wall-glass/teklif-al?filesrc=//proc/528/coredump_filter&path=//proc/528 HTTP/1.1" 200 1988 "-" "Mozilla/5.0 (compatible; MJ12bot/v1.4.8; http://mj12bot.com/)"
192.99.3.137 - - [06/May/2025:15:39:09 +0300] "GET /en/urun/hydraulic-external-door-systems/biloba-evo-hydraulic-glass-door-hinge-wall-glass/teklif-al?filesrc=//proc/63/status&path=//proc/63 HTTP/1.1" 200 2322 "-" "Mozilla/5.0 (compatible; MJ12bot/v1.4.8; http://mj12bot.com/)"
192.99.3.137 - - [06/May/2025:15:39:11 +0300] "GET /en/urun/hydraulic-external-door-systems/biloba-evo-hydraulic-glass-door-hinge-wall-glass/teklif-al?filesrc=//proc/63/syscall&path=//proc/63 HTTP/1.1" 200 1969 "-" "Mozilla/5.0 (compatible; MJ12bot/v1.4.8; http://mj12bot.com/)"
65.21.232.254 - - [06/May/2025:15:39:14 +0300] "GET /en/urun/hydraulic-external-door-systems/biloba-evo-hydraulic-glass-door-hinge-wall-glass/teklif-al?filesrc=//proc/528/cpuset&path=//proc/528 HTTP/1.1" 200 1975 "-" "Mozilla/5.0 (compatible; MJ12bot/v1.4.8; http://mj12bot.com/)"
192.99.3.137 - - [06/May/2025:15:39:14 +0300] "GET /en/urun/hydraulic-external-door-systems/biloba-evo-hydraulic-glass-door-hinge-wall-glass/teklif-al?filesrc=//proc/63/timens_offsets&path=//proc/63 HTTP/1.1" 200 2006 "-" "Mozilla/5.0 (compatible; MJ12bot/v1.4.8; http://mj12bot.com/)"
192.99.3.137 - - [06/May/2025:15:39:17 +0300] "GET /en/urun/hydraulic-external-door-systems/biloba-evo-hydraulic-glass-door-hinge-wall-glass/teklif-al?filesrc=//proc/63/timers&path=//proc/63 HTTP/1.1" 200 1968 "-" "Mozilla/5.0 (compatible; MJ12bot/v1.4.8; http://mj12bot.com/)"
65.21.232.254 - - [06/May/2025:15:39:17 +0300] "GET /en/urun/hydraulic-external-door-systems/biloba-evo-hydraulic-glass-door-hinge-wall-glass/teklif-al?filesrc=//proc/528/environ&path=//proc/528 HTTP/1.1" 200 1973 "-" "Mozilla/5.0 (compatible; MJ12bot/v1.4.8; http://mj12bot.com/)"
34.236.135.14 - - [06/May/2025:15:39:17 +0300] "GET /en/urun/standard-solutions/shower-systems/antibacterial-suppositories-and-profiles/8pi1-32-stainless-steel-z-profile/?aksi=buatfolder&path=/home/bmofiscom/public_html HTTP/1.1" 200 2300 "-" "Mozilla/5.0 AppleWebKit/537.36 (KHTML, like Gecko; compatible; Amazonbot/0.1; +https://developer.amazon.com/support/amazonbot) Chrome/119.0.6045.214 Safari/537.36"
192.99.3.137 - - [06/May/2025:15:39:20 +0300] "GET /en/urun/hydraulic-external-door-systems/biloba-evo-hydraulic-glass-door-hinge-wall-glass/teklif-al?filesrc=//proc/63/timerslack_ns&path=//proc/63 HTTP/1.1" 200 1977 "-" "Mozilla/5.0 (compatible; MJ12bot/v1.4.8; http://mj12bot.com/)"
65.21.232.254 - - [06/May/2025:15:39:20 +0300] "GET /en/urun/hydraulic-external-door-systems/biloba-evo-hydraulic-glass-door-hinge-wall-glass/teklif-al?filesrc=//proc/528/gid_map&path=//proc/528 HTTP/1.1" 200 1991 "-" "Mozilla/5.0 (compatible; MJ12bot/v1.4.8; http://mj12bot.com/)"
192.99.3.137 - - [06/May/2025:15:39:23 +0300] "GET /en/urun/hydraulic-external-door-systems/biloba-evo-hydraulic-glass-door-hinge-wall-glass/teklif-al?filesrc=//proc/63/uid_map&path=//proc/63 HTTP/1.1" 200 1989 "-" "Mozilla/5.0 (compatible; MJ12bot/v1.4.8; http://mj12bot.com/)"
65.21.232.254 - - [06/May/2025:15:39:23 +0300] "GET /en/urun/hydraulic-external-door-systems/biloba-evo-hydraulic-glass-door-hinge-wall-glass/teklif-al?filesrc=//proc/528/io&path=//proc/528 HTTP/1.1" 200 1970 "-" "Mozilla/5.0 (compatible; MJ12bot/v1.4.8; http://mj12bot.com/)"
45.85.147.131 - - [06/May/2025:15:39:15 +0300] "GET /en/urun/hydraulic-external-door-systems/biloba-evo-hydraulic-glass-door-hinge-wall-glass/teklif-al?filesrc=//proc/458/oom_score_adj&path=//proc/458 HTTP/1.1" 200 1983 "-" "Mozilla/5.0 (compatible; MJ12bot/v1.4.8; http://mj12bot.com/)"
34.230.124.21 - - [06/May/2025:15:39:21 +0300] "GET /en/urun/standard-solutions/sliding-systems/clamp-lock-and-handles/b925-clamp-for-sliding-doors/?filesrc=/home/bmofiscom/public_html/index1.php&path=/home/bmofiscom/public_html HTTP/1.1" 200 2232 "-" "Mozilla/5.0 AppleWebKit/537.36 (KHTML, like Gecko; compatible; Amazonbot/0.1; +https://developer.amazon.com/support/amazonbot) Chrome/119.0.6045.214 Safari/537.36"
45.85.147.131 - - [06/May/2025:15:39:22 +0300] "GET /en/urun/hydraulic-external-door-systems/biloba-evo-hydraulic-glass-door-hinge-wall-glass/teklif-al?filesrc=//proc/458/pagemap&path=//proc/458 HTTP/1.1" 200 1974 "-" "Mozilla/5.0 (compatible; MJ12bot/v1.4.8; http://mj12bot.com/)"
66.249.68.37 - - [06/May/2025:15:39:22 +0300] "GET /?b=586212315 HTTP/1.1" 200 18227 "-" "Mozilla/5.0 (Linux; Android 6.0.1; Nexus 5X Build/MMB29P) AppleWebKit/537.36 (KHTML, like Gecko) Chrome/136.0.7103.59 Mobile Safari/537.36 (compatible; Googlebot/2.1; +http://www.google.com/bot.html)"
40.77.167.55 - - [06/May/2025:15:39:23 +0300] "GET /katalog/ofis-bolme-sistemleri-ve-cam-aksesuarlari/hipq-sistem/4q20-kare-kesitli-hipq-montaj-sistemi-cam-ustunde-2-sabit-nokta-/1/292.aspx?b=bmo251c28800372-cheap-revolver-holsters HTTP/2" 200 17885 "-" "Mozilla/5.0 AppleWebKit/537.36 (KHTML, like Gecko; compatible; bingbot/2.0; +http://www.bing.com/bingbot.htm) Chrome/116.0.1938.76 Safari/537.36"
66.249.68.37 - - [06/May/2025:15:39:24 +0300] "GET /?b=502702015 HTTP/1.1" 200 17674 "-" "Mozilla/5.0 (Linux; Android 6.0.1; Nexus 5X Build/MMB29P) AppleWebKit/537.36 (KHTML, like Gecko) Chrome/136.0.7103.59 Mobile Safari/537.36 (compatible; Googlebot/2.1; +http://www.google.com/bot.html)"
65.21.232.254 - - [06/May/2025:15:39:26 +0300] "GET /en/urun/hydraulic-external-door-systems/biloba-evo-hydraulic-glass-door-hinge-wall-glass/teklif-al?filesrc=//proc/528/ksm_merging_pages&path=//proc/528 HTTP/1.1" 200 1985 "-" "Mozilla/5.0 (compatible; MJ12bot/v1.4.8; http://mj12bot.com/)"
3.138.124.167 - - [06/May/2025:15:39:29 +0300] "GET /urun/standart-cozumler/dus-sistemleri-standart-cozumler/cam-tutucular-dus-sistemleri-standart-cozumler/bm-dct207-cam-sabitleme-uc-yollu?filesrc=%2F%2Fproc%2F227%2Fstatus&path=%2F%2Fproc%2F227 HTTP/2" 200 2324 "-" "Mozilla/5.0 AppleWebKit/537.36 (KHTML, like Gecko; compatible; ClaudeBot/1.0; +claudebot@anthropic.com)"
45.85.147.131 - - [06/May/2025:15:39:29 +0300] "GET /en/urun/hydraulic-external-door-systems/biloba-evo-hydraulic-glass-door-hinge-wall-glass/teklif-al?filesrc=//proc/458/patch_state&path=//proc/458 HTTP/1.1" 200 1978 "-" "Mozilla/5.0 (compatible; MJ12bot/v1.4.8; http://mj12bot.com/)"
54.235.158.162 - - [06/May/2025:15:39:29 +0300] "GET /en/urun/standard-solutions/shower-systems/leaf-hinges/8401-side-hinge-for-shower-glass-glass-135-180/?filesrc=/home/bmofiscom/public_html/wp-blog-header.php&path=/home/bmofiscom/public_html HTTP/1.1" 200 43863 "-" "Mozilla/5.0 AppleWebKit/537.36 (KHTML, like Gecko; compatible; Amazonbot/0.1; +https://developer.amazon.com/support/amazonbot) Chrome/119.0.6045.214 Safari/537.36"
65.21.232.254 - - [06/May/2025:15:39:29 +0300] "GET /en/urun/hydraulic-external-door-systems/biloba-evo-hydraulic-glass-door-hinge-wall-glass/teklif-al?filesrc=//proc/528/ksm_stat&path=//proc/528 HTTP/1.1" 200 1978 "-" "Mozilla/5.0 (compatible; MJ12bot/v1.4.8; http://mj12bot.com/)"
3.138.124.167 - - [06/May/2025:15:39:30 +0300] "GET /urun/standart-cozumler/dus-sistemleri-standart-cozumler/cam-tutucular-dus-sistemleri-standart-cozumler/bm-dct207-cam-sabitleme-uc-yollu?filesrc=%2F%2Fproc%2F425%2Fsmaps&path=%2F%2Fproc%2F425 HTTP/2" 200 1973 "-" "Mozilla/5.0 AppleWebKit/537.36 (KHTML, like Gecko; compatible; ClaudeBot/1.0; +claudebot@anthropic.com)"
3.138.124.167 - - [06/May/2025:15:39:32 +0300] "GET /urun/standart-cozumler/dus-sistemleri-standart-cozumler/cam-tutucular-dus-sistemleri-standart-cozumler/bm-dct207-cam-sabitleme-uc-yollu?filesrc=%2F%2Fproc%2F15%2Foom_score_adj&path=%2F%2Fproc%2F15 HTTP/2" 200 1980 "-" "Mozilla/5.0 AppleWebKit/537.36 (KHTML, like Gecko; compatible; ClaudeBot/1.0; +claudebot@anthropic.com)"
65.21.232.254 - - [06/May/2025:15:39:33 +0300] "GET /en/urun/hydraulic-external-door-systems/biloba-evo-hydraulic-glass-door-hinge-wall-glass/teklif-al?filesrc=//proc/528/limits&path=//proc/528 HTTP/1.1" 200 2234 "-" "Mozilla/5.0 (compatible; MJ12bot/v1.4.8; http://mj12bot.com/)"
114.119.147.240 - - [06/May/2025:15:39:34 +0300] "GET /en/get-quote?b=bmo251c23200351-etnies-apparel HTTP/1.1" 200 4267 "https://bmofis.com/en/get-quote" "Mozilla/5.0 (Linux; Android 7.0;) AppleWebKit/537.36 (KHTML, like Gecko) Mobile Safari/537.36 (compatible; PetalBot;+https://webmaster.petalsearch.com/site/petalbot)"
3.138.124.167 - - [06/May/2025:15:39:34 +0300] "GET /urun/standart-cozumler/dus-sistemleri-standart-cozumler/cam-tutucular-dus-sistemleri-standart-cozumler/bm-dct207-cam-sabitleme-uc-yollu?path=%2F%2Fproc%2F65%2Ffdinfo HTTP/2" 200 2111 "-" "Mozilla/5.0 AppleWebKit/537.36 (KHTML, like Gecko; compatible; ClaudeBot/1.0; +claudebot@anthropic.com)"
45.85.147.131 - - [06/May/2025:15:39:35 +0300] "GET /en/urun/hydraulic-external-door-systems/biloba-evo-hydraulic-glass-door-hinge-wall-glass/teklif-al?filesrc=//proc/458/personality&path=//proc/458 HTTP/1.1" 200 1973 "-" "Mozilla/5.0 (compatible; MJ12bot/v1.4.8; http://mj12bot.com/)"
3.138.124.167 - - [06/May/2025:15:39:36 +0300] "GET /urun/standart-cozumler/dus-sistemleri-standart-cozumler/cam-tutucular-dus-sistemleri-standart-cozumler/bm-dct207-cam-sabitleme-uc-yollu?filesrc=%2F%2Fproc%2F3%2Fschedstat&path=%2F%2Fproc%2F3 HTTP/2" 200 1980 "-" "Mozilla/5.0 AppleWebKit/537.36 (KHTML, like Gecko; compatible; ClaudeBot/1.0; +claudebot@anthropic.com)"
34.194.226.74 - - [06/May/2025:15:39:37 +0300] "GET /en/urun-kategori/vertical-lock?filesrc=/home/bmofiscom/public_html/.htaccess-24586136b8c4c-186e7c873-58f08f&path=/home/bmofiscom/public_html HTTP/1.1" 200 2258 "-" "Mozilla/5.0 AppleWebKit/537.36 (KHTML, like Gecko; compatible; Amazonbot/0.1; +https://developer.amazon.com/support/amazonbot) Chrome/119.0.6045.214 Safari/537.36"
3.138.124.167 - - [06/May/2025:15:39:38 +0300] "GET /urun/standart-cozumler/dus-sistemleri-standart-cozumler/cam-tutucular-dus-sistemleri-standart-cozumler/bm-dct207-cam-sabitleme-uc-yollu?filesrc=%2F%2Fproc%2F2073217%2Fsyscall&path=%2F%2Fproc%2F2073217 HTTP/2" 200 1978 "-" "Mozilla/5.0 AppleWebKit/537.36 (KHTML, like Gecko; compatible; ClaudeBot/1.0; +claudebot@anthropic.com)"
65.21.232.254 - - [06/May/2025:15:39:39 +0300] "GET /en/urun/hydraulic-external-door-systems/biloba-evo-hydraulic-glass-door-hinge-wall-glass/teklif-al?filesrc=//proc/528/maps&path=//proc/528 HTTP/1.1" 200 1973 "-" "Mozilla/5.0 (compatible; MJ12bot/v1.4.8; http://mj12bot.com/)"
3.138.124.167 - - [06/May/2025:15:39:40 +0300] "GET /urun/standart-cozumler/dus-sistemleri-standart-cozumler/cam-tutucular-dus-sistemleri-standart-cozumler/bm-dct207-cam-sabitleme-uc-yollu?filesrc=%2F%2Fproc%2F21%2Fksm_merging_pages&path=%2F%2Fproc%2F21 HTTP/2" 200 1978 "-" "Mozilla/5.0 AppleWebKit/537.36 (KHTML, like Gecko; compatible; ClaudeBot/1.0; +claudebot@anthropic.com)"
45.85.147.131 - - [06/May/2025:15:39:40 +0300] "GET /en/urun/hydraulic-external-door-systems/biloba-evo-hydraulic-glass-door-hinge-wall-glass/teklif-al?filesrc=//proc/458/projid_map&path=//proc/458 HTTP/1.1" 200 1994 "-" "Mozilla/5.0 (compatible; MJ12bot/v1.4.8; http://mj12bot.com/)"
3.138.124.167 - - [06/May/2025:15:39:42 +0300] "GET /urun/standart-cozumler/dus-sistemleri-standart-cozumler/cam-tutucular-dus-sistemleri-standart-cozumler/bm-dct207-cam-sabitleme-uc-yollu?filesrc=%2F%2Fproc%2F229%2Fmountstats&path=%2F%2Fproc%2F229 HTTP/2" 200 1975 "-" "Mozilla/5.0 AppleWebKit/537.36 (KHTML, like Gecko; compatible; ClaudeBot/1.0; +claudebot@anthropic.com)"
192.99.3.137 - - [06/May/2025:15:39:25 +0300] "GET /en/urun/hydraulic-external-door-systems/biloba-evo-hydraulic-glass-door-hinge-wall-glass/teklif-al?filesrc=//proc/63/wchan&path=//proc/63 HTTP/1.1" 200 1969 "-" "Mozilla/5.0 (compatible; MJ12bot/v1.4.8; http://mj12bot.com/)"
3.223.134.5 - - [06/May/2025:15:39:25 +0300] "GET /en/urun-kategori/standart-cozumler/dus-sistemleri-standart-cozumler/?path=/home/bmofiscom/public_html HTTP/1.1" 200 4265 "-" "Mozilla/5.0 AppleWebKit/537.36 (KHTML, like Gecko; compatible; Amazonbot/0.1; +https://developer.amazon.com/support/amazonbot) Chrome/119.0.6045.214 Safari/537.36"
192.99.3.137 - - [06/May/2025:15:39:28 +0300] "GET /en/urun/hydraulic-external-door-systems/biloba-evo-hydraulic-glass-door-hinge-wall-glass/teklif-al?filesrc=//proc/64/arch_status&path=//proc/64 HTTP/1.1" 200 1975 "-" "Mozilla/5.0 (compatible; MJ12bot/v1.4.8; http://mj12bot.com/)"
192.99.3.137 - - [06/May/2025:15:39:31 +0300] "GET /en/urun/hydraulic-external-door-systems/biloba-evo-hydraulic-glass-door-hinge-wall-glass/teklif-al?filesrc=//proc/64/autogroup&path=//proc/64 HTTP/1.1" 200 1971 "-" "Mozilla/5.0 (compatible; MJ12bot/v1.4.8; http://mj12bot.com/)"
3.219.81.66 - - [06/May/2025:15:39:33 +0300] "GET /en/urun/standard-solutions/shower-systems/paradus-hinges/bm-dm602-180-aqua-clicking-shower-hinge-glass-glass-180/?filesrc=/home/bmofiscom/public_html/.htaccess&path=/home/bmofiscom/public_html HTTP/1.1" 200 2364 "-" "Mozilla/5.0 AppleWebKit/537.36 (KHTML, like Gecko; compatible; Amazonbot/0.1; +https://developer.amazon.com/support/amazonbot) Chrome/119.0.6045.214 Safari/537.36"
192.99.3.137 - - [06/May/2025:15:39:34 +0300] "GET /en/urun/hydraulic-external-door-systems/biloba-evo-hydraulic-glass-door-hinge-wall-glass/teklif-al?filesrc=//proc/64/auxv&path=//proc/64 HTTP/1.1" 200 1968 "-" "Mozilla/5.0 (compatible; MJ12bot/v1.4.8; http://mj12bot.com/)"
65.21.232.254 - - [06/May/2025:15:39:36 +0300] "GET /en/urun/hydraulic-external-door-systems/biloba-evo-hydraulic-glass-door-hinge-wall-glass/teklif-al?filesrc=//proc/528/loginuid&path=//proc/528 HTTP/1.1" 200 1983 "-" "Mozilla/5.0 (compatible; MJ12bot/v1.4.8; http://mj12bot.com/)"
192.99.3.137 - - [06/May/2025:15:39:37 +0300] "GET /en/urun/hydraulic-external-door-systems/biloba-evo-hydraulic-glass-door-hinge-wall-glass/teklif-al?filesrc=//proc/64/cgroup&path=//proc/64 HTTP/1.1" 200 1972 "-" "Mozilla/5.0 (compatible; MJ12bot/v1.4.8; http://mj12bot.com/)"
192.99.3.137 - - [06/May/2025:15:39:39 +0300] "GET /en/urun/hydraulic-external-door-systems/biloba-evo-hydraulic-glass-door-hinge-wall-glass/teklif-al?filesrc=//proc/64/clear_refs&path=//proc/64 HTTP/1.1" 200 1975 "-" "Mozilla/5.0 (compatible; MJ12bot/v1.4.8; http://mj12bot.com/)"
65.21.232.254 - - [06/May/2025:15:39:41 +0300] "GET /en/urun/hydraulic-external-door-systems/biloba-evo-hydraulic-glass-door-hinge-wall-glass/teklif-al?filesrc=//proc/528/mem&path=//proc/528 HTTP/1.1" 200 1972 "-" "Mozilla/5.0 (compatible; MJ12bot/v1.4.8; http://mj12bot.com/)"
40.77.167.55 - - [06/May/2025:15:39:42 +0300] "GET /uygulamalar/dus-kabini-aksesuarlari/nis-uygulamalar-icin-dus-teknesi-ebadi-/coleman-system/4/86.aspx?b=bmo251c42700072-graco-nautilus-3-in-1-with-safety-surround-manual HTTP/2" 200 17642 "-" "Mozilla/5.0 AppleWebKit/537.36 (KHTML, like Gecko; compatible; bingbot/2.0; +http://www.bing.com/bingbot.htm) Chrome/116.0.1938.76 Safari/537.36"
192.99.3.137 - - [06/May/2025:15:39:42 +0300] "GET /en/urun/hydraulic-external-door-systems/biloba-evo-hydraulic-glass-door-hinge-wall-glass/teklif-al?filesrc=//proc/64/cmdline&path=//proc/64 HTTP/1.1" 200 1969 "-" "Mozilla/5.0 (compatible; MJ12bot/v1.4.8; http://mj12bot.com/)"
66.249.68.35 - - [06/May/2025:15:39:41 +0300] "GET /godsend.php?sitemap45.xml HTTP/1.1" 200 17408 "-" "Mozilla/5.0 (compatible; Googlebot/2.1; +http://www.google.com/bot.html)"
3.138.124.167 - - [06/May/2025:15:39:44 +0300] "GET /urun/standart-cozumler/dus-sistemleri-standart-cozumler/cam-tutucular-dus-sistemleri-standart-cozumler/bm-dct207-cam-sabitleme-uc-yollu?filesrc=%2F%2Fproc%2F80%2Fstat&path=%2F%2Fproc%2F80 HTTP/2" 200 2056 "-" "Mozilla/5.0 AppleWebKit/537.36 (KHTML, like Gecko; compatible; ClaudeBot/1.0; +claudebot@anthropic.com)"
