Current File : /home/bmofiscom/access-logs/bmofis.com-ssl_log
52.167.144.181 - - [06/May/2025:15:05:02 +0300] "GET /katalog/cam-kapi-kilitleri-ve-cam-kapi-kollari/cam-kapi-kilitleri/strenger-binili-kapilar-icin-dusey-kilit/1/754.aspx?b=bmo251c51600288-icebreaker-activities-for-large-groups HTTP/2" 200 19145 "-" "Mozilla/5.0 AppleWebKit/537.36 (KHTML, like Gecko; compatible; bingbot/2.0; +http://www.bing.com/bingbot.htm) Chrome/116.0.1938.76 Safari/537.36"
66.249.66.10 - - [06/May/2025:15:05:05 +0300] "POST /get-message-notify HTTP/1.1" 200 18064 "https://bmofis.com/?b=370285315" "Mozilla/5.0 (Linux; Android 6.0.1; Nexus 5X Build/MMB29P) AppleWebKit/537.36 (KHTML, like Gecko) Chrome/135.0.7049.114 Mobile Safari/537.36 (compatible; Googlebot/2.1; +http://www.google.com/bot.html)"
66.249.66.10 - - [06/May/2025:15:05:07 +0300] "GET /?b=470550815 HTTP/1.1" 200 18077 "-" "Mozilla/5.0 (Linux; Android 6.0.1; Nexus 5X Build/MMB29P) AppleWebKit/537.36 (KHTML, like Gecko) Chrome/136.0.7103.59 Mobile Safari/537.36 (compatible; Googlebot/2.1; +http://www.google.com/bot.html)"
18.218.245.163 - - [06/May/2025:15:05:21 +0300] "GET /en/urun/standard-solutions/handles-and-locks/684wsc-horizontal-lock?aksi=ransom&path=%2Fhome%2Fbmofiscom%2Flscache%2Ff%2Fb%2F9 HTTP/2" 200 2857 "-" "Mozilla/5.0 AppleWebKit/537.36 (KHTML, like Gecko; compatible; ClaudeBot/1.0; +claudebot@anthropic.com)"
18.218.245.163 - - [06/May/2025:15:05:23 +0300] "GET /en/urun/standard-solutions/handles-and-locks/684wsc-horizontal-lock?aksi=ransom&path=%2Fhome%2Fbmofiscom%2Flscache%2Ff%2F6%2F2 HTTP/2" 200 3173 "-" "Mozilla/5.0 AppleWebKit/537.36 (KHTML, like Gecko; compatible; ClaudeBot/1.0; +claudebot@anthropic.com)"
18.218.245.163 - - [06/May/2025:15:05:25 +0300] "GET /?filesrc=%2F%2Fproc%2F690%2Ftask%2F712%2Fpersonality&path=%2F%2Fproc%2F690%2Ftask%2F712 HTTP/2" 200 2004 "-" "Mozilla/5.0 AppleWebKit/537.36 (KHTML, like Gecko; compatible; ClaudeBot/1.0; +claudebot@anthropic.com)"
18.218.245.163 - - [06/May/2025:15:05:27 +0300] "GET /en/urun/standard-solutions/handles-and-locks/684wsc-horizontal-lock?aksi=ransom&path=%2Fhome%2Fbmofiscom%2Flscache%2F4%2F8%2Ff HTTP/2" 200 2973 "-" "Mozilla/5.0 AppleWebKit/537.36 (KHTML, like Gecko; compatible; ClaudeBot/1.0; +claudebot@anthropic.com)"
18.218.245.163 - - [06/May/2025:15:05:29 +0300] "GET /en/urun/standard-solutions/handles-and-locks/684wsc-horizontal-lock?aksi=ransom&path=%2Fhome%2Fbmofiscom%2Flscache%2Fc%2F4%2F4 HTTP/2" 200 2775 "-" "Mozilla/5.0 AppleWebKit/537.36 (KHTML, like Gecko; compatible; ClaudeBot/1.0; +claudebot@anthropic.com)"
18.218.245.163 - - [06/May/2025:15:05:31 +0300] "GET /en/urun/standard-solutions/handles-and-locks/684wsc-horizontal-lock?aksi=ransom&path=%2Fhome%2Fbmofiscom%2Flscache%2F4%2Fc%2F4 HTTP/2" 200 3163 "-" "Mozilla/5.0 AppleWebKit/537.36 (KHTML, like Gecko; compatible; ClaudeBot/1.0; +claudebot@anthropic.com)"
18.218.245.163 - - [06/May/2025:15:05:33 +0300] "GET /en/urun/standard-solutions/handles-and-locks/684wsc-horizontal-lock?filesrc=%2F%2Flib64%2Flibns-9.16.23-RH.so&path=%2F%2Flib64 HTTP/2" 200 118303 "-" "Mozilla/5.0 AppleWebKit/537.36 (KHTML, like Gecko; compatible; ClaudeBot/1.0; +claudebot@anthropic.com)"
18.218.245.163 - - [06/May/2025:15:05:35 +0300] "GET /en/urun/standard-solutions/handles-and-locks/684wsc-horizontal-lock?aksi=ransom&path=%2Fhome%2Fbmofiscom%2Flscache%2F8%2Ff%2F5 HTTP/2" 200 3199 "-" "Mozilla/5.0 AppleWebKit/537.36 (KHTML, like Gecko; compatible; ClaudeBot/1.0; +claudebot@anthropic.com)"
18.218.245.163 - - [06/May/2025:15:05:37 +0300] "GET /en/urun/standard-solutions/handles-and-locks/684wsc-horizontal-lock?aksi=ransom&path=%2Fhome%2Fbmofiscom%2Flscache%2Ff%2F8%2F5 HTTP/2" 200 2900 "-" "Mozilla/5.0 AppleWebKit/537.36 (KHTML, like Gecko; compatible; ClaudeBot/1.0; +claudebot@anthropic.com)"
18.218.245.163 - - [06/May/2025:15:05:39 +0300] "GET /en/urun/standard-solutions/handles-and-locks/684wsc-horizontal-lock?aksi=ransom&path=%2Fhome%2Fbmofiscom%2Flscache%2F8%2Ff%2F3 HTTP/2" 200 2814 "-" "Mozilla/5.0 AppleWebKit/537.36 (KHTML, like Gecko; compatible; ClaudeBot/1.0; +claudebot@anthropic.com)"
18.218.245.163 - - [06/May/2025:15:05:41 +0300] "GET /en/urun/standard-solutions/handles-and-locks/684wsc-horizontal-lock?aksi=ransom&path=%2Fhome%2Fbmofiscom%2Flscache%2Ff%2F8%2F3 HTTP/2" 200 3036 "-" "Mozilla/5.0 AppleWebKit/537.36 (KHTML, like Gecko; compatible; ClaudeBot/1.0; +claudebot@anthropic.com)"
18.218.245.163 - - [06/May/2025:15:05:43 +0300] "GET /en/urun/standard-solutions/handles-and-locks/684wsc-horizontal-lock?filesrc=%2F%2Flib64%2Flibtss2-tctildr.so.0&path=%2F%2Flib64 HTTP/2" 200 10491 "-" "Mozilla/5.0 AppleWebKit/537.36 (KHTML, like Gecko; compatible; ClaudeBot/1.0; +claudebot@anthropic.com)"
18.218.245.163 - - [06/May/2025:15:05:45 +0300] "GET /en/urun/standard-solutions/handles-and-locks/684wsc-horizontal-lock?filesrc=%2F%2Flib64%2Flibgraphene-1.0.so.0.1000.6&path=%2F%2Flib64 HTTP/2" 200 43912 "-" "Mozilla/5.0 AppleWebKit/537.36 (KHTML, like Gecko; compatible; ClaudeBot/1.0; +claudebot@anthropic.com)"
18.218.245.163 - - [06/May/2025:15:05:47 +0300] "GET /en/urun/standard-solutions/handles-and-locks/684wsc-horizontal-lock?filesrc=%2F%2Flib64%2Flibbrotlienc.so.1&path=%2F%2Flib64 HTTP/2" 200 219766 "-" "Mozilla/5.0 AppleWebKit/537.36 (KHTML, like Gecko; compatible; ClaudeBot/1.0; +claudebot@anthropic.com)"
18.218.245.163 - - [06/May/2025:15:05:49 +0300] "GET /en/urun/standard-solutions/handles-and-locks/684wsc-horizontal-lock?aksi=ransom&path=%2Fhome%2Fbmofiscom%2Flscache%2Fc%2F9%2F4 HTTP/2" 200 3032 "-" "Mozilla/5.0 AppleWebKit/537.36 (KHTML, like Gecko; compatible; ClaudeBot/1.0; +claudebot@anthropic.com)"
18.218.245.163 - - [06/May/2025:15:05:51 +0300] "GET /en/urun/standard-solutions/handles-and-locks/684wsc-horizontal-lock?filesrc=%2F%2Flib64%2Flibthai.so.0&path=%2F%2Flib64 HTTP/2" 200 17732 "-" "Mozilla/5.0 AppleWebKit/537.36 (KHTML, like Gecko; compatible; ClaudeBot/1.0; +claudebot@anthropic.com)"
18.218.245.163 - - [06/May/2025:15:05:53 +0300] "GET /en/urun/standard-solutions/handles-and-locks/684wsc-horizontal-lock?aksi=buatfile&path=%2Fhome%2Fbmofiscom%2Flscache%2F8%2Fd%2Fb HTTP/2" 200 2806 "-" "Mozilla/5.0 AppleWebKit/537.36 (KHTML, like Gecko; compatible; ClaudeBot/1.0; +claudebot@anthropic.com)"
18.218.245.163 - - [06/May/2025:15:05:55 +0300] "GET /en/urun/standard-solutions/handles-and-locks/684wsc-horizontal-lock?filesrc=%2F%2Flib64%2FlibldacBT_abr.so&path=%2F%2Flib64 HTTP/2" 200 5481 "-" "Mozilla/5.0 AppleWebKit/537.36 (KHTML, like Gecko; compatible; ClaudeBot/1.0; +claudebot@anthropic.com)"
18.218.245.163 - - [06/May/2025:15:05:57 +0300] "GET /en/urun/standard-solutions/handles-and-locks/684wsc-horizontal-lock?aksi=buatfile&path=%2Fhome%2Fbmofiscom%2Flscache%2Fa%2F4%2Fb HTTP/2" 200 2853 "-" "Mozilla/5.0 AppleWebKit/537.36 (KHTML, like Gecko; compatible; ClaudeBot/1.0; +claudebot@anthropic.com)"
18.218.245.163 - - [06/May/2025:15:05:59 +0300] "GET /en/urun/standard-solutions/handles-and-locks/684wsc-horizontal-lock?aksi=buatfile&path=%2Fhome%2Fbmofiscom%2Flscache%2F4%2Fa%2Fb HTTP/2" 200 2935 "-" "Mozilla/5.0 AppleWebKit/537.36 (KHTML, like Gecko; compatible; ClaudeBot/1.0; +claudebot@anthropic.com)"
18.218.245.163 - - [06/May/2025:15:06:01 +0300] "GET /en/urun/standard-solutions/handles-and-locks/684wsc-horizontal-lock?filesrc=%2F%2Flib64%2Flibpsx.so&path=%2F%2Flib64 HTTP/2" 200 7884 "-" "Mozilla/5.0 AppleWebKit/537.36 (KHTML, like Gecko; compatible; ClaudeBot/1.0; +claudebot@anthropic.com)"
18.218.245.163 - - [06/May/2025:15:06:03 +0300] "GET /en/urun/standard-solutions/handles-and-locks/684wsc-horizontal-lock?filesrc=%2F%2Flib64%2Flibgvpr.so.2.0.0&path=%2F%2Flib64 HTTP/2" 200 180698 "-" "Mozilla/5.0 AppleWebKit/537.36 (KHTML, like Gecko; compatible; ClaudeBot/1.0; +claudebot@anthropic.com)"
18.218.245.163 - - [06/May/2025:15:06:05 +0300] "GET /en/urun/standard-solutions/handles-and-locks/684wsc-horizontal-lock?aksi=buatfile&path=%2Fhome%2Fbmofiscom%2Flscache%2Fb%2F3%2Fd HTTP/2" 200 3165 "-" "Mozilla/5.0 AppleWebKit/537.36 (KHTML, like Gecko; compatible; ClaudeBot/1.0; +claudebot@anthropic.com)"
66.249.66.10 - - [06/May/2025:15:05:00 +0300] "GET /?b=370285315 HTTP/1.1" 200 18094 "-" "Mozilla/5.0 (Linux; Android 6.0.1; Nexus 5X Build/MMB29P) AppleWebKit/537.36 (KHTML, like Gecko) Chrome/136.0.7103.59 Mobile Safari/537.36 (compatible; Googlebot/2.1; +http://www.google.com/bot.html)"
40.77.167.37 - - [06/May/2025:15:05:00 +0300] "GET /en/urun-kategori/standart-cozumler/ofis-bolme-sistemleri/?b=bmo251c21500100-costco-ecco-golf-shoes HTTP/2" 200 17786 "-" "Mozilla/5.0 AppleWebKit/537.36 (KHTML, like Gecko; compatible; bingbot/2.0; +http://www.bing.com/bingbot.htm) Chrome/116.0.1938.76 Safari/537.36"
66.249.66.65 - - [06/May/2025:15:05:01 +0300] "GET /?b=179859015 HTTP/1.1" 200 18234 "-" "Mozilla/5.0 (Linux; Android 6.0.1; Nexus 5X Build/MMB29P) AppleWebKit/537.36 (KHTML, like Gecko) Chrome/136.0.7103.59 Mobile Safari/537.36 (compatible; Googlebot/2.1; +http://www.google.com/bot.html)"
66.249.66.33 - - [06/May/2025:15:05:11 +0300] "GET /?b=506523215 HTTP/1.1" 200 17536 "-" "Mozilla/5.0 (Linux; Android 6.0.1; Nexus 5X Build/MMB29P) AppleWebKit/537.36 (KHTML, like Gecko) Chrome/136.0.7103.59 Mobile Safari/537.36 (compatible; Googlebot/2.1; +http://www.google.com/bot.html)"
66.249.66.10 - - [06/May/2025:15:05:13 +0300] "POST /get-message-notify HTTP/1.1" 200 18064 "https://bmofis.com/?b=470550815" "Mozilla/5.0 (Linux; Android 6.0.1; Nexus 5X Build/MMB29P) AppleWebKit/537.36 (KHTML, like Gecko) Chrome/135.0.7049.114 Mobile Safari/537.36 (compatible; Googlebot/2.1; +http://www.google.com/bot.html)"
66.249.66.10 - - [06/May/2025:15:05:16 +0300] "GET /?b=537739515 HTTP/1.1" 200 17672 "-" "Mozilla/5.0 (Linux; Android 6.0.1; Nexus 5X Build/MMB29P) AppleWebKit/537.36 (KHTML, like Gecko) Chrome/136.0.7103.59 Mobile Safari/537.36 (compatible; Googlebot/2.1; +http://www.google.com/bot.html)"
40.77.167.72 - - [06/May/2025:15:05:22 +0300] "GET /urun/hidrolik-sistemler/hidrolik-dus-sistemleri/sauna-buhar-odasi-cozumleri-hidrolik-dus-sistemleri/kbt8061-buhar-odalari-ve-hamamlar-icin-hidrolik-set/teklif-al?b=bmo251c15206875-carhartt-large-tall-hoodie HTTP/2" 200 18159 "-" "Mozilla/5.0 AppleWebKit/537.36 (KHTML, like Gecko; compatible; bingbot/2.0; +http://www.bing.com/bingbot.htm) Chrome/116.0.1938.76 Safari/537.36"
54.36.149.87 - - [06/May/2025:15:05:28 +0300] "GET /en/urun-kategori/tension-bars-and-towel-rails?filesrc=/home/bmofiscom/public_html/wp-includes/rss.php&path=/home/bmofiscom/public_html/wp-includes HTTP/2" 200 9156 "-" "Mozilla/5.0 (compatible; AhrefsBot/7.0; +http://ahrefs.com/robot/)"
40.77.167.72 - - [06/May/2025:15:05:42 +0300] "GET /urun/hidrolik-sistemler/hidrolik-dus-sistemleri/sauna-buhar-odasi-cozumleri-hidrolik-dus-sistemleri/kbt8061-buhar-odalari-ve-hamamlar-icin-hidrolik-set/teklif-al?b=bmo251c49600104-david-tate-adeline HTTP/2" 200 18482 "-" "Mozilla/5.0 AppleWebKit/537.36 (KHTML, like Gecko; compatible; bingbot/2.0; +http://www.bing.com/bingbot.htm) Chrome/116.0.1938.76 Safari/537.36"
40.77.167.72 - - [06/May/2025:15:06:03 +0300] "GET /urun/hidrolik-cozumler/hidrolik-dus-sistemleri/hidrolik-dus-kabini/slash-hidrolik-dus-kabini-duvar-ve-sabit-cam-arasi-kose-seti-tek-kanat/?b=bmo251c22600226-emporio-armani-ea7-core-jacket-womens HTTP/2" 200 18014 "-" "Mozilla/5.0 AppleWebKit/537.36 (KHTML, like Gecko; compatible; bingbot/2.0; +http://www.bing.com/bingbot.htm) Chrome/116.0.1938.76 Safari/537.36"
40.77.167.72 - - [06/May/2025:15:06:22 +0300] "GET /en/urun/standard-solutions/shower-systems/hip-zac-sliding-shower-system/bz06-hip-zac-kit-with-two-fixed-panels-round-profile-2/teklif-al?b=bmo251c41800015-mollini-ankle-boots HTTP/2" 200 18056 "-" "Mozilla/5.0 AppleWebKit/537.36 (KHTML, like Gecko; compatible; bingbot/2.0; +http://www.bing.com/bingbot.htm) Chrome/116.0.1938.76 Safari/537.36"
3.144.225.144 - - [06/May/2025:15:06:36 +0300] "GET /en/urun/standard-solutions/handles-and-locks/684wsc-horizontal-lock?aksi=ransom&path=%2Fhome%2Fbmofiscom%2Flscache%2Ff%2F6%2F6 HTTP/2" 200 3025 "-" "Mozilla/5.0 AppleWebKit/537.36 (KHTML, like Gecko; compatible; ClaudeBot/1.0; +claudebot@anthropic.com)"
54.36.148.167 - - [06/May/2025:15:06:36 +0300] "GET /en/urun-kategori/tension-bars-and-towel-rails?filesrc=/home/bmofiscom/public_html/wp-includes/script-loader.php&path=/home/bmofiscom/public_html/wp-includes HTTP/2" 200 36106 "-" "Mozilla/5.0 (compatible; AhrefsBot/7.0; +http://ahrefs.com/robot/)"
3.144.225.144 - - [06/May/2025:15:06:38 +0300] "GET /en/urun/standard-solutions/handles-and-locks/684wsc-horizontal-lock?aksi=ransom&path=%2Fhome%2Fbmofiscom%2Flscache%2Ff%2F6%2F5 HTTP/2" 200 2990 "-" "Mozilla/5.0 AppleWebKit/537.36 (KHTML, like Gecko; compatible; ClaudeBot/1.0; +claudebot@anthropic.com)"
3.144.225.144 - - [06/May/2025:15:06:40 +0300] "GET /en/urun/standard-solutions/handles-and-locks/684wsc-horizontal-lock?aksi=buatfile&path=%2Fhome%2Fbmofiscom%2Flscache%2F2%2Fe%2F6 HTTP/2" 200 2901 "-" "Mozilla/5.0 AppleWebKit/537.36 (KHTML, like Gecko; compatible; ClaudeBot/1.0; +claudebot@anthropic.com)"
3.144.225.144 - - [06/May/2025:15:06:42 +0300] "GET /en/urun/standard-solutions/handles-and-locks/684wsc-horizontal-lock?aksi=ransom&path=%2Fhome%2Fbmofiscom%2Flscache%2Ff%2F9%2F6 HTTP/2" 200 3106 "-" "Mozilla/5.0 AppleWebKit/537.36 (KHTML, like Gecko; compatible; ClaudeBot/1.0; +claudebot@anthropic.com)"
3.144.225.144 - - [06/May/2025:15:06:44 +0300] "GET /en/urun/standard-solutions/handles-and-locks/684wsc-horizontal-lock?aksi=ransom&path=%2Fhome%2Fbmofiscom%2Flscache%2F6%2F1%2Fe HTTP/2" 200 2780 "-" "Mozilla/5.0 AppleWebKit/537.36 (KHTML, like Gecko; compatible; ClaudeBot/1.0; +claudebot@anthropic.com)"
3.144.225.144 - - [06/May/2025:15:06:46 +0300] "GET /en/urun/standard-solutions/handles-and-locks/684wsc-horizontal-lock?aksi=ransom&path=%2Fhome%2Fbmofiscom%2Flscache%2Ff%2F4%2F6 HTTP/2" 200 2849 "-" "Mozilla/5.0 AppleWebKit/537.36 (KHTML, like Gecko; compatible; ClaudeBot/1.0; +claudebot@anthropic.com)"
3.144.225.144 - - [06/May/2025:15:06:48 +0300] "GET /en/urun/standard-solutions/handles-and-locks/684wsc-horizontal-lock?aksi=ransom&path=%2Fhome%2Fbmofiscom%2Flscache%2F4%2Ff%2F6 HTTP/2" 200 2800 "-" "Mozilla/5.0 AppleWebKit/537.36 (KHTML, like Gecko; compatible; ClaudeBot/1.0; +claudebot@anthropic.com)"
3.144.225.144 - - [06/May/2025:15:06:50 +0300] "GET /en/urun/standard-solutions/handles-and-locks/684wsc-horizontal-lock?aksi=buatfile&path=%2Fhome%2Fbmofiscom%2Flscache%2F6%2F1%2F8 HTTP/2" 200 3082 "-" "Mozilla/5.0 AppleWebKit/537.36 (KHTML, like Gecko; compatible; ClaudeBot/1.0; +claudebot@anthropic.com)"
3.144.225.144 - - [06/May/2025:15:06:52 +0300] "GET /en/urun-kategori/qub-series?filesrc=%2F%2Fsbin%2Febtables-nft-restore&path=%2F%2Fsbin HTTP/2" 200 91338 "-" "Mozilla/5.0 AppleWebKit/537.36 (KHTML, like Gecko; compatible; ClaudeBot/1.0; +claudebot@anthropic.com)"
3.144.225.144 - - [06/May/2025:15:06:54 +0300] "GET /en/urun/standard-solutions/handles-and-locks/684wsc-horizontal-lock?aksi=buatfile&path=%2Fhome%2Fbmofiscom%2Flscache%2Fd%2F6%2Fb HTTP/2" 200 3073 "-" "Mozilla/5.0 AppleWebKit/537.36 (KHTML, like Gecko; compatible; ClaudeBot/1.0; +claudebot@anthropic.com)"
3.144.225.144 - - [06/May/2025:15:06:56 +0300] "GET /en/urun/standard-solutions/handles-and-locks/684wsc-horizontal-lock?aksi=ransom&path=%2Fhome%2Fbmofiscom%2Flscache%2F2%2Fe%2F6 HTTP/2" 200 2901 "-" "Mozilla/5.0 AppleWebKit/537.36 (KHTML, like Gecko; compatible; ClaudeBot/1.0; +claudebot@anthropic.com)"
3.144.225.144 - - [06/May/2025:15:06:58 +0300] "GET /en/urun/standard-solutions/handles-and-locks/684wsc-horizontal-lock?aksi=ransom&path=%2Fhome%2Fbmofiscom%2Flscache%2Fb%2Fd%2Fb HTTP/2" 200 3031 "-" "Mozilla/5.0 AppleWebKit/537.36 (KHTML, like Gecko; compatible; ClaudeBot/1.0; +claudebot@anthropic.com)"
3.144.225.144 - - [06/May/2025:15:07:00 +0300] "GET /en/urun/standard-solutions/handles-and-locks/684wsc-horizontal-lock?aksi=ransom&path=%2Fhome%2Fbmofiscom%2Flscache%2Fd%2Fb%2Fb HTTP/2" 200 3003 "-" "Mozilla/5.0 AppleWebKit/537.36 (KHTML, like Gecko; compatible; ClaudeBot/1.0; +claudebot@anthropic.com)"
3.144.225.144 - - [06/May/2025:15:07:02 +0300] "GET /en/urun/standard-solutions/handles-and-locks/684wsc-horizontal-lock?aksi=ransom&path=%2Fhome%2Fbmofiscom%2Flscache%2F6%2F1%2F8 HTTP/2" 200 3082 "-" "Mozilla/5.0 AppleWebKit/537.36 (KHTML, like Gecko; compatible; ClaudeBot/1.0; +claudebot@anthropic.com)"
40.77.167.72 - - [06/May/2025:15:07:02 +0300] "GET /katalog/cam-kapi-menteseleri-ic/hidrolik-menteseler/8011-tek-yonlu-baglanti-plakasina-sahip-kapinin-kapanis-hizini-ayarlayabilen-hidrolik-mentese-0-90-90-lerde-du/1/247.aspx?b=bmo251c8308281-nba-2k13-wnba-jersey-mod HTTP/2" 200 17956 "-" "Mozilla/5.0 AppleWebKit/537.36 (KHTML, like Gecko; compatible; bingbot/2.0; +http://www.bing.com/bingbot.htm) Chrome/116.0.1938.76 Safari/537.36"
3.144.225.144 - - [06/May/2025:15:07:04 +0300] "GET /en/urun/standard-solutions/handles-and-locks/684wsc-horizontal-lock?aksi=buatfile&path=%2Fhome%2Fbmofiscom%2Flscache%2F8%2Ff%2F1 HTTP/2" 200 2844 "-" "Mozilla/5.0 AppleWebKit/537.36 (KHTML, like Gecko; compatible; ClaudeBot/1.0; +claudebot@anthropic.com)"
3.144.225.144 - - [06/May/2025:15:07:06 +0300] "GET /en/urun/standard-solutions/handles-and-locks/684wsc-horizontal-lock?aksi=buatfile&path=%2Fhome%2Fbmofiscom%2Flscache%2Ff%2F8%2F1 HTTP/2" 200 2813 "-" "Mozilla/5.0 AppleWebKit/537.36 (KHTML, like Gecko; compatible; ClaudeBot/1.0; +claudebot@anthropic.com)"
3.144.225.144 - - [06/May/2025:15:07:08 +0300] "GET /en/urun/standard-solutions/handles-and-locks/684wsc-horizontal-lock?aksi=ransom&path=%2Fhome%2Fbmofiscom%2Flscache%2Ff%2F8%2F1 HTTP/2" 200 2813 "-" "Mozilla/5.0 AppleWebKit/537.36 (KHTML, like Gecko; compatible; ClaudeBot/1.0; +claudebot@anthropic.com)"
3.144.225.144 - - [06/May/2025:15:07:10 +0300] "GET /en/urun/standard-solutions/handles-and-locks/684wsc-horizontal-lock?aksi=ransom&path=%2Fhome%2Fbmofiscom%2Flscache%2F8%2Ff%2F1 HTTP/2" 200 2844 "-" "Mozilla/5.0 AppleWebKit/537.36 (KHTML, like Gecko; compatible; ClaudeBot/1.0; +claudebot@anthropic.com)"
3.144.225.144 - - [06/May/2025:15:07:12 +0300] "GET /en/urun/standard-solutions/handles-and-locks/684wsc-horizontal-lock?filesrc=%2F%2Flib64%2Flibaps.so.1&path=%2F%2Flib64 HTTP/2" 200 1095715 "-" "Mozilla/5.0 AppleWebKit/537.36 (KHTML, like Gecko; compatible; ClaudeBot/1.0; +claudebot@anthropic.com)"
3.144.225.144 - - [06/May/2025:15:07:14 +0300] "GET /?filesrc=%2F%2Fproc%2F858%2Ftask%2F858%2Foom_adj&path=%2F%2Fproc%2F858%2Ftask%2F858 HTTP/2" 200 1999 "-" "Mozilla/5.0 AppleWebKit/537.36 (KHTML, like Gecko; compatible; ClaudeBot/1.0; +claudebot@anthropic.com)"
3.144.225.144 - - [06/May/2025:15:07:16 +0300] "GET /en/urun/standard-solutions/handles-and-locks/684wsc-horizontal-lock?filesrc=%2F%2Flib64%2Fliblber-2.4.so.2.0.200&path=%2F%2Flib64 HTTP/2" 200 3958 "-" "Mozilla/5.0 AppleWebKit/537.36 (KHTML, like Gecko; compatible; ClaudeBot/1.0; +claudebot@anthropic.com)"
3.144.225.144 - - [06/May/2025:15:07:18 +0300] "GET /en/urun/standard-solutions/handles-and-locks/684wsc-horizontal-lock?aksi=buatfile&path=%2Fhome%2Fbmofiscom%2Flscache%2Fd%2F9%2Fb HTTP/2" 200 3217 "-" "Mozilla/5.0 AppleWebKit/537.36 (KHTML, like Gecko; compatible; ClaudeBot/1.0; +claudebot@anthropic.com)"
3.144.225.144 - - [06/May/2025:15:07:20 +0300] "GET /en/urun/standard-solutions/handles-and-locks/684wsc-horizontal-lock?filesrc=%2F%2Flib64%2Flibdhash.so.1&path=%2F%2Flib64 HTTP/2" 200 8350 "-" "Mozilla/5.0 AppleWebKit/537.36 (KHTML, like Gecko; compatible; ClaudeBot/1.0; +claudebot@anthropic.com)"
3.144.225.144 - - [06/May/2025:15:07:22 +0300] "GET /en/urun/standard-solutions/handles-and-locks/684wsc-horizontal-lock?aksi=buatfile&path=%2Fhome%2Fbmofiscom%2Fmail%2F.Junk%2Fnew HTTP/2" 200 2133 "-" "Mozilla/5.0 AppleWebKit/537.36 (KHTML, like Gecko; compatible; ClaudeBot/1.0; +claudebot@anthropic.com)"
40.77.167.72 - - [06/May/2025:15:07:22 +0300] "GET /urun/hidrolik-sistemler/hidrolik-dus-sistemleri/sauna-buhar-odasi-cozumleri-hidrolik-dus-sistemleri/kbt8061-buhar-odalari-ve-hamamlar-icin-hidrolik-set/teklif-al?b=bmo251c60900169-5609-spring-court HTTP/2" 200 18374 "-" "Mozilla/5.0 AppleWebKit/537.36 (KHTML, like Gecko; compatible; bingbot/2.0; +http://www.bing.com/bingbot.htm) Chrome/116.0.1938.76 Safari/537.36"
66.249.66.3 - - [06/May/2025:15:07:24 +0300] "GET /urun/standart-cozumler/kol-ve-kilitler/cam-kapi-kilitleri/6875-elektrikli-kilit-karsiligi/ HTTP/1.1" 200 17763 "-" "Mozilla/5.0 (Linux; Android 6.0.1; Nexus 5X Build/MMB29P) AppleWebKit/537.36 (KHTML, like Gecko) Chrome/136.0.7103.59 Mobile Safari/537.36 (compatible; Googlebot/2.1; +http://www.google.com/bot.html)"
54.36.149.98 - - [06/May/2025:15:07:37 +0300] "GET /en/urun-kategori/tension-bars-and-towel-rails?filesrc=/home/bmofiscom/public_html/wp-includes/script-modules.php&path=/home/bmofiscom/public_html/wp-includes HTTP/2" 200 3034 "-" "Mozilla/5.0 (compatible; AhrefsBot/7.0; +http://ahrefs.com/robot/)"
40.77.167.72 - - [06/May/2025:15:07:42 +0300] "GET /urun/hidrolik-sistemler/hidrolik-dus-sistemleri/hidrolik-dus-kabini/slash-hidrolik-dus-kabini-duvar-ve-sabit-cam-arasi-kose-seti-bir-kanat-bir-sabit/?b=bmo251c28000362-cody-townsend-hestra-gloves HTTP/2" 200 17928 "-" "Mozilla/5.0 AppleWebKit/537.36 (KHTML, like Gecko; compatible; bingbot/2.0; +http://www.bing.com/bingbot.htm) Chrome/116.0.1938.76 Safari/537.36"
3.142.43.181 - - [06/May/2025:15:07:49 +0300] "GET /en/urun/standard-solutions/handles-and-locks/684wsc-horizontal-lock?filesrc=%2F%2Flib64%2Flibexpat.so.1&path=%2F%2Flib64 HTTP/2" 200 70074 "-" "Mozilla/5.0 AppleWebKit/537.36 (KHTML, like Gecko; compatible; ClaudeBot/1.0; +claudebot@anthropic.com)"
3.142.43.181 - - [06/May/2025:15:07:52 +0300] "GET /en/urun/standard-solutions/handles-and-locks/684wsc-horizontal-lock?aksi=buatfile&path=%2Fhome%2Fbmofiscom%2Flscache%2F2%2Fd%2F1 HTTP/2" 200 2805 "-" "Mozilla/5.0 AppleWebKit/537.36 (KHTML, like Gecko; compatible; ClaudeBot/1.0; +claudebot@anthropic.com)"
3.142.43.181 - - [06/May/2025:15:07:54 +0300] "GET /en/urun/standard-solutions/handles-and-locks/684wsc-horizontal-lock?aksi=buatfile&path=%2Fhome%2Fbmofiscom%2Flscache%2Fd%2F2%2F1 HTTP/2" 200 2897 "-" "Mozilla/5.0 AppleWebKit/537.36 (KHTML, like Gecko; compatible; ClaudeBot/1.0; +claudebot@anthropic.com)"
3.142.43.181 - - [06/May/2025:15:07:56 +0300] "GET /en/urun/standard-solutions/handles-and-locks/684wsc-horizontal-lock?filesrc=%2F%2Flib64%2Flibgailutil.so.18&path=%2F%2Flib64 HTTP/2" 200 12035 "-" "Mozilla/5.0 AppleWebKit/537.36 (KHTML, like Gecko; compatible; ClaudeBot/1.0; +claudebot@anthropic.com)"
3.142.43.181 - - [06/May/2025:15:07:58 +0300] "GET /en/urun/standard-solutions/handles-and-locks/684wsc-horizontal-lock?aksi=ransom&path=%2Fhome%2Fbmofiscom%2Flscache%2F2%2Fd%2F1 HTTP/2" 200 2805 "-" "Mozilla/5.0 AppleWebKit/537.36 (KHTML, like Gecko; compatible; ClaudeBot/1.0; +claudebot@anthropic.com)"
3.142.43.181 - - [06/May/2025:15:08:00 +0300] "GET /en/urun/standard-solutions/handles-and-locks/684wsc-horizontal-lock?filesrc=%2F%2Flib64%2Flibxcb-xv.so.0&path=%2F%2Flib64 HTTP/2" 200 10210 "-" "Mozilla/5.0 AppleWebKit/537.36 (KHTML, like Gecko; compatible; ClaudeBot/1.0; +claudebot@anthropic.com)"
3.142.43.181 - - [06/May/2025:15:08:02 +0300] "GET /en/urun/standard-solutions/handles-and-locks/684wsc-horizontal-lock?filesrc=%2F%2Flib64%2Flibsolv.so.1&path=%2F%2Flib64 HTTP/2" 200 289116 "-" "Mozilla/5.0 AppleWebKit/537.36 (KHTML, like Gecko; compatible; ClaudeBot/1.0; +claudebot@anthropic.com)"
40.77.167.116 - - [06/May/2025:15:08:02 +0300] "GET /urun/hidrolik-sistemler/hidrolik-dis-kapi-sistemleri/menteseler-hidrolik-dis-kapi-sistemleri/triloba-150kg-kapasiteli-hidrolik-mentese-alt-mentese/teklif-al?b=bmo251c53102623 HTTP/2" 200 17913 "-" "Mozilla/5.0 AppleWebKit/537.36 (KHTML, like Gecko; compatible; bingbot/2.0; +http://www.bing.com/bingbot.htm) Chrome/116.0.1938.76 Safari/537.36"
3.142.43.181 - - [06/May/2025:15:08:04 +0300] "GET /en/urun/standard-solutions/handles-and-locks/684wsc-horizontal-lock?filesrc=%2F%2Flib64%2Fliblber.so.2&path=%2F%2Flib64 HTTP/2" 200 27171 "-" "Mozilla/5.0 AppleWebKit/537.36 (KHTML, like Gecko; compatible; ClaudeBot/1.0; +claudebot@anthropic.com)"
3.142.43.181 - - [06/May/2025:15:08:06 +0300] "GET /en/urun/standard-solutions/handles-and-locks/684wsc-horizontal-lock?filesrc=%2F%2Flib64%2Flibtasn1.so.6&path=%2F%2Flib64 HTTP/2" 200 38724 "-" "Mozilla/5.0 AppleWebKit/537.36 (KHTML, like Gecko; compatible; ClaudeBot/1.0; +claudebot@anthropic.com)"
3.142.43.181 - - [06/May/2025:15:08:08 +0300] "GET /?filesrc=%2F%2Fproc%2F856%2Fnet%2Fdev&path=%2F%2Fproc%2F856%2Fnet HTTP/2" 200 2150 "-" "Mozilla/5.0 AppleWebKit/537.36 (KHTML, like Gecko; compatible; ClaudeBot/1.0; +claudebot@anthropic.com)"
3.142.43.181 - - [06/May/2025:15:08:10 +0300] "GET /en/urun/standard-solutions/handles-and-locks/684wsc-horizontal-lock?filesrc=%2F%2Flib64%2Flibbrotlienc.so&path=%2F%2Flib64 HTTP/2" 200 219783 "-" "Mozilla/5.0 AppleWebKit/537.36 (KHTML, like Gecko; compatible; ClaudeBot/1.0; +claudebot@anthropic.com)"
66.249.66.43 - - [06/May/2025:15:08:10 +0300] "POST /get-message-notify HTTP/1.1" 200 18081 "https://www.bmofis.com/urun/standart-cozumler/kol-ve-kilitler/cam-kapi-kilitleri/6875-elektrikli-kilit-karsiligi/" "Mozilla/5.0 (Linux; Android 6.0.1; Nexus 5X Build/MMB29P) AppleWebKit/537.36 (KHTML, like Gecko) Chrome/135.0.7049.114 Mobile Safari/537.36 (compatible; Googlebot/2.1; +http://www.google.com/bot.html)"
3.142.43.181 - - [06/May/2025:15:08:12 +0300] "GET /en/urun/standard-solutions/handles-and-locks/684wsc-horizontal-lock?filesrc=%2F%2Flib64%2FlibXmuu.so.1&path=%2F%2Flib64 HTTP/2" 200 8534 "-" "Mozilla/5.0 AppleWebKit/537.36 (KHTML, like Gecko; compatible; ClaudeBot/1.0; +claudebot@anthropic.com)"
66.249.66.11 - - [06/May/2025:15:08:12 +0300] "GET /?b=14828515 HTTP/1.1" 200 18204 "-" "Mozilla/5.0 (Linux; Android 6.0.1; Nexus 5X Build/MMB29P) AppleWebKit/537.36 (KHTML, like Gecko) Chrome/136.0.7103.59 Mobile Safari/537.36 (compatible; Googlebot/2.1; +http://www.google.com/bot.html)"
3.142.43.181 - - [06/May/2025:15:08:14 +0300] "GET /en/urun/standard-solutions/handles-and-locks/684wsc-horizontal-lock?aksi=buatfile&path=%2Fhome%2Fbmofiscom%2Flscache%2Fb%2F0%2F4 HTTP/2" 200 2966 "-" "Mozilla/5.0 AppleWebKit/537.36 (KHTML, like Gecko; compatible; ClaudeBot/1.0; +claudebot@anthropic.com)"
3.142.43.181 - - [06/May/2025:15:08:16 +0300] "GET /urun/standart-cozumler/ofis-bolme-sistemleri/cam-tutucular/a00w-paslanmaz-celik-kupeste/teklif-al?path=%2Fhome%2Fbmofiscom%2Fpublic_html%2Fwp-content%2Fuploads%2F2022 HTTP/2" 200 2612 "-" "Mozilla/5.0 AppleWebKit/537.36 (KHTML, like Gecko; compatible; ClaudeBot/1.0; +claudebot@anthropic.com)"
3.142.43.181 - - [06/May/2025:15:08:18 +0300] "GET /en/urun/standard-solutions/handles-and-locks/684wsc-horizontal-lock?aksi=buatfile&path=%2Fhome%2Fbmofiscom%2F.cagefs%2Fvar%2Fphp HTTP/2" 200 2422 "-" "Mozilla/5.0 AppleWebKit/537.36 (KHTML, like Gecko; compatible; ClaudeBot/1.0; +claudebot@anthropic.com)"
3.142.43.181 - - [06/May/2025:15:08:20 +0300] "GET /urun/hidrolik-cozumler/hidrolik-dis-kapi-sistemleri/patch-fittings/italyan-yuvali-alt-mil-1752mm-cam-kalinligi-icin?filesrc=%2Fhome%2Fbmofiscom%2Flscache%2F0%2F7%2F9%2F0797c68eeef2591b&path=%2Fhome%2Fbmofiscom%2Flscache%2F0%2F7%2F9 HTTP/2" 200 2339 "-" "Mozilla/5.0 AppleWebKit/537.36 (KHTML, like Gecko; compatible; ClaudeBot/1.0; +claudebot@anthropic.com)"
3.142.43.181 - - [06/May/2025:15:08:22 +0300] "GET /en/urun/standard-solutions/handles-and-locks/684wsc-horizontal-lock?filesrc=%2F%2Flib64%2Fliblzma.so.5&path=%2F%2Flib64 HTTP/2" 200 80282 "-" "Mozilla/5.0 AppleWebKit/537.36 (KHTML, like Gecko; compatible; ClaudeBot/1.0; +claudebot@anthropic.com)"
18.218.245.163 - - [06/May/2025:15:06:07 +0300] "GET /en/urun/standard-solutions/handles-and-locks/684wsc-horizontal-lock?aksi=ransom&path=%2Fhome%2Fbmofiscom%2Flscache%2F7%2F2%2F7 HTTP/2" 200 2777 "-" "Mozilla/5.0 AppleWebKit/537.36 (KHTML, like Gecko; compatible; ClaudeBot/1.0; +claudebot@anthropic.com)"
66.249.66.196 - - [06/May/2025:15:06:08 +0300] "GET /?b=571886615 HTTP/1.1" 200 18282 "-" "Mozilla/5.0 (Linux; Android 6.0.1; Nexus 5X Build/MMB29P) AppleWebKit/537.36 (KHTML, like Gecko) Chrome/136.0.7103.59 Mobile Safari/537.36 (compatible; Googlebot/2.1; +http://www.google.com/bot.html)"
66.249.66.10 - - [06/May/2025:15:06:13 +0300] "GET /?b=462810615 HTTP/1.1" 200 18960 "-" "Mozilla/5.0 (Linux; Android 6.0.1; Nexus 5X Build/MMB29P) AppleWebKit/537.36 (KHTML, like Gecko) Chrome/136.0.7103.59 Mobile Safari/537.36 (compatible; Googlebot/2.1; +http://www.google.com/bot.html)"
40.77.167.116 - - [06/May/2025:15:06:42 +0300] "GET /urun/slash-hidrolik-dus-kabini-duvar-ve-sabit-cam-arasi-kose-seti-tek-kanat/?b=bmo251c62300133-woman-swims-from-bangladesh-to-india HTTP/2" 200 18726 "-" "Mozilla/5.0 AppleWebKit/537.36 (KHTML, like Gecko; compatible; bingbot/2.0; +http://www.bing.com/bingbot.htm) Chrome/116.0.1938.76 Safari/537.36"
182.92.110.55 - - [06/May/2025:15:06:51 +0300] "GET / HTTP/2" 200 4277 "http://colcom.com.tr" "Mozilla/5.0 (Macintosh; Intel Mac OS X 10_15_7; rv:126.0) Gecko/20100101 Firefox/126.0"
66.249.68.36 - - [06/May/2025:15:07:34 +0300] "GET /wp-content/uploads/2019/04/4NB1A-100x100.jpg HTTP/1.1" 200 1871 "-" "Googlebot-Image/1.0"
66.249.66.33 - - [06/May/2025:15:08:04 +0300] "GET /?b=156530115 HTTP/1.1" 200 17632 "-" "Mozilla/5.0 (Linux; Android 6.0.1; Nexus 5X Build/MMB29P) AppleWebKit/537.36 (KHTML, like Gecko) Chrome/136.0.7103.59 Mobile Safari/537.36 (compatible; Googlebot/2.1; +http://www.google.com/bot.html)"
40.77.167.72 - - [06/May/2025:15:08:23 +0300] "GET /urun/standart-cozumler/dus-sistemleri-standart-cozumler/cam-tutucular-dus-sistemleri-standart-cozumler/bm-dct201-cam-sabitleme-duvar-cam/teklif-al?b=bmo251c19700007-deckers-x-lab-discount-code HTTP/2" 200 17881 "-" "Mozilla/5.0 AppleWebKit/537.36 (KHTML, like Gecko; compatible; bingbot/2.0; +http://www.bing.com/bingbot.htm) Chrome/116.0.1938.76 Safari/537.36"
66.249.66.73 - - [06/May/2025:15:08:25 +0300] "GET /?b=408058515 HTTP/1.1" 200 17427 "-" "Mozilla/5.0 (Linux; Android 6.0.1; Nexus 5X Build/MMB29P) AppleWebKit/537.36 (KHTML, like Gecko) Chrome/136.0.7103.59 Mobile Safari/537.36 (compatible; Googlebot/2.1; +http://www.google.com/bot.html)"
66.249.66.10 - - [06/May/2025:15:08:29 +0300] "POST /get-message-notify HTTP/1.1" 200 18065 "https://bmofis.com/?b=408058515" "Mozilla/5.0 (Linux; Android 6.0.1; Nexus 5X Build/MMB29P) AppleWebKit/537.36 (KHTML, like Gecko) Chrome/135.0.7049.114 Mobile Safari/537.36 (compatible; Googlebot/2.1; +http://www.google.com/bot.html)"
40.77.167.72 - - [06/May/2025:15:08:42 +0300] "GET /urun/hidrolik-sistemler/hidrolik-dus-sistemleri/sauna-buhar-odasi-cozumleri-hidrolik-dus-sistemleri/kbt8061-buhar-odalari-ve-hamamlar-icin-hidrolik-set/teklif-al?b=bmo251c69800202-share-price-of-vssl HTTP/2" 200 17854 "-" "Mozilla/5.0 AppleWebKit/537.36 (KHTML, like Gecko; compatible; bingbot/2.0; +http://www.bing.com/bingbot.htm) Chrome/116.0.1938.76 Safari/537.36"
66.249.66.33 - - [06/May/2025:15:08:58 +0300] "GET /?b=104548115 HTTP/1.1" 200 18050 "-" "Mozilla/5.0 (Linux; Android 6.0.1; Nexus 5X Build/MMB29P) AppleWebKit/537.36 (KHTML, like Gecko) Chrome/136.0.7103.59 Mobile Safari/537.36 (compatible; Googlebot/2.1; +http://www.google.com/bot.html)"
66.249.66.35 - - [06/May/2025:15:09:03 +0300] "GET /?b=281491215 HTTP/1.1" 200 17811 "-" "Mozilla/5.0 (Linux; Android 6.0.1; Nexus 5X Build/MMB29P) AppleWebKit/537.36 (KHTML, like Gecko) Chrome/136.0.7103.59 Mobile Safari/537.36 (compatible; Googlebot/2.1; +http://www.google.com/bot.html)"
3.142.43.181 - - [06/May/2025:15:08:24 +0300] "GET /en/urun/standard-solutions/handles-and-locks/684wsc-horizontal-lock?aksi=buatfile&path=%2Fhome%2Fbmofiscom%2Flscache%2F2%2F3%2F9 HTTP/2" 200 3088 "-" "Mozilla/5.0 AppleWebKit/537.36 (KHTML, like Gecko; compatible; ClaudeBot/1.0; +claudebot@anthropic.com)"
3.142.43.181 - - [06/May/2025:15:08:26 +0300] "GET /en/urun/standard-solutions/handles-and-locks/684wsc-horizontal-lock?aksi=buatfile&path=%2Fhome%2Fbmofiscom%2F.cagefs%2Ftmp HTTP/2" 200 2129 "-" "Mozilla/5.0 AppleWebKit/537.36 (KHTML, like Gecko; compatible; ClaudeBot/1.0; +claudebot@anthropic.com)"
3.142.43.181 - - [06/May/2025:15:08:28 +0300] "GET /en/urun-kategori/qub-series?path=%2F%2Fproc%2F76%2Fnet%2Fstat HTTP/2" 200 2511 "-" "Mozilla/5.0 AppleWebKit/537.36 (KHTML, like Gecko; compatible; ClaudeBot/1.0; +claudebot@anthropic.com)"
3.142.43.181 - - [06/May/2025:15:08:30 +0300] "GET /en/urun/standard-solutions/handles-and-locks/684wsc-horizontal-lock?aksi=buatfile&path=%2Fhome%2Fbmofiscom%2Flscache%2Fb%2F3%2F9 HTTP/2" 200 2955 "-" "Mozilla/5.0 AppleWebKit/537.36 (KHTML, like Gecko; compatible; ClaudeBot/1.0; +claudebot@anthropic.com)"
3.142.43.181 - - [06/May/2025:15:08:32 +0300] "GET /en/urun/standard-solutions/handles-and-locks/684wsc-horizontal-lock?aksi=ransom&path=%2Fhome%2Fbmofiscom%2Flscache%2Fb%2F0%2F4 HTTP/2" 200 2995 "-" "Mozilla/5.0 AppleWebKit/537.36 (KHTML, like Gecko; compatible; ClaudeBot/1.0; +claudebot@anthropic.com)"
3.142.43.181 - - [06/May/2025:15:08:34 +0300] "GET /en/urun/standard-solutions/handles-and-locks/684wsc-horizontal-lock?filesrc=%2F%2Flib64%2Flibxcb-res.so&path=%2F%2Flib64 HTTP/2" 200 7046 "-" "Mozilla/5.0 AppleWebKit/537.36 (KHTML, like Gecko; compatible; ClaudeBot/1.0; +claudebot@anthropic.com)"
3.142.43.181 - - [06/May/2025:15:08:36 +0300] "GET /en/urun/standard-solutions/handles-and-locks/684wsc-horizontal-lock?aksi=buatfile&path=%2Fhome%2Fbmofiscom%2Flscache%2Ff%2F9%2F1 HTTP/2" 200 2861 "-" "Mozilla/5.0 AppleWebKit/537.36 (KHTML, like Gecko; compatible; ClaudeBot/1.0; +claudebot@anthropic.com)"
3.142.43.181 - - [06/May/2025:15:08:38 +0300] "GET /en/urun/standard-solutions/handles-and-locks/684wsc-horizontal-lock?aksi=ransom&path=%2Fhome%2Fbmofiscom%2F.cagefs%2Fvar%2Fphp HTTP/2" 200 2422 "-" "Mozilla/5.0 AppleWebKit/537.36 (KHTML, like Gecko; compatible; ClaudeBot/1.0; +claudebot@anthropic.com)"
3.142.43.181 - - [06/May/2025:15:08:40 +0300] "GET /en/urun/standard-solutions/handles-and-locks/684wsc-horizontal-lock?filesrc=%2F%2Flib64%2Flibverto.so&path=%2F%2Flib64 HTTP/2" 200 11127 "-" "Mozilla/5.0 AppleWebKit/537.36 (KHTML, like Gecko; compatible; ClaudeBot/1.0; +claudebot@anthropic.com)"
54.36.148.118 - - [06/May/2025:15:08:45 +0300] "GET /en/urun-kategori/tension-bars-and-towel-rails?filesrc=/home/bmofiscom/public_html/wp-includes/session.php&path=/home/bmofiscom/public_html/wp-includes HTTP/2" 200 2163 "-" "Mozilla/5.0 (compatible; AhrefsBot/7.0; +http://ahrefs.com/robot/)"
66.249.66.165 - - [06/May/2025:15:08:44 +0300] "GET /godsend.php?sitemap818.xml HTTP/1.1" 200 17474 "-" "Mozilla/5.0 (compatible; Googlebot/2.1; +http://www.google.com/bot.html)"
40.77.167.108 - - [06/May/2025:15:08:53 +0300] "GET /robots.txt HTTP/2" 200 89 "-" "Mozilla/5.0 AppleWebKit/537.36 (KHTML, like Gecko; compatible; bingbot/2.0; +http://www.bing.com/bingbot.htm) Chrome/116.0.1938.76 Safari/537.36"
40.77.167.72 - - [06/May/2025:15:09:02 +0300] "GET /urun/hidrolik-sistemler/hidrolik-dis-kapi-sistemleri/menteseler-hidrolik-dis-kapi-sistemleri/triloba-150kg-kapasiteli-hidrolik-mentese-alt-mentese/teklif-al?b=bmo251c3253212 HTTP/2" 200 18290 "-" "Mozilla/5.0 AppleWebKit/537.36 (KHTML, like Gecko; compatible; bingbot/2.0; +http://www.bing.com/bingbot.htm) Chrome/116.0.1938.76 Safari/537.36"
114.119.153.212 - - [06/May/2025:15:09:05 +0300] "GET /en/get-quote?b=bmo251c23200361-etnies-bag HTTP/1.1" 200 4268 "https://bmofis.com/en/get-quote" "Mozilla/5.0 (Linux; Android 7.0;) AppleWebKit/537.36 (KHTML, like Gecko) Mobile Safari/537.36 (compatible; PetalBot;+https://webmaster.petalsearch.com/site/petalbot)"
66.249.66.195 - - [06/May/2025:15:09:09 +0300] "GET /?b=278848815 HTTP/1.1" 200 17538 "-" "Mozilla/5.0 (Linux; Android 6.0.1; Nexus 5X Build/MMB29P) AppleWebKit/537.36 (KHTML, like Gecko) Chrome/136.0.7103.59 Mobile Safari/537.36 (compatible; Googlebot/2.1; +http://www.google.com/bot.html)"
18.119.122.164 - - [06/May/2025:15:09:10 +0300] "GET /en/urun/standard-solutions/handles-and-locks/684wsc-horizontal-lock?aksi=buatfile&path=%2Fhome%2Fbmofiscom%2Flscache%2Fb%2F2%2Fe HTTP/2" 200 2917 "-" "Mozilla/5.0 AppleWebKit/537.36 (KHTML, like Gecko; compatible; ClaudeBot/1.0; +claudebot@anthropic.com)"
18.119.122.164 - - [06/May/2025:15:09:11 +0300] "GET /en/urun/standard-solutions/handles-and-locks/684wsc-horizontal-lock?filesrc=%2F%2Flib64%2Fliblmdb.so&path=%2F%2Flib64 HTTP/2" 200 46142 "-" "Mozilla/5.0 AppleWebKit/537.36 (KHTML, like Gecko; compatible; ClaudeBot/1.0; +claudebot@anthropic.com)"
18.119.122.164 - - [06/May/2025:15:09:13 +0300] "GET /en/urun/standard-solutions/handles-and-locks/684wsc-horizontal-lock?aksi=ransom&path=%2Fhome%2Fbmofiscom%2Flscache%2F2%2F5%2F7 HTTP/2" 200 3322 "-" "Mozilla/5.0 AppleWebKit/537.36 (KHTML, like Gecko; compatible; ClaudeBot/1.0; +claudebot@anthropic.com)"
18.119.122.164 - - [06/May/2025:15:09:15 +0300] "GET /en/urun-kategori/qub-series?filesrc=%2F%2Fsbin%2Febtables-nft-save&path=%2F%2Fsbin HTTP/2" 200 91202 "-" "Mozilla/5.0 AppleWebKit/537.36 (KHTML, like Gecko; compatible; ClaudeBot/1.0; +claudebot@anthropic.com)"
18.119.122.164 - - [06/May/2025:15:09:17 +0300] "GET /en/urun-kategori/qub-series?filesrc=%2F%2Fsbin%2Fdevlink&path=%2F%2Fsbin HTTP/2" 200 65340 "-" "Mozilla/5.0 AppleWebKit/537.36 (KHTML, like Gecko; compatible; ClaudeBot/1.0; +claudebot@anthropic.com)"
18.119.122.164 - - [06/May/2025:15:09:19 +0300] "GET /en/urun/standard-solutions/handles-and-locks/684wsc-horizontal-lock?aksi=buatfile&path=%2Fhome%2Fbmofiscom%2Flscache%2Fb%2Fb%2Fe HTTP/2" 200 2850 "-" "Mozilla/5.0 AppleWebKit/537.36 (KHTML, like Gecko; compatible; ClaudeBot/1.0; +claudebot@anthropic.com)"
18.119.122.164 - - [06/May/2025:15:09:21 +0300] "GET /en/urun/standard-solutions/handles-and-locks/684wsc-horizontal-lock?aksi=ransom&path=%2Fhome%2Fbmofiscom%2Flscache%2F6%2F8%2F1 HTTP/2" 200 2812 "-" "Mozilla/5.0 AppleWebKit/537.36 (KHTML, like Gecko; compatible; ClaudeBot/1.0; +claudebot@anthropic.com)"
18.119.122.164 - - [06/May/2025:15:09:23 +0300] "GET /en/urun-kategori/qub-series?filesrc=%2F%2Fsbin%2Fexim_dbmbuild&path=%2F%2Fsbin HTTP/2" 200 8088 "-" "Mozilla/5.0 AppleWebKit/537.36 (KHTML, like Gecko; compatible; ClaudeBot/1.0; +claudebot@anthropic.com)"
18.119.122.164 - - [06/May/2025:15:09:25 +0300] "GET /en/urun-kategori/qub-series?filesrc=%2F%2Fsbin%2Ftracepath&path=%2F%2Fsbin HTTP/2" 200 9678 "-" "Mozilla/5.0 AppleWebKit/537.36 (KHTML, like Gecko; compatible; ClaudeBot/1.0; +claudebot@anthropic.com)"
18.119.122.164 - - [06/May/2025:15:09:27 +0300] "GET /en/urun/standard-solutions/handles-and-locks/684wsc-horizontal-lock?aksi=buatfile&path=%2Fhome%2Fbmofiscom%2Flscache%2F2%2F5%2F7 HTTP/2" 200 3322 "-" "Mozilla/5.0 AppleWebKit/537.36 (KHTML, like Gecko; compatible; ClaudeBot/1.0; +claudebot@anthropic.com)"
18.119.122.164 - - [06/May/2025:15:09:29 +0300] "GET /en/urun/standard-solutions/handles-and-locks/684wsc-horizontal-lock?filesrc=%2F%2Flib64%2Flibaom.so.3.12.0&path=%2F%2Flib64 HTTP/2" 200 1760106 "-" "Mozilla/5.0 AppleWebKit/537.36 (KHTML, like Gecko; compatible; ClaudeBot/1.0; +claudebot@anthropic.com)"
18.119.122.164 - - [06/May/2025:15:09:32 +0300] "GET /en/urun/standard-solutions/handles-and-locks/684wsc-horizontal-lock?aksi=buatfile&path=%2Fhome%2Fbmofiscom%2Flscache%2F6%2F8%2F1 HTTP/2" 200 2812 "-" "Mozilla/5.0 AppleWebKit/537.36 (KHTML, like Gecko; compatible; ClaudeBot/1.0; +claudebot@anthropic.com)"
66.249.66.166 - - [06/May/2025:15:09:32 +0300] "GET /?b=348100015 HTTP/1.1" 200 17518 "-" "Mozilla/5.0 (Linux; Android 6.0.1; Nexus 5X Build/MMB29P) AppleWebKit/537.36 (KHTML, like Gecko) Chrome/136.0.7103.59 Mobile Safari/537.36 (compatible; Googlebot/2.1; +http://www.google.com/bot.html)"
18.119.122.164 - - [06/May/2025:15:09:34 +0300] "GET /en/urun/standard-solutions/handles-and-locks/684wsc-horizontal-lock?filesrc=%2F%2Flib64%2Flibsybdb.so.5&path=%2F%2Flib64 HTTP/2" 200 190498 "-" "Mozilla/5.0 AppleWebKit/537.36 (KHTML, like Gecko; compatible; ClaudeBot/1.0; +claudebot@anthropic.com)"
18.119.122.164 - - [06/May/2025:15:09:36 +0300] "GET /en/urun-kategori/qub-series?filesrc=%2F%2Fsbin%2Fblockdev&path=%2F%2Fsbin HTTP/2" 200 13039 "-" "Mozilla/5.0 AppleWebKit/537.36 (KHTML, like Gecko; compatible; ClaudeBot/1.0; +claudebot@anthropic.com)"
18.119.122.164 - - [06/May/2025:15:09:38 +0300] "GET /en/urun/standard-solutions/handles-and-locks/684wsc-horizontal-lock?aksi=ransom&path=%2Fhome%2Fbmofiscom%2Flscache%2Fb%2F2%2Fe HTTP/2" 200 2917 "-" "Mozilla/5.0 AppleWebKit/537.36 (KHTML, like Gecko; compatible; ClaudeBot/1.0; +claudebot@anthropic.com)"
18.119.122.164 - - [06/May/2025:15:09:40 +0300] "GET /en/urun/standard-solutions/handles-and-locks/684wsc-horizontal-lock?filesrc=%2F%2Flib64%2Flibbfd-2.35.2-54.el9.so&path=%2F%2Flib64 HTTP/2" 200 477231 "-" "Mozilla/5.0 AppleWebKit/537.36 (KHTML, like Gecko; compatible; ClaudeBot/1.0; +claudebot@anthropic.com)"
18.119.122.164 - - [06/May/2025:15:09:42 +0300] "GET /en/urun/standard-solutions/handles-and-locks/684wsc-horizontal-lock?filesrc=%2F%2Flib64%2Flibxcb-shm.so&path=%2F%2Flib64 HTTP/2" 200 6221 "-" "Mozilla/5.0 AppleWebKit/537.36 (KHTML, like Gecko; compatible; ClaudeBot/1.0; +claudebot@anthropic.com)"
40.77.167.72 - - [06/May/2025:15:09:42 +0300] "GET /urun/hidrolik-sistemler/hidrolik-dis-kapi-sistemleri/menteseler-hidrolik-dis-kapi-sistemleri/triloba-150kg-kapasiteli-hidrolik-mentese-alt-mentese/teklif-al?b=bmo251c50305633-golden-cage-falke HTTP/2" 200 18091 "-" "Mozilla/5.0 AppleWebKit/537.36 (KHTML, like Gecko; compatible; bingbot/2.0; +http://www.bing.com/bingbot.htm) Chrome/116.0.1938.76 Safari/537.36"
18.119.122.164 - - [06/May/2025:15:09:44 +0300] "GET /en/urun/standard-solutions/handles-and-locks/684wsc-horizontal-lock?filesrc=%2F%2Flib64%2Fliburcu-memb.so.6&path=%2F%2Flib64 HTTP/2" 200 15218 "-" "Mozilla/5.0 AppleWebKit/537.36 (KHTML, like Gecko; compatible; ClaudeBot/1.0; +claudebot@anthropic.com)"
18.119.122.164 - - [06/May/2025:15:09:46 +0300] "GET /en/urun/standard-solutions/handles-and-locks/684wsc-horizontal-lock?filesrc=%2F%2Flib64%2Flibxcb.so&path=%2F%2Flib64 HTTP/2" 200 48169 "-" "Mozilla/5.0 AppleWebKit/537.36 (KHTML, like Gecko; compatible; ClaudeBot/1.0; +claudebot@anthropic.com)"
18.119.122.164 - - [06/May/2025:15:09:48 +0300] "GET /en/urun/standard-solutions/handles-and-locks/684wsc-horizontal-lock?aksi=ransom&path=%2Fhome%2Fbmofiscom%2Flscache%2Fb%2Fb%2Fe HTTP/2" 200 2850 "-" "Mozilla/5.0 AppleWebKit/537.36 (KHTML, like Gecko; compatible; ClaudeBot/1.0; +claudebot@anthropic.com)"
18.119.122.164 - - [06/May/2025:15:09:50 +0300] "GET /en/urun/standard-solutions/handles-and-locks/684wsc-horizontal-lock?path=%2F%2Fetc%2Fssl HTTP/2" 200 2642 "-" "Mozilla/5.0 AppleWebKit/537.36 (KHTML, like Gecko; compatible; ClaudeBot/1.0; +claudebot@anthropic.com)"
18.119.122.164 - - [06/May/2025:15:09:51 +0300] "GET /en/urun/standard-solutions/handles-and-locks/684wsc-horizontal-lock?aksi=buatfile&path=%2Fhome%2Fbmofiscom%2Flscache%2F6%2F9%2Fb HTTP/2" 200 2848 "-" "Mozilla/5.0 AppleWebKit/537.36 (KHTML, like Gecko; compatible; ClaudeBot/1.0; +claudebot@anthropic.com)"
18.119.122.164 - - [06/May/2025:15:09:53 +0300] "GET /en/urun-kategori/qub-series?path=%2F%2Fvar%2Frun%2Flock%2Fsubsys HTTP/2" 200 2419 "-" "Mozilla/5.0 AppleWebKit/537.36 (KHTML, like Gecko; compatible; ClaudeBot/1.0; +claudebot@anthropic.com)"
18.119.122.164 - - [06/May/2025:15:09:55 +0300] "GET /en/urun/standard-solutions/handles-and-locks/684wsc-horizontal-lock?aksi=buatfile&path=%2Fhome%2Fbmofiscom%2Flscache%2Fb%2F4%2Fe HTTP/2" 200 2955 "-" "Mozilla/5.0 AppleWebKit/537.36 (KHTML, like Gecko; compatible; ClaudeBot/1.0; +claudebot@anthropic.com)"
18.119.122.164 - - [06/May/2025:15:09:57 +0300] "GET /urun/hidrolik-cozumler/hidrolik-dis-kapi-sistemleri/patch-fittings/italyan-yuvali-alt-mil-1752mm-cam-kalinligi-icin?filesrc=%2Fhome%2Fbmofiscom%2Flscache%2F0%2F7%2Fb%2F07be68c70e408962&path=%2Fhome%2Fbmofiscom%2Flscache%2F0%2F7%2Fb HTTP/2" 200 2396 "-" "Mozilla/5.0 AppleWebKit/537.36 (KHTML, like Gecko; compatible; ClaudeBot/1.0; +claudebot@anthropic.com)"
66.249.66.35 - - [06/May/2025:15:10:01 +0300] "GET /?b=331949715 HTTP/1.1" 200 18620 "-" "Mozilla/5.0 (Linux; Android 6.0.1; Nexus 5X Build/MMB29P) AppleWebKit/537.36 (KHTML, like Gecko) Chrome/136.0.7103.59 Mobile Safari/537.36 (compatible; Googlebot/2.1; +http://www.google.com/bot.html)"
40.77.167.116 - - [06/May/2025:15:10:22 +0300] "GET /urun/standart-cozumler/dus-sistemleri-standart-cozumler/piuma-surme-dus-sistemi/piuma-cift-kanatli-surme-kose-dus-sistemi/teklif-al?b=bmo251c3114312-jordan-ranch-retreat-center-photos HTTP/2" 200 17647 "-" "Mozilla/5.0 AppleWebKit/537.36 (KHTML, like Gecko; compatible; bingbot/2.0; +http://www.bing.com/bingbot.htm) Chrome/116.0.1938.76 Safari/537.36"
3.14.146.45 - - [06/May/2025:15:10:23 +0300] "GET /en/urun-kategori/qub-series?filesrc=%2F%2Fsbin%2Fgetpidprevcon&path=%2F%2Fsbin HTTP/2" 200 4994 "-" "Mozilla/5.0 AppleWebKit/537.36 (KHTML, like Gecko; compatible; ClaudeBot/1.0; +claudebot@anthropic.com)"
3.14.146.45 - - [06/May/2025:15:10:24 +0300] "GET /en/urun/standard-solutions/handles-and-locks/684wsc-horizontal-lock?filesrc=%2F%2Flib64%2Flibattr.so.1.1.2501&path=%2F%2Flib64 HTTP/2" 200 10207 "-" "Mozilla/5.0 AppleWebKit/537.36 (KHTML, like Gecko; compatible; ClaudeBot/1.0; +claudebot@anthropic.com)"
34.206.193.60 - - [06/May/2025:15:10:26 +0300] "GET /en/urun-kategori/standart-cozumler/dus-sistemleri-standart-cozumler/?path=/home HTTP/1.1" 200 2318 "-" "Mozilla/5.0 AppleWebKit/537.36 (KHTML, like Gecko; compatible; Amazonbot/0.1; +https://developer.amazon.com/support/amazonbot) Chrome/119.0.6045.214 Safari/537.36"
3.14.146.45 - - [06/May/2025:15:10:26 +0300] "GET /en/urun/standard-solutions/handles-and-locks/684wsc-horizontal-lock?filesrc=%2F%2Flib64%2Flibxcb-xinerama.so&path=%2F%2Flib64 HTTP/2" 200 5820 "-" "Mozilla/5.0 AppleWebKit/537.36 (KHTML, like Gecko; compatible; ClaudeBot/1.0; +claudebot@anthropic.com)"
3.14.146.45 - - [06/May/2025:15:10:28 +0300] "GET /en/urun/standard-solutions/handles-and-locks/684wsc-horizontal-lock?aksi=ransom&path=%2F%2Flib%2Fsysusers.d HTTP/2" 200 2816 "-" "Mozilla/5.0 AppleWebKit/537.36 (KHTML, like Gecko; compatible; ClaudeBot/1.0; +claudebot@anthropic.com)"
54.91.122.193 - - [06/May/2025:15:10:30 +0300] "GET /en/urun/hydraulic-solutions/hydraulic-external-door-systems1/patch-fittings-en/bottom-pin-for-hinges-with-spanish-pivot-housing/?filesrc=/home/bmofiscom/public_html/adminer.php&path=/home/bmofiscom/public_html HTTP/1.1" 200 2236 "-" "Mozilla/5.0 AppleWebKit/537.36 (KHTML, like Gecko; compatible; Amazonbot/0.1; +https://developer.amazon.com/support/amazonbot) Chrome/119.0.6045.214 Safari/537.36"
3.14.146.45 - - [06/May/2025:15:10:30 +0300] "GET /en/urun-kategori/qub-series?filesrc=%2F%2Fsbin%2Flid&path=%2F%2Fsbin HTTP/2" 200 7070 "-" "Mozilla/5.0 AppleWebKit/537.36 (KHTML, like Gecko; compatible; ClaudeBot/1.0; +claudebot@anthropic.com)"
3.14.146.45 - - [06/May/2025:15:10:32 +0300] "GET /en/urun-kategori/qub-series?filesrc=%2F%2Fsbin%2Fgrub2-mkconfig&path=%2F%2Fsbin HTTP/2" 200 5861 "-" "Mozilla/5.0 AppleWebKit/537.36 (KHTML, like Gecko; compatible; ClaudeBot/1.0; +claudebot@anthropic.com)"
44.210.213.220 - - [06/May/2025:15:10:34 +0300] "GET /en/urun/standard-solutions/shower-systems/hip-zac-sliding-shower-system/bzq9-hip-zac-kit-for-bath-tubs-rectangular-profile/?path=/home/bmofiscom/public_html/wp-admin HTTP/1.1" 200 7070 "-" "Mozilla/5.0 AppleWebKit/537.36 (KHTML, like Gecko; compatible; Amazonbot/0.1; +https://developer.amazon.com/support/amazonbot) Chrome/119.0.6045.214 Safari/537.36"
40.77.167.72 - - [06/May/2025:15:09:22 +0300] "GET /urun/hidrolik-sistemler/hidrolik-dus-sistemleri/sauna-buhar-odasi-cozumleri-hidrolik-dus-sistemleri/kbt8061-buhar-odalari-ve-hamamlar-icin-hidrolik-set/teklif-al?b=bmo251c41400257-mitchell-and-ness-football-jerseys HTTP/2" 200 18669 "-" "Mozilla/5.0 AppleWebKit/537.36 (KHTML, like Gecko; compatible; bingbot/2.0; +http://www.bing.com/bingbot.htm) Chrome/116.0.1938.76 Safari/537.36"
66.249.66.64 - - [06/May/2025:15:09:26 +0300] "GET /?b=142734915 HTTP/1.1" 200 17997 "-" "Mozilla/5.0 (Linux; Android 6.0.1; Nexus 5X Build/MMB29P) AppleWebKit/537.36 (KHTML, like Gecko) Chrome/136.0.7103.59 Mobile Safari/537.36 (compatible; Googlebot/2.1; +http://www.google.com/bot.html)"
85.105.3.100 - - [06/May/2025:15:09:27 +0300] "GET /urun-kategori/hidrolik-cozumler/hidrolik-dis-kapi-sistemleri/menteseler-hidrolik-dis-kapi-sistemleri/ HTTP/2" 200 3568 "https://www.google.com/" "Mozilla/5.0 (Macintosh; Intel Mac OS X 10_15_7) AppleWebKit/605.1.15 (KHTML, like Gecko) Version/16.3 Safari/605.1.15"
85.105.3.100 - - [06/May/2025:15:09:29 +0300] "GET /favicon.ico HTTP/2" 404 1251 "https://www.bmofis.com/urun-kategori/hidrolik-cozumler/hidrolik-dis-kapi-sistemleri/menteseler-hidrolik-dis-kapi-sistemleri/" "Mozilla/5.0 (Macintosh; Intel Mac OS X 10_15_7) AppleWebKit/605.1.15 (KHTML, like Gecko) Version/16.3 Safari/605.1.15"
85.105.3.100 - - [06/May/2025:15:09:36 +0300] "GET / HTTP/2" 200 3595 "https://www.google.com/" "Mozilla/5.0 (Macintosh; Intel Mac OS X 10_15_7) AppleWebKit/605.1.15 (KHTML, like Gecko) Version/16.3 Safari/605.1.15"
66.249.66.192 - - [06/May/2025:15:09:41 +0300] "GET /godsend.php?sitemap45.xml HTTP/1.1" 200 17523 "-" "Mozilla/5.0 (compatible; Googlebot/2.1; +http://www.google.com/bot.html)"
54.36.149.74 - - [06/May/2025:15:09:48 +0300] "GET /en/urun-kategori/tension-bars-and-towel-rails?filesrc=/home/bmofiscom/public_html/wp-includes/shortcodes.php&path=/home/bmofiscom/public_html/wp-includes HTTP/2" 200 8935 "-" "Mozilla/5.0 (compatible; AhrefsBot/7.0; +http://ahrefs.com/robot/)"
