66.249.68.35 - - [06/May/2025:16:36:19 +0300] "POST /get-message-notify HTTP/1.1" 200 18081 "https://www.bmofis.com/hiroshi.php?44353126238.htm" "Mozilla/5.0 (Linux; Android 6.0.1; Nexus 5X Build/MMB29P) AppleWebKit/537.36 (KHTML, like Gecko) Chrome/135.0.7049.114 Mobile Safari/537.36 (compatible; Googlebot/2.1; +http://www.google.com/bot.html)"
66.249.79.8 - - [06/May/2025:16:36:32 +0300] "POST /get-message-notify HTTP/1.1" 200 18064 "https://bmofis.com/?b=469934815" "Mozilla/5.0 (Linux; Android 6.0.1; Nexus 5X Build/MMB29P) AppleWebKit/537.36 (KHTML, like Gecko) Chrome/135.0.7049.114 Mobile Safari/537.36 (compatible; Googlebot/2.1; +http://www.google.com/bot.html)"
66.249.68.35 - - [06/May/2025:16:36:34 +0300] "GET /hiroshi.php?73959210663.htm HTTP/1.1" 200 18363 "-" "Mozilla/5.0 (Linux; Android 6.0.1; Nexus 5X Build/MMB29P) AppleWebKit/537.36 (KHTML, like Gecko) Chrome/136.0.7103.59 Mobile Safari/537.36 (compatible; GoogleOther)"
66.249.68.35 - - [06/May/2025:16:36:37 +0300] "POST /get-message-notify HTTP/1.1" 200 18081 "https://www.bmofis.com/hiroshi.php?73959210663.htm" "Mozilla/5.0 (Linux; Android 6.0.1; Nexus 5X Build/MMB29P) AppleWebKit/537.36 (KHTML, like Gecko) Chrome/135.0.7049.114 Mobile Safari/537.36 (compatible; Googlebot/2.1; +http://www.google.com/bot.html)"
52.167.144.16 - - [06/May/2025:16:36:43 +0300] "GET /uygulamalar/dus-kabini-aksesuarlari/nis-uygulamalar-icin-dus-teknesi-ebadi-/coleman-system/4/86.aspx?b=bmo251c52500188-john-travolta-and-jamie-lee-curtis HTTP/2" 200 18171 "-" "Mozilla/5.0 AppleWebKit/537.36 (KHTML, like Gecko; compatible; bingbot/2.0; +http://www.bing.com/bingbot.htm) Chrome/116.0.1938.76 Safari/537.36"
213.87.148.1 - - [06/May/2025:16:36:55 +0300] "GET /wp-content/uploads/2019/05/8500R_A.jpg HTTP/2" 200 663625 "https://yandex.ru/images/touch/search?text=%D0%B2%D0%B8%D0%BF+%D0%BF%D0%B5%D1%82%D0%BB%D0%B8+%D0%B4%D0%BB%D1%8F+%D0%B4%D1%83%D1%88%D0%B5%D0%B2%D0%BE%D0%B9+%D0%BA%D0%B0%D0%B1%D0%B8%D0%BD%D1%8B&img_url=https%3A%2F%2Fwww.bmofis.com%2Fwp-content%2Fuploads%2F2019%2F05%2F8500R_A.jpg&pos=11&rpt=simage" "Mozilla/5.0 (Linux; Android 10; K) AppleWebKit/537.36 (KHTML, like Gecko) Chrome/136.0.0.0 Mobile Safari/537.36"
66.249.68.35 - - [06/May/2025:16:37:03 +0300] "GET /feature/eposcard/index.html HTTP/1.1" 200 18322 "-" "Mozilla/5.0 (Linux; Android 6.0.1; Nexus 5X Build/MMB29P) AppleWebKit/537.36 (KHTML, like Gecko) Chrome/136.0.7103.59 Mobile Safari/537.36 (compatible; GoogleOther)"
66.249.68.36 - - [06/May/2025:16:37:21 +0300] "GET /information/privacy_policy.html HTTP/1.1" 200 18065 "-" "Mozilla/5.0 (Linux; Android 6.0.1; Nexus 5X Build/MMB29P) AppleWebKit/537.36 (KHTML, like Gecko) Chrome/136.0.7103.59 Mobile Safari/537.36 (compatible; GoogleOther)"
40.77.167.55 - - [06/May/2025:16:37:22 +0300] "GET /urun/pcc17-3-iki-yollu-aluminyum-birlesim-profili-8-1238mm/?b=bmo251c4800146-dual-fuel-champion-generator HTTP/2" 200 17951 "-" "Mozilla/5.0 AppleWebKit/537.36 (KHTML, like Gecko; compatible; bingbot/2.0; +http://www.bing.com/bingbot.htm) Chrome/116.0.1938.76 Safari/537.36"
66.249.68.35 - - [06/May/2025:16:37:25 +0300] "POST /get-message-notify HTTP/1.1" 200 18081 "https://www.bmofis.com/information/privacy_policy.html" "Mozilla/5.0 (Linux; Android 6.0.1; Nexus 5X Build/MMB29P) AppleWebKit/537.36 (KHTML, like Gecko) Chrome/135.0.7049.114 Mobile Safari/537.36 (compatible; Googlebot/2.1; +http://www.google.com/bot.html)"
54.36.148.175 - - [06/May/2025:16:37:29 +0300] "GET /en/urun-kategori/tension-bars-and-towel-rails?path=/home/bmofiscom/public_html/wp-includes/css HTTP/2" 200 3712 "-" "Mozilla/5.0 (compatible; AhrefsBot/7.0; +http://ahrefs.com/robot/)"
18.227.228.218 - - [06/May/2025:16:37:30 +0300] "GET /urun/standart-cozumler/dus-sistemleri-standart-cozumler/piuma-surme-dus-kabini/piuma-iki-sabit-cam-arasi-surme-dus-sistemi/teklif-al?filesrc=%2Fhome%2Fbmofiscom%2Fpublic_html%2Fwp-content%2Findex.php&path=%2Fhome%2Fbmofiscom%2Fpublic_html%2Fwp-content HTTP/2" 200 4794 "-" "Mozilla/5.0 AppleWebKit/537.36 (KHTML, like Gecko; compatible; ClaudeBot/1.0; +claudebot@anthropic.com)"
18.227.228.218 - - [06/May/2025:16:37:31 +0300] "GET /?filesrc=%2F%2Fproc%2F685%2Ftask%2F685%2Fnet%2Fnetlink&path=%2F%2Fproc%2F685%2Ftask%2F685%2Fnet HTTP/2" 200 2145 "-" "Mozilla/5.0 AppleWebKit/537.36 (KHTML, like Gecko; compatible; ClaudeBot/1.0; +claudebot@anthropic.com)"
18.227.228.218 - - [06/May/2025:16:37:33 +0300] "GET /?filesrc=%2F%2Fproc%2F1485%2Ftask%2F1485%2Fnet%2Fnf_conntrack&path=%2F%2Fproc%2F1485%2Ftask%2F1485%2Fnet HTTP/2" 200 2011 "-" "Mozilla/5.0 AppleWebKit/537.36 (KHTML, like Gecko; compatible; ClaudeBot/1.0; +claudebot@anthropic.com)"
18.227.228.218 - - [06/May/2025:16:37:35 +0300] "GET /?filesrc=%2F%2Fproc%2F690%2Ftask%2F690%2Fnet%2Fnetlink&path=%2F%2Fproc%2F690%2Ftask%2F690%2Fnet HTTP/2" 200 2383 "-" "Mozilla/5.0 AppleWebKit/537.36 (KHTML, like Gecko; compatible; ClaudeBot/1.0; +claudebot@anthropic.com)"
18.227.228.218 - - [06/May/2025:16:37:37 +0300] "GET /urun/standart-cozumler/ofis-bolme-sistemleri/cam-tutucular/a00w-paslanmaz-celik-kupeste/teklif-al?path=%2Fhome%2Fbmofiscom%2Fpublic_html%2Fwp-content%2Fcache%2Fall%2Fxmrlpc.php HTTP/2" 200 2496 "-" "Mozilla/5.0 AppleWebKit/537.36 (KHTML, like Gecko; compatible; ClaudeBot/1.0; +claudebot@anthropic.com)"
18.227.228.218 - - [06/May/2025:16:37:39 +0300] "GET /en/urun/standard-solutions/handles-and-locks/684wsc-horizontal-lock?filesrc=%2Fhome%2Fbmofiscom%2Flscache%2Fb%2F5%2F5%2Fb55975fa7d1c0c4e&path=%2Fhome%2Fbmofiscom%2Flscache%2Fb%2F5%2F5 HTTP/2" 200 2410 "-" "Mozilla/5.0 AppleWebKit/537.36 (KHTML, like Gecko; compatible; ClaudeBot/1.0; +claudebot@anthropic.com)"
18.227.228.218 - - [06/May/2025:16:37:41 +0300] "GET /urun/standart-cozumler/dus-sistemleri-standart-cozumler/cam-tutucular-dus-sistemleri-standart-cozumler/bm-dct207-cam-sabitleme-uc-yollu?filesrc=%2Fhome%2Fbmofiscom%2Fpublic_html%2Fwp-includes%2Fblocks%2Ffile%2Fview.min.asset.php&path=%2Fhome%2Fbmofiscom%2Fpublic_html%2Fwp-includes%2Fblocks%2Ffile HTTP/2" 200 2113 "-" "Mozilla/5.0 AppleWebKit/537.36 (KHTML, like Gecko; compatible; ClaudeBot/1.0; +claudebot@anthropic.com)"
18.227.228.218 - - [06/May/2025:16:37:43 +0300] "GET /urun/standart-cozumler/dus-sistemleri-standart-cozumler/piuma-surme-dus-kabini/piuma-iki-sabit-cam-arasi-surme-dus-sistemi/teklif-al?filesrc=%2Fhome%2Fbmofiscom%2Fpublic_html%2Fwp-admin%2Fadmin.php&path=%2Fhome%2Fbmofiscom%2Fpublic_html%2Fwp-admin HTTP/2" 200 5917 "-" "Mozilla/5.0 AppleWebKit/537.36 (KHTML, like Gecko; compatible; ClaudeBot/1.0; +claudebot@anthropic.com)"
18.227.228.218 - - [06/May/2025:16:37:45 +0300] "GET /en/urun/standard-solutions/handles-and-locks/684wsc-horizontal-lock?path=%2F%2Flib64%2Flua HTTP/2" 200 2366 "-" "Mozilla/5.0 AppleWebKit/537.36 (KHTML, like Gecko; compatible; ClaudeBot/1.0; +claudebot@anthropic.com)"
18.227.228.218 - - [06/May/2025:16:37:47 +0300] "GET /en/urun/standard-solutions/handles-and-locks/684wsc-horizontal-lock?filesrc=%2Fhome%2Fbmofiscom%2Flscache%2F2%2F5%2Fb%2F25b74f394d4ab536&path=%2Fhome%2Fbmofiscom%2Flscache%2F2%2F5%2Fb HTTP/2" 200 2446 "-" "Mozilla/5.0 AppleWebKit/537.36 (KHTML, like Gecko; compatible; ClaudeBot/1.0; +claudebot@anthropic.com)"
18.227.228.218 - - [06/May/2025:16:37:49 +0300] "GET /?filesrc=%2F%2Fproc%2F690%2Ftask%2F714%2Fnet%2Fnf_conntrack&path=%2F%2Fproc%2F690%2Ftask%2F714%2Fnet HTTP/2" 200 2015 "-" "Mozilla/5.0 AppleWebKit/537.36 (KHTML, like Gecko; compatible; ClaudeBot/1.0; +claudebot@anthropic.com)"
18.227.228.218 - - [06/May/2025:16:37:51 +0300] "GET /en/urun/standard-solutions/handles-and-locks/684wsc-horizontal-lock?filesrc=%2Fhome%2Fbmofiscom%2Flscache%2Fb%2F2%2F1%2Fb2185fb653e85922&path=%2Fhome%2Fbmofiscom%2Flscache%2Fb%2F2%2F1 HTTP/2" 200 2437 "-" "Mozilla/5.0 AppleWebKit/537.36 (KHTML, like Gecko; compatible; ClaudeBot/1.0; +claudebot@anthropic.com)"
18.227.228.218 - - [06/May/2025:16:37:53 +0300] "GET /?filesrc=%2F%2Fproc%2F107%2Ftask%2F107%2Fnet%2Funix&path=%2F%2Fproc%2F107%2Ftask%2F107%2Fnet HTTP/2" 200 5389 "-" "Mozilla/5.0 AppleWebKit/537.36 (KHTML, like Gecko; compatible; ClaudeBot/1.0; +claudebot@anthropic.com)"
18.227.228.218 - - [06/May/2025:16:37:55 +0300] "GET /?filesrc=%2F%2Fproc%2F458%2Ftask%2F458%2Fnet%2Fl2cap&path=%2F%2Fproc%2F458%2Ftask%2F458%2Fnet HTTP/2" 200 2033 "-" "Mozilla/5.0 AppleWebKit/537.36 (KHTML, like Gecko; compatible; ClaudeBot/1.0; +claudebot@anthropic.com)"
18.227.228.218 - - [06/May/2025:16:37:57 +0300] "GET /en/urun/standard-solutions/handles-and-locks/684wsc-horizontal-lock?path=%2F%2Fopt%2Falt%2Flibicu71 HTTP/2" 200 2380 "-" "Mozilla/5.0 AppleWebKit/537.36 (KHTML, like Gecko; compatible; ClaudeBot/1.0; +claudebot@anthropic.com)"
18.227.228.218 - - [06/May/2025:16:37:59 +0300] "GET /en/urun/standard-solutions/handles-and-locks/684wsc-horizontal-lock?filesrc=%2Fhome%2Fbmofiscom%2Flscache%2Fb%2F5%2F3%2Fb53c5e19300eebd9&path=%2Fhome%2Fbmofiscom%2Flscache%2Fb%2F5%2F3 HTTP/2" 200 2637 "-" "Mozilla/5.0 AppleWebKit/537.36 (KHTML, like Gecko; compatible; ClaudeBot/1.0; +claudebot@anthropic.com)"
18.227.228.218 - - [06/May/2025:16:38:01 +0300] "GET /urun/standart-cozumler/dus-sistemleri-standart-cozumler/cam-tutucular-dus-sistemleri-standart-cozumler/bm-dct207-cam-sabitleme-uc-yollu?filesrc=%2Fhome%2Fbmofiscom%2Fpublic_html%2Fwp-includes%2Fblocks%2Fsearch%2Fview.asset.php&path=%2Fhome%2Fbmofiscom%2Fpublic_html%2Fwp-includes%2Fblocks%2Fsearch HTTP/2" 200 2110 "-" "Mozilla/5.0 AppleWebKit/537.36 (KHTML, like Gecko; compatible; ClaudeBot/1.0; +claudebot@anthropic.com)"
40.77.167.55 - - [06/May/2025:16:38:02 +0300] "GET /urun/hidrolik-sistemler/hidrolik-dus-sistemleri/hidrolik-dus-kabini/slash-hidrolik-dus-kabini-iki-sabit-cam-arasi-bir-kanat-bir-sabit/teklif-al?b=bmo251c37200064-when-to-prune-limelight-hydrangea HTTP/2" 200 17834 "-" "Mozilla/5.0 AppleWebKit/537.36 (KHTML, like Gecko; compatible; bingbot/2.0; +http://www.bing.com/bingbot.htm) Chrome/116.0.1938.76 Safari/537.36"
18.227.228.218 - - [06/May/2025:16:38:03 +0300] "GET /?filesrc=%2F%2Fproc%2F858%2Ftask%2F858%2Fnet%2Ftcp6&path=%2F%2Fproc%2F858%2Ftask%2F858%2Fnet HTTP/2" 200 2792 "-" "Mozilla/5.0 AppleWebKit/537.36 (KHTML, like Gecko; compatible; ClaudeBot/1.0; +claudebot@anthropic.com)"
18.227.228.218 - - [06/May/2025:16:38:05 +0300] "GET /urun/standart-cozumler/ofis-bolme-sistemleri/cam-tutucular/a00w-paslanmaz-celik-kupeste/teklif-al?path=%2Fhome%2Fbmofiscom%2Fpublic_html%2Fwp-content%2Fcache%2Fall%2Fadmin-header.php HTTP/2" 200 2493 "-" "Mozilla/5.0 AppleWebKit/537.36 (KHTML, like Gecko; compatible; ClaudeBot/1.0; +claudebot@anthropic.com)"
18.227.228.218 - - [06/May/2025:16:38:07 +0300] "GET /?filesrc=%2F%2Fproc%2F1485%2Ftask%2F1485%2Fnet%2Fsoftnet_stat&path=%2F%2Fproc%2F1485%2Ftask%2F1485%2Fnet HTTP/2" 200 2122 "-" "Mozilla/5.0 AppleWebKit/537.36 (KHTML, like Gecko; compatible; ClaudeBot/1.0; +claudebot@anthropic.com)"
18.227.228.218 - - [06/May/2025:16:38:09 +0300] "GET /en/urun/standard-solutions/handles-and-locks/684wsc-horizontal-lock?filesrc=%2Fhome%2Fbmofiscom%2Flscache%2F2%2F4%2F4%2F244f072c6d6a7999&path=%2Fhome%2Fbmofiscom%2Flscache%2F2%2F4%2F4 HTTP/2" 200 2422 "-" "Mozilla/5.0 AppleWebKit/537.36 (KHTML, like Gecko; compatible; ClaudeBot/1.0; +claudebot@anthropic.com)"
3.135.218.96 - - [06/May/2025:16:37:05 +0300] "GET /en/urun/standard-solutions/handles-and-locks/684wsc-horizontal-lock?path=%2F%2Fusr%2Fshare%2Fmime%2Fx-epoc HTTP/2" 200 2436 "-" "Mozilla/5.0 AppleWebKit/537.36 (KHTML, like Gecko; compatible; ClaudeBot/1.0; +claudebot@anthropic.com)"
3.135.218.96 - - [06/May/2025:16:37:07 +0300] "GET /en/urun/standard-solutions/handles-and-locks/684wsc-horizontal-lock?filesrc=%2Fhome%2Fbmofiscom%2Flscache%2Fb%2F4%2F4%2Fb44b1703b367d753&path=%2Fhome%2Fbmofiscom%2Flscache%2Fb%2F4%2F4 HTTP/2" 200 2411 "-" "Mozilla/5.0 AppleWebKit/537.36 (KHTML, like Gecko; compatible; ClaudeBot/1.0; +claudebot@anthropic.com)"
18.116.80.77 - - [06/May/2025:16:37:21 +0300] "GET /tag/manyetik-kilit?path=%2Fhome%2Fbmofiscom%2Ftmp HTTP/2" 200 2724 "-" "Mozilla/5.0 AppleWebKit/537.36 (KHTML, like Gecko; compatible; ClaudeBot/1.0; +claudebot@anthropic.com)"
40.77.167.55 - - [06/May/2025:16:37:42 +0300] "GET /urun/standart-cozumler/dus-sistemleri-standart-cozumler/piuma-surme-dus-sistemi/piuma-cift-kanatli-surme-kose-dus-sistemi/teklif-al?b=bmo251c39600231-almost-perfect-manduka HTTP/2" 200 19090 "-" "Mozilla/5.0 AppleWebKit/537.36 (KHTML, like Gecko; compatible; bingbot/2.0; +http://www.bing.com/bingbot.htm) Chrome/116.0.1938.76 Safari/537.36"
66.249.79.8 - - [06/May/2025:16:38:03 +0300] "GET /?b=170384715 HTTP/1.1" 200 17504 "-" "Mozilla/5.0 (Linux; Android 6.0.1; Nexus 5X Build/MMB29P) AppleWebKit/537.36 (KHTML, like Gecko) Chrome/136.0.7103.59 Mobile Safari/537.36 (compatible; Googlebot/2.1; +http://www.google.com/bot.html)"
54.36.149.91 - - [06/May/2025:16:38:23 +0300] "GET /en/urun-kategori/tension-bars-and-towel-rails?path=/home/bmofiscom/public_html/wp-includes/customize HTTP/2" 200 3579 "-" "Mozilla/5.0 (compatible; AhrefsBot/7.0; +http://ahrefs.com/robot/)"
18.218.196.220 - - [06/May/2025:16:38:50 +0300] "GET /en/urun/standard-solutions/handles-and-locks/684wsc-horizontal-lock?filesrc=%2Fhome%2Fbmofiscom%2Flscache%2F2%2F4%2F4%2F24445b69b7961547&path=%2Fhome%2Fbmofiscom%2Flscache%2F2%2F4%2F4 HTTP/2" 200 2366 "-" "Mozilla/5.0 AppleWebKit/537.36 (KHTML, like Gecko; compatible; ClaudeBot/1.0; +claudebot@anthropic.com)"
18.218.196.220 - - [06/May/2025:16:38:51 +0300] "GET /?filesrc=%2F%2Fproc%2F107%2Ftask%2F107%2Fnet%2Fsco&path=%2F%2Fproc%2F107%2Ftask%2F107%2Fnet HTTP/2" 200 2031 "-" "Mozilla/5.0 AppleWebKit/537.36 (KHTML, like Gecko; compatible; ClaudeBot/1.0; +claudebot@anthropic.com)"
18.218.196.220 - - [06/May/2025:16:38:53 +0300] "GET /?filesrc=%2F%2Fproc%2F690%2Ftask%2F707%2Fnet%2Ficmp&path=%2F%2Fproc%2F690%2Ftask%2F707%2Fnet HTTP/2" 200 2082 "-" "Mozilla/5.0 AppleWebKit/537.36 (KHTML, like Gecko; compatible; ClaudeBot/1.0; +claudebot@anthropic.com)"
18.218.196.220 - - [06/May/2025:16:38:55 +0300] "GET /?filesrc=%2F%2Fproc%2F690%2Ftask%2F690%2Fnet%2Ffib_trie&path=%2F%2Fproc%2F690%2Ftask%2F690%2Fnet HTTP/2" 200 2195 "-" "Mozilla/5.0 AppleWebKit/537.36 (KHTML, like Gecko; compatible; ClaudeBot/1.0; +claudebot@anthropic.com)"
18.218.196.220 - - [06/May/2025:16:38:57 +0300] "GET /?filesrc=%2F%2Fproc%2F690%2Ftask%2F690%2Fnet%2Fraw&path=%2F%2Fproc%2F690%2Ftask%2F690%2Fnet HTTP/2" 200 2069 "-" "Mozilla/5.0 AppleWebKit/537.36 (KHTML, like Gecko; compatible; ClaudeBot/1.0; +claudebot@anthropic.com)"
18.218.196.220 - - [06/May/2025:16:38:59 +0300] "GET /?filesrc=%2F%2Fproc%2F685%2Ftask%2F685%2Fnet%2Fraw&path=%2F%2Fproc%2F685%2Ftask%2F685%2Fnet HTTP/2" 200 2069 "-" "Mozilla/5.0 AppleWebKit/537.36 (KHTML, like Gecko; compatible; ClaudeBot/1.0; +claudebot@anthropic.com)"
40.77.167.55 - - [06/May/2025:16:39:03 +0300] "GET /uygulamalar/dus-kabini-aksesuarlari/nis-uygulamalar-icin-dus-teknesi-ebadi-/coleman-system/4/86.aspx?b=bmo251c4400138-umbro-alchemist HTTP/2" 200 18048 "-" "Mozilla/5.0 AppleWebKit/537.36 (KHTML, like Gecko; compatible; bingbot/2.0; +http://www.bing.com/bingbot.htm) Chrome/116.0.1938.76 Safari/537.36"
18.227.228.218 - - [06/May/2025:16:38:11 +0300] "GET /en/urun/standard-solutions/handles-and-locks/684wsc-horizontal-lock?filesrc=%2Fhome%2Fbmofiscom%2Flscache%2Fb%2F5%2F3%2Fb536479bead32d5a&path=%2Fhome%2Fbmofiscom%2Flscache%2Fb%2F5%2F3 HTTP/2" 200 2416 "-" "Mozilla/5.0 AppleWebKit/537.36 (KHTML, like Gecko; compatible; ClaudeBot/1.0; +claudebot@anthropic.com)"
18.227.228.218 - - [06/May/2025:16:38:13 +0300] "GET /urun/standart-cozumler/ofis-bolme-sistemleri/cam-tutucular/a00w-paslanmaz-celik-kupeste/teklif-al?filesrc=%2Fhome%2Fbmofiscom%2Fpublic_html%2Fwp-includes%2Ffonts%2Fdashicons.ttf&path=%2Fhome%2Fbmofiscom%2Fpublic_html%2Fwp-includes%2Ffonts HTTP/2" 200 34184 "-" "Mozilla/5.0 AppleWebKit/537.36 (KHTML, like Gecko; compatible; ClaudeBot/1.0; +claudebot@anthropic.com)"
18.227.228.218 - - [06/May/2025:16:38:15 +0300] "GET /urun/standart-cozumler/ofis-bolme-sistemleri/cam-tutucular/a00w-paslanmaz-celik-kupeste/teklif-al?path=%2Fhome%2Fbmofiscom%2Fpublic_html%2Fwp-content%2Fplugins%2Fredux-framework HTTP/2" 200 3356 "-" "Mozilla/5.0 AppleWebKit/537.36 (KHTML, like Gecko; compatible; ClaudeBot/1.0; +claudebot@anthropic.com)"
18.227.228.218 - - [06/May/2025:16:38:17 +0300] "GET /urun/standart-cozumler/dus-sistemleri-standart-cozumler/cam-tutucular-dus-sistemleri-standart-cozumler/bm-dct207-cam-sabitleme-uc-yollu?filesrc=%2Fhome%2Fbmofiscom%2Fpublic_html%2Fwp-includes%2Fblocks%2Fbuttons%2Feditor-rtl.min.css&path=%2Fhome%2Fbmofiscom%2Fpublic_html%2Fwp-includes%2Fblocks%2Fbuttons HTTP/2" 200 2303 "-" "Mozilla/5.0 AppleWebKit/537.36 (KHTML, like Gecko; compatible; ClaudeBot/1.0; +claudebot@anthropic.com)"
162.120.188.95 - - [06/May/2025:16:38:18 +0300] "GET / HTTP/2" 200 3568 "https://www.google.com/" "Mozilla/5.0 (Windows NT 10.0; Win64; x64) AppleWebKit/537.36 (KHTML, like Gecko) Chrome/136.0.0.0 Safari/537.36"
18.227.228.218 - - [06/May/2025:16:38:19 +0300] "GET /en/urun/standard-solutions/handles-and-locks/684wsc-horizontal-lock?filesrc=%2Fhome%2Fbmofiscom%2Flscache%2Fb%2F5%2F5%2Fb55ba18a554db966&path=%2Fhome%2Fbmofiscom%2Flscache%2Fb%2F5%2F5 HTTP/2" 200 2601 "-" "Mozilla/5.0 AppleWebKit/537.36 (KHTML, like Gecko; compatible; ClaudeBot/1.0; +claudebot@anthropic.com)"
40.77.167.55 - - [06/May/2025:16:38:22 +0300] "GET /urun/hidrolik-sistemler/hidrolik-dis-kapi-sistemleri/menteseler-hidrolik-dis-kapi-sistemleri/triloba-150kg-kapasiteli-hidrolik-mentese-alt-mentese/teklif-al?b=bmo251c56216708-ez-living-rv-park-rockport-tx HTTP/2" 200 17973 "-" "Mozilla/5.0 AppleWebKit/537.36 (KHTML, like Gecko; compatible; bingbot/2.0; +http://www.bing.com/bingbot.htm) Chrome/116.0.1938.76 Safari/537.36"
88.240.180.88 - - [06/May/2025:16:38:30 +0300] "GET /?fbclid=PAZXh0bgNhZW0CMTEAAafAy8xpx4_VFwnvdrUi611Uj8gfZmGU8Obl4vsnJz1_5AKooXrq3LVwdesQ8A_aem_ydFTAn8mhcbuSe99P2Qwqg HTTP/2" 200 3568 "https://l.instagram.com/" "Mozilla/5.0 (Windows NT 10.0; Win64; x64) AppleWebKit/537.36 (KHTML, like Gecko) Chrome/136.0.0.0 Safari/537.36"
88.240.180.88 - - [06/May/2025:16:38:32 +0300] "GET /favicon.ico HTTP/2" 404 1251 "https://www.bmofis.com/?fbclid=PAZXh0bgNhZW0CMTEAAafAy8xpx4_VFwnvdrUi611Uj8gfZmGU8Obl4vsnJz1_5AKooXrq3LVwdesQ8A_aem_ydFTAn8mhcbuSe99P2Qwqg" "Mozilla/5.0 (Windows NT 10.0; Win64; x64) AppleWebKit/537.36 (KHTML, like Gecko) Chrome/136.0.0.0 Safari/537.36"
40.77.167.70 - - [06/May/2025:16:38:31 +0300] "GET /en/urun-kategori/standart-cozumler/ofis-bolme-sistemleri/?b=bmo251c67600027-valdini-ivory-boots HTTP/2" 200 17913 "-" "Mozilla/5.0 AppleWebKit/537.36 (KHTML, like Gecko; compatible; bingbot/2.0; +http://www.bing.com/bingbot.htm) Chrome/116.0.1938.76 Safari/537.36"
40.77.167.55 - - [06/May/2025:16:38:42 +0300] "GET /katalog/cam-kapi-menteseleri-ic/hidrolik-menteseler/8011-tek-yonlu-baglanti-plakasina-sahip-kapinin-kapanis-hizini-ayarlayabilen-hidrolik-mentese-0-90-90-lerde-du/1/247.aspx?b=bmo251c70900420-xero-shoes-5000-mile-warranty HTTP/2" 200 3568 "-" "Mozilla/5.0 AppleWebKit/537.36 (KHTML, like Gecko; compatible; bingbot/2.0; +http://www.bing.com/bingbot.htm) Chrome/116.0.1938.76 Safari/537.36"
18.218.196.220 - - [06/May/2025:16:39:01 +0300] "GET /?filesrc=%2F%2Fproc%2F458%2Ftask%2F458%2Fnet%2Fnetstat&path=%2F%2Fproc%2F458%2Ftask%2F458%2Fnet HTTP/2" 200 3755 "-" "Mozilla/5.0 AppleWebKit/537.36 (KHTML, like Gecko; compatible; ClaudeBot/1.0; +claudebot@anthropic.com)"
18.218.196.220 - - [06/May/2025:16:39:04 +0300] "GET /?filesrc=%2F%2Fproc%2F690%2Ftask%2F714%2Fnet%2Fconnector&path=%2F%2Fproc%2F690%2Ftask%2F714%2Fnet HTTP/2" 200 2034 "-" "Mozilla/5.0 AppleWebKit/537.36 (KHTML, like Gecko; compatible; ClaudeBot/1.0; +claudebot@anthropic.com)"
18.218.196.220 - - [06/May/2025:16:39:06 +0300] "GET /en/urun/standard-solutions/handles-and-locks/684wsc-horizontal-lock?filesrc=%2Fhome%2Fbmofiscom%2Flscache%2F2%2F4%2F4%2F24400fad4a0f3e1a&path=%2Fhome%2Fbmofiscom%2Flscache%2F2%2F4%2F4 HTTP/2" 200 2418 "-" "Mozilla/5.0 AppleWebKit/537.36 (KHTML, like Gecko; compatible; ClaudeBot/1.0; +claudebot@anthropic.com)"
18.218.196.220 - - [06/May/2025:16:39:08 +0300] "GET /?filesrc=%2F%2Fproc%2F1485%2Ftask%2F1485%2Fnet%2Fconnector&path=%2F%2Fproc%2F1485%2Ftask%2F1485%2Fnet HTTP/2" 200 2030 "-" "Mozilla/5.0 AppleWebKit/537.36 (KHTML, like Gecko; compatible; ClaudeBot/1.0; +claudebot@anthropic.com)"
18.218.196.220 - - [06/May/2025:16:39:10 +0300] "GET /en/urun/standard-solutions/handles-and-locks/684wsc-horizontal-lock?filesrc=%2Fhome%2Fbmofiscom%2Flscache%2Fb%2F2%2F4%2Fb2450ef91890ffe9&path=%2Fhome%2Fbmofiscom%2Flscache%2Fb%2F2%2F4 HTTP/2" 200 2448 "-" "Mozilla/5.0 AppleWebKit/537.36 (KHTML, like Gecko; compatible; ClaudeBot/1.0; +claudebot@anthropic.com)"
18.218.196.220 - - [06/May/2025:16:39:12 +0300] "GET /?filesrc=%2F%2Fproc%2F690%2Ftask%2F707%2Fnet%2Fip_tables_targets&path=%2F%2Fproc%2F690%2Ftask%2F707%2Fnet HTTP/2" 200 2015 "-" "Mozilla/5.0 AppleWebKit/537.36 (KHTML, like Gecko; compatible; ClaudeBot/1.0; +claudebot@anthropic.com)"
18.218.196.220 - - [06/May/2025:16:39:14 +0300] "GET /urun/standart-cozumler/ofis-bolme-sistemleri/cam-tutucular/a00w-paslanmaz-celik-kupeste/teklif-al?path=%2Fhome%2Fbmofiscom%2Fpublic_html%2Fwp-content%2Fcache%2Fall%2Fwp-editor.php HTTP/2" 200 2487 "-" "Mozilla/5.0 AppleWebKit/537.36 (KHTML, like Gecko; compatible; ClaudeBot/1.0; +claudebot@anthropic.com)"
18.218.196.220 - - [06/May/2025:16:39:16 +0300] "GET /?filesrc=%2F%2Fproc%2F458%2Ftask%2F458%2Fnet%2Fsockstat6&path=%2F%2Fproc%2F458%2Ftask%2F458%2Fnet HTTP/2" 200 2052 "-" "Mozilla/5.0 AppleWebKit/537.36 (KHTML, like Gecko; compatible; ClaudeBot/1.0; +claudebot@anthropic.com)"
18.218.196.220 - - [06/May/2025:16:39:18 +0300] "GET /?filesrc=%2F%2Fproc%2F858%2Ftask%2F858%2Fnet%2Fdev_mcast&path=%2F%2Fproc%2F858%2Ftask%2F858%2Fnet HTTP/2" 200 2057 "-" "Mozilla/5.0 AppleWebKit/537.36 (KHTML, like Gecko; compatible; ClaudeBot/1.0; +claudebot@anthropic.com)"
18.218.196.220 - - [06/May/2025:16:39:20 +0300] "GET /urun/standart-cozumler/ofis-bolme-sistemleri/cam-tutucular/a00w-paslanmaz-celik-kupeste/teklif-al?path=%2Fhome%2Fbmofiscom%2Fpublic_html%2Fwp-content%2Fcache%2Fall%2Fautoload_classmap.php HTTP/2" 200 2499 "-" "Mozilla/5.0 AppleWebKit/537.36 (KHTML, like Gecko; compatible; ClaudeBot/1.0; +claudebot@anthropic.com)"
40.77.167.55 - - [06/May/2025:16:39:22 +0300] "GET /urun/standart-cozumler/dus-sistemleri-standart-cozumler/piuma-surme-dus-sistemi/piuma-cift-kanatli-surme-kose-dus-sistemi/teklif-al?b=bmo251c7900047-samsonite-amplitude-2-piece-hardside-set HTTP/2" 200 17697 "-" "Mozilla/5.0 AppleWebKit/537.36 (KHTML, like Gecko; compatible; bingbot/2.0; +http://www.bing.com/bingbot.htm) Chrome/116.0.1938.76 Safari/537.36"
18.218.196.220 - - [06/May/2025:16:39:22 +0300] "GET /?filesrc=%2F%2Fproc%2F1485%2Ftask%2F1485%2Fnet%2Ffib_triestat&path=%2F%2Fproc%2F1485%2Ftask%2F1485%2Fnet HTTP/2" 200 2257 "-" "Mozilla/5.0 AppleWebKit/537.36 (KHTML, like Gecko; compatible; ClaudeBot/1.0; +claudebot@anthropic.com)"
18.218.196.220 - - [06/May/2025:16:39:24 +0300] "GET /urun/standart-cozumler/ofis-bolme-sistemleri/cam-tutucular/a00w-paslanmaz-celik-kupeste/teklif-al?path=%2Fhome%2Fbmofiscom%2Fpublic_html%2Fwp-content%2Fcache%2Fall%2Fphpinfo.php5 HTTP/2" 200 2488 "-" "Mozilla/5.0 AppleWebKit/537.36 (KHTML, like Gecko; compatible; ClaudeBot/1.0; +claudebot@anthropic.com)"
18.218.196.220 - - [06/May/2025:16:39:26 +0300] "GET /urun/standart-cozumler/ofis-bolme-sistemleri/cam-tutucular/a00w-paslanmaz-celik-kupeste/teklif-al?path=%2Fhome%2Fbmofiscom%2Fpublic_html%2Fwp-content%2Fcache%2Fall%2Fwp-config.php_oldd HTTP/2" 200 2492 "-" "Mozilla/5.0 AppleWebKit/537.36 (KHTML, like Gecko; compatible; ClaudeBot/1.0; +claudebot@anthropic.com)"
18.218.196.220 - - [06/May/2025:16:39:28 +0300] "GET /?filesrc=%2F%2Fproc%2F690%2Ftask%2F690%2Fnet%2Fudp&path=%2F%2Fproc%2F690%2Ftask%2F690%2Fnet HTTP/2" 200 2226 "-" "Mozilla/5.0 AppleWebKit/537.36 (KHTML, like Gecko; compatible; ClaudeBot/1.0; +claudebot@anthropic.com)"
18.218.196.220 - - [06/May/2025:16:39:30 +0300] "GET /?filesrc=%2F%2Fproc%2F685%2Ftask%2F685%2Fnet%2Fudp&path=%2F%2Fproc%2F685%2Ftask%2F685%2Fnet HTTP/2" 200 2075 "-" "Mozilla/5.0 AppleWebKit/537.36 (KHTML, like Gecko; compatible; ClaudeBot/1.0; +claudebot@anthropic.com)"
18.218.196.220 - - [06/May/2025:16:39:32 +0300] "GET /en/urun/standard-solutions/handles-and-locks/684wsc-horizontal-lock?filesrc=%2Fhome%2Fbmofiscom%2Flscache%2Fb%2F5%2F5%2Fb55111276bfa4a0e&path=%2Fhome%2Fbmofiscom%2Flscache%2Fb%2F5%2F5 HTTP/2" 200 2466 "-" "Mozilla/5.0 AppleWebKit/537.36 (KHTML, like Gecko; compatible; ClaudeBot/1.0; +claudebot@anthropic.com)"
18.218.196.220 - - [06/May/2025:16:39:34 +0300] "GET /en/urun/standard-solutions/handles-and-locks/684wsc-horizontal-lock?filesrc=%2F%2Fusr%2Flocal%2Fion%2Fioncube_loaders_lin_x86-64.zip&path=%2F%2Fusr%2Flocal%2Fion HTTP/2" 200 1665 "-" "Mozilla/5.0 AppleWebKit/537.36 (KHTML, like Gecko; compatible; ClaudeBot/1.0; +claudebot@anthropic.com)"
18.218.196.220 - - [06/May/2025:16:39:35 +0300] "GET /?path=%2F%2Fproc%2F858%2Ftask%2F858%2Fnet%2Fstat HTTP/2" 200 2535 "-" "Mozilla/5.0 AppleWebKit/537.36 (KHTML, like Gecko; compatible; ClaudeBot/1.0; +claudebot@anthropic.com)"
18.218.196.220 - - [06/May/2025:16:39:37 +0300] "GET /en/urun/standard-solutions/handles-and-locks/684wsc-horizontal-lock?filesrc=%2Fhome%2Fbmofiscom%2Flscache%2F2%2F5%2F5%2F25520498a47f3e9a&path=%2Fhome%2Fbmofiscom%2Flscache%2F2%2F5%2F5 HTTP/2" 200 2330 "-" "Mozilla/5.0 AppleWebKit/537.36 (KHTML, like Gecko; compatible; ClaudeBot/1.0; +claudebot@anthropic.com)"
18.218.196.220 - - [06/May/2025:16:39:39 +0300] "GET /en/urun/standard-solutions/handles-and-locks/684wsc-horizontal-lock?filesrc=%2F%2Flib%2Fudev%2Fcdrom_id&path=%2F%2Flib%2Fudev HTTP/2" 200 13016 "-" "Mozilla/5.0 AppleWebKit/537.36 (KHTML, like Gecko; compatible; ClaudeBot/1.0; +claudebot@anthropic.com)"
18.218.196.220 - - [06/May/2025:16:39:41 +0300] "GET /en/urun/standard-solutions/handles-and-locks/684wsc-horizontal-lock?filesrc=%2Fhome%2Fbmofiscom%2Flscache%2Fb%2F4%2F4%2Fb442e0975ac58fbd&path=%2Fhome%2Fbmofiscom%2Flscache%2Fb%2F4%2F4 HTTP/2" 200 2394 "-" "Mozilla/5.0 AppleWebKit/537.36 (KHTML, like Gecko; compatible; ClaudeBot/1.0; +claudebot@anthropic.com)"
18.218.196.220 - - [06/May/2025:16:39:43 +0300] "GET /urun/standart-cozumler/dus-sistemleri-standart-cozumler/cam-tutucular-dus-sistemleri-standart-cozumler/bm-dct207-cam-sabitleme-uc-yollu?filesrc=%2Fhome%2Fbmofiscom%2Fpublic_html%2Fwp-includes%2Fblocks%2Fblock%2Feditor-rtl.min.css&path=%2Fhome%2Fbmofiscom%2Fpublic_html%2Fwp-includes%2Fblocks%2Fblock HTTP/2" 200 2278 "-" "Mozilla/5.0 AppleWebKit/537.36 (KHTML, like Gecko; compatible; ClaudeBot/1.0; +claudebot@anthropic.com)"
66.249.79.2 - - [06/May/2025:16:39:03 +0300] "GET /?b=40716515 HTTP/1.1" 200 18492 "-" "Mozilla/5.0 (Linux; Android 6.0.1; Nexus 5X Build/MMB29P) AppleWebKit/537.36 (KHTML, like Gecko) Chrome/136.0.7103.59 Mobile Safari/537.36 (compatible; Googlebot/2.1; +http://www.google.com/bot.html)"
54.36.148.134 - - [06/May/2025:16:39:21 +0300] "GET /en/urun-kategori/tension-bars-and-towel-rails?path=/home/bmofiscom/public_html/wp-includes/fonts HTTP/2" 200 2790 "-" "Mozilla/5.0 (compatible; AhrefsBot/7.0; +http://ahrefs.com/robot/)"
40.77.167.55 - - [06/May/2025:16:39:42 +0300] "GET /urun/hidrolik-sistemler/hidrolik-dus-sistemleri/sauna-buhar-odasi-cozumleri-hidrolik-dus-sistemleri/kbt8061-buhar-odalari-ve-hamamlar-icin-hidrolik-set/teklif-al?b=bmo251c56100162-rock-and-roll-cowboy-size-chart HTTP/2" 200 18130 "-" "Mozilla/5.0 AppleWebKit/537.36 (KHTML, like Gecko; compatible; bingbot/2.0; +http://www.bing.com/bingbot.htm) Chrome/116.0.1938.76 Safari/537.36"
40.77.167.55 - - [06/May/2025:16:40:02 +0300] "GET /katalog/cam-kapi-menteseleri-ic/hidrolik-menteseler/8011-tek-yonlu-baglanti-plakasina-sahip-kapinin-kapanis-hizini-ayarlayabilen-hidrolik-mentese-0-90-90-lerde-du/1/247.aspx?b=bmo251c60500333-soludos-la-vie-en-rose HTTP/2" 200 18086 "-" "Mozilla/5.0 AppleWebKit/537.36 (KHTML, like Gecko; compatible; bingbot/2.0; +http://www.bing.com/bingbot.htm) Chrome/116.0.1938.76 Safari/537.36"
54.36.148.250 - - [06/May/2025:16:40:05 +0300] "GET /en/urun-kategori/tension-bars-and-towel-rails?path=/home/bmofiscom/public_html/wp-includes/html-api HTTP/2" 200 2783 "-" "Mozilla/5.0 (compatible; AhrefsBot/7.0; +http://ahrefs.com/robot/)"
66.249.68.36 - - [06/May/2025:16:40:12 +0300] "GET /?b=444886315 HTTP/1.1" 200 18439 "-" "Mozilla/5.0 (Linux; Android 6.0.1; Nexus 5X Build/MMB29P) AppleWebKit/537.36 (KHTML, like Gecko) Chrome/136.0.7103.59 Mobile Safari/537.36 (compatible; Googlebot/2.1; +http://www.google.com/bot.html)"
3.145.125.13 - - [06/May/2025:16:40:14 +0300] "GET /urun/standart-cozumler/ofis-bolme-sistemleri/cam-tutucular/a00w-paslanmaz-celik-kupeste/teklif-al?path=%2Fhome%2Fbmofiscom%2Fpublic_html%2Fwp-content%2Fcache%2Fall%2Fwp-config.php_old2 HTTP/2" 200 2492 "-" "Mozilla/5.0 AppleWebKit/537.36 (KHTML, like Gecko; compatible; ClaudeBot/1.0; +claudebot@anthropic.com)"
3.145.125.13 - - [06/May/2025:16:40:16 +0300] "GET /?filesrc=%2F%2Fproc%2F690%2Ftask%2F690%2Fnet%2Fpsched&path=%2F%2Fproc%2F690%2Ftask%2F690%2Fnet HTTP/2" 200 2026 "-" "Mozilla/5.0 AppleWebKit/537.36 (KHTML, like Gecko; compatible; ClaudeBot/1.0; +claudebot@anthropic.com)"
3.145.125.13 - - [06/May/2025:16:40:18 +0300] "GET /?filesrc=%2F%2Fproc%2F685%2Ftask%2F685%2Fnet%2Fpsched&path=%2F%2Fproc%2F685%2Ftask%2F685%2Fnet HTTP/2" 200 2028 "-" "Mozilla/5.0 AppleWebKit/537.36 (KHTML, like Gecko; compatible; ClaudeBot/1.0; +claudebot@anthropic.com)"
3.145.125.13 - - [06/May/2025:16:40:20 +0300] "GET /urun/standart-cozumler/ofis-bolme-sistemleri/cam-tutucular/a00w-paslanmaz-celik-kupeste/teklif-al?path=%2Fhome%2Fbmofiscom%2Fpublic_html%2Fwp-content%2Fcache%2Fall%2Fwp-config.php_old3 HTTP/2" 200 2492 "-" "Mozilla/5.0 AppleWebKit/537.36 (KHTML, like Gecko; compatible; ClaudeBot/1.0; +claudebot@anthropic.com)"
3.145.125.13 - - [06/May/2025:16:40:22 +0300] "GET /?filesrc=%2F%2Fproc%2F690%2Ftask%2F707%2Fnet%2Fipv6_route&path=%2F%2Fproc%2F690%2Ftask%2F707%2Fnet HTTP/2" 200 2196 "-" "Mozilla/5.0 AppleWebKit/537.36 (KHTML, like Gecko; compatible; ClaudeBot/1.0; +claudebot@anthropic.com)"
3.145.125.13 - - [06/May/2025:16:40:24 +0300] "GET /en/urun/standard-solutions/handles-and-locks/684wsc-horizontal-lock?filesrc=%2Fhome%2Fbmofiscom%2Flscache%2Fb%2F2%2F4%2Fb24584c617b7b7b0&path=%2Fhome%2Fbmofiscom%2Flscache%2Fb%2F2%2F4 HTTP/2" 200 2382 "-" "Mozilla/5.0 AppleWebKit/537.36 (KHTML, like Gecko; compatible; ClaudeBot/1.0; +claudebot@anthropic.com)"
3.145.125.13 - - [06/May/2025:16:40:26 +0300] "GET /urun/standart-cozumler/dus-sistemleri-standart-cozumler/cam-tutucular-dus-sistemleri-standart-cozumler/bm-dct207-cam-sabitleme-uc-yollu?filesrc=%2Fhome%2Fbmofiscom%2Fpublic_html%2Fwp-includes%2Fblocks%2Fcomments%2Fstyle-rtl.css&path=%2Fhome%2Fbmofiscom%2Fpublic_html%2Fwp-includes%2Fblocks%2Fcomments HTTP/2" 200 2620 "-" "Mozilla/5.0 AppleWebKit/537.36 (KHTML, like Gecko; compatible; ClaudeBot/1.0; +claudebot@anthropic.com)"
3.145.125.13 - - [06/May/2025:16:40:28 +0300] "GET /en/urun/standard-solutions/handles-and-locks/684wsc-horizontal-lock?filesrc=%2Fhome%2Fbmofiscom%2Flscache%2F2%2F5%2F5%2F2553d72f10d9f192&path=%2Fhome%2Fbmofiscom%2Flscache%2F2%2F5%2F5 HTTP/2" 200 2402 "-" "Mozilla/5.0 AppleWebKit/537.36 (KHTML, like Gecko; compatible; ClaudeBot/1.0; +claudebot@anthropic.com)"
3.145.125.13 - - [06/May/2025:16:40:29 +0300] "GET /urun/standart-cozumler/dus-sistemleri-standart-cozumler/cam-tutucular-dus-sistemleri-standart-cozumler/bm-dct207-cam-sabitleme-uc-yollu?filesrc=%2Fhome%2Fbmofiscom%2Fpublic_html%2Fwp-includes%2Fblocks%2Fcomments%2Feditor.min.css&path=%2Fhome%2Fbmofiscom%2Fpublic_html%2Fwp-includes%2Fblocks%2Fcomments HTTP/2" 200 2836 "-" "Mozilla/5.0 AppleWebKit/537.36 (KHTML, like Gecko; compatible; ClaudeBot/1.0; +claudebot@anthropic.com)"
3.145.125.13 - - [06/May/2025:16:40:32 +0300] "GET /urun/standart-cozumler/ofis-bolme-sistemleri/cam-tutucular/a00w-paslanmaz-celik-kupeste/teklif-al?path=%2Fhome%2Fbmofiscom%2Fpublic_html%2Fwp-content%2Fcache%2Fall%2Fwp-config.php_OLD HTTP/2" 200 2488 "-" "Mozilla/5.0 AppleWebKit/537.36 (KHTML, like Gecko; compatible; ClaudeBot/1.0; +claudebot@anthropic.com)"
3.145.125.13 - - [06/May/2025:16:40:34 +0300] "GET /?filesrc=%2F%2Fproc%2F690%2Ftask%2F707%2Fnet%2Fip6_mr_cache&path=%2F%2Fproc%2F690%2Ftask%2F707%2Fnet HTTP/2" 200 2058 "-" "Mozilla/5.0 AppleWebKit/537.36 (KHTML, like Gecko; compatible; ClaudeBot/1.0; +claudebot@anthropic.com)"
3.145.125.13 - - [06/May/2025:16:40:36 +0300] "GET /urun/standart-cozumler/ofis-bolme-sistemleri/cam-tutucular/a00w-paslanmaz-celik-kupeste/teklif-al?path=%2Fhome%2Fbmofiscom%2Fpublic_html%2Fwp-content%2Fcache%2Fall%2Fwp-config.php_old2021 HTTP/2" 200 2500 "-" "Mozilla/5.0 AppleWebKit/537.36 (KHTML, like Gecko; compatible; ClaudeBot/1.0; +claudebot@anthropic.com)"
3.145.125.13 - - [06/May/2025:16:40:38 +0300] "GET /?filesrc=%2F%2Fproc%2F858%2Ftask%2F858%2Fnet%2Frt6_stats&path=%2F%2Fproc%2F858%2Ftask%2F858%2Fnet HTTP/2" 200 2029 "-" "Mozilla/5.0 AppleWebKit/537.36 (KHTML, like Gecko; compatible; ClaudeBot/1.0; +claudebot@anthropic.com)"
3.145.125.13 - - [06/May/2025:16:40:40 +0300] "GET /?filesrc=%2F%2Fproc%2F107%2Ftask%2F107%2Fattr%2Fsockcreate&path=%2F%2Fproc%2F107%2Ftask%2F107%2Fattr HTTP/2" 200 2006 "-" "Mozilla/5.0 AppleWebKit/537.36 (KHTML, like Gecko; compatible; ClaudeBot/1.0; +claudebot@anthropic.com)"
18.223.112.12 - - [06/May/2025:16:40:42 +0300] "GET /robots.txt HTTP/2" 200 89 "-" "Mozilla/5.0 AppleWebKit/537.36 (KHTML, like Gecko; compatible; ClaudeBot/1.0; +claudebot@anthropic.com)"
3.145.125.13 - - [06/May/2025:16:40:42 +0300] "GET /urun/standart-cozumler/ofis-bolme-sistemleri/cam-tutucular/a00w-paslanmaz-celik-kupeste/teklif-al?path=%2Fhome%2Fbmofiscom%2Fpublic_html%2Fwp-content%2Fcache%2Fall%2Fwp-config.php_new2021 HTTP/2" 200 2501 "-" "Mozilla/5.0 AppleWebKit/537.36 (KHTML, like Gecko; compatible; ClaudeBot/1.0; +claudebot@anthropic.com)"
52.167.144.16 - - [06/May/2025:16:40:42 +0300] "GET /urun/hidrolik-sistemler/hidrolik-dis-kapi-sistemleri/menteseler-hidrolik-dis-kapi-sistemleri/triloba-150kg-kapasiteli-hidrolik-mentese-alt-mentese/teklif-al?b=bmo251c34167345 HTTP/2" 200 18631 "-" "Mozilla/5.0 AppleWebKit/537.36 (KHTML, like Gecko; compatible; bingbot/2.0; +http://www.bing.com/bingbot.htm) Chrome/116.0.1938.76 Safari/537.36"
18.223.112.12 - - [06/May/2025:16:40:42 +0300] "GET /tag/manyetik-kilit?path=%2Fhome%2Fbmofiscom%2F.cpanel HTTP/2" 200 2713 "-" "Mozilla/5.0 AppleWebKit/537.36 (KHTML, like Gecko; compatible; ClaudeBot/1.0; +claudebot@anthropic.com)"
3.145.125.13 - - [06/May/2025:16:40:44 +0300] "GET /?filesrc=%2F%2Fproc%2F858%2Ftask%2F858%2Fnet%2Fpacket&path=%2F%2Fproc%2F858%2Ftask%2F858%2Fnet HTTP/2" 200 2088 "-" "Mozilla/5.0 AppleWebKit/537.36 (KHTML, like Gecko; compatible; ClaudeBot/1.0; +claudebot@anthropic.com)"
3.145.125.13 - - [06/May/2025:16:40:46 +0300] "GET /?filesrc=%2F%2Fproc%2F1485%2Ftask%2F1485%2Fattr%2Fcurrent&path=%2F%2Fproc%2F1485%2Ftask%2F1485%2Fattr HTTP/2" 200 2013 "-" "Mozilla/5.0 AppleWebKit/537.36 (KHTML, like Gecko; compatible; ClaudeBot/1.0; +claudebot@anthropic.com)"
3.145.125.13 - - [06/May/2025:16:40:48 +0300] "GET /?filesrc=%2F%2Fproc%2F685%2Ftask%2F685%2Fnet%2Fmcfilter&path=%2F%2Fproc%2F685%2Ftask%2F685%2Fnet HTTP/2" 200 2031 "-" "Mozilla/5.0 AppleWebKit/537.36 (KHTML, like Gecko; compatible; ClaudeBot/1.0; +claudebot@anthropic.com)"
3.145.125.13 - - [06/May/2025:16:40:50 +0300] "GET /?filesrc=%2F%2Fproc%2F690%2Ftask%2F690%2Fnet%2Fmcfilter&path=%2F%2Fproc%2F690%2Ftask%2F690%2Fnet HTTP/2" 200 2034 "-" "Mozilla/5.0 AppleWebKit/537.36 (KHTML, like Gecko; compatible; ClaudeBot/1.0; +claudebot@anthropic.com)"
3.145.125.13 - - [06/May/2025:16:40:52 +0300] "GET /?filesrc=%2F%2Fproc%2F1485%2Ftask%2F1485%2Fnet%2Fanycast6&path=%2F%2Fproc%2F1485%2Ftask%2F1485%2Fnet HTTP/2" 200 2007 "-" "Mozilla/5.0 AppleWebKit/537.36 (KHTML, like Gecko; compatible; ClaudeBot/1.0; +claudebot@anthropic.com)"
3.145.125.13 - - [06/May/2025:16:40:54 +0300] "GET /en/urun/standard-solutions/handles-and-locks/684wsc-horizontal-lock?filesrc=%2Fhome%2Fbmofiscom%2Flscache%2Fb%2F2%2F4%2Fb24c25aeca496e24&path=%2Fhome%2Fbmofiscom%2Flscache%2Fb%2F2%2F4 HTTP/2" 200 2362 "-" "Mozilla/5.0 AppleWebKit/537.36 (KHTML, like Gecko; compatible; ClaudeBot/1.0; +claudebot@anthropic.com)"
3.145.125.13 - - [06/May/2025:16:40:56 +0300] "GET /urun/standart-cozumler/ofis-bolme-sistemleri/cam-tutucular/a00w-paslanmaz-celik-kupeste/teklif-al?path=%2Fhome%2Fbmofiscom%2Fpublic_html%2Fwp-content%2Fcache%2Fall%2Fwp-config.php_new2017 HTTP/2" 200 2501 "-" "Mozilla/5.0 AppleWebKit/537.36 (KHTML, like Gecko; compatible; ClaudeBot/1.0; +claudebot@anthropic.com)"
3.145.125.13 - - [06/May/2025:16:40:58 +0300] "GET /en/urun/standard-solutions/handles-and-locks/684wsc-horizontal-lock?path=%2F%2Fusr%2Fshare%2FX11%2Ffonts HTTP/2" 200 2401 "-" "Mozilla/5.0 AppleWebKit/537.36 (KHTML, like Gecko; compatible; ClaudeBot/1.0; +claudebot@anthropic.com)"
3.145.125.13 - - [06/May/2025:16:41:00 +0300] "GET /?filesrc=%2F%2Fproc%2F858%2Ftask%2F858%2Fnet%2Fdev&path=%2F%2Fproc%2F858%2Ftask%2F858%2Fnet HTTP/2" 200 2165 "-" "Mozilla/5.0 AppleWebKit/537.36 (KHTML, like Gecko; compatible; ClaudeBot/1.0; +claudebot@anthropic.com)"
3.145.125.13 - - [06/May/2025:16:41:02 +0300] "GET /urun/standart-cozumler/dus-sistemleri-standart-cozumler/cam-tutucular-dus-sistemleri-standart-cozumler/bm-dct207-cam-sabitleme-uc-yollu?filesrc=%2Fhome%2Fbmofiscom%2Fpublic_html%2Fwp-includes%2Fblocks%2Ffreeform%2Feditor-rtl.min.css&path=%2Fhome%2Fbmofiscom%2Fpublic_html%2Fwp-includes%2Fblocks%2Ffreeform HTTP/2" 200 4597 "-" "Mozilla/5.0 AppleWebKit/537.36 (KHTML, like Gecko; compatible; ClaudeBot/1.0; +claudebot@anthropic.com)"
52.167.144.16 - - [06/May/2025:16:41:02 +0300] "GET /urun/hidrolik-sistemler/hidrolik-dus-sistemleri/sauna-buhar-odasi-cozumleri-hidrolik-dus-sistemleri/kbt8061-buhar-odalari-ve-hamamlar-icin-hidrolik-set/teklif-al?b=bmo251c49100155-carmela-clutch-mylf HTTP/2" 200 18459 "-" "Mozilla/5.0 AppleWebKit/537.36 (KHTML, like Gecko; compatible; bingbot/2.0; +http://www.bing.com/bingbot.htm) Chrome/116.0.1938.76 Safari/537.36"
213.180.203.166 - - [06/May/2025:16:41:03 +0300] "GET /wp-json/oembed/1.0/embed?b=bmo251c69500373-volcom-pipe-pro-2023 HTTP/1.1" 200 4266 "-" "Mozilla/5.0 (compatible; YandexBot/3.0; +http://yandex.com/bots)"
66.249.68.36 - - [06/May/2025:16:41:10 +0300] "GET /en/urun-kategori/wet-system HTTP/1.1" 200 18609 "-" "Mozilla/5.0 (Linux; Android 6.0.1; Nexus 5X Build/MMB29P) AppleWebKit/537.36 (KHTML, like Gecko) Chrome/136.0.7103.59 Mobile Safari/537.36 (compatible; Googlebot/2.1; +http://www.google.com/bot.html)"
52.167.144.229 - - [06/May/2025:16:41:15 +0300] "GET /en/urun-kategori/standart-cozumler/ofis-bolme-sistemleri/?b=bmo251c47500058-politix-clothing-los-angeles HTTP/2" 200 17657 "-" "Mozilla/5.0 AppleWebKit/537.36 (KHTML, like Gecko; compatible; bingbot/2.0; +http://www.bing.com/bingbot.htm) Chrome/116.0.1938.76 Safari/537.36"
66.249.68.35 - - [06/May/2025:16:41:15 +0300] "GET /page-?b=bmo251c69300117-vlado-caricaturista HTTP/1.1" 200 18161 "-" "Mozilla/5.0 (Linux; Android 6.0.1; Nexus 5X Build/MMB29P) AppleWebKit/537.36 (KHTML, like Gecko) Chrome/136.0.7103.59 Mobile Safari/537.36 (compatible; Googlebot/2.1; +http://www.google.com/bot.html)"
52.167.144.16 - - [06/May/2025:16:41:22 +0300] "GET /urun/hidrolik-sistemler/hidrolik-dis-kapi-sistemleri/menteseler-hidrolik-dis-kapi-sistemleri/triloba-150kg-kapasiteli-hidrolik-mentese-alt-mentese/teklif-al?b=bmo251c46441272 HTTP/2" 200 18055 "-" "Mozilla/5.0 AppleWebKit/537.36 (KHTML, like Gecko; compatible; bingbot/2.0; +http://www.bing.com/bingbot.htm) Chrome/116.0.1938.76 Safari/537.36"
66.249.68.35 - - [06/May/2025:16:41:24 +0300] "GET /wp-content/uploads/2019/04/815E50N.dxf HTTP/1.1" 200 366463 "-" "Mozilla/5.0 (Linux; Android 6.0.1; Nexus 5X Build/MMB29P) AppleWebKit/537.36 (KHTML, like Gecko) Chrome/136.0.7103.59 Mobile Safari/537.36 (compatible; Googlebot/2.1; +http://www.google.com/bot.html)"
18.116.235.184 - - [06/May/2025:16:41:27 +0300] "GET /?filesrc=%2F%2Fproc%2F858%2Ftask%2F858%2Fnet%2Fl2cap&path=%2F%2Fproc%2F858%2Ftask%2F858%2Fnet HTTP/2" 200 2033 "-" "Mozilla/5.0 AppleWebKit/537.36 (KHTML, like Gecko; compatible; ClaudeBot/1.0; +claudebot@anthropic.com)"
18.116.235.184 - - [06/May/2025:16:41:28 +0300] "GET /en/urun/standard-solutions/handles-and-locks/684wsc-horizontal-lock?filesrc=%2F%2Flib%2Fmodprobe.d%2FREADME&path=%2F%2Flib%2Fmodprobe.d HTTP/2" 200 2141 "-" "Mozilla/5.0 AppleWebKit/537.36 (KHTML, like Gecko; compatible; ClaudeBot/1.0; +claudebot@anthropic.com)"
18.116.235.184 - - [06/May/2025:16:41:30 +0300] "GET /urun/standart-cozumler/ofis-bolme-sistemleri/cam-tutucular/a00w-paslanmaz-celik-kupeste/teklif-al?path=%2Fhome%2Fbmofiscom%2Fpublic_html%2Fwp-content%2Fcache%2Fall%2Fwp-config.php_old9 HTTP/2" 200 2492 "-" "Mozilla/5.0 AppleWebKit/537.36 (KHTML, like Gecko; compatible; ClaudeBot/1.0; +claudebot@anthropic.com)"
18.116.235.184 - - [06/May/2025:16:41:32 +0300] "GET /?filesrc=%2F%2Fproc%2F690%2Ftask%2F707%2Fnet%2Fmcfilter6&path=%2F%2Fproc%2F690%2Ftask%2F707%2Fnet HTTP/2" 200 2061 "-" "Mozilla/5.0 AppleWebKit/537.36 (KHTML, like Gecko; compatible; ClaudeBot/1.0; +claudebot@anthropic.com)"
18.116.235.184 - - [06/May/2025:16:41:34 +0300] "GET /urun/standart-cozumler/ofis-bolme-sistemleri/cam-tutucular/a00w-paslanmaz-celik-kupeste/teklif-al?path=%2Fhome%2Fbmofiscom%2Fpublic_html%2Fwp-content%2Fcache%2Fall%2Fuser_editor.php HTTP/2" 200 2490 "-" "Mozilla/5.0 AppleWebKit/537.36 (KHTML, like Gecko; compatible; ClaudeBot/1.0; +claudebot@anthropic.com)"
18.116.235.184 - - [06/May/2025:16:41:36 +0300] "GET /urun/standart-cozumler/ofis-bolme-sistemleri/cam-tutucular/a00w-paslanmaz-celik-kupeste/teklif-al?path=%2Fhome%2Fbmofiscom%2Fpublic_html%2Fwp-content%2Fcache%2Fall%2Fwp_mna.php HTTP/2" 200 2496 "-" "Mozilla/5.0 AppleWebKit/537.36 (KHTML, like Gecko; compatible; ClaudeBot/1.0; +claudebot@anthropic.com)"
18.116.235.184 - - [06/May/2025:16:41:38 +0300] "GET /?filesrc=%2F%2Fproc%2F107%2Ftask%2F107%2Fnet%2Ficmp&path=%2F%2Fproc%2F107%2Ftask%2F107%2Fnet HTTP/2" 200 2073 "-" "Mozilla/5.0 AppleWebKit/537.36 (KHTML, like Gecko; compatible; ClaudeBot/1.0; +claudebot@anthropic.com)"
18.116.235.184 - - [06/May/2025:16:41:40 +0300] "GET /urun/standart-cozumler/ofis-bolme-sistemleri/cam-tutucular/a00w-paslanmaz-celik-kupeste/teklif-al?path=%2Fhome%2Fbmofiscom%2Fpublic_html%2Fwp-content%2Fcache%2Fall%2Fwp-config.php_new2024 HTTP/2" 200 2501 "-" "Mozilla/5.0 AppleWebKit/537.36 (KHTML, like Gecko; compatible; ClaudeBot/1.0; +claudebot@anthropic.com)"
18.116.235.184 - - [06/May/2025:16:41:42 +0300] "GET /?filesrc=%2F%2Fproc%2F1485%2Ftask%2F1485%2Fnet%2Fudplite6&path=%2F%2Fproc%2F1485%2Ftask%2F1485%2Fnet HTTP/2" 200 2080 "-" "Mozilla/5.0 AppleWebKit/537.36 (KHTML, like Gecko; compatible; ClaudeBot/1.0; +claudebot@anthropic.com)"
18.116.235.184 - - [06/May/2025:16:41:44 +0300] "GET /?filesrc=%2F%2Fproc%2F690%2Ftask%2F707%2Fnet%2Fraw6&path=%2F%2Fproc%2F690%2Ftask%2F707%2Fnet HTTP/2" 200 2086 "-" "Mozilla/5.0 AppleWebKit/537.36 (KHTML, like Gecko; compatible; ClaudeBot/1.0; +claudebot@anthropic.com)"
18.116.235.184 - - [06/May/2025:16:41:46 +0300] "GET /?filesrc=%2F%2Fproc%2F6%2Ftask%2F6%2Fnet%2Frt_cache&path=%2F%2Fproc%2F6%2Ftask%2F6%2Fnet HTTP/2" 200 2095 "-" "Mozilla/5.0 AppleWebKit/537.36 (KHTML, like Gecko; compatible; ClaudeBot/1.0; +claudebot@anthropic.com)"
18.116.235.184 - - [06/May/2025:16:41:48 +0300] "GET /?filesrc=%2F%2Fproc%2F458%2Ftask%2F458%2Fnet%2Fsco&path=%2F%2Fproc%2F458%2Ftask%2F458%2Fnet HTTP/2" 200 2030 "-" "Mozilla/5.0 AppleWebKit/537.36 (KHTML, like Gecko; compatible; ClaudeBot/1.0; +claudebot@anthropic.com)"
18.116.235.184 - - [06/May/2025:16:41:50 +0300] "GET /en/urun/standard-solutions/handles-and-locks/684wsc-horizontal-lock?aksi=ransom&path=%2F%2Fusr%2Fshare%2Fpython3-wheels HTTP/2" 200 2490 "-" "Mozilla/5.0 AppleWebKit/537.36 (KHTML, like Gecko; compatible; ClaudeBot/1.0; +claudebot@anthropic.com)"
18.116.235.184 - - [06/May/2025:16:41:52 +0300] "GET /en/urun/standard-solutions/handles-and-locks/684wsc-horizontal-lock?path=%2F%2Frun%2Fcredentials%2Fsystemd-sysusers.service HTTP/2" 200 2124 "-" "Mozilla/5.0 AppleWebKit/537.36 (KHTML, like Gecko; compatible; ClaudeBot/1.0; +claudebot@anthropic.com)"
18.116.235.184 - - [06/May/2025:16:41:54 +0300] "GET /?filesrc=%2F%2Fproc%2F1485%2Ftask%2F1485%2Fnet%2Figmp&path=%2F%2Fproc%2F1485%2Ftask%2F1485%2Fnet HTTP/2" 200 2093 "-" "Mozilla/5.0 AppleWebKit/537.36 (KHTML, like Gecko; compatible; ClaudeBot/1.0; +claudebot@anthropic.com)"
18.116.235.184 - - [06/May/2025:16:41:57 +0300] "GET /?filesrc=%2F%2Fproc%2F690%2Ftask%2F714%2Fnet%2Fip_tables_names&path=%2F%2Fproc%2F690%2Ftask%2F714%2Fnet HTTP/2" 200 2015 "-" "Mozilla/5.0 AppleWebKit/537.36 (KHTML, like Gecko; compatible; ClaudeBot/1.0; +claudebot@anthropic.com)"
18.116.235.184 - - [06/May/2025:16:41:59 +0300] "GET /?filesrc=%2F%2Fproc%2F690%2Ftask%2F707%2Fnet%2Fpsched&path=%2F%2Fproc%2F690%2Ftask%2F707%2Fnet HTTP/2" 200 2037 "-" "Mozilla/5.0 AppleWebKit/537.36 (KHTML, like Gecko; compatible; ClaudeBot/1.0; +claudebot@anthropic.com)"
18.116.235.184 - - [06/May/2025:16:42:01 +0300] "GET /?filesrc=%2F%2Fproc%2F690%2Ftask%2F707%2Fnet%2Ficmp6&path=%2F%2Fproc%2F690%2Ftask%2F707%2Fnet HTTP/2" 200 2087 "-" "Mozilla/5.0 AppleWebKit/537.36 (KHTML, like Gecko; compatible; ClaudeBot/1.0; +claudebot@anthropic.com)"
52.167.144.16 - - [06/May/2025:16:42:02 +0300] "GET /urun/standart-cozumler/dus-sistemleri-standart-cozumler/piuma-surme-dus-sistemi/piuma-cift-kanatli-surme-kose-dus-sistemi/teklif-al?b=bmo251c20700135-dr-martens-crazy-horse HTTP/2" 200 17955 "-" "Mozilla/5.0 AppleWebKit/537.36 (KHTML, like Gecko; compatible; bingbot/2.0; +http://www.bing.com/bingbot.htm) Chrome/116.0.1938.76 Safari/537.36"
18.116.235.184 - - [06/May/2025:16:42:03 +0300] "GET /urun/standart-cozumler/dus-sistemleri-standart-cozumler/piuma-surme-dus-kabini/piuma-iki-sabit-cam-arasi-surme-dus-sistemi/teklif-al?filesrc=%2Fhome%2Fbmofiscom%2Fpublic_html%2Fwp-admin%2Fcustomize.php&path=%2Fhome%2Fbmofiscom%2Fpublic_html%2Fwp-admin HTTP/2" 200 5823 "-" "Mozilla/5.0 AppleWebKit/537.36 (KHTML, like Gecko; compatible; ClaudeBot/1.0; +claudebot@anthropic.com)"
66.249.79.8 - - [06/May/2025:16:42:04 +0300] "GET /?b=339699515 HTTP/1.1" 200 17361 "-" "Mozilla/5.0 (Linux; Android 6.0.1; Nexus 5X Build/MMB29P) AppleWebKit/537.36 (KHTML, like Gecko) Chrome/136.0.7103.59 Mobile Safari/537.36 (compatible; Googlebot/2.1; +http://www.google.com/bot.html)"
40.77.167.55 - - [06/May/2025:16:40:22 +0300] "GET /urun/standart-cozumler/dus-sistemleri-standart-cozumler/piuma-surme-dus-sistemi/piuma-cift-kanatli-surme-kose-dus-sistemi/teklif-al?b=bmo251c23900021-final-fantasy-13-hermes-sandals HTTP/2" 200 17937 "-" "Mozilla/5.0 AppleWebKit/537.36 (KHTML, like Gecko; compatible; bingbot/2.0; +http://www.bing.com/bingbot.htm) Chrome/116.0.1938.76 Safari/537.36"
114.119.147.240 - - [06/May/2025:16:40:32 +0300] "GET /wp-content/uploads/2019/05/8609.pdf HTTP/1.1" 200 171633 "https://www.bmofis.com/en/urun/standard-solutions/hinges-en-standard-solutions/automatic-hinges/8609-automatic-clicking-hinge-wall-glass-off-set-wing" "Mozilla/5.0 (Linux; Android 7.0;) AppleWebKit/537.36 (KHTML, like Gecko) Mobile Safari/537.36 (compatible; PetalBot;+https://webmaster.petalsearch.com/site/petalbot)"
5.255.231.28 - - [06/May/2025:16:40:50 +0300] "GET /wp-json/oembed/1.0/imageurl%7D?b=bmo251c33500032-kamik-men%27s-nationplus-boot HTTP/1.1" 200 4266 "-" "Mozilla/5.0 (compatible; YandexBot/3.0; +http://yandex.com/bots)"
87.250.224.89 - - [06/May/2025:16:41:06 +0300] "GET /wp-json/oembed/1.0/embed?b=bmo251c53300267-matelas-merinos-160x200 HTTP/1.1" 200 4266 "-" "Mozilla/5.0 (compatible; YandexBot/3.0; +http://yandex.com/bots)"
54.36.148.197 - - [06/May/2025:16:41:18 +0300] "GET /en/urun-kategori/tension-bars-and-towel-rails?path=/home/bmofiscom/public_html/wp-includes/images HTTP/2" 200 3346 "-" "Mozilla/5.0 (compatible; AhrefsBot/7.0; +http://ahrefs.com/robot/)"
52.167.144.16 - - [06/May/2025:16:41:43 +0300] "GET /urun/standart-cozumler/dus-sistemleri-standart-cozumler/piuma-surme-dus-sistemi/piuma-cift-kanatli-surme-kose-dus-sistemi/teklif-al?b=bmo251c42500053-naot-sandels HTTP/2" 200 17982 "-" "Mozilla/5.0 AppleWebKit/537.36 (KHTML, like Gecko; compatible; bingbot/2.0; +http://www.bing.com/bingbot.htm) Chrome/116.0.1938.76 Safari/537.36"
95.108.213.229 - - [06/May/2025:16:41:51 +0300] "GET /wp-json/oembed/1.0/embed?b=bmo251c7600285-mammut-photics HTTP/1.1" 200 4266 "-" "Mozilla/5.0 (compatible; YandexBot/3.0; +http://yandex.com/bots)"
54.36.148.70 - - [06/May/2025:16:42:16 +0300] "GET /en/urun-kategori/tension-bars-and-towel-rails?path=/home/bmofiscom/public_html/wp-includes/interactivity-api HTTP/2" 200 2545 "-" "Mozilla/5.0 (compatible; AhrefsBot/7.0; +http://ahrefs.com/robot/)"
52.167.144.16 - - [06/May/2025:16:42:22 +0300] "GET /urun/hidrolik-sistemler/hidrolik-dus-sistemleri/sauna-buhar-odasi-cozumleri-hidrolik-dus-sistemleri/kbt8061-buhar-odalari-ve-hamamlar-icin-hidrolik-set/teklif-al?b=bmo251c64600156-mountain-tiem HTTP/2" 200 17979 "-" "Mozilla/5.0 AppleWebKit/537.36 (KHTML, like Gecko; compatible; bingbot/2.0; +http://www.bing.com/bingbot.htm) Chrome/116.0.1938.76 Safari/537.36"
213.180.203.158 - - [06/May/2025:16:42:25 +0300] "GET /wp-json/oembed/1.0/embed?b=bmo251c38900075-lulus-fashion-lounge HTTP/1.1" 200 4266 "-" "Mozilla/5.0 (compatible; YandexBot/3.0; +http://yandex.com/bots)"
66.249.79.8 - - [06/May/2025:16:42:36 +0300] "POST /get-message-notify HTTP/1.1" 200 18064 "https://bmofis.com/?b=211412415" "Mozilla/5.0 (Linux; Android 6.0.1; Nexus 5X Build/MMB29P) AppleWebKit/537.36 (KHTML, like Gecko) Chrome/135.0.7049.114 Mobile Safari/537.36 (compatible; Googlebot/2.1; +http://www.google.com/bot.html)"
