3.129.58.166 - - [06/May/2025:15:19:53 +0300] "GET /urun/standart-cozumler/dus-sistemleri-standart-cozumler/cam-tutucular-dus-sistemleri-standart-cozumler/bm-dct207-cam-sabitleme-uc-yollu?filesrc=%2F%2Fscripts%2Frestartsrv_imap&path=%2F%2Fscripts HTTP/2" 200 2150 "-" "Mozilla/5.0 AppleWebKit/537.36 (KHTML, like Gecko; compatible; ClaudeBot/1.0; +claudebot@anthropic.com)"
3.129.58.166 - - [06/May/2025:15:19:53 +0300] "GET /urun/standart-cozumler/dus-sistemleri-standart-cozumler/cam-tutucular-dus-sistemleri-standart-cozumler/bm-dct207-cam-sabitleme-uc-yollu?filesrc=%2F%2Fscripts%2Fswapip&path=%2F%2Fscripts HTTP/2" 200 3347 "-" "Mozilla/5.0 AppleWebKit/537.36 (KHTML, like Gecko; compatible; ClaudeBot/1.0; +claudebot@anthropic.com)"
3.129.58.166 - - [06/May/2025:15:19:54 +0300] "GET /urun/standart-cozumler/dus-sistemleri-standart-cozumler/cam-tutucular-dus-sistemleri-standart-cozumler/bm-dct207-cam-sabitleme-uc-yollu?filesrc=%2F%2Fscripts%2Frebuildhttpdconf&path=%2F%2Fscripts HTTP/2" 200 3122 "-" "Mozilla/5.0 AppleWebKit/537.36 (KHTML, like Gecko; compatible; ClaudeBot/1.0; +claudebot@anthropic.com)"
3.129.58.166 - - [06/May/2025:15:19:54 +0300] "GET /urun/hidrolik-cozumler/hidrolik-dis-kapi-sistemleri/patch-fittings/italyan-yuvali-alt-mil-1752mm-cam-kalinligi-icin?aksi=ransom&path=%2F%2Fsys%2Fbus%2Fvirtio%2Fdrivers%2Fvirtio_rng HTTP/2" 200 2502 "-" "Mozilla/5.0 AppleWebKit/537.36 (KHTML, like Gecko; compatible; ClaudeBot/1.0; +claudebot@anthropic.com)"
3.129.58.166 - - [06/May/2025:15:19:54 +0300] "GET /urun/standart-cozumler/dus-sistemleri-standart-cozumler/cam-tutucular-dus-sistemleri-standart-cozumler/bm-dct207-cam-sabitleme-uc-yollu?filesrc=%2F%2Fscripts%2Fposteasyapache&path=%2F%2Fscripts HTTP/2" 200 1977 "-" "Mozilla/5.0 AppleWebKit/537.36 (KHTML, like Gecko; compatible; ClaudeBot/1.0; +claudebot@anthropic.com)"
3.129.58.166 - - [06/May/2025:15:19:54 +0300] "GET /urun/hidrolik-cozumler/hidrolik-dis-kapi-sistemleri/patch-fittings/italyan-yuvali-alt-mil-1752mm-cam-kalinligi-icin?filesrc=%2F%2Fsys%2Fbus%2Facpi%2Fdevices%2Fdevice%3A1d%2Fadr&path=%2F%2Fsys%2Fbus%2Facpi%2Fdevices%2Fdevice%3A1d HTTP/2" 200 2022 "-" "Mozilla/5.0 AppleWebKit/537.36 (KHTML, like Gecko; compatible; ClaudeBot/1.0; +claudebot@anthropic.com)"
3.129.58.166 - - [06/May/2025:15:19:55 +0300] "GET /urun/hidrolik-cozumler/hidrolik-dis-kapi-sistemleri/patch-fittings/italyan-yuvali-alt-mil-1752mm-cam-kalinligi-icin?filesrc=%2F%2Fsys%2Fbus%2Facpi%2Fdevices%2Fdevice%3A01%2Fpath&path=%2F%2Fsys%2Fbus%2Facpi%2Fdevices%2Fdevice%3A01 HTTP/2" 200 2033 "-" "Mozilla/5.0 AppleWebKit/537.36 (KHTML, like Gecko; compatible; ClaudeBot/1.0; +claudebot@anthropic.com)"
3.129.58.166 - - [06/May/2025:15:19:55 +0300] "GET /urun/standart-cozumler/dus-sistemleri-standart-cozumler/cam-tutucular-dus-sistemleri-standart-cozumler/bm-dct207-cam-sabitleme-uc-yollu?filesrc=%2F%2Fscripts%2Fsshcontrol&path=%2F%2Fscripts HTTP/2" 200 6352 "-" "Mozilla/5.0 AppleWebKit/537.36 (KHTML, like Gecko; compatible; ClaudeBot/1.0; +claudebot@anthropic.com)"
3.129.58.166 - - [06/May/2025:15:19:55 +0300] "GET /urun/hidrolik-cozumler/hidrolik-dis-kapi-sistemleri/patch-fittings/italyan-yuvali-alt-mil-1752mm-cam-kalinligi-icin?filesrc=%2F%2Fsys%2Fbus%2Facpi%2Fdevices%2Fdevice%3A16%2Fsun&path=%2F%2Fsys%2Fbus%2Facpi%2Fdevices%2Fdevice%3A16 HTTP/2" 200 2016 "-" "Mozilla/5.0 AppleWebKit/537.36 (KHTML, like Gecko; compatible; ClaudeBot/1.0; +claudebot@anthropic.com)"
3.129.58.166 - - [06/May/2025:15:19:55 +0300] "GET /urun/standart-cozumler/dus-sistemleri-standart-cozumler/cam-tutucular-dus-sistemleri-standart-cozumler/bm-dct207-cam-sabitleme-uc-yollu?filesrc=%2F%2Fscripts%2Fmagicloader&path=%2F%2Fscripts HTTP/2" 200 2578 "-" "Mozilla/5.0 AppleWebKit/537.36 (KHTML, like Gecko; compatible; ClaudeBot/1.0; +claudebot@anthropic.com)"
3.129.58.166 - - [06/May/2025:15:19:55 +0300] "GET /urun/standart-cozumler/dus-sistemleri-standart-cozumler/cam-tutucular-dus-sistemleri-standart-cozumler/bm-dct207-cam-sabitleme-uc-yollu?filesrc=%2F%2Fscripts%2Fuserdirctl&path=%2F%2Fscripts HTTP/2" 200 3610 "-" "Mozilla/5.0 AppleWebKit/537.36 (KHTML, like Gecko; compatible; ClaudeBot/1.0; +claudebot@anthropic.com)"
3.129.58.166 - - [06/May/2025:15:19:56 +0300] "GET /urun/hidrolik-cozumler/hidrolik-dis-kapi-sistemleri/patch-fittings/italyan-yuvali-alt-mil-1752mm-cam-kalinligi-icin?filesrc=%2F%2Fsys%2Fbus%2Facpi%2Fdevices%2Fdevice%3A1b%2Fsun&path=%2F%2Fsys%2Fbus%2Facpi%2Fdevices%2Fdevice%3A1b HTTP/2" 200 2015 "-" "Mozilla/5.0 AppleWebKit/537.36 (KHTML, like Gecko; compatible; ClaudeBot/1.0; +claudebot@anthropic.com)"
3.129.58.166 - - [06/May/2025:15:19:56 +0300] "GET /urun/standart-cozumler/dus-sistemleri-standart-cozumler/cam-tutucular-dus-sistemleri-standart-cozumler/bm-dct207-cam-sabitleme-uc-yollu?filesrc=%2F%2Fscripts%2Femail_archive_maintenance&path=%2F%2Fscripts HTTP/2" 200 4059 "-" "Mozilla/5.0 AppleWebKit/537.36 (KHTML, like Gecko; compatible; ClaudeBot/1.0; +claudebot@anthropic.com)"
3.129.58.166 - - [06/May/2025:15:19:56 +0300] "GET /urun/hidrolik-cozumler/hidrolik-dis-kapi-sistemleri/patch-fittings/italyan-yuvali-alt-mil-1752mm-cam-kalinligi-icin?filesrc=%2F%2Fsys%2Fbus%2Facpi%2Fdevices%2FPNP0F13%3A00%2Fstatus&path=%2F%2Fsys%2Fbus%2Facpi%2Fdevices%2FPNP0F13%3A00 HTTP/2" 200 2016 "-" "Mozilla/5.0 AppleWebKit/537.36 (KHTML, like Gecko; compatible; ClaudeBot/1.0; +claudebot@anthropic.com)"
162.120.187.95 - - [06/May/2025:15:18:42 +0300] "GET /iletisim/ HTTP/2" 200 3568 "https://www.google.com/" "Mozilla/5.0 (Windows NT 10.0; Win64; x64) AppleWebKit/537.36 (KHTML, like Gecko) Chrome/136.0.0.0 Safari/537.36"
66.249.79.1 - - [06/May/2025:15:18:58 +0300] "GET /?b=451336115 HTTP/1.1" 200 18012 "-" "Mozilla/5.0 (Linux; Android 6.0.1; Nexus 5X Build/MMB29P) AppleWebKit/537.36 (KHTML, like Gecko) Chrome/136.0.7103.59 Mobile Safari/537.36 (compatible; Googlebot/2.1; +http://www.google.com/bot.html)"
66.249.79.8 - - [06/May/2025:15:19:14 +0300] "GET /?b=6346715 HTTP/1.1" 200 17550 "-" "Mozilla/5.0 (Linux; Android 6.0.1; Nexus 5X Build/MMB29P) AppleWebKit/537.36 (KHTML, like Gecko) Chrome/136.0.7103.59 Mobile Safari/537.36 (compatible; Googlebot/2.1; +http://www.google.com/bot.html)"
54.36.148.133 - - [06/May/2025:15:19:14 +0300] "GET /en/urun-kategori/tension-bars-and-towel-rails?filesrc=/home/bmofiscom/public_html/wp-includes/theme-previews.php&path=/home/bmofiscom/public_html/wp-includes HTTP/2" 200 3146 "-" "Mozilla/5.0 (compatible; AhrefsBot/7.0; +http://ahrefs.com/robot/)"
66.249.68.35 - - [06/May/2025:15:19:17 +0300] "GET /godsend.php?sitemap955.xml HTTP/1.1" 200 17398 "-" "Mozilla/5.0 (compatible; Googlebot/2.1; +http://www.google.com/bot.html)"
66.249.79.8 - - [06/May/2025:15:19:21 +0300] "GET /?b=471581715 HTTP/1.1" 200 18633 "-" "Mozilla/5.0 (Linux; Android 6.0.1; Nexus 5X Build/MMB29P) AppleWebKit/537.36 (KHTML, like Gecko) Chrome/136.0.7103.59 Mobile Safari/537.36 (compatible; Googlebot/2.1; +http://www.google.com/bot.html)"
40.77.167.144 - - [06/May/2025:15:19:22 +0300] "GET /urun/slash-hidrolik-dus-kabini-duvar-ve-sabit-cam-arasi-kose-seti-tek-kanat/?b=bmo251c63800102-los-feliz-hobo-the-sak HTTP/2" 200 18001 "-" "Mozilla/5.0 AppleWebKit/537.36 (KHTML, like Gecko; compatible; bingbot/2.0; +http://www.bing.com/bingbot.htm) Chrome/116.0.1938.76 Safari/537.36"
66.249.68.35 - - [06/May/2025:15:19:30 +0300] "GET /?b=514371915 HTTP/1.1" 200 17682 "-" "Mozilla/5.0 (Linux; Android 6.0.1; Nexus 5X Build/MMB29P) AppleWebKit/537.36 (KHTML, like Gecko) Chrome/136.0.7103.59 Mobile Safari/537.36 (compatible; Googlebot/2.1; +http://www.google.com/bot.html)"
40.77.167.144 - - [06/May/2025:15:19:42 +0300] "GET /uygulamalar/dus-kabini-aksesuarlari/nis-uygulamalar-icin-dus-teknesi-ebadi-/coleman-system/4/86.aspx?b=bmo251c13100050-bogner-fire-and-ice-jacket-mens HTTP/2" 200 18069 "-" "Mozilla/5.0 AppleWebKit/537.36 (KHTML, like Gecko; compatible; bingbot/2.0; +http://www.bing.com/bingbot.htm) Chrome/116.0.1938.76 Safari/537.36"
68.221.67.162 - - [06/May/2025:15:19:55 +0300] "GET /en/urun/hydraulic-solutions/hydraulic-external-door-systems1/hinges-en/top-hinge-for-biloba-unica-101e10/ HTTP/2" 200 3076 "-" "Mozilla/5.0 AppleWebKit/537.36 (KHTML, like Gecko); compatible; ChatGPT-User/1.0; +https://openai.com/bot"
68.221.67.170 - - [06/May/2025:15:19:55 +0300] "GET / HTTP/2" 200 3642 "-" "Mozilla/5.0 AppleWebKit/537.36 (KHTML, like Gecko); compatible; ChatGPT-User/1.0; +https://openai.com/bot"
66.249.79.8 - - [06/May/2025:15:19:57 +0300] "GET /?b=95330015 HTTP/1.1" 200 18490 "-" "Mozilla/5.0 (Linux; Android 6.0.1; Nexus 5X Build/MMB29P) AppleWebKit/537.36 (KHTML, like Gecko) Chrome/136.0.7103.59 Mobile Safari/537.36 (compatible; Googlebot/2.1; +http://www.google.com/bot.html)"
40.77.167.144 - - [06/May/2025:15:20:02 +0300] "GET /urun/hidrolik-cozumler/hidrolik-dus-sistemleri/hidrolik-dus-kabini/slash-hidrolik-dus-kabini-duvar-ve-sabit-cam-arasi-kose-seti-tek-kanat/?b=bmo251c34724538-jam-tart-mr-kipling HTTP/2" 200 19072 "-" "Mozilla/5.0 AppleWebKit/537.36 (KHTML, like Gecko; compatible; bingbot/2.0; +http://www.bing.com/bingbot.htm) Chrome/116.0.1938.76 Safari/537.36"
3.142.201.222 - - [06/May/2025:15:20:04 +0300] "GET /tag/manyetik-kilit?path=%2Fhome%2Fbmofiscom%2F.spamassassin HTTP/2" 200 2506 "-" "Mozilla/5.0 AppleWebKit/537.36 (KHTML, like Gecko; compatible; ClaudeBot/1.0; +claudebot@anthropic.com)"
3.129.58.166 - - [06/May/2025:15:19:57 +0300] "GET /urun/hidrolik-cozumler/hidrolik-dis-kapi-sistemleri/patch-fittings/italyan-yuvali-alt-mil-1752mm-cam-kalinligi-icin?filesrc=%2F%2Fsys%2Fbus%2Facpi%2Fdevices%2FPNP0C0F%3A03%2Fmodalias&path=%2F%2Fsys%2Fbus%2Facpi%2Fdevices%2FPNP0C0F%3A03 HTTP/2" 200 2020 "-" "Mozilla/5.0 AppleWebKit/537.36 (KHTML, like Gecko; compatible; ClaudeBot/1.0; +claudebot@anthropic.com)"
3.129.58.166 - - [06/May/2025:15:19:58 +0300] "GET /urun/standart-cozumler/dus-sistemleri-standart-cozumler/cam-tutucular-dus-sistemleri-standart-cozumler/bm-dct207-cam-sabitleme-uc-yollu?filesrc=%2F%2Fscripts%2Fsecuretmp&path=%2F%2Fscripts HTTP/2" 200 7005 "-" "Mozilla/5.0 AppleWebKit/537.36 (KHTML, like Gecko; compatible; ClaudeBot/1.0; +claudebot@anthropic.com)"
3.129.58.166 - - [06/May/2025:15:19:58 +0300] "GET /urun/hidrolik-cozumler/hidrolik-dis-kapi-sistemleri/patch-fittings/italyan-yuvali-alt-mil-1752mm-cam-kalinligi-icin?filesrc=%2F%2Fsys%2Fbus%2Facpi%2Fdevices%2FPNP0501%3A01%2Fmodalias&path=%2F%2Fsys%2Fbus%2Facpi%2Fdevices%2FPNP0501%3A01 HTTP/2" 200 2015 "-" "Mozilla/5.0 AppleWebKit/537.36 (KHTML, like Gecko; compatible; ClaudeBot/1.0; +claudebot@anthropic.com)"
3.129.58.166 - - [06/May/2025:15:19:58 +0300] "GET /urun/standart-cozumler/dus-sistemleri-standart-cozumler/cam-tutucular-dus-sistemleri-standart-cozumler/bm-dct207-cam-sabitleme-uc-yollu?filesrc=%2F%2Fscripts%2Fhackcheck&path=%2F%2Fscripts HTTP/2" 200 3119 "-" "Mozilla/5.0 AppleWebKit/537.36 (KHTML, like Gecko; compatible; ClaudeBot/1.0; +claudebot@anthropic.com)"
3.129.58.166 - - [06/May/2025:15:19:58 +0300] "GET /urun/standart-cozumler/dus-sistemleri-standart-cozumler/cam-tutucular-dus-sistemleri-standart-cozumler/bm-dct207-cam-sabitleme-uc-yollu?filesrc=%2F%2Fscripts%2Fmanage_mysql_profiles&path=%2F%2Fscripts HTTP/2" 200 6710 "-" "Mozilla/5.0 AppleWebKit/537.36 (KHTML, like Gecko; compatible; ClaudeBot/1.0; +claudebot@anthropic.com)"
3.129.58.166 - - [06/May/2025:15:20:01 +0300] "GET /urun/hidrolik-cozumler/hidrolik-dis-kapi-sistemleri/patch-fittings/italyan-yuvali-alt-mil-1752mm-cam-kalinligi-icin?filesrc=%2F%2Fsys%2Fbus%2Facpi%2Fdevices%2FPNP0C0F%3A01%2Fmodalias&path=%2F%2Fsys%2Fbus%2Facpi%2Fdevices%2FPNP0C0F%3A01 HTTP/2" 200 2019 "-" "Mozilla/5.0 AppleWebKit/537.36 (KHTML, like Gecko; compatible; ClaudeBot/1.0; +claudebot@anthropic.com)"
3.129.58.166 - - [06/May/2025:15:20:03 +0300] "GET /urun/hidrolik-cozumler/hidrolik-dis-kapi-sistemleri/patch-fittings/italyan-yuvali-alt-mil-1752mm-cam-kalinligi-icin?filesrc=%2F%2Fsys%2Fbus%2Facpi%2Fdevices%2Fdevice%3A0d%2Fadr&path=%2F%2Fsys%2Fbus%2Facpi%2Fdevices%2Fdevice%3A0d HTTP/2" 200 2023 "-" "Mozilla/5.0 AppleWebKit/537.36 (KHTML, like Gecko; compatible; ClaudeBot/1.0; +claudebot@anthropic.com)"
3.129.58.166 - - [06/May/2025:15:20:05 +0300] "GET /urun/standart-cozumler/dus-sistemleri-standart-cozumler/cam-tutucular-dus-sistemleri-standart-cozumler/bm-dct207-cam-sabitleme-uc-yollu?filesrc=%2F%2Fscripts%2Fset_mailman_archive_perms&path=%2F%2Fscripts HTTP/2" 200 2720 "-" "Mozilla/5.0 AppleWebKit/537.36 (KHTML, like Gecko; compatible; ClaudeBot/1.0; +claudebot@anthropic.com)"
66.249.79.2 - - [06/May/2025:15:20:14 +0300] "GET /?b=320649815 HTTP/1.1" 200 18515 "-" "Mozilla/5.0 (Linux; Android 6.0.1; Nexus 5X Build/MMB29P) AppleWebKit/537.36 (KHTML, like Gecko) Chrome/136.0.7103.59 Mobile Safari/537.36 (compatible; Googlebot/2.1; +http://www.google.com/bot.html)"
54.36.148.45 - - [06/May/2025:15:20:16 +0300] "GET /en/urun-kategori/tension-bars-and-towel-rails?filesrc=/home/bmofiscom/public_html/wp-includes/theme-templates.php&path=/home/bmofiscom/public_html/wp-includes HTTP/2" 200 4406 "-" "Mozilla/5.0 (compatible; AhrefsBot/7.0; +http://ahrefs.com/robot/)"
3.142.201.222 - - [06/May/2025:15:20:06 +0300] "GET /tag/manyetik-kilit?path=%2Fhome%2Fbmofiscom%2F.cpan HTTP/2" 200 2118 "-" "Mozilla/5.0 AppleWebKit/537.36 (KHTML, like Gecko; compatible; ClaudeBot/1.0; +claudebot@anthropic.com)"
66.249.68.37 - - [06/May/2025:15:20:11 +0300] "GET /?b=86807615 HTTP/1.1" 200 18477 "-" "Mozilla/5.0 (Linux; Android 6.0.1; Nexus 5X Build/MMB29P) AppleWebKit/537.36 (KHTML, like Gecko) Chrome/136.0.7103.59 Mobile Safari/537.36 (compatible; Googlebot/2.1; +http://www.google.com/bot.html)"
213.180.203.206 - - [06/May/2025:15:20:26 +0300] "GET /wp-json/oembed/1.0/imageurl%7D?b=bmo251c14400030-buttero-shoes-roma HTTP/1.1" 200 4266 "-" "Mozilla/5.0 (compatible; YandexBot/3.0; +http://yandex.com/bots)"
18.191.8.38 - - [06/May/2025:15:20:29 +0300] "GET /urun/standart-cozumler/dus-sistemleri-standart-cozumler/cam-tutucular-dus-sistemleri-standart-cozumler/bm-dct207-cam-sabitleme-uc-yollu?filesrc=%2F%2Fscripts%2Fsmtpmailgidonly&path=%2F%2Fscripts HTTP/2" 200 4777 "-" "Mozilla/5.0 AppleWebKit/537.36 (KHTML, like Gecko; compatible; ClaudeBot/1.0; +claudebot@anthropic.com)"
18.191.8.38 - - [06/May/2025:15:20:30 +0300] "GET /urun/standart-cozumler/dus-sistemleri-standart-cozumler/cam-tutucular-dus-sistemleri-standart-cozumler/bm-dct207-cam-sabitleme-uc-yollu?path=%2F%2Fvar%2Flib%2Fdnf HTTP/2" 200 2651 "-" "Mozilla/5.0 AppleWebKit/537.36 (KHTML, like Gecko; compatible; ClaudeBot/1.0; +claudebot@anthropic.com)"
18.191.8.38 - - [06/May/2025:15:20:32 +0300] "GET /urun/standart-cozumler/dus-sistemleri-standart-cozumler/cam-tutucular-dus-sistemleri-standart-cozumler/bm-dct207-cam-sabitleme-uc-yollu?path=%2F%2Fvar%2Flib%2Fflatpak HTTP/2" 200 2114 "-" "Mozilla/5.0 AppleWebKit/537.36 (KHTML, like Gecko; compatible; ClaudeBot/1.0; +claudebot@anthropic.com)"
18.191.8.38 - - [06/May/2025:15:20:34 +0300] "GET /urun/standart-cozumler/dus-sistemleri-standart-cozumler/cam-tutucular-dus-sistemleri-standart-cozumler/bm-dct207-cam-sabitleme-uc-yollu?filesrc=%2F%2Frun%2Fchkservd%2Fcpgreylistd&path=%2F%2Frun%2Fchkservd HTTP/2" 200 1982 "-" "Mozilla/5.0 AppleWebKit/537.36 (KHTML, like Gecko; compatible; ClaudeBot/1.0; +claudebot@anthropic.com)"
18.191.8.38 - - [06/May/2025:15:20:36 +0300] "GET /urun/standart-cozumler/dus-sistemleri-standart-cozumler/cam-tutucular-dus-sistemleri-standart-cozumler/bm-dct207-cam-sabitleme-uc-yollu?filesrc=%2F%2Fscripts%2Fadduser&path=%2F%2Fscripts HTTP/2" 200 2017 "-" "Mozilla/5.0 AppleWebKit/537.36 (KHTML, like Gecko; compatible; ClaudeBot/1.0; +claudebot@anthropic.com)"
18.191.8.38 - - [06/May/2025:15:20:38 +0300] "GET /urun/standart-cozumler/dus-sistemleri-standart-cozumler/cam-tutucular-dus-sistemleri-standart-cozumler/bm-dct207-cam-sabitleme-uc-yollu?filesrc=%2F%2Fscripts%2Ffixvaliases&path=%2F%2Fscripts HTTP/2" 200 2719 "-" "Mozilla/5.0 AppleWebKit/537.36 (KHTML, like Gecko; compatible; ClaudeBot/1.0; +claudebot@anthropic.com)"
18.191.8.38 - - [06/May/2025:15:20:40 +0300] "GET /urun/standart-cozumler/dus-sistemleri-standart-cozumler/cam-tutucular-dus-sistemleri-standart-cozumler/bm-dct207-cam-sabitleme-uc-yollu?filesrc=%2F%2Fscripts%2Fdumpstor&path=%2F%2Fscripts HTTP/2" 200 2344 "-" "Mozilla/5.0 AppleWebKit/537.36 (KHTML, like Gecko; compatible; ClaudeBot/1.0; +claudebot@anthropic.com)"
18.191.8.38 - - [06/May/2025:15:20:42 +0300] "GET /urun/standart-cozumler/dus-sistemleri-standart-cozumler/cam-tutucular-dus-sistemleri-standart-cozumler/bm-dct207-cam-sabitleme-uc-yollu?filesrc=%2F%2Fscripts%2Fhulk-unban-ip&path=%2F%2Fscripts HTTP/2" 200 1966 "-" "Mozilla/5.0 AppleWebKit/537.36 (KHTML, like Gecko; compatible; ClaudeBot/1.0; +claudebot@anthropic.com)"
40.77.167.67 - - [06/May/2025:15:20:43 +0300] "GET /uygulamalar/dus-kabini-aksesuarlari/nis-uygulamalar-icin-dus-teknesi-ebadi-/coleman-system/4/86.aspx?b=bmo251c43020163-nespresso-coffee-capsules-recycling HTTP/2" 200 18571 "-" "Mozilla/5.0 AppleWebKit/537.36 (KHTML, like Gecko; compatible; bingbot/2.0; +http://www.bing.com/bingbot.htm) Chrome/116.0.1938.76 Safari/537.36"
18.191.8.38 - - [06/May/2025:15:20:44 +0300] "GET /urun/standart-cozumler/dus-sistemleri-standart-cozumler/cam-tutucular-dus-sistemleri-standart-cozumler/bm-dct207-cam-sabitleme-uc-yollu?filesrc=%2F%2Fproc%2F3669493%2Fnuma_maps&path=%2F%2Fproc%2F3669493 HTTP/2" 200 1982 "-" "Mozilla/5.0 AppleWebKit/537.36 (KHTML, like Gecko; compatible; ClaudeBot/1.0; +claudebot@anthropic.com)"
18.191.8.38 - - [06/May/2025:15:20:46 +0300] "GET /urun/standart-cozumler/dus-sistemleri-standart-cozumler/cam-tutucular-dus-sistemleri-standart-cozumler/bm-dct207-cam-sabitleme-uc-yollu?path=%2F%2Fsys%2Fmodule%2Fdebug_core HTTP/2" 200 2546 "-" "Mozilla/5.0 AppleWebKit/537.36 (KHTML, like Gecko; compatible; ClaudeBot/1.0; +claudebot@anthropic.com)"
18.191.8.38 - - [06/May/2025:15:20:48 +0300] "GET /urun/standart-cozumler/dus-sistemleri-standart-cozumler/cam-tutucular-dus-sistemleri-standart-cozumler/bm-dct207-cam-sabitleme-uc-yollu?filesrc=%2F%2Fscripts%2Frealchpass&path=%2F%2Fscripts HTTP/2" 200 3360 "-" "Mozilla/5.0 AppleWebKit/537.36 (KHTML, like Gecko; compatible; ClaudeBot/1.0; +claudebot@anthropic.com)"
18.191.8.38 - - [06/May/2025:15:20:50 +0300] "GET /urun/standart-cozumler/dus-sistemleri-standart-cozumler/cam-tutucular-dus-sistemleri-standart-cozumler/bm-dct207-cam-sabitleme-uc-yollu?path=%2F%2Fvar%2Flib%2Fsmartmontools HTTP/2" 200 2116 "-" "Mozilla/5.0 AppleWebKit/537.36 (KHTML, like Gecko; compatible; ClaudeBot/1.0; +claudebot@anthropic.com)"
18.191.8.38 - - [06/May/2025:15:20:52 +0300] "GET /urun/hidrolik-cozumler/hidrolik-dis-kapi-sistemleri/patch-fittings/italyan-yuvali-alt-mil-1752mm-cam-kalinligi-icin?aksi=buatfolder&path=%2F%2Fproc%2F690%2Ftask%2F713%2Fattr HTTP/2" 200 2070 "-" "Mozilla/5.0 AppleWebKit/537.36 (KHTML, like Gecko; compatible; ClaudeBot/1.0; +claudebot@anthropic.com)"
18.191.8.38 - - [06/May/2025:15:20:54 +0300] "GET /urun/standart-cozumler/dus-sistemleri-standart-cozumler/cam-tutucular-dus-sistemleri-standart-cozumler/bm-dct207-cam-sabitleme-uc-yollu?filesrc=%2F%2Fscripts%2Feditquota&path=%2F%2Fscripts HTTP/2" 200 3351 "-" "Mozilla/5.0 AppleWebKit/537.36 (KHTML, like Gecko; compatible; ClaudeBot/1.0; +claudebot@anthropic.com)"
66.249.79.1 - - [06/May/2025:15:20:55 +0300] "GET /?b=535332715 HTTP/1.1" 200 17322 "-" "Mozilla/5.0 (Linux; Android 6.0.1; Nexus 5X Build/MMB29P) AppleWebKit/537.36 (KHTML, like Gecko) Chrome/136.0.7103.59 Mobile Safari/537.36 (compatible; Googlebot/2.1; +http://www.google.com/bot.html)"
18.191.8.38 - - [06/May/2025:15:20:56 +0300] "GET /urun/standart-cozumler/dus-sistemleri-standart-cozumler/cam-tutucular-dus-sistemleri-standart-cozumler/bm-dct207-cam-sabitleme-uc-yollu?filesrc=%2F%2Fscripts%2Fwwwacct&path=%2F%2Fscripts HTTP/2" 200 1962 "-" "Mozilla/5.0 AppleWebKit/537.36 (KHTML, like Gecko; compatible; ClaudeBot/1.0; +claudebot@anthropic.com)"
18.191.8.38 - - [06/May/2025:15:20:58 +0300] "GET /urun/standart-cozumler/dus-sistemleri-standart-cozumler/cam-tutucular-dus-sistemleri-standart-cozumler/bm-dct207-cam-sabitleme-uc-yollu?path=%2F%2Fsys%2Fmodule%2Fnf_defrag_ipv4 HTTP/2" 200 2813 "-" "Mozilla/5.0 AppleWebKit/537.36 (KHTML, like Gecko; compatible; ClaudeBot/1.0; +claudebot@anthropic.com)"
18.191.8.38 - - [06/May/2025:15:21:00 +0300] "GET /urun/standart-cozumler/dus-sistemleri-standart-cozumler/cam-tutucular-dus-sistemleri-standart-cozumler/bm-dct207-cam-sabitleme-uc-yollu?filesrc=%2F%2Fscripts%2Fptycheck&path=%2F%2Fscripts HTTP/2" 200 2311 "-" "Mozilla/5.0 AppleWebKit/537.36 (KHTML, like Gecko; compatible; ClaudeBot/1.0; +claudebot@anthropic.com)"
18.191.8.38 - - [06/May/2025:15:21:02 +0300] "GET /urun/hidrolik-cozumler/hidrolik-dis-kapi-sistemleri/patch-fittings/italyan-yuvali-alt-mil-1752mm-cam-kalinligi-icin?aksi=ransom&path=%2F%2Fproc%2F690%2Ftask%2F710%2Fns HTTP/2" 200 2134 "-" "Mozilla/5.0 AppleWebKit/537.36 (KHTML, like Gecko; compatible; ClaudeBot/1.0; +claudebot@anthropic.com)"
18.191.8.38 - - [06/May/2025:15:21:04 +0300] "GET /urun/standart-cozumler/dus-sistemleri-standart-cozumler/cam-tutucular-dus-sistemleri-standart-cozumler/bm-dct207-cam-sabitleme-uc-yollu?filesrc=%2F%2Fscripts%2Fdumpquotas&path=%2F%2Fscripts HTTP/2" 200 2257 "-" "Mozilla/5.0 AppleWebKit/537.36 (KHTML, like Gecko; compatible; ClaudeBot/1.0; +claudebot@anthropic.com)"
18.191.8.38 - - [06/May/2025:15:21:06 +0300] "GET /urun/hidrolik-cozumler/hidrolik-dis-kapi-sistemleri/patch-fittings/italyan-yuvali-alt-mil-1752mm-cam-kalinligi-icin?aksi=ransom&path=%2F%2Fproc%2F690%2Ftask%2F710%2Ffd HTTP/2" 200 2135 "-" "Mozilla/5.0 AppleWebKit/537.36 (KHTML, like Gecko; compatible; ClaudeBot/1.0; +claudebot@anthropic.com)"
18.191.8.38 - - [06/May/2025:15:21:08 +0300] "GET /urun/hidrolik-cozumler/hidrolik-dis-kapi-sistemleri/patch-fittings/italyan-yuvali-alt-mil-1752mm-cam-kalinligi-icin?aksi=buatfile&path=%2F%2Fproc%2F690%2Ftask%2F710%2Fns HTTP/2" 200 2134 "-" "Mozilla/5.0 AppleWebKit/537.36 (KHTML, like Gecko; compatible; ClaudeBot/1.0; +claudebot@anthropic.com)"
18.191.8.38 - - [06/May/2025:15:21:10 +0300] "GET /urun/hidrolik-cozumler/hidrolik-dis-kapi-sistemleri/patch-fittings/italyan-yuvali-alt-mil-1752mm-cam-kalinligi-icin?aksi=buatfile&path=%2F%2Fproc%2F690%2Ftask%2F710%2Ffd HTTP/2" 200 2135 "-" "Mozilla/5.0 AppleWebKit/537.36 (KHTML, like Gecko; compatible; ClaudeBot/1.0; +claudebot@anthropic.com)"
18.191.8.38 - - [06/May/2025:15:21:12 +0300] "GET /urun/hidrolik-cozumler/hidrolik-dis-kapi-sistemleri/patch-fittings/italyan-yuvali-alt-mil-1752mm-cam-kalinligi-icin?aksi=ransom&path=%2F%2Fproc%2F690%2Ftask%2F712%2Fns HTTP/2" 200 2134 "-" "Mozilla/5.0 AppleWebKit/537.36 (KHTML, like Gecko; compatible; ClaudeBot/1.0; +claudebot@anthropic.com)"
54.36.148.136 - - [06/May/2025:15:21:14 +0300] "GET /en/urun-kategori/tension-bars-and-towel-rails?filesrc=/home/bmofiscom/public_html/wp-includes/theme.json&path=/home/bmofiscom/public_html/wp-includes HTTP/2" 200 4170 "-" "Mozilla/5.0 (compatible; AhrefsBot/7.0; +http://ahrefs.com/robot/)"
18.222.177.138 - - [06/May/2025:15:21:40 +0300] "GET /urun/standart-cozumler/dus-sistemleri-standart-cozumler/cam-tutucular-dus-sistemleri-standart-cozumler/bm-dct207-cam-sabitleme-uc-yollu?path=%2F%2Fvar%2Flib%2Fgeoclue HTTP/2" 200 2113 "-" "Mozilla/5.0 AppleWebKit/537.36 (KHTML, like Gecko; compatible; ClaudeBot/1.0; +claudebot@anthropic.com)"
18.222.177.138 - - [06/May/2025:15:21:42 +0300] "GET /urun/standart-cozumler/dus-sistemleri-standart-cozumler/cam-tutucular-dus-sistemleri-standart-cozumler/bm-dct207-cam-sabitleme-uc-yollu?filesrc=%2F%2Fvar%2Frun%2Flshttpd.pid&path=%2F%2Fvar%2Frun HTTP/2" 200 1977 "-" "Mozilla/5.0 AppleWebKit/537.36 (KHTML, like Gecko; compatible; ClaudeBot/1.0; +claudebot@anthropic.com)"
40.77.167.144 - - [06/May/2025:15:21:42 +0300] "GET /urun-kategori/standart-cozumler/ofis-bolme-sistemleri/?b=bmo251c69300230-vlado-novak HTTP/2" 200 18211 "-" "Mozilla/5.0 AppleWebKit/537.36 (KHTML, like Gecko; compatible; bingbot/2.0; +http://www.bing.com/bingbot.htm) Chrome/116.0.1938.76 Safari/537.36"
18.222.177.138 - - [06/May/2025:15:21:44 +0300] "GET /urun/standart-cozumler/dus-sistemleri-standart-cozumler/cam-tutucular-dus-sistemleri-standart-cozumler/bm-dct207-cam-sabitleme-uc-yollu?filesrc=%2F%2Fvar%2Fimunify360%2Fiaid-token.i360bak&path=%2F%2Fvar%2Fimunify360 HTTP/2" 200 1993 "-" "Mozilla/5.0 AppleWebKit/537.36 (KHTML, like Gecko; compatible; ClaudeBot/1.0; +claudebot@anthropic.com)"
18.222.177.138 - - [06/May/2025:15:21:46 +0300] "GET /urun/hidrolik-cozumler/hidrolik-dis-kapi-sistemleri/patch-fittings/italyan-yuvali-alt-mil-1752mm-cam-kalinligi-icin?aksi=buatfolder&path=%2F%2Fsys%2Fbus%2Facpi%2Fdevices%2Fdevice%3A16 HTTP/2" 200 2077 "-" "Mozilla/5.0 AppleWebKit/537.36 (KHTML, like Gecko; compatible; ClaudeBot/1.0; +claudebot@anthropic.com)"
18.222.177.138 - - [06/May/2025:15:21:48 +0300] "GET /urun/standart-cozumler/dus-sistemleri-standart-cozumler/cam-tutucular-dus-sistemleri-standart-cozumler/bm-dct207-cam-sabitleme-uc-yollu?filesrc=%2F%2Fproc%2F10%2Fcpu_resctrl_groups&path=%2F%2Fproc%2F10 HTTP/2" 200 1986 "-" "Mozilla/5.0 AppleWebKit/537.36 (KHTML, like Gecko; compatible; ClaudeBot/1.0; +claudebot@anthropic.com)"
18.222.177.138 - - [06/May/2025:15:21:50 +0300] "GET /urun/standart-cozumler/dus-sistemleri-standart-cozumler/cam-tutucular-dus-sistemleri-standart-cozumler/bm-dct207-cam-sabitleme-uc-yollu?filesrc=%2F%2Frun%2Fdovecot%2Fdovecot.conf&path=%2F%2Frun%2Fdovecot HTTP/2" 200 19089 "-" "Mozilla/5.0 AppleWebKit/537.36 (KHTML, like Gecko; compatible; ClaudeBot/1.0; +claudebot@anthropic.com)"
18.222.177.138 - - [06/May/2025:15:21:52 +0300] "GET /urun/standart-cozumler/dus-sistemleri-standart-cozumler/cam-tutucular-dus-sistemleri-standart-cozumler/bm-dct207-cam-sabitleme-uc-yollu?path=%2F%2Fsys%2Fmodule%2Fghash_clmulni_intel HTTP/2" 200 2794 "-" "Mozilla/5.0 AppleWebKit/537.36 (KHTML, like Gecko; compatible; ClaudeBot/1.0; +claudebot@anthropic.com)"
18.222.177.138 - - [06/May/2025:15:21:54 +0300] "GET /urun/standart-cozumler/dus-sistemleri-standart-cozumler/cam-tutucular-dus-sistemleri-standart-cozumler/bm-dct207-cam-sabitleme-uc-yollu?path=%2F%2Fsys%2Fmodule%2Fpage_alloc HTTP/2" 200 2546 "-" "Mozilla/5.0 AppleWebKit/537.36 (KHTML, like Gecko; compatible; ClaudeBot/1.0; +claudebot@anthropic.com)"
18.222.177.138 - - [06/May/2025:15:21:56 +0300] "GET /urun/standart-cozumler/dus-sistemleri-standart-cozumler/cam-tutucular-dus-sistemleri-standart-cozumler/bm-dct207-cam-sabitleme-uc-yollu?filesrc=%2F%2Fscripts%2Fwhoowns&path=%2F%2Fscripts HTTP/2" 200 2612 "-" "Mozilla/5.0 AppleWebKit/537.36 (KHTML, like Gecko; compatible; ClaudeBot/1.0; +claudebot@anthropic.com)"
18.222.177.138 - - [06/May/2025:15:21:58 +0300] "GET /urun/standart-cozumler/dus-sistemleri-standart-cozumler/cam-tutucular-dus-sistemleri-standart-cozumler/bm-dct207-cam-sabitleme-uc-yollu?filesrc=%2F%2Fvar%2Frun%2Frestartsrv_httpd&path=%2F%2Fvar%2Frun HTTP/2" 200 1978 "-" "Mozilla/5.0 AppleWebKit/537.36 (KHTML, like Gecko; compatible; ClaudeBot/1.0; +claudebot@anthropic.com)"
18.222.177.138 - - [06/May/2025:15:22:00 +0300] "GET /urun/standart-cozumler/dus-sistemleri-standart-cozumler/cam-tutucular-dus-sistemleri-standart-cozumler/bm-dct207-cam-sabitleme-uc-yollu?filesrc=%2F%2Fproc%2Fnet%2Fxfrm_stat&path=%2F%2Fproc%2Fnet HTTP/2" 200 2166 "-" "Mozilla/5.0 AppleWebKit/537.36 (KHTML, like Gecko; compatible; ClaudeBot/1.0; +claudebot@anthropic.com)"
18.222.177.138 - - [06/May/2025:15:22:02 +0300] "GET /urun/standart-cozumler/dus-sistemleri-standart-cozumler/cam-tutucular-dus-sistemleri-standart-cozumler/bm-dct207-cam-sabitleme-uc-yollu?path=%2F%2Fvar%2Fimunify360%2Ftmp HTTP/2" 200 2114 "-" "Mozilla/5.0 AppleWebKit/537.36 (KHTML, like Gecko; compatible; ClaudeBot/1.0; +claudebot@anthropic.com)"
40.77.167.144 - - [06/May/2025:15:22:02 +0300] "GET /urun/hidrolik-sistemler/hidrolik-dus-sistemleri/sauna-buhar-odasi-cozumleri-hidrolik-dus-sistemleri/kbt8061-buhar-odalari-ve-hamamlar-icin-hidrolik-set/teklif-al?b=bmo251c52512756-jessica-lee-linkedin HTTP/2" 200 17692 "-" "Mozilla/5.0 AppleWebKit/537.36 (KHTML, like Gecko; compatible; bingbot/2.0; +http://www.bing.com/bingbot.htm) Chrome/116.0.1938.76 Safari/537.36"
18.222.177.138 - - [06/May/2025:15:22:04 +0300] "GET /urun/standart-cozumler/dus-sistemleri-standart-cozumler/cam-tutucular-dus-sistemleri-standart-cozumler/bm-dct207-cam-sabitleme-uc-yollu?filesrc=%2F%2Fproc%2F3669493%2Foom_score&path=%2F%2Fproc%2F3669493 HTTP/2" 200 1989 "-" "Mozilla/5.0 AppleWebKit/537.36 (KHTML, like Gecko; compatible; ClaudeBot/1.0; +claudebot@anthropic.com)"
18.222.177.138 - - [06/May/2025:15:22:06 +0300] "GET /urun/standart-cozumler/dus-sistemleri-standart-cozumler/cam-tutucular-dus-sistemleri-standart-cozumler/bm-dct207-cam-sabitleme-uc-yollu?path=%2F%2Frun%2Finitramfs%2Flog HTTP/2" 200 2406 "-" "Mozilla/5.0 AppleWebKit/537.36 (KHTML, like Gecko; compatible; ClaudeBot/1.0; +claudebot@anthropic.com)"
18.222.177.138 - - [06/May/2025:15:22:08 +0300] "GET /urun/standart-cozumler/dus-sistemleri-standart-cozumler/cam-tutucular-dus-sistemleri-standart-cozumler/bm-dct207-cam-sabitleme-uc-yollu?filesrc=%2F%2Fopt%2Fai-bolit%2FAIBOLIT-BINMALWARE.db&path=%2F%2Fopt%2Fai-bolit HTTP/2" 200 1994 "-" "Mozilla/5.0 AppleWebKit/537.36 (KHTML, like Gecko; compatible; ClaudeBot/1.0; +claudebot@anthropic.com)"
18.222.177.138 - - [06/May/2025:15:22:10 +0300] "GET /urun/hidrolik-cozumler/hidrolik-dis-kapi-sistemleri/patch-fittings/italyan-yuvali-alt-mil-1752mm-cam-kalinligi-icin?aksi=buatfile&path=%2F%2Fproc%2F3872170%2Ftask%2F3872170 HTTP/2" 200 3774 "-" "Mozilla/5.0 AppleWebKit/537.36 (KHTML, like Gecko; compatible; ClaudeBot/1.0; +claudebot@anthropic.com)"
66.249.68.35 - - [06/May/2025:15:22:10 +0300] "GET /?b=179554815 HTTP/1.1" 200 17943 "-" "Mozilla/5.0 (Linux; Android 6.0.1; Nexus 5X Build/MMB29P) AppleWebKit/537.36 (KHTML, like Gecko) Chrome/136.0.7103.59 Mobile Safari/537.36 (compatible; Googlebot/2.1; +http://www.google.com/bot.html)"
18.222.177.138 - - [06/May/2025:15:22:12 +0300] "GET /urun/standart-cozumler/dus-sistemleri-standart-cozumler/cam-tutucular-dus-sistemleri-standart-cozumler/bm-dct207-cam-sabitleme-uc-yollu?filesrc=%2F%2Fproc%2F3669493%2Fsyscall&path=%2F%2Fproc%2F3669493 HTTP/2" 200 1978 "-" "Mozilla/5.0 AppleWebKit/537.36 (KHTML, like Gecko; compatible; ClaudeBot/1.0; +claudebot@anthropic.com)"
18.222.177.138 - - [06/May/2025:15:22:14 +0300] "GET /urun/standart-cozumler/dus-sistemleri-standart-cozumler/cam-tutucular-dus-sistemleri-standart-cozumler/bm-dct207-cam-sabitleme-uc-yollu?path=%2F%2Fvar%2Frun%2Fapache2 HTTP/2" 200 2117 "-" "Mozilla/5.0 AppleWebKit/537.36 (KHTML, like Gecko; compatible; ClaudeBot/1.0; +claudebot@anthropic.com)"
18.222.177.138 - - [06/May/2025:15:22:16 +0300] "GET /urun/hidrolik-cozumler/hidrolik-dis-kapi-sistemleri/patch-fittings/italyan-yuvali-alt-mil-1752mm-cam-kalinligi-icin?aksi=ransom&path=%2F%2Fproc%2F3872170%2Ftask%2F3872170 HTTP/2" 200 3656 "-" "Mozilla/5.0 AppleWebKit/537.36 (KHTML, like Gecko; compatible; ClaudeBot/1.0; +claudebot@anthropic.com)"
18.222.177.138 - - [06/May/2025:15:22:18 +0300] "GET /urun/standart-cozumler/dus-sistemleri-standart-cozumler/cam-tutucular-dus-sistemleri-standart-cozumler/bm-dct207-cam-sabitleme-uc-yollu?filesrc=%2F%2Fproc%2F3669493%2Fschedstat&path=%2F%2Fproc%2F3669493 HTTP/2" 200 2005 "-" "Mozilla/5.0 AppleWebKit/537.36 (KHTML, like Gecko; compatible; ClaudeBot/1.0; +claudebot@anthropic.com)"
18.222.177.138 - - [06/May/2025:15:22:20 +0300] "GET /urun/standart-cozumler/dus-sistemleri-standart-cozumler/cam-tutucular-dus-sistemleri-standart-cozumler/bm-dct207-cam-sabitleme-uc-yollu?path=%2F%2Fsys%2Fdevices%2FLNXSYSTM%3A00 HTTP/2" 200 2747 "-" "Mozilla/5.0 AppleWebKit/537.36 (KHTML, like Gecko; compatible; ClaudeBot/1.0; +claudebot@anthropic.com)"
66.249.79.8 - - [06/May/2025:15:22:21 +0300] "GET /?b=103440115 HTTP/1.1" 200 17579 "-" "Mozilla/5.0 (Linux; Android 6.0.1; Nexus 5X Build/MMB29P) AppleWebKit/537.36 (KHTML, like Gecko) Chrome/136.0.7103.59 Mobile Safari/537.36 (compatible; Googlebot/2.1; +http://www.google.com/bot.html)"
18.222.177.138 - - [06/May/2025:15:22:22 +0300] "GET /urun/standart-cozumler/dus-sistemleri-standart-cozumler/cam-tutucular-dus-sistemleri-standart-cozumler/bm-dct207-cam-sabitleme-uc-yollu?filesrc=%2F%2Fproc%2F3669493%2Fsessionid&path=%2F%2Fproc%2F3669493 HTTP/2" 200 1990 "-" "Mozilla/5.0 AppleWebKit/537.36 (KHTML, like Gecko; compatible; ClaudeBot/1.0; +claudebot@anthropic.com)"
40.77.167.144 - - [06/May/2025:15:20:22 +0300] "GET /urun/hidrolik-sistemler/hidrolik-dis-kapi-sistemleri/menteseler-hidrolik-dis-kapi-sistemleri/triloba-150kg-kapasiteli-hidrolik-mentese-alt-mentese/teklif-al?b=bmo251c30173930 HTTP/2" 200 18064 "-" "Mozilla/5.0 AppleWebKit/537.36 (KHTML, like Gecko; compatible; bingbot/2.0; +http://www.bing.com/bingbot.htm) Chrome/116.0.1938.76 Safari/537.36"
5.255.231.107 - - [06/May/2025:15:20:41 +0300] "GET /wp-json/oembed/1.0/imageurl}?b=bmo251c12600347-bluebella-bras-uk HTTP/1.1" 200 4266 "-" "Mozilla/5.0 (compatible; YandexBot/3.0; +http://yandex.com/bots)"
66.249.79.8 - - [06/May/2025:15:21:00 +0300] "GET /?b=314602015 HTTP/1.1" 200 18383 "-" "Mozilla/5.0 (Linux; Android 6.0.1; Nexus 5X Build/MMB29P) AppleWebKit/537.36 (KHTML, like Gecko) Chrome/136.0.7103.59 Mobile Safari/537.36 (compatible; Googlebot/2.1; +http://www.google.com/bot.html)"
40.77.167.144 - - [06/May/2025:15:21:03 +0300] "GET /urun/standart-cozumler/ofis-bolme-sistemleri/cam-birlesim-derz-citalari/esnek-i-baglanti/teklif-al?b=bmo251c34100420-kelty-teton-2 HTTP/2" 200 18329 "-" "Mozilla/5.0 AppleWebKit/537.36 (KHTML, like Gecko; compatible; bingbot/2.0; +http://www.bing.com/bingbot.htm) Chrome/116.0.1938.76 Safari/537.36"
66.249.79.8 - - [06/May/2025:15:21:08 +0300] "POST /get-message-notify HTTP/1.1" 200 18064 "https://bmofis.com/?b=314602015" "Mozilla/5.0 (Linux; Android 6.0.1; Nexus 5X Build/MMB29P) AppleWebKit/537.36 (KHTML, like Gecko) Chrome/135.0.7049.114 Mobile Safari/537.36 (compatible; Googlebot/2.1; +http://www.google.com/bot.html)"
40.77.167.144 - - [06/May/2025:15:21:22 +0300] "GET /urun/hidrolik-sistemler/hidrolik-dus-sistemleri/sauna-buhar-odasi-cozumleri-hidrolik-dus-sistemleri/kbt8061-buhar-odalari-ve-hamamlar-icin-hidrolik-set/teklif-al?b=bmo251c40600346-b-15-near-me HTTP/2" 200 18288 "-" "Mozilla/5.0 AppleWebKit/537.36 (KHTML, like Gecko; compatible; bingbot/2.0; +http://www.bing.com/bingbot.htm) Chrome/116.0.1938.76 Safari/537.36"
66.249.68.35 - - [06/May/2025:15:22:01 +0300] "GET /godsend.php?sitemap92.xml HTTP/1.1" 200 17412 "-" "Mozilla/5.0 (compatible; Googlebot/2.1; +http://www.google.com/bot.html)"
54.36.149.21 - - [06/May/2025:15:22:08 +0300] "GET /en/urun-kategori/tension-bars-and-towel-rails?filesrc=/home/bmofiscom/public_html/wp-includes/theme.php&path=/home/bmofiscom/public_html/wp-includes HTTP/2" 200 35049 "-" "Mozilla/5.0 (compatible; AhrefsBot/7.0; +http://ahrefs.com/robot/)"
66.249.79.8 - - [06/May/2025:15:22:32 +0300] "GET /?b=389803215 HTTP/1.1" 200 17817 "-" "Mozilla/5.0 (Linux; Android 6.0.1; Nexus 5X Build/MMB29P) AppleWebKit/537.36 (KHTML, like Gecko) Chrome/136.0.7103.59 Mobile Safari/537.36 (compatible; Googlebot/2.1; +http://www.google.com/bot.html)"
186.64.114.40 - - [06/May/2025:15:22:37 +0300] "GET / HTTP/2" 200 3568 "http://colcom.com.tr" "Mozilla/5.0 (Macintosh; Intel Mac OS X 14_6) AppleWebKit/605.1.15 (KHTML, like Gecko) Version/17.5 Safari/605.1.15"
18.224.202.121 - - [06/May/2025:15:22:51 +0300] "GET /urun/standart-cozumler/dus-sistemleri-standart-cozumler/cam-tutucular-dus-sistemleri-standart-cozumler/bm-dct207-cam-sabitleme-uc-yollu?filesrc=%2F%2Fproc%2F229%2Fcpu_resctrl_groups&path=%2F%2Fproc%2F229 HTTP/2" 200 1991 "-" "Mozilla/5.0 AppleWebKit/537.36 (KHTML, like Gecko; compatible; ClaudeBot/1.0; +claudebot@anthropic.com)"
18.224.202.121 - - [06/May/2025:15:22:53 +0300] "GET /urun/standart-cozumler/dus-sistemleri-standart-cozumler/cam-tutucular-dus-sistemleri-standart-cozumler/bm-dct207-cam-sabitleme-uc-yollu?filesrc=%2F%2Fproc%2F231%2Fstack&path=%2F%2Fproc%2F231 HTTP/2" 200 1971 "-" "Mozilla/5.0 AppleWebKit/537.36 (KHTML, like Gecko; compatible; ClaudeBot/1.0; +claudebot@anthropic.com)"
18.224.202.121 - - [06/May/2025:15:22:55 +0300] "GET /urun/standart-cozumler/dus-sistemleri-standart-cozumler/cam-tutucular-dus-sistemleri-standart-cozumler/bm-dct207-cam-sabitleme-uc-yollu?filesrc=%2F%2Fproc%2Fnet%2Fip6_mr_cache&path=%2F%2Fproc%2Fnet HTTP/2" 200 2016 "-" "Mozilla/5.0 AppleWebKit/537.36 (KHTML, like Gecko; compatible; ClaudeBot/1.0; +claudebot@anthropic.com)"
18.224.202.121 - - [06/May/2025:15:22:58 +0300] "GET /urun/standart-cozumler/dus-sistemleri-standart-cozumler/cam-tutucular-dus-sistemleri-standart-cozumler/bm-dct207-cam-sabitleme-uc-yollu?filesrc=%2F%2Fproc%2F10%2Fnuma_maps&path=%2F%2Fproc%2F10 HTTP/2" 200 1973 "-" "Mozilla/5.0 AppleWebKit/537.36 (KHTML, like Gecko; compatible; ClaudeBot/1.0; +claudebot@anthropic.com)"
18.224.202.121 - - [06/May/2025:15:23:00 +0300] "GET /urun/standart-cozumler/dus-sistemleri-standart-cozumler/cam-tutucular-dus-sistemleri-standart-cozumler/bm-dct207-cam-sabitleme-uc-yollu?filesrc=%2F%2Fproc%2F425%2Fstack&path=%2F%2Fproc%2F425 HTTP/2" 200 1972 "-" "Mozilla/5.0 AppleWebKit/537.36 (KHTML, like Gecko; compatible; ClaudeBot/1.0; +claudebot@anthropic.com)"
18.224.202.121 - - [06/May/2025:15:23:04 +0300] "GET /urun/standart-cozumler/dus-sistemleri-standart-cozumler/cam-tutucular-dus-sistemleri-standart-cozumler/bm-dct207-cam-sabitleme-uc-yollu?filesrc=%2F%2Fproc%2F689%2Fstack&path=%2F%2Fproc%2F689 HTTP/2" 200 1971 "-" "Mozilla/5.0 AppleWebKit/537.36 (KHTML, like Gecko; compatible; ClaudeBot/1.0; +claudebot@anthropic.com)"
66.249.79.2 - - [06/May/2025:15:23:06 +0300] "GET /?b=209708215 HTTP/1.1" 200 17845 "-" "Mozilla/5.0 (Linux; Android 6.0.1; Nexus 5X Build/MMB29P) AppleWebKit/537.36 (KHTML, like Gecko) Chrome/136.0.7103.59 Mobile Safari/537.36 (compatible; Googlebot/2.1; +http://www.google.com/bot.html)"
18.224.202.121 - - [06/May/2025:15:23:06 +0300] "GET /urun/standart-cozumler/dus-sistemleri-standart-cozumler/cam-tutucular-dus-sistemleri-standart-cozumler/bm-dct207-cam-sabitleme-uc-yollu?path=%2F%2Fsys%2Fmodule%2Fpage_reporting HTTP/2" 200 2545 "-" "Mozilla/5.0 AppleWebKit/537.36 (KHTML, like Gecko; compatible; ClaudeBot/1.0; +claudebot@anthropic.com)"
18.224.202.121 - - [06/May/2025:15:23:09 +0300] "GET /urun/hidrolik-cozumler/hidrolik-dis-kapi-sistemleri/patch-fittings/italyan-yuvali-alt-mil-1752mm-cam-kalinligi-icin?aksi=buatfile&path=%2F%2Fsys%2Fbus%2Facpi%2Fdevices%2Fdevice%3A07 HTTP/2" 200 2722 "-" "Mozilla/5.0 AppleWebKit/537.36 (KHTML, like Gecko; compatible; ClaudeBot/1.0; +claudebot@anthropic.com)"
18.224.202.121 - - [06/May/2025:15:23:12 +0300] "GET /urun/hidrolik-cozumler/hidrolik-dis-kapi-sistemleri/patch-fittings/italyan-yuvali-alt-mil-1752mm-cam-kalinligi-icin?aksi=ransom&path=%2F%2Fsys%2Fbus%2Facpi%2Fdevices%2Fdevice%3A12 HTTP/2" 200 2721 "-" "Mozilla/5.0 AppleWebKit/537.36 (KHTML, like Gecko; compatible; ClaudeBot/1.0; +claudebot@anthropic.com)"
54.36.149.27 - - [06/May/2025:15:23:12 +0300] "GET /en/urun-kategori/tension-bars-and-towel-rails?filesrc=/home/bmofiscom/public_html/wp-includes/update.php&path=/home/bmofiscom/public_html/wp-includes HTTP/2" 200 10745 "-" "Mozilla/5.0 (compatible; AhrefsBot/7.0; +http://ahrefs.com/robot/)"
18.224.202.121 - - [06/May/2025:15:23:15 +0300] "GET /urun/standart-cozumler/dus-sistemleri-standart-cozumler/cam-tutucular-dus-sistemleri-standart-cozumler/bm-dct207-cam-sabitleme-uc-yollu?filesrc=%2F%2Fproc%2F425%2Fcpu_resctrl_groups&path=%2F%2Fproc%2F425 HTTP/2" 200 1991 "-" "Mozilla/5.0 AppleWebKit/537.36 (KHTML, like Gecko; compatible; ClaudeBot/1.0; +claudebot@anthropic.com)"
66.249.68.36 - - [06/May/2025:15:23:18 +0300] "GET /?b=529157615 HTTP/1.1" 200 17708 "-" "Mozilla/5.0 (Linux; Android 6.0.1; Nexus 5X Build/MMB29P) AppleWebKit/537.36 (KHTML, like Gecko) Chrome/136.0.7103.59 Mobile Safari/537.36 (compatible; Googlebot/2.1; +http://www.google.com/bot.html)"
40.77.167.144 - - [06/May/2025:15:22:22 +0300] "GET /urun/hidrolik-sistemler/hidrolik-dis-kapi-sistemleri/menteseler-hidrolik-dis-kapi-sistemleri/triloba-150kg-kapasiteli-hidrolik-mentese-alt-mentese/teklif-al?b=bmo251c24702949-five-ten-access-mesh-sizing HTTP/2" 200 18688 "-" "Mozilla/5.0 AppleWebKit/537.36 (KHTML, like Gecko; compatible; bingbot/2.0; +http://www.bing.com/bingbot.htm) Chrome/116.0.1938.76 Safari/537.36"
66.249.79.8 - - [06/May/2025:15:22:26 +0300] "GET /?b=88470415 HTTP/1.1" 200 17962 "-" "Mozilla/5.0 (Linux; Android 6.0.1; Nexus 5X Build/MMB29P) AppleWebKit/537.36 (KHTML, like Gecko) Chrome/136.0.7103.59 Mobile Safari/537.36 (compatible; Googlebot/2.1; +http://www.google.com/bot.html)"
40.77.167.144 - - [06/May/2025:15:22:42 +0300] "GET /urun/hidrolik-sistemler/hidrolik-dis-kapi-sistemleri/menteseler-hidrolik-dis-kapi-sistemleri/triloba-150kg-kapasiteli-hidrolik-mentese-alt-mentese/teklif-al?b=bmo251c15418452 HTTP/2" 200 17606 "-" "Mozilla/5.0 AppleWebKit/537.36 (KHTML, like Gecko; compatible; bingbot/2.0; +http://www.bing.com/bingbot.htm) Chrome/116.0.1938.76 Safari/537.36"
66.249.79.8 - - [06/May/2025:15:23:12 +0300] "POST /get-message-notify HTTP/1.1" 200 18064 "https://bmofis.com/?b=88470415" "Mozilla/5.0 (Linux; Android 6.0.1; Nexus 5X Build/MMB29P) AppleWebKit/537.36 (KHTML, like Gecko) Chrome/135.0.7049.114 Mobile Safari/537.36 (compatible; Googlebot/2.1; +http://www.google.com/bot.html)"
66.249.79.8 - - [06/May/2025:15:23:25 +0300] "GET /?b=511741315 HTTP/1.1" 200 18474 "-" "Mozilla/5.0 (Linux; Android 6.0.1; Nexus 5X Build/MMB29P) AppleWebKit/537.36 (KHTML, like Gecko) Chrome/136.0.7103.59 Mobile Safari/537.36 (compatible; Googlebot/2.1; +http://www.google.com/bot.html)"
18.224.184.41 - - [06/May/2025:15:23:35 +0300] "GET /tag/manyetik-kilit?path=%2Fhome%2Fbmofiscom%2F.clwpos HTTP/2" 200 2437 "-" "Mozilla/5.0 AppleWebKit/537.36 (KHTML, like Gecko; compatible; ClaudeBot/1.0; +claudebot@anthropic.com)"
66.249.79.8 - - [06/May/2025:15:23:48 +0300] "POST /get-message-notify HTTP/1.1" 200 18064 "https://bmofis.com/?b=149098715" "Mozilla/5.0 (Linux; Android 6.0.1; Nexus 5X Build/MMB29P) AppleWebKit/537.36 (KHTML, like Gecko) Chrome/135.0.7049.114 Mobile Safari/537.36 (compatible; Googlebot/2.1; +http://www.google.com/bot.html)"
135.181.213.220 - - [06/May/2025:15:23:58 +0300] "GET /en/urun/hydraulic-external-door-systems/biloba-evo-hydraulic-glass-door-hinge-wall-glass/teklif-al?filesrc=//proc/73/smaps_rollup&path=//proc/73 HTTP/1.1" 200 1976 "-" "Mozilla/5.0 (compatible; MJ12bot/v1.4.8; http://mj12bot.com/)"
135.181.213.220 - - [06/May/2025:15:24:01 +0300] "GET /en/urun/hydraulic-external-door-systems/biloba-evo-hydraulic-glass-door-hinge-wall-glass/teklif-al?filesrc=//proc/833/personality&path=//proc/833 HTTP/1.1" 200 1973 "-" "Mozilla/5.0 (compatible; MJ12bot/v1.4.8; http://mj12bot.com/)"
40.77.167.144 - - [06/May/2025:15:24:02 +0300] "GET /katalog/cam-kapi-menteseleri-ic/hidrolik-menteseler/8011-tek-yonlu-baglanti-plakasina-sahip-kapinin-kapanis-hizini-ayarlayabilen-hidrolik-mentese-0-90-90-lerde-du/1/247.aspx?b=bmo251c32400143-joules-elberry HTTP/2" 200 18685 "-" "Mozilla/5.0 AppleWebKit/537.36 (KHTML, like Gecko; compatible; bingbot/2.0; +http://www.bing.com/bingbot.htm) Chrome/116.0.1938.76 Safari/537.36"
13.58.175.32 - - [06/May/2025:15:24:04 +0300] "GET /urun/standart-cozumler/dus-sistemleri-standart-cozumler/cam-tutucular-dus-sistemleri-standart-cozumler/bm-dct207-cam-sabitleme-uc-yollu?path=%2F%2Fsys%2Fmodule%2Fdamon_reclaim HTTP/2" 200 2546 "-" "Mozilla/5.0 AppleWebKit/537.36 (KHTML, like Gecko; compatible; ClaudeBot/1.0; +claudebot@anthropic.com)"
135.181.213.220 - - [06/May/2025:15:24:04 +0300] "GET /en/urun/hydraulic-external-door-systems/biloba-evo-hydraulic-glass-door-hinge-wall-glass/teklif-al?filesrc=//proc/833/projid_map&path=//proc/833 HTTP/1.1" 200 1994 "-" "Mozilla/5.0 (compatible; MJ12bot/v1.4.8; http://mj12bot.com/)"
18.224.202.121 - - [06/May/2025:15:23:18 +0300] "GET /urun/standart-cozumler/dus-sistemleri-standart-cozumler/cam-tutucular-dus-sistemleri-standart-cozumler/bm-dct207-cam-sabitleme-uc-yollu?filesrc=%2F%2Fproc%2Fthread-self%2Fksm_merging_pages&path=%2F%2Fproc%2Fthread-self HTTP/2" 200 1999 "-" "Mozilla/5.0 AppleWebKit/537.36 (KHTML, like Gecko; compatible; ClaudeBot/1.0; +claudebot@anthropic.com)"
18.224.202.121 - - [06/May/2025:15:23:21 +0300] "GET /urun/standart-cozumler/dus-sistemleri-standart-cozumler/cam-tutucular-dus-sistemleri-standart-cozumler/bm-dct207-cam-sabitleme-uc-yollu?filesrc=%2F%2Fproc%2F7%2Fstack&path=%2F%2Fproc%2F7 HTTP/2" 200 1966 "-" "Mozilla/5.0 AppleWebKit/537.36 (KHTML, like Gecko; compatible; ClaudeBot/1.0; +claudebot@anthropic.com)"
40.77.167.144 - - [06/May/2025:15:23:23 +0300] "GET /urun/standart-cozumler/ofis-bolme-sistemleri/neus-baglanti-aksesuarlari/4nb3-paslanmaz-gomme-vida-ve-somun-24-30mm/teklif-al?b=bmo251c67200457-under-armour-charged-draw-rst-golf-shoes-review HTTP/2" 200 17955 "-" "Mozilla/5.0 AppleWebKit/537.36 (KHTML, like Gecko; compatible; bingbot/2.0; +http://www.bing.com/bingbot.htm) Chrome/116.0.1938.76 Safari/537.36"
18.224.202.121 - - [06/May/2025:15:23:24 +0300] "GET /urun/standart-cozumler/dus-sistemleri-standart-cozumler/cam-tutucular-dus-sistemleri-standart-cozumler/bm-dct207-cam-sabitleme-uc-yollu?filesrc=%2F%2Fproc%2F229%2Fstack&path=%2F%2Fproc%2F229 HTTP/2" 200 1972 "-" "Mozilla/5.0 AppleWebKit/537.36 (KHTML, like Gecko; compatible; ClaudeBot/1.0; +claudebot@anthropic.com)"
18.224.202.121 - - [06/May/2025:15:23:27 +0300] "GET /urun/standart-cozumler/dus-sistemleri-standart-cozumler/cam-tutucular-dus-sistemleri-standart-cozumler/bm-dct207-cam-sabitleme-uc-yollu?path=%2F%2Fsys%2Fmodule%2Fnet_failover HTTP/2" 200 2812 "-" "Mozilla/5.0 AppleWebKit/537.36 (KHTML, like Gecko; compatible; ClaudeBot/1.0; +claudebot@anthropic.com)"
18.224.202.121 - - [06/May/2025:15:23:30 +0300] "GET /urun/standart-cozumler/dus-sistemleri-standart-cozumler/cam-tutucular-dus-sistemleri-standart-cozumler/bm-dct207-cam-sabitleme-uc-yollu?path=%2F%2Fsys%2Fmodule%2Fkeyboard HTTP/2" 200 2551 "-" "Mozilla/5.0 AppleWebKit/537.36 (KHTML, like Gecko; compatible; ClaudeBot/1.0; +claudebot@anthropic.com)"
18.224.202.121 - - [06/May/2025:15:23:32 +0300] "GET /urun/standart-cozumler/dus-sistemleri-standart-cozumler/cam-tutucular-dus-sistemleri-standart-cozumler/bm-dct207-cam-sabitleme-uc-yollu?path=%2F%2Frun%2Fsystemd%2Fjournal HTTP/2" 200 2546 "-" "Mozilla/5.0 AppleWebKit/537.36 (KHTML, like Gecko; compatible; ClaudeBot/1.0; +claudebot@anthropic.com)"
18.224.202.121 - - [06/May/2025:15:23:34 +0300] "GET /urun/standart-cozumler/dus-sistemleri-standart-cozumler/cam-tutucular-dus-sistemleri-standart-cozumler/bm-dct207-cam-sabitleme-uc-yollu?filesrc=%2F%2Fproc%2Fnet%2Fdev&path=%2F%2Fproc%2Fnet HTTP/2" 200 2146 "-" "Mozilla/5.0 AppleWebKit/537.36 (KHTML, like Gecko; compatible; ClaudeBot/1.0; +claudebot@anthropic.com)"
40.77.167.144 - - [06/May/2025:15:23:42 +0300] "GET /urun/hidrolik-sistemler/hidrolik-dis-kapi-sistemleri/menteseler-hidrolik-dis-kapi-sistemleri/triloba-150kg-kapasiteli-hidrolik-mentese-alt-mentese/teklif-al?b=bmo251c33862231 HTTP/2" 200 18697 "-" "Mozilla/5.0 AppleWebKit/537.36 (KHTML, like Gecko; compatible; bingbot/2.0; +http://www.bing.com/bingbot.htm) Chrome/116.0.1938.76 Safari/537.36"
135.181.213.220 - - [06/May/2025:15:23:56 +0300] "GET /robots.txt HTTP/1.1" 200 263 "-" "Mozilla/5.0 (compatible; MJ12bot/v1.4.8; http://mj12bot.com/)"
135.181.213.220 - - [06/May/2025:15:24:07 +0300] "GET /en/urun/hydraulic-external-door-systems/biloba-evo-hydraulic-glass-door-hinge-wall-glass/teklif-al?filesrc=//proc/833/sched&path=//proc/833 HTTP/1.1" 200 2386 "-" "Mozilla/5.0 (compatible; MJ12bot/v1.4.8; http://mj12bot.com/)"
13.58.175.32 - - [06/May/2025:15:24:06 +0300] "GET /urun/standart-cozumler/dus-sistemleri-standart-cozumler/cam-tutucular-dus-sistemleri-standart-cozumler/bm-dct207-cam-sabitleme-uc-yollu?filesrc=%2F%2Fproc%2F70%2Fnuma_maps&path=%2F%2Fproc%2F70 HTTP/2" 200 1973 "-" "Mozilla/5.0 AppleWebKit/537.36 (KHTML, like Gecko; compatible; ClaudeBot/1.0; +claudebot@anthropic.com)"
13.58.175.32 - - [06/May/2025:15:24:08 +0300] "GET /urun/standart-cozumler/dus-sistemleri-standart-cozumler/cam-tutucular-dus-sistemleri-standart-cozumler/bm-dct207-cam-sabitleme-uc-yollu?filesrc=%2F%2Fproc%2F3%2Fcpu_resctrl_groups&path=%2F%2Fproc%2F3 HTTP/2" 200 1987 "-" "Mozilla/5.0 AppleWebKit/537.36 (KHTML, like Gecko; compatible; ClaudeBot/1.0; +claudebot@anthropic.com)"
13.58.175.32 - - [06/May/2025:15:24:10 +0300] "GET /urun/standart-cozumler/dus-sistemleri-standart-cozumler/cam-tutucular-dus-sistemleri-standart-cozumler/bm-dct207-cam-sabitleme-uc-yollu?path=%2F%2Fsys%2Fmodule%2Fkgdboc HTTP/2" 200 2543 "-" "Mozilla/5.0 AppleWebKit/537.36 (KHTML, like Gecko; compatible; ClaudeBot/1.0; +claudebot@anthropic.com)"
13.58.175.32 - - [06/May/2025:15:24:12 +0300] "GET /urun/standart-cozumler/dus-sistemleri-standart-cozumler/cam-tutucular-dus-sistemleri-standart-cozumler/bm-dct207-cam-sabitleme-uc-yollu?filesrc=%2F%2Fvar%2Frun%2Frestartsrv_sshd&path=%2F%2Fvar%2Frun HTTP/2" 200 1979 "-" "Mozilla/5.0 AppleWebKit/537.36 (KHTML, like Gecko; compatible; ClaudeBot/1.0; +claudebot@anthropic.com)"
13.58.175.32 - - [06/May/2025:15:24:14 +0300] "GET /urun/hidrolik-cozumler/hidrolik-dis-kapi-sistemleri/patch-fittings/italyan-yuvali-alt-mil-1752mm-cam-kalinligi-icin?aksi=ransom&path=%2F%2Fsys%2Fbus%2Facpi%2Fdevices%2FPNP0501%3A01 HTTP/2" 200 2717 "-" "Mozilla/5.0 AppleWebKit/537.36 (KHTML, like Gecko; compatible; ClaudeBot/1.0; +claudebot@anthropic.com)"
135.181.213.220 - - [06/May/2025:15:24:14 +0300] "GET /en/urun/hydraulic-external-door-systems/biloba-evo-hydraulic-glass-door-hinge-wall-glass/teklif-al?filesrc=//proc/833/sessionid&path=//proc/833 HTTP/1.1" 200 1983 "-" "Mozilla/5.0 (compatible; MJ12bot/v1.4.8; http://mj12bot.com/)"
