3.17.70.182 - - [06/May/2025:16:06:40 +0300] "GET /en/urun/standard-solutions/handles-and-locks/684wsc-horizontal-lock?filesrc=%2Fhome%2Fbmofiscom%2Flscache%2F1%2Fc%2F0%2F1c0535368f0955ec&path=%2Fhome%2Fbmofiscom%2Flscache%2F1%2Fc%2F0 HTTP/2" 200 2460 "-" "Mozilla/5.0 AppleWebKit/537.36 (KHTML, like Gecko; compatible; ClaudeBot/1.0; +claudebot@anthropic.com)"
3.17.70.182 - - [06/May/2025:16:06:42 +0300] "GET /en/urun/standard-solutions/handles-and-locks/684wsc-horizontal-lock?filesrc=%2Fhome%2Fbmofiscom%2Flscache%2Ff%2Ff%2F0%2Fff01ed00a0b9be04&path=%2Fhome%2Fbmofiscom%2Flscache%2Ff%2Ff%2F0 HTTP/2" 200 23787 "-" "Mozilla/5.0 AppleWebKit/537.36 (KHTML, like Gecko; compatible; ClaudeBot/1.0; +claudebot@anthropic.com)"
3.17.70.182 - - [06/May/2025:16:06:44 +0300] "GET /en/urun/standard-solutions/handles-and-locks/684wsc-horizontal-lock?filesrc=%2Fhome%2Fbmofiscom%2Flscache%2Ff%2Ff%2F0%2Fff0ce537090d87c9&path=%2Fhome%2Fbmofiscom%2Flscache%2Ff%2Ff%2F0 HTTP/2" 200 2395 "-" "Mozilla/5.0 AppleWebKit/537.36 (KHTML, like Gecko; compatible; ClaudeBot/1.0; +claudebot@anthropic.com)"
3.17.70.182 - - [06/May/2025:16:06:46 +0300] "GET /en/urun/standard-solutions/handles-and-locks/684wsc-horizontal-lock?filesrc=%2Fhome%2Fbmofiscom%2Flscache%2Fd%2Fe%2F3%2Fde3600b10f92fc37&path=%2Fhome%2Fbmofiscom%2Flscache%2Fd%2Fe%2F3 HTTP/2" 200 2397 "-" "Mozilla/5.0 AppleWebKit/537.36 (KHTML, like Gecko; compatible; ClaudeBot/1.0; +claudebot@anthropic.com)"
3.17.70.182 - - [06/May/2025:16:06:48 +0300] "GET /en/urun/standard-solutions/handles-and-locks/684wsc-horizontal-lock?filesrc=%2Fhome%2Fbmofiscom%2Flscache%2Ff%2Ff%2F0%2Fff076361164c102c&path=%2Fhome%2Fbmofiscom%2Flscache%2Ff%2Ff%2F0 HTTP/2" 200 2376 "-" "Mozilla/5.0 AppleWebKit/537.36 (KHTML, like Gecko; compatible; ClaudeBot/1.0; +claudebot@anthropic.com)"
3.17.70.182 - - [06/May/2025:16:06:50 +0300] "GET /en/urun/standard-solutions/handles-and-locks/684wsc-horizontal-lock?filesrc=%2F%2Flib64%2Fperl5%2FConfig.pm&path=%2F%2Flib64%2Fperl5 HTTP/2" 200 3494 "-" "Mozilla/5.0 AppleWebKit/537.36 (KHTML, like Gecko; compatible; ClaudeBot/1.0; +claudebot@anthropic.com)"
3.17.70.182 - - [06/May/2025:16:06:52 +0300] "GET /en/urun/standard-solutions/handles-and-locks/684wsc-horizontal-lock?filesrc=%2F%2Fusr%2Flibexec%2Fkcare%2Fkpatch_package.so.debug&path=%2F%2Fusr%2Flibexec%2Fkcare HTTP/2" 200 8227 "-" "Mozilla/5.0 AppleWebKit/537.36 (KHTML, like Gecko; compatible; ClaudeBot/1.0; +claudebot@anthropic.com)"
54.36.148.138 - - [06/May/2025:16:06:53 +0300] "GET /en/urun/hydraulic-solutions/hydraulic-external-door-systems1/patch-fittings-en/top-offset-pivot-patch-with-stop-combined-to-item-1518/?filesrc=/home/bmofiscom/public_html/wp-cron.php&path=/home/bmofiscom/public_html HTTP/2" 200 4180 "-" "Mozilla/5.0 (compatible; AhrefsBot/7.0; +http://ahrefs.com/robot/)"
3.17.70.182 - - [06/May/2025:16:06:54 +0300] "GET /en/urun/standard-solutions/handles-and-locks/684wsc-horizontal-lock?filesrc=%2Fhome%2Fbmofiscom%2Fwww%2Fwp-content%2Flanguages%2Fen_GB-f70806bf0c7d62f2908bd5a1c3fe4efc.json&path=%2Fhome%2Fbmofiscom%2Fwww%2Fwp-content%2Flanguages HTTP/2" 200 2332 "-" "Mozilla/5.0 AppleWebKit/537.36 (KHTML, like Gecko; compatible; ClaudeBot/1.0; +claudebot@anthropic.com)"
3.17.70.182 - - [06/May/2025:16:06:56 +0300] "GET /urun/standart-cozumler/ofis-bolme-sistemleri/cam-tutucular/a00w-paslanmaz-celik-kupeste/teklif-al?filesrc=%2Fhome%2Fbmofiscom%2Fpublic_html%2Fwp-admin%2Flink.php&path=%2Fhome%2Fbmofiscom%2Fpublic_html%2Fwp-admin HTTP/2" 200 3072 "-" "Mozilla/5.0 AppleWebKit/537.36 (KHTML, like Gecko; compatible; ClaudeBot/1.0; +claudebot@anthropic.com)"
3.17.70.182 - - [06/May/2025:16:06:58 +0300] "GET /en/urun/standard-solutions/handles-and-locks/684wsc-horizontal-lock?filesrc=%2Fhome%2Fbmofiscom%2Fwww%2Fwp-content%2Flanguages%2Fen_GB-0ce75ad2f775d1cac9696967d484808c.json&path=%2Fhome%2Fbmofiscom%2Fwww%2Fwp-content%2Flanguages HTTP/2" 200 2291 "-" "Mozilla/5.0 AppleWebKit/537.36 (KHTML, like Gecko; compatible; ClaudeBot/1.0; +claudebot@anthropic.com)"
3.17.70.182 - - [06/May/2025:16:07:00 +0300] "GET /en/urun/standard-solutions/handles-and-locks/684wsc-horizontal-lock?filesrc=%2Fhome%2Fbmofiscom%2Fwww%2Fwp-content%2Flanguages%2Ftr_TR-8240df461220d1d3a028a9a4c5652a5b.json&path=%2Fhome%2Fbmofiscom%2Fwww%2Fwp-content%2Flanguages HTTP/2" 200 2643 "-" "Mozilla/5.0 AppleWebKit/537.36 (KHTML, like Gecko; compatible; ClaudeBot/1.0; +claudebot@anthropic.com)"
66.249.79.1 - - [06/May/2025:16:07:01 +0300] "GET /?b=94433915 HTTP/1.1" 200 18797 "-" "Mozilla/5.0 (Linux; Android 6.0.1; Nexus 5X Build/MMB29P) AppleWebKit/537.36 (KHTML, like Gecko) Chrome/136.0.7103.59 Mobile Safari/537.36 (compatible; Googlebot/2.1; +http://www.google.com/bot.html)"
3.17.70.182 - - [06/May/2025:16:07:02 +0300] "GET /en/urun/standard-solutions/handles-and-locks/684wsc-horizontal-lock?filesrc=%2Fhome%2Fbmofiscom%2Fwww%2Fwp-content%2Flanguages%2Fen_GB-320f4ad9792aaa6dedb1e71cbdf85d57.json&path=%2Fhome%2Fbmofiscom%2Fwww%2Fwp-content%2Flanguages HTTP/2" 200 2253 "-" "Mozilla/5.0 AppleWebKit/537.36 (KHTML, like Gecko; compatible; ClaudeBot/1.0; +claudebot@anthropic.com)"
3.17.70.182 - - [06/May/2025:16:07:04 +0300] "GET /urun/standart-cozumler/ofis-bolme-sistemleri/cam-tutucular/a00w-paslanmaz-celik-kupeste/teklif-al?filesrc=%2Fhome%2Fbmofiscom%2Fpublic_html%2Fwp-content%2Fthemes%2Ftwentytwenty%2Fsingular.php&path=%2Fhome%2Fbmofiscom%2Fpublic_html%2Fwp-content%2Fthemes%2Ftwentytwenty HTTP/2" 200 2348 "-" "Mozilla/5.0 AppleWebKit/537.36 (KHTML, like Gecko; compatible; ClaudeBot/1.0; +claudebot@anthropic.com)"
66.249.79.1 - - [06/May/2025:16:07:06 +0300] "GET /?b=312771715 HTTP/1.1" 200 17693 "-" "Mozilla/5.0 (Linux; Android 6.0.1; Nexus 5X Build/MMB29P) AppleWebKit/537.36 (KHTML, like Gecko) Chrome/136.0.7103.59 Mobile Safari/537.36 (compatible; Googlebot/2.1; +http://www.google.com/bot.html)"
3.17.70.182 - - [06/May/2025:16:07:06 +0300] "GET /urun/hidrolik-cozumler/hidrolik-dis-kapi-sistemleri/patch-fittings/italyan-yuvali-alt-mil-1752mm-cam-kalinligi-icin?aksi=buatfile&path=%2Fhome%2Fbmofiscom%2Fpublic_html%2Fwp-content%2Fplugins%2Freally-simple-ssl%2Fsettings%2Fsrc%2FDashboard%2FTipsTricks HTTP/2" 200 2598 "-" "Mozilla/5.0 AppleWebKit/537.36 (KHTML, like Gecko; compatible; ClaudeBot/1.0; +claudebot@anthropic.com)"
3.17.70.182 - - [06/May/2025:16:07:08 +0300] "GET /en/urun/standard-solutions/handles-and-locks/684wsc-horizontal-lock?filesrc=%2F%2Fusr%2Fshare%2Fautomake-1.16%2Fmdate-sh&path=%2F%2Fusr%2Fshare%2Fautomake-1.16 HTTP/2" 200 4710 "-" "Mozilla/5.0 AppleWebKit/537.36 (KHTML, like Gecko; compatible; ClaudeBot/1.0; +claudebot@anthropic.com)"
3.17.70.182 - - [06/May/2025:16:07:10 +0300] "GET /en/urun/standard-solutions/handles-and-locks/684wsc-horizontal-lock?filesrc=%2Fhome%2Fbmofiscom%2Fwww%2Fwp-content%2Flanguages%2Fen_GB-440127dd25bde48a531ded36f33e927b.json&path=%2Fhome%2Fbmofiscom%2Fwww%2Fwp-content%2Flanguages HTTP/2" 200 3092 "-" "Mozilla/5.0 AppleWebKit/537.36 (KHTML, like Gecko; compatible; ClaudeBot/1.0; +claudebot@anthropic.com)"
66.249.79.8 - - [06/May/2025:16:07:28 +0300] "POST /get-message-notify HTTP/1.1" 200 18064 "https://bmofis.com/?b=293863315" "Mozilla/5.0 (Linux; Android 6.0.1; Nexus 5X Build/MMB29P) AppleWebKit/537.36 (KHTML, like Gecko) Chrome/135.0.7049.114 Mobile Safari/537.36 (compatible; Googlebot/2.1; +http://www.google.com/bot.html)"
52.167.144.225 - - [06/May/2025:16:05:03 +0300] "GET /katalog/cam-kapi-menteseleri-ic/hidrolik-menteseler/8011-tek-yonlu-baglanti-plakasina-sahip-kapinin-kapanis-hizini-ayarlayabilen-hidrolik-mentese-0-90-90-lerde-du/1/247.aspx?b=bmo251c69100132-qvc-vionic-clearance HTTP/2" 200 18114 "-" "Mozilla/5.0 AppleWebKit/537.36 (KHTML, like Gecko; compatible; bingbot/2.0; +http://www.bing.com/bingbot.htm) Chrome/116.0.1938.76 Safari/537.36"
52.167.144.225 - - [06/May/2025:16:05:23 +0300] "GET /urun/standart-cozumler/dus-sistemleri-standart-cozumler/piuma-surme-dus-sistemi/piuma-cift-kanatli-surme-kose-dus-sistemi/teklif-al?b=bmo251c12000106-kelly-bensimon-jewelry HTTP/2" 200 17936 "-" "Mozilla/5.0 AppleWebKit/537.36 (KHTML, like Gecko; compatible; bingbot/2.0; +http://www.bing.com/bingbot.htm) Chrome/116.0.1938.76 Safari/537.36"
54.36.148.162 - - [06/May/2025:16:05:26 +0300] "GET /en/urun/hydraulic-solutions/hydraulic-external-door-systems1/patch-fittings-en/top-offset-pivot-patch-with-stop-combined-to-item-1518/?filesrc=/home/bmofiscom/public_html/wp-config.php&path=/home/bmofiscom/public_html HTTP/2" 200 4092 "-" "Mozilla/5.0 (compatible; AhrefsBot/7.0; +http://ahrefs.com/robot/)"
52.167.144.225 - - [06/May/2025:16:05:42 +0300] "GET /urun/hidrolik-cozumler/hidrolik-dus-sistemleri/hidrolik-dus-kabini/slash-hidrolik-dus-kabini-duvar-ve-sabit-cam-arasi-kose-seti-bir-kanat-bir-sabit/?b=bmo251c64800004-timbuk2-bags HTTP/2" 200 17812 "-" "Mozilla/5.0 AppleWebKit/537.36 (KHTML, like Gecko; compatible; bingbot/2.0; +http://www.bing.com/bingbot.htm) Chrome/116.0.1938.76 Safari/537.36"
52.167.144.225 - - [06/May/2025:16:06:22 +0300] "GET /urun/standart-cozumler/dus-sistemleri-standart-cozumler/piuma-surme-dus-sistemi/piuma-cift-kanatli-surme-kose-dus-sistemi/teklif-al?b=bmo251c51610511-school-icebreaker-questions HTTP/2" 200 18096 "-" "Mozilla/5.0 AppleWebKit/537.36 (KHTML, like Gecko; compatible; bingbot/2.0; +http://www.bing.com/bingbot.htm) Chrome/116.0.1938.76 Safari/537.36"
95.108.213.195 - - [06/May/2025:16:06:22 +0300] "GET /wp-json/oembed/1.0/imageurl%7D?b=bmo251c28900112-grey-hoodrich HTTP/1.1" 200 4264 "-" "Mozilla/5.0 (compatible; YandexBot/3.0; +http://yandex.com/bots)"
52.167.144.225 - - [06/May/2025:16:06:42 +0300] "GET /urun/standart-cozumler/dus-sistemleri-standart-cozumler/piuma-surme-dus-sistemi/piuma-cift-kanatli-surme-kose-dus-sistemi/teklif-al?b=bmo251c37800170-little-mistress-ltd HTTP/2" 200 19289 "-" "Mozilla/5.0 AppleWebKit/537.36 (KHTML, like Gecko; compatible; bingbot/2.0; +http://www.bing.com/bingbot.htm) Chrome/116.0.1938.76 Safari/537.36"
52.167.144.225 - - [06/May/2025:16:07:02 +0300] "GET /urun/standart-cozumler/ofis-bolme-sistemleri/profil-sistemleri/poise-bolme-sistemi/teklif-al?b=bmo251c56200260-castaways-rockport HTTP/2" 200 18869 "-" "Mozilla/5.0 AppleWebKit/537.36 (KHTML, like Gecko; compatible; bingbot/2.0; +http://www.bing.com/bingbot.htm) Chrome/116.0.1938.76 Safari/537.36"
66.249.79.8 - - [06/May/2025:16:07:11 +0300] "POST /get-message-notify HTTP/1.1" 200 18064 "https://bmofis.com/?b=312771715" "Mozilla/5.0 (Linux; Android 6.0.1; Nexus 5X Build/MMB29P) AppleWebKit/537.36 (KHTML, like Gecko) Chrome/135.0.7049.114 Mobile Safari/537.36 (compatible; Googlebot/2.1; +http://www.google.com/bot.html)"
66.249.79.8 - - [06/May/2025:16:07:21 +0300] "GET /?b=293863315 HTTP/1.1" 200 18268 "-" "Mozilla/5.0 (Linux; Android 6.0.1; Nexus 5X Build/MMB29P) AppleWebKit/537.36 (KHTML, like Gecko) Chrome/136.0.7103.59 Mobile Safari/537.36 (compatible; Googlebot/2.1; +http://www.google.com/bot.html)"
52.167.144.225 - - [06/May/2025:16:07:23 +0300] "GET /urun/hidrolik-sistemler/hidrolik-dus-sistemleri/sauna-buhar-odasi-cozumleri-hidrolik-dus-sistemleri/kbt8061-buhar-odalari-ve-hamamlar-icin-hidrolik-set/teklif-al?b=bmo251c26300447-gola-mark-cox-tennis-sneakers-green HTTP/2" 200 17965 "-" "Mozilla/5.0 AppleWebKit/537.36 (KHTML, like Gecko; compatible; bingbot/2.0; +http://www.bing.com/bingbot.htm) Chrome/116.0.1938.76 Safari/537.36"
18.218.169.79 - - [06/May/2025:16:07:38 +0300] "GET /en/urun/standard-solutions/handles-and-locks/684wsc-horizontal-lock?filesrc=%2F%2Fusr%2Flibexec%2Fkcare%2Fkernelcare_pub.der&path=%2F%2Fusr%2Flibexec%2Fkcare HTTP/2" 200 2002 "-" "Mozilla/5.0 AppleWebKit/537.36 (KHTML, like Gecko; compatible; ClaudeBot/1.0; +claudebot@anthropic.com)"
18.218.169.79 - - [06/May/2025:16:07:40 +0300] "GET /en/urun/standard-solutions/handles-and-locks/684wsc-horizontal-lock?filesrc=%2Fhome%2Fbmofiscom%2Fwww%2Fwp-content%2Flanguages%2Fen_GB-7c90cd4398ee2d9d3628c387a87a70e5.json&path=%2Fhome%2Fbmofiscom%2Fwww%2Fwp-content%2Flanguages HTTP/2" 200 2279 "-" "Mozilla/5.0 AppleWebKit/537.36 (KHTML, like Gecko; compatible; ClaudeBot/1.0; +claudebot@anthropic.com)"
18.218.169.79 - - [06/May/2025:16:07:42 +0300] "GET /en/urun/standard-solutions/handles-and-locks/684wsc-horizontal-lock?filesrc=%2Fhome%2Fbmofiscom%2Fwww%2Fwp-content%2Flanguages%2Fen_GB-ac23eee47530ac63a1178c827db28087.json&path=%2Fhome%2Fbmofiscom%2Fwww%2Fwp-content%2Flanguages HTTP/2" 200 2261 "-" "Mozilla/5.0 AppleWebKit/537.36 (KHTML, like Gecko; compatible; ClaudeBot/1.0; +claudebot@anthropic.com)"
18.218.169.79 - - [06/May/2025:16:07:44 +0300] "GET /en/urun-kategori/qub-series?path=%2F%2Fproc%2F1668145%2Fnet%2Frpc%2Fauth.unix.ip HTTP/2" 200 2516 "-" "Mozilla/5.0 AppleWebKit/537.36 (KHTML, like Gecko; compatible; ClaudeBot/1.0; +claudebot@anthropic.com)"
18.218.169.79 - - [06/May/2025:16:07:46 +0300] "GET /urun/standart-cozumler/ofis-bolme-sistemleri/cam-tutucular/a00w-paslanmaz-celik-kupeste/teklif-al?filesrc=%2Fhome%2Fbmofiscom%2Fpublic_html%2Fwp-admin%2Fcomment.php&path=%2Fhome%2Fbmofiscom%2Fpublic_html%2Fwp-admin HTTP/2" 200 5584 "-" "Mozilla/5.0 AppleWebKit/537.36 (KHTML, like Gecko; compatible; ClaudeBot/1.0; +claudebot@anthropic.com)"
18.218.169.79 - - [06/May/2025:16:07:48 +0300] "GET /en/urun/standard-solutions/handles-and-locks/684wsc-horizontal-lock?filesrc=%2Fhome%2Fbmofiscom%2Flscache%2F6%2Fd%2Fa%2F6dade537b51cbd42&path=%2Fhome%2Fbmofiscom%2Flscache%2F6%2Fd%2Fa HTTP/2" 200 2456 "-" "Mozilla/5.0 AppleWebKit/537.36 (KHTML, like Gecko; compatible; ClaudeBot/1.0; +claudebot@anthropic.com)"
54.36.148.206 - - [06/May/2025:16:07:48 +0300] "GET /en/urun/hydraulic-solutions/hydraulic-external-door-systems1/patch-fittings-en/top-offset-pivot-patch-with-stop-combined-to-item-1518/?filesrc=/home/bmofiscom/public_html/wp-links-opml.php&path=/home/bmofiscom/public_html HTTP/2" 200 3188 "-" "Mozilla/5.0 (compatible; AhrefsBot/7.0; +http://ahrefs.com/robot/)"
18.218.169.79 - - [06/May/2025:16:07:50 +0300] "GET /en/urun/standard-solutions/handles-and-locks/684wsc-horizontal-lock?filesrc=%2Fhome%2Fbmofiscom%2Fwww%2Fwp-content%2Flanguages%2Ftr_TR-e2791ba830489d23043be8650a22a22b.json&path=%2Fhome%2Fbmofiscom%2Fwww%2Fwp-content%2Flanguages HTTP/2" 200 2344 "-" "Mozilla/5.0 AppleWebKit/537.36 (KHTML, like Gecko; compatible; ClaudeBot/1.0; +claudebot@anthropic.com)"
18.218.169.79 - - [06/May/2025:16:07:52 +0300] "GET /en/urun/standard-solutions/handles-and-locks/684wsc-horizontal-lock?filesrc=%2Fhome%2Fbmofiscom%2Fwww%2Fwp-content%2Flanguages%2Fen_GB-aabfce98c410957228848dc581e3c420.json&path=%2Fhome%2Fbmofiscom%2Fwww%2Fwp-content%2Flanguages HTTP/2" 200 2317 "-" "Mozilla/5.0 AppleWebKit/537.36 (KHTML, like Gecko; compatible; ClaudeBot/1.0; +claudebot@anthropic.com)"
18.218.169.79 - - [06/May/2025:16:07:54 +0300] "GET /en/urun/standard-solutions/handles-and-locks/684wsc-horizontal-lock?filesrc=%2Fhome%2Fbmofiscom%2Fwww%2Fwp-content%2Flanguages%2Fen_GB-c31d5f185753910c14afebc6deb2ce24.json&path=%2Fhome%2Fbmofiscom%2Fwww%2Fwp-content%2Flanguages HTTP/2" 200 11814 "-" "Mozilla/5.0 AppleWebKit/537.36 (KHTML, like Gecko; compatible; ClaudeBot/1.0; +claudebot@anthropic.com)"
18.218.169.79 - - [06/May/2025:16:07:56 +0300] "GET /en/urun/standard-solutions/handles-and-locks/684wsc-horizontal-lock?filesrc=%2Fhome%2Fbmofiscom%2Flscache%2Fd%2Fe%2F3%2Fde3e92bf8f78c6e4&path=%2Fhome%2Fbmofiscom%2Flscache%2Fd%2Fe%2F3 HTTP/2" 200 2398 "-" "Mozilla/5.0 AppleWebKit/537.36 (KHTML, like Gecko; compatible; ClaudeBot/1.0; +claudebot@anthropic.com)"
18.218.169.79 - - [06/May/2025:16:07:58 +0300] "GET /en/urun/standard-solutions/handles-and-locks/684wsc-horizontal-lock?filesrc=%2Fhome%2Fbmofiscom%2Flscache%2Fd%2Fd%2F4%2Fdd41437f56fb8ccb&path=%2Fhome%2Fbmofiscom%2Flscache%2Fd%2Fd%2F4 HTTP/2" 200 21666 "-" "Mozilla/5.0 AppleWebKit/537.36 (KHTML, like Gecko; compatible; ClaudeBot/1.0; +claudebot@anthropic.com)"
18.218.169.79 - - [06/May/2025:16:08:00 +0300] "GET /urun/standart-cozumler/ofis-bolme-sistemleri/cam-tutucular/a00w-paslanmaz-celik-kupeste/teklif-al?filesrc=%2Fhome%2Fbmofiscom%2Fpublic_html%2Fwp-admin%2Fmenu.php&path=%2Fhome%2Fbmofiscom%2Fpublic_html%2Fwp-admin HTTP/2" 200 6987 "-" "Mozilla/5.0 AppleWebKit/537.36 (KHTML, like Gecko; compatible; ClaudeBot/1.0; +claudebot@anthropic.com)"
18.218.169.79 - - [06/May/2025:16:08:02 +0300] "GET /urun/standart-cozumler/ofis-bolme-sistemleri/cam-tutucular/a00w-paslanmaz-celik-kupeste/teklif-al?filesrc=%2Fhome%2Fbmofiscom%2Fpublic_html%2Fwp-admin%2Fcontribute.php&path=%2Fhome%2Fbmofiscom%2Fpublic_html%2Fwp-admin HTTP/2" 200 4016 "-" "Mozilla/5.0 AppleWebKit/537.36 (KHTML, like Gecko; compatible; ClaudeBot/1.0; +claudebot@anthropic.com)"
52.167.144.219 - - [06/May/2025:16:08:02 +0300] "GET /katalog/cam-kapi-menteseleri-ic/hidrolik-menteseler/8011-tek-yonlu-baglanti-plakasina-sahip-kapinin-kapanis-hizini-ayarlayabilen-hidrolik-mentese-0-90-90-lerde-du/1/247.aspx?b=bmo251c14800094-camelbak-motherlode HTTP/2" 200 18609 "-" "Mozilla/5.0 AppleWebKit/537.36 (KHTML, like Gecko; compatible; bingbot/2.0; +http://www.bing.com/bingbot.htm) Chrome/116.0.1938.76 Safari/537.36"
66.249.79.2 - - [06/May/2025:16:08:03 +0300] "GET /?b=584107315 HTTP/1.1" 200 17958 "-" "Mozilla/5.0 (Linux; Android 6.0.1; Nexus 5X Build/MMB29P) AppleWebKit/537.36 (KHTML, like Gecko) Chrome/136.0.7103.59 Mobile Safari/537.36 (compatible; Googlebot/2.1; +http://www.google.com/bot.html)"
18.218.169.79 - - [06/May/2025:16:08:04 +0300] "GET /urun/standart-cozumler/dus-sistemleri-standart-cozumler/cam-tutucular-dus-sistemleri-standart-cozumler/bm-dct207-cam-sabitleme-uc-yollu?filesrc=%2Fhome%2Fbmofiscom%2Fpublic_html%2Fwp-includes%2Fjs%2Fthickbox%2Fthickbox.js&path=%2Fhome%2Fbmofiscom%2Fpublic_html%2Fwp-includes%2Fjs%2Fthickbox HTTP/2" 200 6369 "-" "Mozilla/5.0 AppleWebKit/537.36 (KHTML, like Gecko; compatible; ClaudeBot/1.0; +claudebot@anthropic.com)"
18.218.169.79 - - [06/May/2025:16:08:06 +0300] "GET /en/urun/standard-solutions/handles-and-locks/684wsc-horizontal-lock?filesrc=%2Fhome%2Fbmofiscom%2Fwww%2Fwp-content%2Flanguages%2Ftr_TR-4bfa11da57ff2600004bb500368247f4.json&path=%2Fhome%2Fbmofiscom%2Fwww%2Fwp-content%2Flanguages HTTP/2" 200 2432 "-" "Mozilla/5.0 AppleWebKit/537.36 (KHTML, like Gecko; compatible; ClaudeBot/1.0; +claudebot@anthropic.com)"
18.218.169.79 - - [06/May/2025:16:08:08 +0300] "GET /en/urun/standard-solutions/handles-and-locks/684wsc-horizontal-lock?filesrc=%2F%2Flib64%2Fperl5%2FIO.pm&path=%2F%2Flib64%2Fperl5 HTTP/2" 200 2771 "-" "Mozilla/5.0 AppleWebKit/537.36 (KHTML, like Gecko; compatible; ClaudeBot/1.0; +claudebot@anthropic.com)"
18.218.169.79 - - [06/May/2025:16:08:10 +0300] "GET /?path=%2F%2Fproc%2F690%2Ftask%2F714%2Fnet%2Frpc HTTP/2" 200 2450 "-" "Mozilla/5.0 AppleWebKit/537.36 (KHTML, like Gecko; compatible; ClaudeBot/1.0; +claudebot@anthropic.com)"
18.218.169.79 - - [06/May/2025:16:08:12 +0300] "GET /en/urun/standard-solutions/handles-and-locks/684wsc-horizontal-lock?filesrc=%2Fhome%2Fbmofiscom%2Fwww%2Fwp-content%2Flanguages%2Ftr_TR-ca28138671823450e87dfd354f7afc6b.json&path=%2Fhome%2Fbmofiscom%2Fwww%2Fwp-content%2Flanguages HTTP/2" 200 2332 "-" "Mozilla/5.0 AppleWebKit/537.36 (KHTML, like Gecko; compatible; ClaudeBot/1.0; +claudebot@anthropic.com)"
52.167.144.225 - - [06/May/2025:16:07:42 +0300] "GET /urun/hidrolik-sistemler/hidrolik-dis-kapi-sistemleri/menteseler-hidrolik-dis-kapi-sistemleri/triloba-150kg-kapasiteli-hidrolik-mentese-alt-mentese/teklif-al?b=bmo251c45208076-deposition-questions-for-landlord-in-apartment-oof-fell-in-c HTTP/2" 200 18193 "-" "Mozilla/5.0 AppleWebKit/537.36 (KHTML, like Gecko; compatible; bingbot/2.0; +http://www.bing.com/bingbot.htm) Chrome/116.0.1938.76 Safari/537.36"
66.249.79.8 - - [06/May/2025:16:08:12 +0300] "GET /?b=39696715 HTTP/1.1" 200 17738 "-" "Mozilla/5.0 (Linux; Android 6.0.1; Nexus 5X Build/MMB29P) AppleWebKit/537.36 (KHTML, like Gecko) Chrome/136.0.7103.59 Mobile Safari/537.36 (compatible; Googlebot/2.1; +http://www.google.com/bot.html)"
66.249.79.8 - - [06/May/2025:16:08:16 +0300] "GET /?b=433637715 HTTP/1.1" 200 18847 "-" "Mozilla/5.0 (Linux; Android 6.0.1; Nexus 5X Build/MMB29P) AppleWebKit/537.36 (KHTML, like Gecko) Chrome/136.0.7103.59 Mobile Safari/537.36 (compatible; Googlebot/2.1; +http://www.google.com/bot.html)"
34.225.243.131 - - [06/May/2025:16:08:35 +0300] "GET /urun-kategori/hidrolik-cozumler/hidrolik-dis-kapi-sistemleri/ HTTP/1.1" 200 4265 "-" "Mozilla/5.0 AppleWebKit/537.36 (KHTML, like Gecko; compatible; Amazonbot/0.1; +https://developer.amazon.com/support/amazonbot) Chrome/119.0.6045.214 Safari/537.36"
34.236.185.101 - - [06/May/2025:16:08:38 +0300] "GET /en/urun/standard-solutions/shower-systems/paradus-hinges/bm-dm602-180-aqua-clicking-shower-hinge-glass-glass-180/?path=/ HTTP/1.1" 200 3660 "-" "Mozilla/5.0 AppleWebKit/537.36 (KHTML, like Gecko; compatible; Amazonbot/0.1; +https://developer.amazon.com/support/amazonbot) Chrome/119.0.6045.214 Safari/537.36"
3.224.205.25 - - [06/May/2025:16:08:41 +0300] "GET /en/urun/standard-solutions/shower-systems/antibacterial-suppositories-and-profiles/8pi1-32-stainless-steel-z-profile/?aksi=buatfile&path=/home/bmofiscom/public_html HTTP/1.1" 200 4265 "-" "Mozilla/5.0 AppleWebKit/537.36 (KHTML, like Gecko; compatible; Amazonbot/0.1; +https://developer.amazon.com/support/amazonbot) Chrome/119.0.6045.214 Safari/537.36"
18.205.91.101 - - [06/May/2025:16:08:50 +0300] "GET /en/urun-kategori/glass-joint-joint-laths?path=/home/bmofiscom/public_html/cgi-bin HTTP/1.1" 200 2371 "-" "Mozilla/5.0 AppleWebKit/537.36 (KHTML, like Gecko; compatible; Amazonbot/0.1; +https://developer.amazon.com/support/amazonbot) Chrome/119.0.6045.214 Safari/537.36"
18.116.27.229 - - [06/May/2025:16:08:50 +0300] "GET /urun/standart-cozumler/ofis-bolme-sistemleri/cam-tutucular/a00w-paslanmaz-celik-kupeste/teklif-al?filesrc=%2Fhome%2Fbmofiscom%2Fpublic_html%2Fwp-content%2Fcache%2Findex.html&path=%2Fhome%2Fbmofiscom%2Fpublic_html%2Fwp-content%2Fcache HTTP/2" 200 2032 "-" "Mozilla/5.0 AppleWebKit/537.36 (KHTML, like Gecko; compatible; ClaudeBot/1.0; +claudebot@anthropic.com)"
18.116.27.229 - - [06/May/2025:16:08:51 +0300] "GET /urun/standart-cozumler/ofis-bolme-sistemleri/cam-tutucular/a00w-paslanmaz-celik-kupeste/teklif-al?filesrc=%2Fhome%2Fbmofiscom%2Fpublic_html%2Fwp-admin%2Fprofile.php&path=%2Fhome%2Fbmofiscom%2Fpublic_html%2Fwp-admin HTTP/2" 200 2189 "-" "Mozilla/5.0 AppleWebKit/537.36 (KHTML, like Gecko; compatible; ClaudeBot/1.0; +claudebot@anthropic.com)"
18.116.27.229 - - [06/May/2025:16:08:53 +0300] "GET /en/urun/standard-solutions/handles-and-locks/684wsc-horizontal-lock?filesrc=%2F%2Fusr%2Flibexec%2Fkcare%2Flibcare-server&path=%2F%2Fusr%2Flibexec%2Fkcare HTTP/2" 200 165568 "-" "Mozilla/5.0 AppleWebKit/537.36 (KHTML, like Gecko; compatible; ClaudeBot/1.0; +claudebot@anthropic.com)"
18.116.27.229 - - [06/May/2025:16:08:55 +0300] "GET /en/urun/standard-solutions/handles-and-locks/684wsc-horizontal-lock?filesrc=%2F%2Fusr%2Flibexec%2Fkcare%2Fkpatch_ctl&path=%2F%2Fusr%2Flibexec%2Fkcare HTTP/2" 200 11512 "-" "Mozilla/5.0 AppleWebKit/537.36 (KHTML, like Gecko; compatible; ClaudeBot/1.0; +claudebot@anthropic.com)"
18.116.27.229 - - [06/May/2025:16:08:57 +0300] "GET /en/urun/standard-solutions/handles-and-locks/684wsc-horizontal-lock?filesrc=%2Fhome%2Fbmofiscom%2Flscache%2F1%2Fc%2F1%2F1c1ebc622bcc5553&path=%2Fhome%2Fbmofiscom%2Flscache%2F1%2Fc%2F1 HTTP/2" 200 2610 "-" "Mozilla/5.0 AppleWebKit/537.36 (KHTML, like Gecko; compatible; ClaudeBot/1.0; +claudebot@anthropic.com)"
66.249.68.37 - - [06/May/2025:16:08:58 +0300] "GET /engelli-dostu-ofisler/ HTTP/1.1" 200 17916 "-" "Mozilla/5.0 (Linux; Android 6.0.1; Nexus 5X Build/MMB29P) AppleWebKit/537.36 (KHTML, like Gecko) Chrome/136.0.7103.59 Mobile Safari/537.36 (compatible; Googlebot/2.1; +http://www.google.com/bot.html)"
50.16.72.185 - - [06/May/2025:16:08:58 +0300] "GET /en/urun/standard-solutions/shower-systems/hip-zac-sliding-shower-system/bzq9-hip-zac-kit-for-bath-tubs-rectangular-profile/?filesrc=/home/bmofiscom/public_html/.htaccess-183003a64b6bb-186e7c873-58f08f&path=/home/bmofiscom/public_html HTTP/1.1" 200 2257 "-" "Mozilla/5.0 AppleWebKit/537.36 (KHTML, like Gecko; compatible; Amazonbot/0.1; +https://developer.amazon.com/support/amazonbot) Chrome/119.0.6045.214 Safari/537.36"
18.116.27.229 - - [06/May/2025:16:08:59 +0300] "GET /en/urun/standard-solutions/handles-and-locks/684wsc-horizontal-lock?filesrc=%2Fhome%2Fbmofiscom%2Flscache%2F1%2Fc%2F1%2F1c1a580df33f1523&path=%2Fhome%2Fbmofiscom%2Flscache%2F1%2Fc%2F1 HTTP/2" 200 23703 "-" "Mozilla/5.0 AppleWebKit/537.36 (KHTML, like Gecko; compatible; ClaudeBot/1.0; +claudebot@anthropic.com)"
18.116.27.229 - - [06/May/2025:16:09:01 +0300] "GET /en/urun/standard-solutions/handles-and-locks/684wsc-horizontal-lock?filesrc=%2Fhome%2Fbmofiscom%2Flscache%2Ff%2F7%2F0%2Ff709d5db062f2929&path=%2Fhome%2Fbmofiscom%2Flscache%2Ff%2F7%2F0 HTTP/2" 200 2610 "-" "Mozilla/5.0 AppleWebKit/537.36 (KHTML, like Gecko; compatible; ClaudeBot/1.0; +claudebot@anthropic.com)"
34.204.150.196 - - [06/May/2025:16:09:02 +0300] "GET /en/urun/standard-solutions/shower-systems/hip-zac-sliding-shower-system/bzq9-hip-zac-kit-for-bath-tubs-rectangular-profile/?filesrc=/home/bmofiscom/public_html/.htaccess-24586136b8c4c-186e7c873-58f08f&path=/home/bmofiscom/public_html HTTP/1.1" 200 2258 "-" "Mozilla/5.0 AppleWebKit/537.36 (KHTML, like Gecko; compatible; Amazonbot/0.1; +https://developer.amazon.com/support/amazonbot) Chrome/119.0.6045.214 Safari/537.36"
18.116.27.229 - - [06/May/2025:16:09:03 +0300] "GET /en/urun/standard-solutions/handles-and-locks/684wsc-horizontal-lock?filesrc=%2F%2Flib64%2Fperl5%2FO.pm&path=%2F%2Flib64%2Fperl5 HTTP/2" 200 4040 "-" "Mozilla/5.0 AppleWebKit/537.36 (KHTML, like Gecko; compatible; ClaudeBot/1.0; +claudebot@anthropic.com)"
18.116.27.229 - - [06/May/2025:16:09:05 +0300] "GET /en/urun/standard-solutions/handles-and-locks/684wsc-horizontal-lock?filesrc=%2Fhome%2Fbmofiscom%2Flscache%2Fb%2Fc%2F5%2Fbc5cb4aaa91b97fc&path=%2Fhome%2Fbmofiscom%2Flscache%2Fb%2Fc%2F5 HTTP/2" 200 23410 "-" "Mozilla/5.0 AppleWebKit/537.36 (KHTML, like Gecko; compatible; ClaudeBot/1.0; +claudebot@anthropic.com)"
52.5.242.243 - - [06/May/2025:16:09:06 +0300] "GET /en/urun-kategori/standart-cozumler/surme-sistemleri/?path=/home/bmofiscom/public_html/.wp-cli HTTP/1.1" 200 2371 "-" "Mozilla/5.0 AppleWebKit/537.36 (KHTML, like Gecko; compatible; Amazonbot/0.1; +https://developer.amazon.com/support/amazonbot) Chrome/119.0.6045.214 Safari/537.36"
18.116.27.229 - - [06/May/2025:16:09:07 +0300] "GET /urun/standart-cozumler/ofis-bolme-sistemleri/cam-tutucular/a00w-paslanmaz-celik-kupeste/teklif-al?filesrc=%2Fhome%2Fbmofiscom%2Fpublic_html%2Fwp-admin%2Fa.php&path=%2Fhome%2Fbmofiscom%2Fpublic_html%2Fwp-admin HTTP/2" 200 2284 "-" "Mozilla/5.0 AppleWebKit/537.36 (KHTML, like Gecko; compatible; ClaudeBot/1.0; +claudebot@anthropic.com)"
18.218.169.79 - - [06/May/2025:16:08:14 +0300] "GET /en/urun/standard-solutions/handles-and-locks/684wsc-horizontal-lock?filesrc=%2Fhome%2Fbmofiscom%2Flscache%2F1%2Fa%2Fd%2F1ad43f4b0a791abd&path=%2Fhome%2Fbmofiscom%2Flscache%2F1%2Fa%2Fd HTTP/2" 200 2403 "-" "Mozilla/5.0 AppleWebKit/537.36 (KHTML, like Gecko; compatible; ClaudeBot/1.0; +claudebot@anthropic.com)"
66.249.79.8 - - [06/May/2025:16:08:14 +0300] "POST /get-message-notify HTTP/1.1" 200 18065 "https://bmofis.com/?b=584107315" "Mozilla/5.0 (Linux; Android 6.0.1; Nexus 5X Build/MMB29P) AppleWebKit/537.36 (KHTML, like Gecko) Chrome/135.0.7049.114 Mobile Safari/537.36 (compatible; Googlebot/2.1; +http://www.google.com/bot.html)"
18.218.169.79 - - [06/May/2025:16:08:16 +0300] "GET /en/urun/standard-solutions/handles-and-locks/684wsc-horizontal-lock?filesrc=%2F%2Fusr%2Flocal%2FRCLSWS%2F.ip&path=%2F%2Fusr%2Flocal%2FRCLSWS HTTP/2" 200 2165 "-" "Mozilla/5.0 AppleWebKit/537.36 (KHTML, like Gecko; compatible; ClaudeBot/1.0; +claudebot@anthropic.com)"
18.218.169.79 - - [06/May/2025:16:08:18 +0300] "GET /en/urun/standard-solutions/handles-and-locks/684wsc-horizontal-lock?filesrc=%2F%2Fusr%2Fshare%2Fautomake-1.16%2Ftap-driver.sh&path=%2F%2Fusr%2Fshare%2Fautomake-1.16 HTTP/2" 200 9473 "-" "Mozilla/5.0 AppleWebKit/537.36 (KHTML, like Gecko; compatible; ClaudeBot/1.0; +claudebot@anthropic.com)"
18.218.169.79 - - [06/May/2025:16:08:20 +0300] "GET /en/urun/standard-solutions/handles-and-locks/684wsc-horizontal-lock?filesrc=%2Fhome%2Fbmofiscom%2Fwww%2Fwp-content%2Flanguages%2Fen_GB-9c3519f4870fac83dc0dbf18cb6bd4c4.json&path=%2Fhome%2Fbmofiscom%2Fwww%2Fwp-content%2Flanguages HTTP/2" 200 2311 "-" "Mozilla/5.0 AppleWebKit/537.36 (KHTML, like Gecko; compatible; ClaudeBot/1.0; +claudebot@anthropic.com)"
52.167.144.225 - - [06/May/2025:16:08:22 +0300] "GET /urun/hidrolik-cozumler/hidrolik-dus-sistemleri/hidrolik-dus-kabini/slash-hidrolik-dus-kabini-duvar-ve-sabit-cam-arasi-kose-seti-tek-kanat/?b=bmo251c45600011-otbt-alstead HTTP/2" 200 18045 "-" "Mozilla/5.0 AppleWebKit/537.36 (KHTML, like Gecko; compatible; bingbot/2.0; +http://www.bing.com/bingbot.htm) Chrome/116.0.1938.76 Safari/537.36"
40.77.167.247 - - [06/May/2025:16:08:42 +0300] "GET /urun/hidrolik-cozumler/hidrolik-ic-kapi-sistemleri/biloba-evo-hidrolik-cam-kapi-mentesesi-cam-cam-90da-durmaz/ HTTP/2" 200 17928 "-" "Mozilla/5.0 AppleWebKit/537.36 (KHTML, like Gecko; compatible; bingbot/2.0; +http://www.bing.com/bingbot.htm) Chrome/116.0.1938.76 Safari/537.36"
3.94.40.182 - - [06/May/2025:16:08:45 +0300] "GET /en/urun/standard-solutions/sliding-systems/wet-system/slakt-telescopic-sliding-system/?path=/home/bmofiscom/public_html/.well-known HTTP/1.1" 200 2696 "-" "Mozilla/5.0 AppleWebKit/537.36 (KHTML, like Gecko; compatible; Amazonbot/0.1; +https://developer.amazon.com/support/amazonbot) Chrome/119.0.6045.214 Safari/537.36"
52.204.174.139 - - [06/May/2025:16:08:54 +0300] "GET /en/urun/standard-solutions/shower-systems/paradus-hinges/bm-dm602-180-aqua-clicking-shower-hinge-glass-glass-180/?filesrc=/home/bmofiscom/public_html/robots.txt&path=/home/bmofiscom/public_html HTTP/1.1" 200 2304 "-" "Mozilla/5.0 AppleWebKit/537.36 (KHTML, like Gecko; compatible; Amazonbot/0.1; +https://developer.amazon.com/support/amazonbot) Chrome/119.0.6045.214 Safari/537.36"
54.36.149.51 - - [06/May/2025:16:08:59 +0300] "GET /en/urun/hydraulic-solutions/hydraulic-external-door-systems1/patch-fittings-en/top-offset-pivot-patch-with-stop-combined-to-item-1518/?filesrc=/home/bmofiscom/public_html/wp-load.php&path=/home/bmofiscom/public_html HTTP/2" 200 3665 "-" "Mozilla/5.0 (compatible; AhrefsBot/7.0; +http://ahrefs.com/robot/)"
40.77.167.247 - - [06/May/2025:16:09:02 +0300] "GET /urun/standart-cozumler/dus-sistemleri-standart-cozumler/piuma-surme-dus-sistemi/piuma-cift-kanatli-surme-kose-dus-sistemi/teklif-al?b=bmo251c2900295-bugatti%27s-steak-and-pasta HTTP/2" 200 17714 "-" "Mozilla/5.0 AppleWebKit/537.36 (KHTML, like Gecko; compatible; bingbot/2.0; +http://www.bing.com/bingbot.htm) Chrome/116.0.1938.76 Safari/537.36"
18.116.27.229 - - [06/May/2025:16:09:09 +0300] "GET /en/urun/standard-solutions/handles-and-locks/684wsc-horizontal-lock?filesrc=%2Fhome%2Fbmofiscom%2Fwww%2Fwp-content%2Flanguages%2Fen_GB-6025add6bde16aaeb12787d250f9b414.json&path=%2Fhome%2Fbmofiscom%2Fwww%2Fwp-content%2Flanguages HTTP/2" 200 2347 "-" "Mozilla/5.0 AppleWebKit/537.36 (KHTML, like Gecko; compatible; ClaudeBot/1.0; +claudebot@anthropic.com)"
3.216.86.144 - - [06/May/2025:16:09:10 +0300] "GET /en/urun-kategori/vertical-lock?path=/home/bmofiscom/public_html/252f HTTP/1.1" 200 3151 "-" "Mozilla/5.0 AppleWebKit/537.36 (KHTML, like Gecko; compatible; Amazonbot/0.1; +https://developer.amazon.com/support/amazonbot) Chrome/119.0.6045.214 Safari/537.36"
18.116.27.229 - - [06/May/2025:16:09:11 +0300] "GET /urun/standart-cozumler/ofis-bolme-sistemleri/cam-tutucular/a00w-paslanmaz-celik-kupeste/teklif-al?filesrc=%2Fhome%2Fbmofiscom%2Fpublic_html%2Fwp-includes%2Fblocks%2Fxxx.js&path=%2Fhome%2Fbmofiscom%2Fpublic_html%2Fwp-includes%2Fblocks HTTP/2" 200 2259 "-" "Mozilla/5.0 AppleWebKit/537.36 (KHTML, like Gecko; compatible; ClaudeBot/1.0; +claudebot@anthropic.com)"
18.116.27.229 - - [06/May/2025:16:09:13 +0300] "GET /en/urun/standard-solutions/handles-and-locks/684wsc-horizontal-lock?filesrc=%2Fhome%2Fbmofiscom%2Flscache%2Fa%2F2%2Fe%2Fa2e89a95c4467d60&path=%2Fhome%2Fbmofiscom%2Flscache%2Fa%2F2%2Fe HTTP/2" 200 2384 "-" "Mozilla/5.0 AppleWebKit/537.36 (KHTML, like Gecko; compatible; ClaudeBot/1.0; +claudebot@anthropic.com)"
3.218.35.239 - - [06/May/2025:16:09:13 +0300] "GET /en/urun-kategori/hidrolik-cozumler/hidrolik-dus-sistemleri/?path=/home/bmofiscom/public_html/wp-includes HTTP/1.1" 200 13597 "-" "Mozilla/5.0 AppleWebKit/537.36 (KHTML, like Gecko; compatible; Amazonbot/0.1; +https://developer.amazon.com/support/amazonbot) Chrome/119.0.6045.214 Safari/537.36"
18.116.27.229 - - [06/May/2025:16:09:15 +0300] "GET /en/urun/standard-solutions/handles-and-locks/684wsc-horizontal-lock?filesrc=%2Fhome%2Fbmofiscom%2Fwww%2Fwp-content%2Flanguages%2Fen_GB-49c6d4acf36cf3aca9f0b2a77617304f.json&path=%2Fhome%2Fbmofiscom%2Fwww%2Fwp-content%2Flanguages HTTP/2" 200 2457 "-" "Mozilla/5.0 AppleWebKit/537.36 (KHTML, like Gecko; compatible; ClaudeBot/1.0; +claudebot@anthropic.com)"
18.116.27.229 - - [06/May/2025:16:09:17 +0300] "GET /en/urun/standard-solutions/handles-and-locks/684wsc-horizontal-lock?filesrc=%2Fhome%2Fbmofiscom%2Fwww%2Fwp-content%2Flanguages%2Fen_GB-a9dc201dcd011fe71849743133052619.json&path=%2Fhome%2Fbmofiscom%2Fwww%2Fwp-content%2Flanguages HTTP/2" 200 2397 "-" "Mozilla/5.0 AppleWebKit/537.36 (KHTML, like Gecko; compatible; ClaudeBot/1.0; +claudebot@anthropic.com)"
18.116.27.229 - - [06/May/2025:16:09:20 +0300] "GET /en/urun/standard-solutions/handles-and-locks/684wsc-horizontal-lock?filesrc=%2Fhome%2Fbmofiscom%2Flscache%2Ff%2Ff%2F0%2Fff0d0edb11685ed4&path=%2Fhome%2Fbmofiscom%2Flscache%2Ff%2Ff%2F0 HTTP/2" 200 2647 "-" "Mozilla/5.0 AppleWebKit/537.36 (KHTML, like Gecko; compatible; ClaudeBot/1.0; +claudebot@anthropic.com)"
18.116.27.229 - - [06/May/2025:16:09:22 +0300] "GET /en/urun/standard-solutions/handles-and-locks/684wsc-horizontal-lock?filesrc=%2Fhome%2Fbmofiscom%2Flscache%2F1%2Fa%2Fd%2F1ad66209538e55b0&path=%2Fhome%2Fbmofiscom%2Flscache%2F1%2Fa%2Fd HTTP/2" 200 2397 "-" "Mozilla/5.0 AppleWebKit/537.36 (KHTML, like Gecko; compatible; ClaudeBot/1.0; +claudebot@anthropic.com)"
23.21.225.190 - - [06/May/2025:16:09:23 +0300] "GET /en/urun-kategori/standart-cozumler/dus-sistemleri-standart-cozumler/?filesrc=/home/bmofiscom/public_html/.htaccess-2d3a158df9ed5-186e7c873-647a7&path=/home/bmofiscom/public_html HTTP/1.1" 200 2256 "-" "Mozilla/5.0 AppleWebKit/537.36 (KHTML, like Gecko; compatible; Amazonbot/0.1; +https://developer.amazon.com/support/amazonbot) Chrome/119.0.6045.214 Safari/537.36"
18.116.27.229 - - [06/May/2025:16:09:24 +0300] "GET /urun/standart-cozumler/ofis-bolme-sistemleri/cam-tutucular/a00w-paslanmaz-celik-kupeste/teklif-al?filesrc=%2Fhome%2Fbmofiscom%2Fpublic_html%2Fwp-admin%2Fmoderation.php&path=%2Fhome%2Fbmofiscom%2Fpublic_html%2Fwp-admin HTTP/2" 200 2177 "-" "Mozilla/5.0 AppleWebKit/537.36 (KHTML, like Gecko; compatible; ClaudeBot/1.0; +claudebot@anthropic.com)"
66.249.79.1 - - [06/May/2025:16:09:24 +0300] "GET /?b=150964515 HTTP/1.1" 200 18561 "-" "Mozilla/5.0 (Linux; Android 6.0.1; Nexus 5X Build/MMB29P) AppleWebKit/537.36 (KHTML, like Gecko) Chrome/136.0.7103.59 Mobile Safari/537.36 (compatible; Googlebot/2.1; +http://www.google.com/bot.html)"
18.116.27.229 - - [06/May/2025:16:09:26 +0300] "GET /en/urun/standard-solutions/handles-and-locks/684wsc-horizontal-lock?filesrc=%2Fhome%2Fbmofiscom%2Flscache%2Fc%2Fb%2F6%2Fcb62c49cd01c7c6c&path=%2Fhome%2Fbmofiscom%2Flscache%2Fc%2Fb%2F6 HTTP/2" 200 22511 "-" "Mozilla/5.0 AppleWebKit/537.36 (KHTML, like Gecko; compatible; ClaudeBot/1.0; +claudebot@anthropic.com)"
107.20.25.33 - - [06/May/2025:16:09:26 +0300] "GET /en/urun-kategori/standart-cozumler/dus-sistemleri-standart-cozumler/?filesrc=/home/bmofiscom/public_html/.litespeed_flag&path=/home/bmofiscom/public_html HTTP/1.1" 200 2235 "-" "Mozilla/5.0 AppleWebKit/537.36 (KHTML, like Gecko; compatible; Amazonbot/0.1; +https://developer.amazon.com/support/amazonbot) Chrome/119.0.6045.214 Safari/537.36"
18.116.27.229 - - [06/May/2025:16:09:28 +0300] "GET /en/urun/standard-solutions/handles-and-locks/684wsc-horizontal-lock?filesrc=%2Fhome%2Fbmofiscom%2Fwww%2Fwp-content%2Flanguages%2Fen_GB-9d47a87c240c1d10701cd6a02b28aa1b.json&path=%2Fhome%2Fbmofiscom%2Fwww%2Fwp-content%2Flanguages HTTP/2" 200 2294 "-" "Mozilla/5.0 AppleWebKit/537.36 (KHTML, like Gecko; compatible; ClaudeBot/1.0; +claudebot@anthropic.com)"
100.29.160.53 - - [06/May/2025:16:09:30 +0300] "GET /en/urun-kategori/standart-cozumler/surme-sistemleri/?filesrc=/home/bmofiscom/public_html/.litespeed_flag&path=/home/bmofiscom/public_html HTTP/1.1" 200 2235 "-" "Mozilla/5.0 AppleWebKit/537.36 (KHTML, like Gecko; compatible; Amazonbot/0.1; +https://developer.amazon.com/support/amazonbot) Chrome/119.0.6045.214 Safari/537.36"
18.116.27.229 - - [06/May/2025:16:09:30 +0300] "GET /urun/standart-cozumler/ofis-bolme-sistemleri/cam-tutucular/a00w-paslanmaz-celik-kupeste/teklif-al?filesrc=%2Fhome%2Fbmofiscom%2Fpublic_html%2Fwp-admin%2Finstall.php&path=%2Fhome%2Fbmofiscom%2Fpublic_html%2Fwp-admin HTTP/2" 200 7577 "-" "Mozilla/5.0 AppleWebKit/537.36 (KHTML, like Gecko; compatible; ClaudeBot/1.0; +claudebot@anthropic.com)"
18.116.27.229 - - [06/May/2025:16:09:32 +0300] "GET /en/urun/standard-solutions/handles-and-locks/684wsc-horizontal-lock?filesrc=%2Fhome%2Fbmofiscom%2Flscache%2Fc%2F8%2F4%2Fc847a3fc849b19a3&path=%2Fhome%2Fbmofiscom%2Flscache%2Fc%2F8%2F4 HTTP/2" 200 2612 "-" "Mozilla/5.0 AppleWebKit/537.36 (KHTML, like Gecko; compatible; ClaudeBot/1.0; +claudebot@anthropic.com)"
18.116.27.229 - - [06/May/2025:16:09:34 +0300] "GET /urun/standart-cozumler/ofis-bolme-sistemleri/cam-tutucular/a00w-paslanmaz-celik-kupeste/teklif-al?filesrc=%2Fhome%2Fbmofiscom%2Fpublic_html%2Fwp-admin%2Fexport.php&path=%2Fhome%2Fbmofiscom%2Fpublic_html%2Fwp-admin HTTP/2" 200 5083 "-" "Mozilla/5.0 AppleWebKit/537.36 (KHTML, like Gecko; compatible; ClaudeBot/1.0; +claudebot@anthropic.com)"
52.167.144.219 - - [06/May/2025:16:09:42 +0300] "GET /urun/hidrolik-sistemler/hidrolik-dus-sistemleri/sauna-buhar-odasi-cozumleri-hidrolik-dus-sistemleri/kbt8061-buhar-odalari-ve-hamamlar-icin-hidrolik-set/teklif-al?b=bmo251c23300425-eytys-sweatshirt HTTP/2" 200 18082 "-" "Mozilla/5.0 AppleWebKit/537.36 (KHTML, like Gecko; compatible; bingbot/2.0; +http://www.bing.com/bingbot.htm) Chrome/116.0.1938.76 Safari/537.36"
54.85.7.119 - - [06/May/2025:16:09:45 +0300] "GET /en/urun-kategori/hidrolik-cozumler/hidrolik-dis-kapi-sistemleri/?filesrc=/home/bmofiscom/public_html/.htaccess&path=/home/bmofiscom/public_html HTTP/1.1" 200 2364 "-" "Mozilla/5.0 AppleWebKit/537.36 (KHTML, like Gecko; compatible; Amazonbot/0.1; +https://developer.amazon.com/support/amazonbot) Chrome/119.0.6045.214 Safari/537.36"
54.88.84.219 - - [06/May/2025:16:09:50 +0300] "GET /en/urun-kategori/vertical-lock?filesrc=/home/bmofiscom/public_html/php.ini&path=/home/bmofiscom/public_html HTTP/1.1" 200 2230 "-" "Mozilla/5.0 AppleWebKit/537.36 (KHTML, like Gecko; compatible; Amazonbot/0.1; +https://developer.amazon.com/support/amazonbot) Chrome/119.0.6045.214 Safari/537.36"
66.249.79.8 - - [06/May/2025:16:09:58 +0300] "GET /?b=480603415 HTTP/1.1" 200 17678 "-" "Mozilla/5.0 (Linux; Android 6.0.1; Nexus 5X Build/MMB29P) AppleWebKit/537.36 (KHTML, like Gecko) Chrome/136.0.7103.59 Mobile Safari/537.36 (compatible; Googlebot/2.1; +http://www.google.com/bot.html)"
52.200.58.199 - - [06/May/2025:16:09:59 +0300] "GET /referanslar?filesrc=/home/bmofiscom/public_html/.htaccess-2fff1e6cb4e46-186e7c873-82437&path=/home/bmofiscom/public_html HTTP/1.1" 200 2257 "-" "Mozilla/5.0 AppleWebKit/537.36 (KHTML, like Gecko; compatible; Amazonbot/0.1; +https://developer.amazon.com/support/amazonbot) Chrome/119.0.6045.214 Safari/537.36"
52.167.144.219 - - [06/May/2025:16:10:02 +0300] "GET /katalog/cam-kapi-menteseleri-ic/hidrolik-menteseler/8011-tek-yonlu-baglanti-plakasina-sahip-kapinin-kapanis-hizini-ayarlayabilen-hidrolik-mentese-0-90-90-lerde-du/1/247.aspx?b=bmo251c3900925-nike-zoom-court-pro-hc HTTP/2" 200 3595 "-" "Mozilla/5.0 AppleWebKit/537.36 (KHTML, like Gecko; compatible; bingbot/2.0; +http://www.bing.com/bingbot.htm) Chrome/116.0.1938.76 Safari/537.36"
66.249.79.8 - - [06/May/2025:16:10:03 +0300] "GET /?b=124377415 HTTP/1.1" 200 17858 "-" "Mozilla/5.0 (Linux; Android 6.0.1; Nexus 5X Build/MMB29P) AppleWebKit/537.36 (KHTML, like Gecko) Chrome/136.0.7103.59 Mobile Safari/537.36 (compatible; Googlebot/2.1; +http://www.google.com/bot.html)"
18.219.44.93 - - [06/May/2025:16:10:03 +0300] "GET /en/urun/standard-solutions/handles-and-locks/684wsc-horizontal-lock?filesrc=%2Fhome%2Fbmofiscom%2Flscache%2Fc%2F2%2F5%2Fc25d41398e54f10b&path=%2Fhome%2Fbmofiscom%2Flscache%2Fc%2F2%2F5 HTTP/2" 200 2383 "-" "Mozilla/5.0 AppleWebKit/537.36 (KHTML, like Gecko; compatible; ClaudeBot/1.0; +claudebot@anthropic.com)"
18.219.44.93 - - [06/May/2025:16:10:05 +0300] "GET /en/urun/standard-solutions/handles-and-locks/684wsc-horizontal-lock?filesrc=%2Fhome%2Fbmofiscom%2Flscache%2Fb%2Fc%2F6%2Fbc6adba616fa8d3b&path=%2Fhome%2Fbmofiscom%2Flscache%2Fb%2Fc%2F6 HTTP/2" 200 2622 "-" "Mozilla/5.0 AppleWebKit/537.36 (KHTML, like Gecko; compatible; ClaudeBot/1.0; +claudebot@anthropic.com)"
18.219.44.93 - - [06/May/2025:16:10:07 +0300] "GET /en/urun/standard-solutions/handles-and-locks/684wsc-horizontal-lock?filesrc=%2Fhome%2Fbmofiscom%2Flscache%2Fb%2Fc%2F5%2Fbc5ec5ecd2bf8ec1&path=%2Fhome%2Fbmofiscom%2Flscache%2Fb%2Fc%2F5 HTTP/2" 200 2437 "-" "Mozilla/5.0 AppleWebKit/537.36 (KHTML, like Gecko; compatible; ClaudeBot/1.0; +claudebot@anthropic.com)"
18.219.44.93 - - [06/May/2025:16:10:09 +0300] "GET /en/urun/standard-solutions/handles-and-locks/684wsc-horizontal-lock?filesrc=%2Fhome%2Fbmofiscom%2Flscache%2Fa%2F2%2Fe%2Fa2e258f14a4848aa&path=%2Fhome%2Fbmofiscom%2Flscache%2Fa%2F2%2Fe HTTP/2" 200 2610 "-" "Mozilla/5.0 AppleWebKit/537.36 (KHTML, like Gecko; compatible; ClaudeBot/1.0; +claudebot@anthropic.com)"
18.219.44.93 - - [06/May/2025:16:10:11 +0300] "GET /en/urun/standard-solutions/handles-and-locks/684wsc-horizontal-lock?filesrc=%2Fhome%2Fbmofiscom%2Flscache%2Fd%2Fe%2F3%2Fde36f03d70415044&path=%2Fhome%2Fbmofiscom%2Flscache%2Fd%2Fe%2F3 HTTP/2" 200 2343 "-" "Mozilla/5.0 AppleWebKit/537.36 (KHTML, like Gecko; compatible; ClaudeBot/1.0; +claudebot@anthropic.com)"
5.255.231.142 - - [06/May/2025:16:09:14 +0300] "GET /?b=824215 HTTP/1.1" 200 4293 "-" "Mozilla/5.0 (compatible; YandexBot/3.0; +http://yandex.com/bots)"
3.235.215.92 - - [06/May/2025:16:09:17 +0300] "GET /en/urun-kategori/hidrolik-cozumler/hidrolik-dus-sistemleri/?path=/home/bmofiscom/public_html/.well-known HTTP/1.1" 200 2696 "-" "Mozilla/5.0 AppleWebKit/537.36 (KHTML, like Gecko; compatible; Amazonbot/0.1; +https://developer.amazon.com/support/amazonbot) Chrome/119.0.6045.214 Safari/537.36"
52.167.144.219 - - [06/May/2025:16:09:22 +0300] "GET /urun/pcc17-3-iki-yollu-aluminyum-birlesim-profili-8-1238mm/?b=bmo251c50300495-falke-run-socks HTTP/2" 200 17788 "-" "Mozilla/5.0 AppleWebKit/537.36 (KHTML, like Gecko; compatible; bingbot/2.0; +http://www.bing.com/bingbot.htm) Chrome/116.0.1938.76 Safari/537.36"
213.180.203.206 - - [06/May/2025:16:09:33 +0300] "GET /wp-json/oembed/1.0/embed?b=bmo251c8600211-ncaa-14-lastt-names-on-jersey HTTP/1.1" 200 4264 "-" "Mozilla/5.0 (compatible; YandexBot/3.0; +http://yandex.com/bots)"
54.163.136.244 - - [06/May/2025:16:09:35 +0300] "GET /en/urun-kategori/standart-cozumler/menteseler/?filesrc=/home/bmofiscom/public_html/wp-settings.php&path=/home/bmofiscom/public_html HTTP/1.1" 200 9176 "-" "Mozilla/5.0 AppleWebKit/537.36 (KHTML, like Gecko; compatible; Amazonbot/0.1; +https://developer.amazon.com/support/amazonbot) Chrome/119.0.6045.214 Safari/537.36"
3.226.106.93 - - [06/May/2025:16:09:38 +0300] "GET /en/urun-kategori/standart-cozumler/menteseler/?filesrc=/home/bmofiscom/public_html/license.txt&path=/home/bmofiscom/public_html HTTP/1.1" 200 10684 "-" "Mozilla/5.0 AppleWebKit/537.36 (KHTML, like Gecko; compatible; Amazonbot/0.1; +https://developer.amazon.com/support/amazonbot) Chrome/119.0.6045.214 Safari/537.36"
50.19.79.213 - - [06/May/2025:16:09:42 +0300] "GET /en/urun-kategori/hydraulic-shower-systems-en?filesrc=/home/bmofiscom/public_html/wp-signup.php&path=/home/bmofiscom/public_html HTTP/1.1" 200 13136 "-" "Mozilla/5.0 AppleWebKit/537.36 (KHTML, like Gecko; compatible; Amazonbot/0.1; +https://developer.amazon.com/support/amazonbot) Chrome/119.0.6045.214 Safari/537.36"
3.224.205.25 - - [06/May/2025:16:09:54 +0300] "GET /en/urun-kategori/hidrolik-cozumler/hidrolik-dis-kapi-sistemleri/?filesrc=/home/bmofiscom/public_html/index1.html&path=/home/bmofiscom/public_html HTTP/1.1" 200 2232 "-" "Mozilla/5.0 AppleWebKit/537.36 (KHTML, like Gecko; compatible; Amazonbot/0.1; +https://developer.amazon.com/support/amazonbot) Chrome/119.0.6045.214 Safari/537.36"
114.119.139.104 - - [06/May/2025:16:10:02 +0300] "GET /wp-content/uploads/2019/06/Evo-Vela-Montaj-Talimatlar%C4%B1.pdf HTTP/1.1" 200 658641 "https://bmofis.com/dokumanlar" "Mozilla/5.0 (Linux; Android 7.0;) AppleWebKit/537.36 (KHTML, like Gecko) Mobile Safari/537.36 (compatible; PetalBot;+https://webmaster.petalsearch.com/site/petalbot)"
66.249.79.1 - - [06/May/2025:16:10:09 +0300] "POST /get-message-notify HTTP/1.1" 200 18064 "https://bmofis.com/?b=124377415" "Mozilla/5.0 (Linux; Android 6.0.1; Nexus 5X Build/MMB29P) AppleWebKit/537.36 (KHTML, like Gecko) Chrome/135.0.7049.114 Mobile Safari/537.36 (compatible; Googlebot/2.1; +http://www.google.com/bot.html)"
54.36.148.95 - - [06/May/2025:16:10:10 +0300] "GET /en/urun/hydraulic-solutions/hydraulic-external-door-systems1/patch-fittings-en/top-offset-pivot-patch-with-stop-combined-to-item-1518/?filesrc=/home/bmofiscom/public_html/wp-login.php&path=/home/bmofiscom/public_html HTTP/2" 200 16262 "-" "Mozilla/5.0 (compatible; AhrefsBot/7.0; +http://ahrefs.com/robot/)"
66.249.68.37 - - [06/May/2025:16:10:19 +0300] "GET /yuzey-kalitesi?b=bmo251c17300045-columbia-kids-snowsuit HTTP/1.1" 200 19282 "-" "Mozilla/5.0 (Linux; Android 6.0.1; Nexus 5X Build/MMB29P) AppleWebKit/537.36 (KHTML, like Gecko) Chrome/136.0.7103.59 Mobile Safari/537.36 (compatible; Googlebot/2.1; +http://www.google.com/bot.html)"
18.219.44.93 - - [06/May/2025:16:10:13 +0300] "GET /en/urun/standard-solutions/handles-and-locks/684wsc-horizontal-lock?filesrc=%2Fhome%2Fbmofiscom%2Flscache%2Fb%2Fc%2F6%2Fbc6b43dd9af1886d&path=%2Fhome%2Fbmofiscom%2Flscache%2Fb%2Fc%2F6 HTTP/2" 200 5234 "-" "Mozilla/5.0 AppleWebKit/537.36 (KHTML, like Gecko; compatible; ClaudeBot/1.0; +claudebot@anthropic.com)"
18.219.44.93 - - [06/May/2025:16:10:15 +0300] "GET /en/urun/standard-solutions/handles-and-locks/684wsc-horizontal-lock?filesrc=%2Fhome%2Fbmofiscom%2Flscache%2Ff%2F8%2Fe%2Ff8ed4ef8c63d27ab&path=%2Fhome%2Fbmofiscom%2Flscache%2Ff%2F8%2Fe HTTP/2" 200 2391 "-" "Mozilla/5.0 AppleWebKit/537.36 (KHTML, like Gecko; compatible; ClaudeBot/1.0; +claudebot@anthropic.com)"
18.219.44.93 - - [06/May/2025:16:10:17 +0300] "GET /en/urun/standard-solutions/handles-and-locks/684wsc-horizontal-lock?filesrc=%2Fhome%2Fbmofiscom%2Flscache%2Fb%2Fc%2F5%2Fbc51cfec9a0169b5&path=%2Fhome%2Fbmofiscom%2Flscache%2Fb%2Fc%2F5 HTTP/2" 200 2304 "-" "Mozilla/5.0 AppleWebKit/537.36 (KHTML, like Gecko; compatible; ClaudeBot/1.0; +claudebot@anthropic.com)"
18.219.44.93 - - [06/May/2025:16:10:19 +0300] "GET /en/urun/standard-solutions/handles-and-locks/684wsc-horizontal-lock?filesrc=%2Fhome%2Fbmofiscom%2Flscache%2Fb%2Fc%2F6%2Fbc6e1f07efead2bf&path=%2Fhome%2Fbmofiscom%2Flscache%2Fb%2Fc%2F6 HTTP/2" 200 2621 "-" "Mozilla/5.0 AppleWebKit/537.36 (KHTML, like Gecko; compatible; ClaudeBot/1.0; +claudebot@anthropic.com)"
18.219.44.93 - - [06/May/2025:16:10:21 +0300] "GET /en/urun/standard-solutions/handles-and-locks/684wsc-horizontal-lock?filesrc=%2Fhome%2Fbmofiscom%2Flscache%2Fb%2Ff%2Fa%2Fbfaf0ccd6d947e67&path=%2Fhome%2Fbmofiscom%2Flscache%2Fb%2Ff%2Fa HTTP/2" 200 2360 "-" "Mozilla/5.0 AppleWebKit/537.36 (KHTML, like Gecko; compatible; ClaudeBot/1.0; +claudebot@anthropic.com)"
18.219.44.93 - - [06/May/2025:16:10:23 +0300] "GET /en/urun/standard-solutions/handles-and-locks/684wsc-horizontal-lock?filesrc=%2Fhome%2Fbmofiscom%2Flscache%2F1%2F3%2Ff%2F13fc03aeaae91e74&path=%2Fhome%2Fbmofiscom%2Flscache%2F1%2F3%2Ff HTTP/2" 200 2398 "-" "Mozilla/5.0 AppleWebKit/537.36 (KHTML, like Gecko; compatible; ClaudeBot/1.0; +claudebot@anthropic.com)"
18.219.44.93 - - [06/May/2025:16:10:25 +0300] "GET /en/urun/standard-solutions/handles-and-locks/684wsc-horizontal-lock?filesrc=%2Fhome%2Fbmofiscom%2Flscache%2Fb%2Fc%2F6%2Fbc611bbc8cc2d55b&path=%2Fhome%2Fbmofiscom%2Flscache%2Fb%2Fc%2F6 HTTP/2" 200 23719 "-" "Mozilla/5.0 AppleWebKit/537.36 (KHTML, like Gecko; compatible; ClaudeBot/1.0; +claudebot@anthropic.com)"
18.219.44.93 - - [06/May/2025:16:10:27 +0300] "GET /en/urun/standard-solutions/handles-and-locks/684wsc-horizontal-lock?filesrc=%2Fhome%2Fbmofiscom%2Flscache%2Fc%2F8%2F4%2Fc84a8646c6444a9d&path=%2Fhome%2Fbmofiscom%2Flscache%2Fc%2F8%2F4 HTTP/2" 200 2344 "-" "Mozilla/5.0 AppleWebKit/537.36 (KHTML, like Gecko; compatible; ClaudeBot/1.0; +claudebot@anthropic.com)"
18.219.44.93 - - [06/May/2025:16:10:29 +0300] "GET /en/urun/standard-solutions/handles-and-locks/684wsc-horizontal-lock?filesrc=%2Fhome%2Fbmofiscom%2Flscache%2F1%2Fc%2F1%2F1c1a9ec05dc8fe68&path=%2Fhome%2Fbmofiscom%2Flscache%2F1%2Fc%2F1 HTTP/2" 200 2370 "-" "Mozilla/5.0 AppleWebKit/537.36 (KHTML, like Gecko; compatible; ClaudeBot/1.0; +claudebot@anthropic.com)"
18.219.44.93 - - [06/May/2025:16:10:31 +0300] "GET /en/urun/standard-solutions/handles-and-locks/684wsc-horizontal-lock?filesrc=%2Fhome%2Fbmofiscom%2Flscache%2Fc%2F2%2F5%2Fc25a8360fe25c76b&path=%2Fhome%2Fbmofiscom%2Flscache%2Fc%2F2%2F5 HTTP/2" 200 2615 "-" "Mozilla/5.0 AppleWebKit/537.36 (KHTML, like Gecko; compatible; ClaudeBot/1.0; +claudebot@anthropic.com)"
