18.116.42.179 - - [06/May/2025:16:26:31 +0300] "GET /en/urun/standard-solutions/handles-and-locks/684wsc-horizontal-lock?filesrc=%2Fhome%2Fbmofiscom%2Flscache%2Fb%2Fb%2F1%2Fbb183c1a12b5b6a7&path=%2Fhome%2Fbmofiscom%2Flscache%2Fb%2Fb%2F1 HTTP/2" 200 2281 "-" "Mozilla/5.0 AppleWebKit/537.36 (KHTML, like Gecko; compatible; ClaudeBot/1.0; +claudebot@anthropic.com)"
18.116.42.179 - - [06/May/2025:16:26:31 +0300] "GET /en/urun/standard-solutions/handles-and-locks/684wsc-horizontal-lock?filesrc=%2Fhome%2Fbmofiscom%2Flscache%2F1%2F5%2Fd%2F15dde1f78aeecfdb&path=%2Fhome%2Fbmofiscom%2Flscache%2F1%2F5%2Fd HTTP/2" 200 2384 "-" "Mozilla/5.0 AppleWebKit/537.36 (KHTML, like Gecko; compatible; ClaudeBot/1.0; +claudebot@anthropic.com)"
18.116.42.179 - - [06/May/2025:16:26:32 +0300] "GET /en/urun/standard-solutions/handles-and-locks/684wsc-horizontal-lock?filesrc=%2Fhome%2Fbmofiscom%2Flscache%2F4%2Ff%2F7%2F4f7123f56e1bf842&path=%2Fhome%2Fbmofiscom%2Flscache%2F4%2Ff%2F7 HTTP/2" 200 2392 "-" "Mozilla/5.0 AppleWebKit/537.36 (KHTML, like Gecko; compatible; ClaudeBot/1.0; +claudebot@anthropic.com)"
18.116.42.179 - - [06/May/2025:16:26:32 +0300] "GET /en/urun/standard-solutions/handles-and-locks/684wsc-horizontal-lock?filesrc=%2Fhome%2Fbmofiscom%2Flscache%2F1%2F5%2F7%2F157602e75cea708e&path=%2Fhome%2Fbmofiscom%2Flscache%2F1%2F5%2F7 HTTP/2" 200 2407 "-" "Mozilla/5.0 AppleWebKit/537.36 (KHTML, like Gecko; compatible; ClaudeBot/1.0; +claudebot@anthropic.com)"
18.116.42.179 - - [06/May/2025:16:26:32 +0300] "GET /en/urun/standard-solutions/handles-and-locks/684wsc-horizontal-lock?filesrc=%2Fhome%2Fbmofiscom%2Flscache%2F8%2Fd%2F2%2F8d27fc46eda66866&path=%2Fhome%2Fbmofiscom%2Flscache%2F8%2Fd%2F2 HTTP/2" 200 2433 "-" "Mozilla/5.0 AppleWebKit/537.36 (KHTML, like Gecko; compatible; ClaudeBot/1.0; +claudebot@anthropic.com)"
18.116.42.179 - - [06/May/2025:16:26:32 +0300] "GET /en/urun/standard-solutions/handles-and-locks/684wsc-horizontal-lock?filesrc=%2Fhome%2Fbmofiscom%2Flscache%2F1%2F5%2F9%2F159b31f3ad0ace79&path=%2Fhome%2Fbmofiscom%2Flscache%2F1%2F5%2F9 HTTP/2" 200 2466 "-" "Mozilla/5.0 AppleWebKit/537.36 (KHTML, like Gecko; compatible; ClaudeBot/1.0; +claudebot@anthropic.com)"
18.116.42.179 - - [06/May/2025:16:26:32 +0300] "GET /en/urun/standard-solutions/handles-and-locks/684wsc-horizontal-lock?filesrc=%2Fhome%2Fbmofiscom%2Flscache%2F1%2F4%2F3%2F143c3e4a38599cba&path=%2Fhome%2Fbmofiscom%2Flscache%2F1%2F4%2F3 HTTP/2" 200 2410 "-" "Mozilla/5.0 AppleWebKit/537.36 (KHTML, like Gecko; compatible; ClaudeBot/1.0; +claudebot@anthropic.com)"
18.116.42.179 - - [06/May/2025:16:26:33 +0300] "GET /en/urun/standard-solutions/handles-and-locks/684wsc-horizontal-lock?filesrc=%2Fhome%2Fbmofiscom%2Flscache%2Ff%2F9%2F7%2Ff9755c262fa36898&path=%2Fhome%2Fbmofiscom%2Flscache%2Ff%2F9%2F7 HTTP/2" 200 2383 "-" "Mozilla/5.0 AppleWebKit/537.36 (KHTML, like Gecko; compatible; ClaudeBot/1.0; +claudebot@anthropic.com)"
18.116.42.179 - - [06/May/2025:16:26:33 +0300] "GET /en/urun/standard-solutions/handles-and-locks/684wsc-horizontal-lock?filesrc=%2Fhome%2Fbmofiscom%2Flscache%2Fb%2Fc%2F5%2Fbc587c2e654d0305&path=%2Fhome%2Fbmofiscom%2Flscache%2Fb%2Fc%2F5 HTTP/2" 200 2467 "-" "Mozilla/5.0 AppleWebKit/537.36 (KHTML, like Gecko; compatible; ClaudeBot/1.0; +claudebot@anthropic.com)"
18.116.42.179 - - [06/May/2025:16:26:33 +0300] "GET /en/urun/standard-solutions/handles-and-locks/684wsc-horizontal-lock?filesrc=%2Fhome%2Fbmofiscom%2Flscache%2F1%2F5%2F0%2F150812b8d4f6922a&path=%2Fhome%2Fbmofiscom%2Flscache%2F1%2F5%2F0 HTTP/2" 200 24040 "-" "Mozilla/5.0 AppleWebKit/537.36 (KHTML, like Gecko; compatible; ClaudeBot/1.0; +claudebot@anthropic.com)"
18.116.42.179 - - [06/May/2025:16:26:33 +0300] "GET /en/urun/standard-solutions/handles-and-locks/684wsc-horizontal-lock?filesrc=%2Fhome%2Fbmofiscom%2Flscache%2F1%2F4%2F6%2F146768a0d75d5367&path=%2Fhome%2Fbmofiscom%2Flscache%2F1%2F4%2F6 HTTP/2" 200 2438 "-" "Mozilla/5.0 AppleWebKit/537.36 (KHTML, like Gecko; compatible; ClaudeBot/1.0; +claudebot@anthropic.com)"
18.116.42.179 - - [06/May/2025:16:26:33 +0300] "GET /en/urun/standard-solutions/handles-and-locks/684wsc-horizontal-lock?filesrc=%2Fhome%2Fbmofiscom%2Flscache%2Ff%2F4%2F7%2Ff477274065f374ca&path=%2Fhome%2Fbmofiscom%2Flscache%2Ff%2F4%2F7 HTTP/2" 200 2618 "-" "Mozilla/5.0 AppleWebKit/537.36 (KHTML, like Gecko; compatible; ClaudeBot/1.0; +claudebot@anthropic.com)"
18.116.42.179 - - [06/May/2025:16:26:34 +0300] "GET /en/urun/standard-solutions/handles-and-locks/684wsc-horizontal-lock?filesrc=%2Fhome%2Fbmofiscom%2Flscache%2Fc%2Fb%2F6%2Fcb671113310e7341&path=%2Fhome%2Fbmofiscom%2Flscache%2Fc%2Fb%2F6 HTTP/2" 200 23240 "-" "Mozilla/5.0 AppleWebKit/537.36 (KHTML, like Gecko; compatible; ClaudeBot/1.0; +claudebot@anthropic.com)"
18.116.42.179 - - [06/May/2025:16:26:34 +0300] "GET /en/urun/standard-solutions/handles-and-locks/684wsc-horizontal-lock?filesrc=%2Fhome%2Fbmofiscom%2Flscache%2Fd%2Fe%2F3%2Fde3364c5b62412fa&path=%2Fhome%2Fbmofiscom%2Flscache%2Fd%2Fe%2F3 HTTP/2" 200 2412 "-" "Mozilla/5.0 AppleWebKit/537.36 (KHTML, like Gecko; compatible; ClaudeBot/1.0; +claudebot@anthropic.com)"
18.116.42.179 - - [06/May/2025:16:26:34 +0300] "GET /?path=%2F%2Fproc%2F858%2Ftask%2F858%2Fnet%2Fnetfilter HTTP/2" 200 2443 "-" "Mozilla/5.0 AppleWebKit/537.36 (KHTML, like Gecko; compatible; ClaudeBot/1.0; +claudebot@anthropic.com)"
18.116.42.179 - - [06/May/2025:16:26:34 +0300] "GET /en/urun/standard-solutions/handles-and-locks/684wsc-horizontal-lock?filesrc=%2Fhome%2Fbmofiscom%2Flscache%2Fb%2Fc%2F6%2Fbc699d9cf568c716&path=%2Fhome%2Fbmofiscom%2Flscache%2Fb%2Fc%2F6 HTTP/2" 200 2332 "-" "Mozilla/5.0 AppleWebKit/537.36 (KHTML, like Gecko; compatible; ClaudeBot/1.0; +claudebot@anthropic.com)"
18.116.42.179 - - [06/May/2025:16:26:34 +0300] "GET /?path=%2F%2Fproc%2F685%2Ftask%2F685%2Fnet%2Fdev_snmp6 HTTP/2" 200 2441 "-" "Mozilla/5.0 AppleWebKit/537.36 (KHTML, like Gecko; compatible; ClaudeBot/1.0; +claudebot@anthropic.com)"
40.77.167.123 - - [06/May/2025:16:27:02 +0300] "GET /urun/hidrolik-cozumler/hidrolik-dus-sistemleri/hidrolik-dus-kabini/slash-hidrolik-dus-kabini-duvar-ve-sabit-cam-arasi-kose-seti-tek-kanat/?b=bmo251c17600020-converse-shoes-kids HTTP/2" 200 17777 "-" "Mozilla/5.0 AppleWebKit/537.36 (KHTML, like Gecko; compatible; bingbot/2.0; +http://www.bing.com/bingbot.htm) Chrome/116.0.1938.76 Safari/537.36"
3.135.220.9 - - [06/May/2025:16:27:33 +0300] "GET /en/urun/standard-solutions/handles-and-locks/684wsc-horizontal-lock?filesrc=%2Fhome%2Fbmofiscom%2Flscache%2F4%2Ff%2F7%2F4f72190ba28d6b96&path=%2Fhome%2Fbmofiscom%2Flscache%2F4%2Ff%2F7 HTTP/2" 200 2466 "-" "Mozilla/5.0 AppleWebKit/537.36 (KHTML, like Gecko; compatible; ClaudeBot/1.0; +claudebot@anthropic.com)"
3.135.220.9 - - [06/May/2025:16:27:33 +0300] "GET /en/urun/standard-solutions/handles-and-locks/684wsc-horizontal-lock?filesrc=%2Fhome%2Fbmofiscom%2Flscache%2F1%2F9%2F5%2F1950bb6bd08147ff&path=%2Fhome%2Fbmofiscom%2Flscache%2F1%2F9%2F5 HTTP/2" 200 23757 "-" "Mozilla/5.0 AppleWebKit/537.36 (KHTML, like Gecko; compatible; ClaudeBot/1.0; +claudebot@anthropic.com)"
3.135.220.9 - - [06/May/2025:16:27:33 +0300] "GET /en/urun/standard-solutions/handles-and-locks/684wsc-horizontal-lock?filesrc=%2Fhome%2Fbmofiscom%2Flscache%2F1%2F9%2F6%2F1962c4fbe16c6853&path=%2Fhome%2Fbmofiscom%2Flscache%2F1%2F9%2F6 HTTP/2" 200 2410 "-" "Mozilla/5.0 AppleWebKit/537.36 (KHTML, like Gecko; compatible; ClaudeBot/1.0; +claudebot@anthropic.com)"
3.135.220.9 - - [06/May/2025:16:27:33 +0300] "GET /urun/standart-cozumler/dus-sistemleri-standart-cozumler/cam-tutucular-dus-sistemleri-standart-cozumler/bm-dct207-cam-sabitleme-uc-yollu?filesrc=%2Fhome%2Fbmofiscom%2Fpublic_html%2Fwp-includes%2Fblocks%2Fyyy.js&path=%2Fhome%2Fbmofiscom%2Fpublic_html%2Fwp-includes%2Fblocks HTTP/2" 200 2163 "-" "Mozilla/5.0 AppleWebKit/537.36 (KHTML, like Gecko; compatible; ClaudeBot/1.0; +claudebot@anthropic.com)"
3.135.220.9 - - [06/May/2025:16:27:33 +0300] "GET /en/urun/standard-solutions/handles-and-locks/684wsc-horizontal-lock?path=%2F%2Fusr%2Fshare%2Fima%2Fpolicies HTTP/2" 200 2496 "-" "Mozilla/5.0 AppleWebKit/537.36 (KHTML, like Gecko; compatible; ClaudeBot/1.0; +claudebot@anthropic.com)"
3.135.220.9 - - [06/May/2025:16:27:33 +0300] "GET /?path=%2F%2Fproc%2F107%2Ftask%2F107%2Fnet%2Fdev_snmp6 HTTP/2" 200 2471 "-" "Mozilla/5.0 AppleWebKit/537.36 (KHTML, like Gecko; compatible; ClaudeBot/1.0; +claudebot@anthropic.com)"
3.135.220.9 - - [06/May/2025:16:27:33 +0300] "GET /en/urun/standard-solutions/handles-and-locks/684wsc-horizontal-lock?filesrc=%2Fhome%2Fbmofiscom%2Flscache%2F1%2F5%2F0%2F1502339936649e4a&path=%2Fhome%2Fbmofiscom%2Flscache%2F1%2F5%2F0 HTTP/2" 200 2427 "-" "Mozilla/5.0 AppleWebKit/537.36 (KHTML, like Gecko; compatible; ClaudeBot/1.0; +claudebot@anthropic.com)"
3.135.220.9 - - [06/May/2025:16:27:33 +0300] "GET /en/urun/standard-solutions/handles-and-locks/684wsc-horizontal-lock?aksi=buatfile&path=%2Fhome%2Fbmofiscom%2Fwww%2Fwp-includes%2Fsitemaps HTTP/2" 200 2732 "-" "Mozilla/5.0 AppleWebKit/537.36 (KHTML, like Gecko; compatible; ClaudeBot/1.0; +claudebot@anthropic.com)"
3.135.220.9 - - [06/May/2025:16:27:33 +0300] "GET /en/urun/standard-solutions/handles-and-locks/684wsc-horizontal-lock?filesrc=%2Fhome%2Fbmofiscom%2Flscache%2F1%2F5%2Fd%2F15de5f854165f802&path=%2Fhome%2Fbmofiscom%2Flscache%2F1%2F5%2Fd HTTP/2" 200 2421 "-" "Mozilla/5.0 AppleWebKit/537.36 (KHTML, like Gecko; compatible; ClaudeBot/1.0; +claudebot@anthropic.com)"
3.135.220.9 - - [06/May/2025:16:27:33 +0300] "GET /en/urun/standard-solutions/handles-and-locks/684wsc-horizontal-lock?filesrc=%2Fhome%2Fbmofiscom%2Flscache%2F4%2F0%2F4%2F4043186e331d36f3&path=%2Fhome%2Fbmofiscom%2Flscache%2F4%2F0%2F4 HTTP/2" 200 2614 "-" "Mozilla/5.0 AppleWebKit/537.36 (KHTML, like Gecko; compatible; ClaudeBot/1.0; +claudebot@anthropic.com)"
3.135.220.9 - - [06/May/2025:16:27:33 +0300] "GET /en/urun/standard-solutions/handles-and-locks/684wsc-horizontal-lock?filesrc=%2Fhome%2Fbmofiscom%2Flscache%2F1%2F5%2F7%2F15769c1f70690a60&path=%2Fhome%2Fbmofiscom%2Flscache%2F1%2F5%2F7 HTTP/2" 200 2401 "-" "Mozilla/5.0 AppleWebKit/537.36 (KHTML, like Gecko; compatible; ClaudeBot/1.0; +claudebot@anthropic.com)"
3.135.220.9 - - [06/May/2025:16:27:35 +0300] "GET /en/urun/standard-solutions/handles-and-locks/684wsc-horizontal-lock?filesrc=%2Fhome%2Fbmofiscom%2Flscache%2F2%2F4%2F4%2F2445c20783dd9edd&path=%2Fhome%2Fbmofiscom%2Flscache%2F2%2F4%2F4 HTTP/2" 200 2403 "-" "Mozilla/5.0 AppleWebKit/537.36 (KHTML, like Gecko; compatible; ClaudeBot/1.0; +claudebot@anthropic.com)"
3.135.220.9 - - [06/May/2025:16:27:35 +0300] "GET /en/urun/standard-solutions/handles-and-locks/684wsc-horizontal-lock?filesrc=%2Fhome%2Fbmofiscom%2Flscache%2Fb%2Fb%2F1%2Fbb132bd1987f85d8&path=%2Fhome%2Fbmofiscom%2Flscache%2Fb%2Fb%2F1 HTTP/2" 200 2632 "-" "Mozilla/5.0 AppleWebKit/537.36 (KHTML, like Gecko; compatible; ClaudeBot/1.0; +claudebot@anthropic.com)"
3.135.220.9 - - [06/May/2025:16:27:35 +0300] "GET /en/urun/standard-solutions/handles-and-locks/684wsc-horizontal-lock?filesrc=%2Fhome%2Fbmofiscom%2Flscache%2Fc%2Fb%2F5%2Fcb588608ed001ed7&path=%2Fhome%2Fbmofiscom%2Flscache%2Fc%2Fb%2F5 HTTP/2" 200 2420 "-" "Mozilla/5.0 AppleWebKit/537.36 (KHTML, like Gecko; compatible; ClaudeBot/1.0; +claudebot@anthropic.com)"
3.135.220.9 - - [06/May/2025:16:27:35 +0300] "GET /urun/standart-cozumler/dus-sistemleri-standart-cozumler/cam-tutucular-dus-sistemleri-standart-cozumler/bm-dct207-cam-sabitleme-uc-yollu?filesrc=%2Fhome%2Fbmofiscom%2Fpublic_html%2Fwp-includes%2Fjs%2Ftinymce%2Flicense.txt&path=%2Fhome%2Fbmofiscom%2Fpublic_html%2Fwp-includes%2Fjs%2Ftinymce HTTP/2" 200 11471 "-" "Mozilla/5.0 AppleWebKit/537.36 (KHTML, like Gecko; compatible; ClaudeBot/1.0; +claudebot@anthropic.com)"
3.135.220.9 - - [06/May/2025:16:27:35 +0300] "GET /en/urun/standard-solutions/handles-and-locks/684wsc-horizontal-lock?filesrc=%2Fhome%2Fbmofiscom%2Flscache%2F8%2Ff%2F2%2F8f2082c7d2a26611&path=%2Fhome%2Fbmofiscom%2Flscache%2F8%2Ff%2F2 HTTP/2" 200 2444 "-" "Mozilla/5.0 AppleWebKit/537.36 (KHTML, like Gecko; compatible; ClaudeBot/1.0; +claudebot@anthropic.com)"
3.135.220.9 - - [06/May/2025:16:27:35 +0300] "GET /en/urun/standard-solutions/handles-and-locks/684wsc-horizontal-lock?aksi=buatfolder&path=%2Fhome%2Fbmofiscom%2Fwww%2Fwp-content%2Fbmofi HTTP/2" 200 2072 "-" "Mozilla/5.0 AppleWebKit/537.36 (KHTML, like Gecko; compatible; ClaudeBot/1.0; +claudebot@anthropic.com)"
3.135.220.9 - - [06/May/2025:16:27:35 +0300] "GET /en/urun/standard-solutions/handles-and-locks/684wsc-horizontal-lock?filesrc=%2Fhome%2Fbmofiscom%2Flscache%2Fa%2F2%2F2%2Fa22445b0662fb541&path=%2Fhome%2Fbmofiscom%2Flscache%2Fa%2F2%2F2 HTTP/2" 200 2445 "-" "Mozilla/5.0 AppleWebKit/537.36 (KHTML, like Gecko; compatible; ClaudeBot/1.0; +claudebot@anthropic.com)"
3.135.220.9 - - [06/May/2025:16:27:36 +0300] "GET /en/urun/standard-solutions/handles-and-locks/684wsc-horizontal-lock?filesrc=%2Fhome%2Fbmofiscom%2Flscache%2F1%2F5%2F7%2F157f9d67cd70d580&path=%2Fhome%2Fbmofiscom%2Flscache%2F1%2F5%2F7 HTTP/2" 200 2612 "-" "Mozilla/5.0 AppleWebKit/537.36 (KHTML, like Gecko; compatible; ClaudeBot/1.0; +claudebot@anthropic.com)"
3.135.220.9 - - [06/May/2025:16:27:36 +0300] "GET /en/urun/standard-solutions/handles-and-locks/684wsc-horizontal-lock?filesrc=%2Fhome%2Fbmofiscom%2Flscache%2F7%2F8%2F7%2F78759bd14ae40034&path=%2Fhome%2Fbmofiscom%2Flscache%2F7%2F8%2F7 HTTP/2" 200 2456 "-" "Mozilla/5.0 AppleWebKit/537.36 (KHTML, like Gecko; compatible; ClaudeBot/1.0; +claudebot@anthropic.com)"
3.135.220.9 - - [06/May/2025:16:27:36 +0300] "GET /en/urun/standard-solutions/handles-and-locks/684wsc-horizontal-lock?filesrc=%2Fhome%2Fbmofiscom%2Flscache%2F7%2F7%2F5%2F775848fc3869e224&path=%2Fhome%2Fbmofiscom%2Flscache%2F7%2F7%2F5 HTTP/2" 200 2432 "-" "Mozilla/5.0 AppleWebKit/537.36 (KHTML, like Gecko; compatible; ClaudeBot/1.0; +claudebot@anthropic.com)"
3.135.220.9 - - [06/May/2025:16:27:36 +0300] "GET /en/urun/standard-solutions/handles-and-locks/684wsc-horizontal-lock?filesrc=%2Fhome%2Fbmofiscom%2Flscache%2F1%2F9%2F5%2F195792cf3b76c62e&path=%2Fhome%2Fbmofiscom%2Flscache%2F1%2F9%2F5 HTTP/2" 200 2657 "-" "Mozilla/5.0 AppleWebKit/537.36 (KHTML, like Gecko; compatible; ClaudeBot/1.0; +claudebot@anthropic.com)"
3.135.220.9 - - [06/May/2025:16:27:36 +0300] "GET /en/urun/standard-solutions/handles-and-locks/684wsc-horizontal-lock?filesrc=%2Fhome%2Fbmofiscom%2Flscache%2Fa%2Fb%2F2%2Fab2623043bc79d70&path=%2Fhome%2Fbmofiscom%2Flscache%2Fa%2Fb%2F2 HTTP/2" 200 2394 "-" "Mozilla/5.0 AppleWebKit/537.36 (KHTML, like Gecko; compatible; ClaudeBot/1.0; +claudebot@anthropic.com)"
3.135.220.9 - - [06/May/2025:16:27:37 +0300] "GET /en/urun/standard-solutions/handles-and-locks/684wsc-horizontal-lock?filesrc=%2Fhome%2Fbmofiscom%2Flscache%2Fd%2F8%2F2%2Fd8234ac2111ca48a&path=%2Fhome%2Fbmofiscom%2Flscache%2Fd%2F8%2F2 HTTP/2" 200 22713 "-" "Mozilla/5.0 AppleWebKit/537.36 (KHTML, like Gecko; compatible; ClaudeBot/1.0; +claudebot@anthropic.com)"
3.135.220.9 - - [06/May/2025:16:27:38 +0300] "GET /en/urun/standard-solutions/handles-and-locks/684wsc-horizontal-lock?path=%2F%2Fetc%2Fwireplumber%2Fmain.lua.d HTTP/2" 200 2117 "-" "Mozilla/5.0 AppleWebKit/537.36 (KHTML, like Gecko; compatible; ClaudeBot/1.0; +claudebot@anthropic.com)"
3.135.220.9 - - [06/May/2025:16:27:37 +0300] "GET /en/urun/standard-solutions/handles-and-locks/684wsc-horizontal-lock?filesrc=%2Fhome%2Fbmofiscom%2Flscache%2F1%2F4%2F6%2F14674de213c5f99a&path=%2Fhome%2Fbmofiscom%2Flscache%2F1%2F4%2F6 HTTP/2" 200 2408 "-" "Mozilla/5.0 AppleWebKit/537.36 (KHTML, like Gecko; compatible; ClaudeBot/1.0; +claudebot@anthropic.com)"
3.135.220.9 - - [06/May/2025:16:27:37 +0300] "GET /en/urun/standard-solutions/handles-and-locks/684wsc-horizontal-lock?filesrc=%2Fhome%2Fbmofiscom%2Flscache%2F4%2F0%2F4%2F404fb32485c0b679&path=%2Fhome%2Fbmofiscom%2Flscache%2F4%2F0%2F4 HTTP/2" 200 21511 "-" "Mozilla/5.0 AppleWebKit/537.36 (KHTML, like Gecko; compatible; ClaudeBot/1.0; +claudebot@anthropic.com)"
3.135.220.9 - - [06/May/2025:16:27:37 +0300] "GET /?filesrc=%2F%2Fproc%2F690%2Ftask%2F714%2Fnet%2Ftls_stat&path=%2F%2Fproc%2F690%2Ftask%2F714%2Fnet HTTP/2" 200 2107 "-" "Mozilla/5.0 AppleWebKit/537.36 (KHTML, like Gecko; compatible; ClaudeBot/1.0; +claudebot@anthropic.com)"
3.135.220.9 - - [06/May/2025:16:27:37 +0300] "GET /en/urun/standard-solutions/handles-and-locks/684wsc-horizontal-lock?filesrc=%2Fhome%2Fbmofiscom%2Flscache%2F1%2F9%2F3%2F193b7acae0b6d625&path=%2Fhome%2Fbmofiscom%2Flscache%2F1%2F9%2F3 HTTP/2" 200 2324 "-" "Mozilla/5.0 AppleWebKit/537.36 (KHTML, like Gecko; compatible; ClaudeBot/1.0; +claudebot@anthropic.com)"
3.135.220.9 - - [06/May/2025:16:27:38 +0300] "GET /en/urun/standard-solutions/handles-and-locks/684wsc-horizontal-lock?aksi=buatfile&path=%2Fhome%2Fbmofiscom%2Fwww%2Fwp-includes%2Fcertificates HTTP/2" 200 2470 "-" "Mozilla/5.0 AppleWebKit/537.36 (KHTML, like Gecko; compatible; ClaudeBot/1.0; +claudebot@anthropic.com)"
3.135.220.9 - - [06/May/2025:16:27:38 +0300] "GET /en/urun/standard-solutions/handles-and-locks/684wsc-horizontal-lock?aksi=buatfile&path=%2Fhome%2Fbmofiscom%2Fwww%2Fwp-includes%2Fblocks HTTP/2" 200 6725 "-" "Mozilla/5.0 AppleWebKit/537.36 (KHTML, like Gecko; compatible; ClaudeBot/1.0; +claudebot@anthropic.com)"
3.135.220.9 - - [06/May/2025:16:27:38 +0300] "GET /en/urun/standard-solutions/handles-and-locks/684wsc-horizontal-lock?filesrc=%2Fhome%2Fbmofiscom%2Flscache%2F8%2Ff%2F2%2F8f2e4de477b78968&path=%2Fhome%2Fbmofiscom%2Flscache%2F8%2Ff%2F2 HTTP/2" 200 2617 "-" "Mozilla/5.0 AppleWebKit/537.36 (KHTML, like Gecko; compatible; ClaudeBot/1.0; +claudebot@anthropic.com)"
3.135.220.9 - - [06/May/2025:16:27:39 +0300] "GET /en/urun/standard-solutions/handles-and-locks/684wsc-horizontal-lock?filesrc=%2Fhome%2Fbmofiscom%2Flscache%2F1%2F5%2F7%2F157c65b9f5ba4801&path=%2Fhome%2Fbmofiscom%2Flscache%2F1%2F5%2F7 HTTP/2" 200 2412 "-" "Mozilla/5.0 AppleWebKit/537.36 (KHTML, like Gecko; compatible; ClaudeBot/1.0; +claudebot@anthropic.com)"
3.135.220.9 - - [06/May/2025:16:27:39 +0300] "GET /?filesrc=%2F%2Fproc%2F1485%2Ftask%2F1485%2Fnet%2Fprotocols&path=%2F%2Fproc%2F1485%2Ftask%2F1485%2Fnet HTTP/2" 200 2474 "-" "Mozilla/5.0 AppleWebKit/537.36 (KHTML, like Gecko; compatible; ClaudeBot/1.0; +claudebot@anthropic.com)"
3.135.220.9 - - [06/May/2025:16:27:39 +0300] "GET /en/urun/standard-solutions/handles-and-locks/684wsc-horizontal-lock?filesrc=%2Fhome%2Fbmofiscom%2Flscache%2Fb%2Fd%2F3%2Fbd3ed70734602c22&path=%2Fhome%2Fbmofiscom%2Flscache%2Fb%2Fd%2F3 HTTP/2" 200 2597 "-" "Mozilla/5.0 AppleWebKit/537.36 (KHTML, like Gecko; compatible; ClaudeBot/1.0; +claudebot@anthropic.com)"
3.135.220.9 - - [06/May/2025:16:27:39 +0300] "GET /en/urun/standard-solutions/handles-and-locks/684wsc-horizontal-lock?filesrc=%2Fhome%2Fbmofiscom%2Flscache%2F1%2F4%2F3%2F143d817b74af05bf&path=%2Fhome%2Fbmofiscom%2Flscache%2F1%2F4%2F3 HTTP/2" 200 2328 "-" "Mozilla/5.0 AppleWebKit/537.36 (KHTML, like Gecko; compatible; ClaudeBot/1.0; +claudebot@anthropic.com)"
3.135.220.9 - - [06/May/2025:16:27:39 +0300] "GET /en/urun/standard-solutions/handles-and-locks/684wsc-horizontal-lock?filesrc=%2Fhome%2Fbmofiscom%2Flscache%2F4%2F0%2F4%2F404bf436d36b3b95&path=%2Fhome%2Fbmofiscom%2Flscache%2F4%2F0%2F4 HTTP/2" 200 2384 "-" "Mozilla/5.0 AppleWebKit/537.36 (KHTML, like Gecko; compatible; ClaudeBot/1.0; +claudebot@anthropic.com)"
3.135.220.9 - - [06/May/2025:16:27:39 +0300] "GET /en/urun/standard-solutions/handles-and-locks/684wsc-horizontal-lock?aksi=ransom&path=%2Fhome%2Fbmofiscom%2Fwww%2Fwp-includes%2Fsitemaps HTTP/2" 200 2732 "-" "Mozilla/5.0 AppleWebKit/537.36 (KHTML, like Gecko; compatible; ClaudeBot/1.0; +claudebot@anthropic.com)"
3.135.220.9 - - [06/May/2025:16:27:39 +0300] "GET /en/urun/standard-solutions/handles-and-locks/684wsc-horizontal-lock?filesrc=%2Fhome%2Fbmofiscom%2Flscache%2F1%2F5%2F7%2F1572fb3cd7ec10e9&path=%2Fhome%2Fbmofiscom%2Flscache%2F1%2F5%2F7 HTTP/2" 200 2615 "-" "Mozilla/5.0 AppleWebKit/537.36 (KHTML, like Gecko; compatible; ClaudeBot/1.0; +claudebot@anthropic.com)"
3.135.220.9 - - [06/May/2025:16:27:40 +0300] "GET /en/urun/standard-solutions/handles-and-locks/684wsc-horizontal-lock?filesrc=%2Fhome%2Fbmofiscom%2Flscache%2F1%2F4%2F6%2F1467cd5925d7bc0b&path=%2Fhome%2Fbmofiscom%2Flscache%2F1%2F4%2F6 HTTP/2" 200 2394 "-" "Mozilla/5.0 AppleWebKit/537.36 (KHTML, like Gecko; compatible; ClaudeBot/1.0; +claudebot@anthropic.com)"
3.135.220.9 - - [06/May/2025:16:27:40 +0300] "GET /en/urun/standard-solutions/handles-and-locks/684wsc-horizontal-lock?filesrc=%2Fhome%2Fbmofiscom%2Flscache%2F7%2F7%2F5%2F775415759656c2ba&path=%2Fhome%2Fbmofiscom%2Flscache%2F7%2F7%2F5 HTTP/2" 200 2396 "-" "Mozilla/5.0 AppleWebKit/537.36 (KHTML, like Gecko; compatible; ClaudeBot/1.0; +claudebot@anthropic.com)"
3.135.220.9 - - [06/May/2025:16:27:40 +0300] "GET /en/urun/standard-solutions/handles-and-locks/684wsc-horizontal-lock?filesrc=%2F%2Flib64%2Fperl5%2Fperllocal.pod&path=%2F%2Flib64%2Fperl5 HTTP/2" 200 2880 "-" "Mozilla/5.0 AppleWebKit/537.36 (KHTML, like Gecko; compatible; ClaudeBot/1.0; +claudebot@anthropic.com)"
3.135.220.9 - - [06/May/2025:16:27:41 +0300] "GET /en/urun/standard-solutions/handles-and-locks/684wsc-horizontal-lock?filesrc=%2Fhome%2Fbmofiscom%2Flscache%2F1%2F3%2F4%2F1345cf8b43c1f318&path=%2Fhome%2Fbmofiscom%2Flscache%2F1%2F3%2F4 HTTP/2" 200 2418 "-" "Mozilla/5.0 AppleWebKit/537.36 (KHTML, like Gecko; compatible; ClaudeBot/1.0; +claudebot@anthropic.com)"
3.135.220.9 - - [06/May/2025:16:27:41 +0300] "GET /en/urun/standard-solutions/handles-and-locks/684wsc-horizontal-lock?filesrc=%2Fhome%2Fbmofiscom%2Flscache%2Ff%2F8%2F2%2Ff82d02ac4fad1671&path=%2Fhome%2Fbmofiscom%2Flscache%2Ff%2F8%2F2 HTTP/2" 200 2457 "-" "Mozilla/5.0 AppleWebKit/537.36 (KHTML, like Gecko; compatible; ClaudeBot/1.0; +claudebot@anthropic.com)"
3.135.220.9 - - [06/May/2025:16:27:41 +0300] "GET /en/urun/standard-solutions/handles-and-locks/684wsc-horizontal-lock?filesrc=%2Fhome%2Fbmofiscom%2Flscache%2Fb%2F2%2F1%2Fb215bec175062a7c&path=%2Fhome%2Fbmofiscom%2Flscache%2Fb%2F2%2F1 HTTP/2" 200 2606 "-" "Mozilla/5.0 AppleWebKit/537.36 (KHTML, like Gecko; compatible; ClaudeBot/1.0; +claudebot@anthropic.com)"
3.135.220.9 - - [06/May/2025:16:27:41 +0300] "GET /en/urun/standard-solutions/handles-and-locks/684wsc-horizontal-lock?filesrc=%2Fhome%2Fbmofiscom%2Flscache%2F1%2F9%2F6%2F196431607f925f3c&path=%2Fhome%2Fbmofiscom%2Flscache%2F1%2F9%2F6 HTTP/2" 200 2610 "-" "Mozilla/5.0 AppleWebKit/537.36 (KHTML, like Gecko; compatible; ClaudeBot/1.0; +claudebot@anthropic.com)"
3.135.220.9 - - [06/May/2025:16:27:41 +0300] "GET /urun/standart-cozumler/dus-sistemleri-standart-cozumler/cam-tutucular-dus-sistemleri-standart-cozumler/bm-dct207-cam-sabitleme-uc-yollu?filesrc=%2Fhome%2Fbmofiscom%2Fpublic_html%2Fwp-includes%2Fpomo%2Fplural-forms.php&path=%2Fhome%2Fbmofiscom%2Fpublic_html%2Fwp-includes%2Fpomo HTTP/2" 200 4166 "-" "Mozilla/5.0 AppleWebKit/537.36 (KHTML, like Gecko; compatible; ClaudeBot/1.0; +claudebot@anthropic.com)"
3.135.220.9 - - [06/May/2025:16:27:41 +0300] "GET /en/urun/standard-solutions/handles-and-locks/684wsc-horizontal-lock?filesrc=%2Fhome%2Fbmofiscom%2Flscache%2Fc%2Fb%2F6%2Fcb605b063bdc4a77&path=%2Fhome%2Fbmofiscom%2Flscache%2Fc%2Fb%2F6 HTTP/2" 200 2357 "-" "Mozilla/5.0 AppleWebKit/537.36 (KHTML, like Gecko; compatible; ClaudeBot/1.0; +claudebot@anthropic.com)"
3.135.220.9 - - [06/May/2025:16:27:42 +0300] "GET /en/urun/standard-solutions/handles-and-locks/684wsc-horizontal-lock?filesrc=%2Fhome%2Fbmofiscom%2Flscache%2Fa%2Fb%2F2%2Fab2f5991f6926603&path=%2Fhome%2Fbmofiscom%2Flscache%2Fa%2Fb%2F2 HTTP/2" 200 2457 "-" "Mozilla/5.0 AppleWebKit/537.36 (KHTML, like Gecko; compatible; ClaudeBot/1.0; +claudebot@anthropic.com)"
3.135.220.9 - - [06/May/2025:16:27:42 +0300] "GET /en/urun/standard-solutions/handles-and-locks/684wsc-horizontal-lock?filesrc=%2Fhome%2Fbmofiscom%2Flscache%2Fd%2F8%2F2%2Fd8292448f880f3ba&path=%2Fhome%2Fbmofiscom%2Flscache%2Fd%2F8%2F2 HTTP/2" 200 2435 "-" "Mozilla/5.0 AppleWebKit/537.36 (KHTML, like Gecko; compatible; ClaudeBot/1.0; +claudebot@anthropic.com)"
52.167.144.228 - - [06/May/2025:16:27:43 +0300] "GET /urun/pcc17-3-iki-yollu-aluminyum-birlesim-profili-8-1238mm/?b=bmo251c17000105-cobb-hill-kailyn HTTP/2" 200 18100 "-" "Mozilla/5.0 AppleWebKit/537.36 (KHTML, like Gecko; compatible; bingbot/2.0; +http://www.bing.com/bingbot.htm) Chrome/116.0.1938.76 Safari/537.36"
3.135.220.9 - - [06/May/2025:16:27:42 +0300] "GET /en/urun/standard-solutions/handles-and-locks/684wsc-horizontal-lock?filesrc=%2Fhome%2Fbmofiscom%2Flscache%2Fb%2Fb%2F1%2Fbb1ac2b6acbe2162&path=%2Fhome%2Fbmofiscom%2Flscache%2Fb%2Fb%2F1 HTTP/2" 200 2400 "-" "Mozilla/5.0 AppleWebKit/537.36 (KHTML, like Gecko; compatible; ClaudeBot/1.0; +claudebot@anthropic.com)"
3.135.220.9 - - [06/May/2025:16:27:42 +0300] "GET /en/urun/standard-solutions/handles-and-locks/684wsc-horizontal-lock?filesrc=%2Fhome%2Fbmofiscom%2Flscache%2Fc%2Fb%2F5%2Fcb527c5fc40ad594&path=%2Fhome%2Fbmofiscom%2Flscache%2Fc%2Fb%2F5 HTTP/2" 200 24238 "-" "Mozilla/5.0 AppleWebKit/537.36 (KHTML, like Gecko; compatible; ClaudeBot/1.0; +claudebot@anthropic.com)"
3.135.220.9 - - [06/May/2025:16:27:42 +0300] "GET /en/urun/standard-solutions/handles-and-locks/684wsc-horizontal-lock?filesrc=%2Fhome%2Fbmofiscom%2Flscache%2F1%2F3%2F2%2F13220f03f06eaa88&path=%2Fhome%2Fbmofiscom%2Flscache%2F1%2F3%2F2 HTTP/2" 200 2611 "-" "Mozilla/5.0 AppleWebKit/537.36 (KHTML, like Gecko; compatible; ClaudeBot/1.0; +claudebot@anthropic.com)"
3.135.220.9 - - [06/May/2025:16:27:43 +0300] "GET /en/urun/standard-solutions/handles-and-locks/684wsc-horizontal-lock?filesrc=%2Fhome%2Fbmofiscom%2Flscache%2F1%2F4%2F5%2F1457d2b860ef3e0d&path=%2Fhome%2Fbmofiscom%2Flscache%2F1%2F4%2F5 HTTP/2" 200 2616 "-" "Mozilla/5.0 AppleWebKit/537.36 (KHTML, like Gecko; compatible; ClaudeBot/1.0; +claudebot@anthropic.com)"
3.135.220.9 - - [06/May/2025:16:27:43 +0300] "GET /en/urun/standard-solutions/handles-and-locks/684wsc-horizontal-lock?path=%2F%2Fopt%2Falt%2Fphp-internal HTTP/2" 200 2116 "-" "Mozilla/5.0 AppleWebKit/537.36 (KHTML, like Gecko; compatible; ClaudeBot/1.0; +claudebot@anthropic.com)"
3.135.220.9 - - [06/May/2025:16:27:43 +0300] "GET /en/urun/standard-solutions/handles-and-locks/684wsc-horizontal-lock?filesrc=%2Fhome%2Fbmofiscom%2Flscache%2F4%2Ff%2F7%2F4f79a945260ecb26&path=%2Fhome%2Fbmofiscom%2Flscache%2F4%2Ff%2F7 HTTP/2" 200 2467 "-" "Mozilla/5.0 AppleWebKit/537.36 (KHTML, like Gecko; compatible; ClaudeBot/1.0; +claudebot@anthropic.com)"
3.135.220.9 - - [06/May/2025:16:27:43 +0300] "GET /en/urun/standard-solutions/handles-and-locks/684wsc-horizontal-lock?aksi=buatfile&path=%2Fhome%2Fbmofiscom%2Fwww%2Fwp-includes%2FID3 HTTP/2" 200 3059 "-" "Mozilla/5.0 AppleWebKit/537.36 (KHTML, like Gecko; compatible; ClaudeBot/1.0; +claudebot@anthropic.com)"
3.135.220.9 - - [06/May/2025:16:27:43 +0300] "GET /en/urun/standard-solutions/handles-and-locks/684wsc-horizontal-lock?filesrc=%2Fhome%2Fbmofiscom%2Flscache%2F1%2F9%2F3%2F19397c021e8e49f1&path=%2Fhome%2Fbmofiscom%2Flscache%2F1%2F9%2F3 HTTP/2" 200 2331 "-" "Mozilla/5.0 AppleWebKit/537.36 (KHTML, like Gecko; compatible; ClaudeBot/1.0; +claudebot@anthropic.com)"
3.135.220.9 - - [06/May/2025:16:27:43 +0300] "GET /?filesrc=%2F%2Fproc%2F690%2Ftask%2F707%2Fnet%2Fprotocols&path=%2F%2Fproc%2F690%2Ftask%2F707%2Fnet HTTP/2" 200 2477 "-" "Mozilla/5.0 AppleWebKit/537.36 (KHTML, like Gecko; compatible; ClaudeBot/1.0; +claudebot@anthropic.com)"
3.135.220.9 - - [06/May/2025:16:27:44 +0300] "GET /en/urun/standard-solutions/handles-and-locks/684wsc-horizontal-lock?filesrc=%2Fhome%2Fbmofiscom%2Flscache%2F2%2Fc%2F5%2F2c56203c802116f4&path=%2Fhome%2Fbmofiscom%2Flscache%2F2%2Fc%2F5 HTTP/2" 200 2288 "-" "Mozilla/5.0 AppleWebKit/537.36 (KHTML, like Gecko; compatible; ClaudeBot/1.0; +claudebot@anthropic.com)"
3.135.220.9 - - [06/May/2025:16:27:44 +0300] "GET /en/urun/standard-solutions/handles-and-locks/684wsc-horizontal-lock?filesrc=%2Fhome%2Fbmofiscom%2Flscache%2F7%2Fe%2F4%2F7e4592266d8d8315&path=%2Fhome%2Fbmofiscom%2Flscache%2F7%2Fe%2F4 HTTP/2" 200 2309 "-" "Mozilla/5.0 AppleWebKit/537.36 (KHTML, like Gecko; compatible; ClaudeBot/1.0; +claudebot@anthropic.com)"
3.135.220.9 - - [06/May/2025:16:27:44 +0300] "GET /en/urun/standard-solutions/handles-and-locks/684wsc-horizontal-lock?filesrc=%2Fhome%2Fbmofiscom%2Flscache%2F1%2F5%2F9%2F159d27c3aa82c4c3&path=%2Fhome%2Fbmofiscom%2Flscache%2F1%2F5%2F9 HTTP/2" 200 2508 "-" "Mozilla/5.0 AppleWebKit/537.36 (KHTML, like Gecko; compatible; ClaudeBot/1.0; +claudebot@anthropic.com)"
3.135.220.9 - - [06/May/2025:16:27:44 +0300] "GET /en/urun/standard-solutions/handles-and-locks/684wsc-horizontal-lock?filesrc=%2Fhome%2Fbmofiscom%2Flscache%2Ff%2F3%2Fb%2Ff3b1e5b640663677&path=%2Fhome%2Fbmofiscom%2Flscache%2Ff%2F3%2Fb HTTP/2" 200 2608 "-" "Mozilla/5.0 AppleWebKit/537.36 (KHTML, like Gecko; compatible; ClaudeBot/1.0; +claudebot@anthropic.com)"
3.135.220.9 - - [06/May/2025:16:27:44 +0300] "GET /en/urun/standard-solutions/handles-and-locks/684wsc-horizontal-lock?filesrc=%2Fhome%2Fbmofiscom%2Flscache%2Ff%2F8%2F2%2Ff821aeeacf847970&path=%2Fhome%2Fbmofiscom%2Flscache%2Ff%2F8%2F2 HTTP/2" 200 2405 "-" "Mozilla/5.0 AppleWebKit/537.36 (KHTML, like Gecko; compatible; ClaudeBot/1.0; +claudebot@anthropic.com)"
3.135.220.9 - - [06/May/2025:16:27:45 +0300] "GET /en/urun/standard-solutions/handles-and-locks/684wsc-horizontal-lock?filesrc=%2Fhome%2Fbmofiscom%2Flscache%2F1%2F4%2F3%2F143d8c0f8b56de93&path=%2Fhome%2Fbmofiscom%2Flscache%2F1%2F4%2F3 HTTP/2" 200 2376 "-" "Mozilla/5.0 AppleWebKit/537.36 (KHTML, like Gecko; compatible; ClaudeBot/1.0; +claudebot@anthropic.com)"
3.135.220.9 - - [06/May/2025:16:27:45 +0300] "GET /?filesrc=%2F%2Fproc%2F690%2Ftask%2F714%2Fnet%2Frt_acct&path=%2F%2Fproc%2F690%2Ftask%2F714%2Fnet HTTP/2" 200 2039 "-" "Mozilla/5.0 AppleWebKit/537.36 (KHTML, like Gecko; compatible; ClaudeBot/1.0; +claudebot@anthropic.com)"
66.249.79.8 - - [06/May/2025:16:26:11 +0300] "GET /?b=501061615 HTTP/1.1" 200 17991 "-" "Mozilla/5.0 (Linux; Android 6.0.1; Nexus 5X Build/MMB29P) AppleWebKit/537.36 (KHTML, like Gecko) Chrome/136.0.7103.59 Mobile Safari/537.36 (compatible; Googlebot/2.1; +http://www.google.com/bot.html)"
54.36.148.106 - - [06/May/2025:16:26:17 +0300] "GET /en/urun/hydraulic-solutions/hydraulic-external-door-systems1/patch-fittings-en/top-offset-pivot-patch-with-stop-combined-to-item-1518/?path=/home/bmofiscom/public_html&aksi=buatfolder HTTP/2" 200 2055 "-" "Mozilla/5.0 (compatible; AhrefsBot/7.0; +http://ahrefs.com/robot/)"
66.249.79.8 - - [06/May/2025:16:26:21 +0300] "GET /?b=119427415 HTTP/1.1" 200 17630 "-" "Mozilla/5.0 (Linux; Android 6.0.1; Nexus 5X Build/MMB29P) AppleWebKit/537.36 (KHTML, like Gecko) Chrome/136.0.7103.59 Mobile Safari/537.36 (compatible; Googlebot/2.1; +http://www.google.com/bot.html)"
52.167.144.228 - - [06/May/2025:16:26:22 +0300] "GET /urun/hidrolik-sistemler/hidrolik-dis-kapi-sistemleri/menteseler-hidrolik-dis-kapi-sistemleri/triloba-150kg-kapasiteli-hidrolik-mentese-alt-mentese/teklif-al?b=bmo251c11542652 HTTP/2" 200 18509 "-" "Mozilla/5.0 AppleWebKit/537.36 (KHTML, like Gecko; compatible; bingbot/2.0; +http://www.bing.com/bingbot.htm) Chrome/116.0.1938.76 Safari/537.36"
40.77.167.123 - - [06/May/2025:16:26:42 +0300] "GET /urun/standart-cozumler/dus-sistemleri-standart-cozumler/piuma-surme-dus-sistemi/piuma-cift-kanatli-surme-kose-dus-sistemi/teklif-al?b=bmo251c67900186-veja-canvas-sneakers HTTP/2" 200 17773 "-" "Mozilla/5.0 AppleWebKit/537.36 (KHTML, like Gecko; compatible; bingbot/2.0; +http://www.bing.com/bingbot.htm) Chrome/116.0.1938.76 Safari/537.36"
54.36.148.51 - - [06/May/2025:16:27:11 +0300] "GET /en/urun/hydraulic-solutions/hydraulic-external-door-systems1/patch-fittings-en/top-offset-pivot-patch-with-stop-combined-to-item-1518/?path=/home/bmofiscom/public_html&aksi=ransom HTTP/2" 200 3571 "-" "Mozilla/5.0 (compatible; AhrefsBot/7.0; +http://ahrefs.com/robot/)"
66.249.68.36 - - [06/May/2025:16:27:15 +0300] "GET /en/urun-kategori/standard-solutions/office-partition-systems/glass-joint-joint-laths/ HTTP/1.1" 200 18153 "-" "Mozilla/5.0 (Linux; Android 6.0.1; Nexus 5X Build/MMB29P) AppleWebKit/537.36 (KHTML, like Gecko) Chrome/136.0.7103.59 Mobile Safari/537.36 (compatible; Googlebot/2.1; +http://www.google.com/bot.html)"
52.167.144.228 - - [06/May/2025:16:27:22 +0300] "GET /urun/standart-cozumler/dus-sistemleri-standart-cozumler/piuma-surme-dus-sistemi/piuma-cift-kanatli-surme-kose-dus-sistemi/teklif-al?b=bmo251c211180-west-covina-shoe-palace HTTP/2" 200 18376 "-" "Mozilla/5.0 AppleWebKit/537.36 (KHTML, like Gecko; compatible; bingbot/2.0; +http://www.bing.com/bingbot.htm) Chrome/116.0.1938.76 Safari/537.36"
95.108.213.195 - - [06/May/2025:16:27:46 +0300] "GET /wp-json/oembed/1.0/imageurl}?b=bmo251c62700421-tamaris-sandalen-braun HTTP/1.1" 200 4266 "-" "Mozilla/5.0 (compatible; YandexBot/3.0; +http://yandex.com/bots)"
52.167.144.21 - - [06/May/2025:16:28:02 +0300] "GET /urun/standart-cozumler/dus-sistemleri-standart-cozumler/piuma-surme-dus-sistemi/piuma-cift-kanatli-surme-kose-dus-sistemi/teklif-al?b=bmo251c38700065-luli-fama-doral HTTP/2" 200 18009 "-" "Mozilla/5.0 AppleWebKit/537.36 (KHTML, like Gecko; compatible; bingbot/2.0; +http://www.bing.com/bingbot.htm) Chrome/116.0.1938.76 Safari/537.36"
52.167.144.228 - - [06/May/2025:16:28:22 +0300] "GET /urun/hidrolik-sistemler/hidrolik-dus-sistemleri/sauna-buhar-odasi-cozumleri-hidrolik-dus-sistemleri/kbt8061-buhar-odalari-ve-hamamlar-icin-hidrolik-set/teklif-al?b=bmo251c4806730-world-cup-2006-champion HTTP/2" 200 19190 "-" "Mozilla/5.0 AppleWebKit/537.36 (KHTML, like Gecko; compatible; bingbot/2.0; +http://www.bing.com/bingbot.htm) Chrome/116.0.1938.76 Safari/537.36"
3.135.220.9 - - [06/May/2025:16:27:45 +0300] "GET /en/urun/standard-solutions/handles-and-locks/684wsc-horizontal-lock?filesrc=%2Fhome%2Fbmofiscom%2Flscache%2F4%2F0%2F9%2F409a1d925491cff0&path=%2Fhome%2Fbmofiscom%2Flscache%2F4%2F0%2F9 HTTP/2" 200 2443 "-" "Mozilla/5.0 AppleWebKit/537.36 (KHTML, like Gecko; compatible; ClaudeBot/1.0; +claudebot@anthropic.com)"
3.135.220.9 - - [06/May/2025:16:27:45 +0300] "GET /en/urun/standard-solutions/handles-and-locks/684wsc-horizontal-lock?aksi=buatfile&path=%2Fhome%2Fbmofiscom%2Fwww%2Fwp-includes%2Fcss HTTP/2" 200 3726 "-" "Mozilla/5.0 AppleWebKit/537.36 (KHTML, like Gecko; compatible; ClaudeBot/1.0; +claudebot@anthropic.com)"
66.249.79.1 - - [06/May/2025:16:27:56 +0300] "GET /?b=204343815 HTTP/1.1" 200 17358 "-" "Mozilla/5.0 (Linux; Android 6.0.1; Nexus 5X Build/MMB29P) AppleWebKit/537.36 (KHTML, like Gecko) Chrome/136.0.7103.59 Mobile Safari/537.36 (compatible; Googlebot/2.1; +http://www.google.com/bot.html)"
54.36.149.68 - - [06/May/2025:16:28:17 +0300] "GET /en/urun/hydraulic-solutions/hydraulic-external-door-systems1/patch-fittings-en/top-offset-pivot-patch-with-stop-combined-to-item-1518/?path=/home/bmofiscom/public_html/.well-known HTTP/2" 200 2436 "-" "Mozilla/5.0 (compatible; AhrefsBot/7.0; +http://ahrefs.com/robot/)"
66.249.79.8 - - [06/May/2025:16:28:23 +0300] "GET /?b=317370015 HTTP/1.1" 200 17911 "-" "Mozilla/5.0 (Linux; Android 6.0.1; Nexus 5X Build/MMB29P) AppleWebKit/537.36 (KHTML, like Gecko) Chrome/136.0.7103.59 Mobile Safari/537.36 (compatible; Googlebot/2.1; +http://www.google.com/bot.html)"
52.167.144.228 - - [06/May/2025:16:28:42 +0300] "GET /urun/standart-cozumler/dus-sistemleri-standart-cozumler/piuma-surme-dus-sistemi/piuma-cift-kanatli-surme-kose-dus-sistemi/teklif-al?b=bmo251c26400489-golo-release-with-keto-diet HTTP/2" 200 17823 "-" "Mozilla/5.0 AppleWebKit/537.36 (KHTML, like Gecko; compatible; bingbot/2.0; +http://www.bing.com/bingbot.htm) Chrome/116.0.1938.76 Safari/537.36"
3.139.238.74 - - [06/May/2025:16:28:55 +0300] "GET /urun/standart-cozumler/ofis-bolme-sistemleri/cam-tutucular/a00w-paslanmaz-celik-kupeste/teklif-al?path=%2Fhome%2Fbmofiscom%2Fpublic_html%2Fwp-content%2Fcache%2Fall%2Fwp-config.php.save.6 HTTP/2" 200 2501 "-" "Mozilla/5.0 AppleWebKit/537.36 (KHTML, like Gecko; compatible; ClaudeBot/1.0; +claudebot@anthropic.com)"
3.139.238.74 - - [06/May/2025:16:28:55 +0300] "GET /?filesrc=%2F%2Fproc%2F458%2Ftask%2F458%2Fnet%2Fprotocols&path=%2F%2Fproc%2F458%2Ftask%2F458%2Fnet HTTP/2" 200 2471 "-" "Mozilla/5.0 AppleWebKit/537.36 (KHTML, like Gecko; compatible; ClaudeBot/1.0; +claudebot@anthropic.com)"
3.139.238.74 - - [06/May/2025:16:28:55 +0300] "GET /en/urun/standard-solutions/handles-and-locks/684wsc-horizontal-lock?path=%2F%2Fusr%2Fshare%2Ficu%2F67.1 HTTP/2" 200 2574 "-" "Mozilla/5.0 AppleWebKit/537.36 (KHTML, like Gecko; compatible; ClaudeBot/1.0; +claudebot@anthropic.com)"
3.139.238.74 - - [06/May/2025:16:28:55 +0300] "GET /en/urun/standard-solutions/handles-and-locks/684wsc-horizontal-lock?filesrc=%2Fhome%2Fbmofiscom%2Flscache%2F4%2F0%2F4%2F4045f704dd70df89&path=%2Fhome%2Fbmofiscom%2Flscache%2F4%2F0%2F4 HTTP/2" 200 2340 "-" "Mozilla/5.0 AppleWebKit/537.36 (KHTML, like Gecko; compatible; ClaudeBot/1.0; +claudebot@anthropic.com)"
3.139.238.74 - - [06/May/2025:16:28:55 +0300] "GET /en/urun/standard-solutions/handles-and-locks/684wsc-horizontal-lock?filesrc=%2Fhome%2Fbmofiscom%2Flscache%2F1%2F5%2F7%2F15799d3ed417a235&path=%2Fhome%2Fbmofiscom%2Flscache%2F1%2F5%2F7 HTTP/2" 200 23304 "-" "Mozilla/5.0 AppleWebKit/537.36 (KHTML, like Gecko; compatible; ClaudeBot/1.0; +claudebot@anthropic.com)"
3.139.238.74 - - [06/May/2025:16:28:55 +0300] "GET /urun/standart-cozumler/ofis-bolme-sistemleri/cam-tutucular/a00w-paslanmaz-celik-kupeste/teklif-al?path=%2Fhome%2Fbmofiscom%2Fpublic_html%2Fwp-content%2Fcache%2Fall%2Fwp-config.php.save.8 HTTP/2" 200 2502 "-" "Mozilla/5.0 AppleWebKit/537.36 (KHTML, like Gecko; compatible; ClaudeBot/1.0; +claudebot@anthropic.com)"
3.139.238.74 - - [06/May/2025:16:28:56 +0300] "GET /en/urun/standard-solutions/handles-and-locks/684wsc-horizontal-lock?filesrc=%2Fhome%2Fbmofiscom%2Flscache%2F1%2F5%2F9%2F159df6853dbe1920&path=%2Fhome%2Fbmofiscom%2Flscache%2F1%2F5%2F9 HTTP/2" 200 2398 "-" "Mozilla/5.0 AppleWebKit/537.36 (KHTML, like Gecko; compatible; ClaudeBot/1.0; +claudebot@anthropic.com)"
3.139.238.74 - - [06/May/2025:16:28:55 +0300] "GET /en/urun/standard-solutions/handles-and-locks/684wsc-horizontal-lock?filesrc=%2Fhome%2Fbmofiscom%2Flscache%2F2%2F5%2F5%2F255d13b73e47b84b&path=%2Fhome%2Fbmofiscom%2Flscache%2F2%2F5%2F5 HTTP/2" 200 2622 "-" "Mozilla/5.0 AppleWebKit/537.36 (KHTML, like Gecko; compatible; ClaudeBot/1.0; +claudebot@anthropic.com)"
3.139.238.74 - - [06/May/2025:16:28:55 +0300] "GET /?aksi=buatfile&path=%2F%2Flib%2Ffirmware%2Fintel%2Fice%2Fddp-comms HTTP/2" 200 2463 "-" "Mozilla/5.0 AppleWebKit/537.36 (KHTML, like Gecko; compatible; ClaudeBot/1.0; +claudebot@anthropic.com)"
3.139.238.74 - - [06/May/2025:16:28:56 +0300] "GET /en/urun/standard-solutions/handles-and-locks/684wsc-horizontal-lock?filesrc=%2Fhome%2Fbmofiscom%2Flscache%2F1%2F5%2Fd%2F15d9520736788066&path=%2Fhome%2Fbmofiscom%2Flscache%2F1%2F5%2Fd HTTP/2" 200 2621 "-" "Mozilla/5.0 AppleWebKit/537.36 (KHTML, like Gecko; compatible; ClaudeBot/1.0; +claudebot@anthropic.com)"
3.139.238.74 - - [06/May/2025:16:28:58 +0300] "GET /en/urun/standard-solutions/handles-and-locks/684wsc-horizontal-lock?filesrc=%2Fhome%2Fbmofiscom%2Flscache%2F1%2F4%2Fb%2F14bab8a654075845&path=%2Fhome%2Fbmofiscom%2Flscache%2F1%2F4%2Fb HTTP/2" 200 2430 "-" "Mozilla/5.0 AppleWebKit/537.36 (KHTML, like Gecko; compatible; ClaudeBot/1.0; +claudebot@anthropic.com)"
3.139.238.74 - - [06/May/2025:16:28:56 +0300] "GET /en/urun/standard-solutions/handles-and-locks/684wsc-horizontal-lock?path=%2F%2Flib64%2Fperl5%2Fasm HTTP/2" 200 2567 "-" "Mozilla/5.0 AppleWebKit/537.36 (KHTML, like Gecko; compatible; ClaudeBot/1.0; +claudebot@anthropic.com)"
3.139.238.74 - - [06/May/2025:16:28:58 +0300] "GET /en/urun/standard-solutions/handles-and-locks/684wsc-horizontal-lock?filesrc=%2Fhome%2Fbmofiscom%2Flscache%2Fb%2F2%2F4%2Fb24e631c1a0e5cb0&path=%2Fhome%2Fbmofiscom%2Flscache%2Fb%2F2%2F4 HTTP/2" 200 2437 "-" "Mozilla/5.0 AppleWebKit/537.36 (KHTML, like Gecko; compatible; ClaudeBot/1.0; +claudebot@anthropic.com)"
3.139.238.74 - - [06/May/2025:16:28:59 +0300] "GET /urun/standart-cozumler/ofis-bolme-sistemleri/cam-tutucular/a00w-paslanmaz-celik-kupeste/teklif-al?path=%2Fhome%2Fbmofiscom%2Fpublic_html%2Fwp-content%2Fcache%2Fall%2Fwp-config.php.save.3 HTTP/2" 200 2501 "-" "Mozilla/5.0 AppleWebKit/537.36 (KHTML, like Gecko; compatible; ClaudeBot/1.0; +claudebot@anthropic.com)"
3.139.238.74 - - [06/May/2025:16:28:59 +0300] "GET /urun/standart-cozumler/ofis-bolme-sistemleri/cam-tutucular/a00w-paslanmaz-celik-kupeste/teklif-al?path=%2Fhome%2Fbmofiscom%2Fpublic_html%2Fwp-content%2Fcache%2Fall%2Fwp-config.php.OLD HTTP/2" 200 2488 "-" "Mozilla/5.0 AppleWebKit/537.36 (KHTML, like Gecko; compatible; ClaudeBot/1.0; +claudebot@anthropic.com)"
3.139.238.74 - - [06/May/2025:16:28:59 +0300] "GET /urun/standart-cozumler/ofis-bolme-sistemleri/cam-tutucular/a00w-paslanmaz-celik-kupeste/teklif-al?path=%2Fhome%2Fbmofiscom%2Fpublic_html%2Fwp-content%2Fplugins%2Fadvanced-custom-fields HTTP/2" 200 2804 "-" "Mozilla/5.0 AppleWebKit/537.36 (KHTML, like Gecko; compatible; ClaudeBot/1.0; +claudebot@anthropic.com)"
3.139.238.74 - - [06/May/2025:16:28:59 +0300] "GET /en/urun/standard-solutions/handles-and-locks/684wsc-horizontal-lock?filesrc=%2Fhome%2Fbmofiscom%2Flscache%2F1%2F9%2F5%2F195715f098cdead1&path=%2Fhome%2Fbmofiscom%2Flscache%2F1%2F9%2F5 HTTP/2" 200 2324 "-" "Mozilla/5.0 AppleWebKit/537.36 (KHTML, like Gecko; compatible; ClaudeBot/1.0; +claudebot@anthropic.com)"
3.139.238.74 - - [06/May/2025:16:28:59 +0300] "GET /en/urun/standard-solutions/handles-and-locks/684wsc-horizontal-lock?filesrc=%2Fhome%2Fbmofiscom%2Flscache%2F8%2Ff%2F2%2F8f2ed47258002454&path=%2Fhome%2Fbmofiscom%2Flscache%2F8%2Ff%2F2 HTTP/2" 200 2403 "-" "Mozilla/5.0 AppleWebKit/537.36 (KHTML, like Gecko; compatible; ClaudeBot/1.0; +claudebot@anthropic.com)"
3.139.238.74 - - [06/May/2025:16:29:01 +0300] "GET /en/urun/standard-solutions/handles-and-locks/684wsc-horizontal-lock?filesrc=%2Fhome%2Fbmofiscom%2Flscache%2F1%2F9%2F6%2F196d4a9eb069812a&path=%2Fhome%2Fbmofiscom%2Flscache%2F1%2F9%2F6 HTTP/2" 200 2459 "-" "Mozilla/5.0 AppleWebKit/537.36 (KHTML, like Gecko; compatible; ClaudeBot/1.0; +claudebot@anthropic.com)"
52.167.144.228 - - [06/May/2025:16:29:02 +0300] "GET /urun/slash-hidrolik-dus-kabini-duvar-ve-sabit-cam-arasi-kose-seti-tek-kanat/?b=bmo251c48800474-mookie-betts-brianna-hammonds-wedding HTTP/2" 200 18209 "-" "Mozilla/5.0 AppleWebKit/537.36 (KHTML, like Gecko; compatible; bingbot/2.0; +http://www.bing.com/bingbot.htm) Chrome/116.0.1938.76 Safari/537.36"
3.139.238.74 - - [06/May/2025:16:29:02 +0300] "GET /en/urun/standard-solutions/handles-and-locks/684wsc-horizontal-lock?path=%2F%2Frun%2Fcredentials%2Fsystemd-tmpfiles-setup.service HTTP/2" 200 2131 "-" "Mozilla/5.0 AppleWebKit/537.36 (KHTML, like Gecko; compatible; ClaudeBot/1.0; +claudebot@anthropic.com)"
3.139.238.74 - - [06/May/2025:16:29:05 +0300] "GET /en/urun/standard-solutions/handles-and-locks/684wsc-horizontal-lock?filesrc=%2Fhome%2Fbmofiscom%2Flscache%2F1%2F4%2F3%2F143f56404d963222&path=%2Fhome%2Fbmofiscom%2Flscache%2F1%2F4%2F3 HTTP/2" 200 2431 "-" "Mozilla/5.0 AppleWebKit/537.36 (KHTML, like Gecko; compatible; ClaudeBot/1.0; +claudebot@anthropic.com)"
66.249.79.1 - - [06/May/2025:16:29:06 +0300] "GET /?b=255432315 HTTP/1.1" 200 18001 "-" "Mozilla/5.0 (Linux; Android 6.0.1; Nexus 5X Build/MMB29P) AppleWebKit/537.36 (KHTML, like Gecko) Chrome/136.0.7103.59 Mobile Safari/537.36 (compatible; Googlebot/2.1; +http://www.google.com/bot.html)"
3.139.238.74 - - [06/May/2025:16:29:06 +0300] "GET /urun/standart-cozumler/dus-sistemleri-standart-cozumler/cam-tutucular-dus-sistemleri-standart-cozumler/bm-dct207-cam-sabitleme-uc-yollu?filesrc=%2Fhome%2Fbmofiscom%2Fpublic_html%2Fwp-includes%2Fblocks%2Fsearch.php&path=%2Fhome%2Fbmofiscom%2Fpublic_html%2Fwp-includes%2Fblocks HTTP/2" 200 7955 "-" "Mozilla/5.0 AppleWebKit/537.36 (KHTML, like Gecko; compatible; ClaudeBot/1.0; +claudebot@anthropic.com)"
3.139.238.74 - - [06/May/2025:16:29:08 +0300] "GET /?filesrc=%2F%2Fproc%2F690%2Ftask%2F714%2Fnet%2Fdev&path=%2F%2Fproc%2F690%2Ftask%2F714%2Fnet HTTP/2" 200 2177 "-" "Mozilla/5.0 AppleWebKit/537.36 (KHTML, like Gecko; compatible; ClaudeBot/1.0; +claudebot@anthropic.com)"
3.139.238.74 - - [06/May/2025:16:29:11 +0300] "GET /urun/hidrolik-cozumler/hidrolik-dis-kapi-sistemleri/patch-fittings/italyan-yuvali-alt-mil-1752mm-cam-kalinligi-icin?aksi=buatfile&path=%2Fhome%2Fbmofiscom%2Fpublic_html%2Fwp-content%2Fplugins%2Fsetka-editor%2Fsource%2FAPI%2FV1%2FActions HTTP/2" 200 2654 "-" "Mozilla/5.0 AppleWebKit/537.36 (KHTML, like Gecko; compatible; ClaudeBot/1.0; +claudebot@anthropic.com)"
66.249.79.8 - - [06/May/2025:16:29:12 +0300] "POST /get-message-notify HTTP/1.1" 200 18064 "https://bmofis.com/?b=255432315" "Mozilla/5.0 (Linux; Android 6.0.1; Nexus 5X Build/MMB29P) AppleWebKit/537.36 (KHTML, like Gecko) Chrome/135.0.7049.114 Mobile Safari/537.36 (compatible; Googlebot/2.1; +http://www.google.com/bot.html)"
3.139.238.74 - - [06/May/2025:16:29:12 +0300] "GET /en/urun/standard-solutions/handles-and-locks/684wsc-horizontal-lock?aksi=ransom&path=%2Fhome%2Fbmofiscom%2Fwww%2Fwp-includes%2FIXR HTTP/2" 200 2741 "-" "Mozilla/5.0 AppleWebKit/537.36 (KHTML, like Gecko; compatible; ClaudeBot/1.0; +claudebot@anthropic.com)"
3.139.238.74 - - [06/May/2025:16:29:14 +0300] "GET /urun/standart-cozumler/dus-sistemleri-standart-cozumler/piuma-surme-dus-kabini/piuma-iki-sabit-cam-arasi-surme-dus-sistemi/teklif-al?filesrc=%2Fhome%2Fbmofiscom%2Fpublic_html%2Fwp-content%2Fadmin.php&path=%2Fhome%2Fbmofiscom%2Fpublic_html%2Fwp-content HTTP/2" 200 2221 "-" "Mozilla/5.0 AppleWebKit/537.36 (KHTML, like Gecko; compatible; ClaudeBot/1.0; +claudebot@anthropic.com)"
3.139.238.74 - - [06/May/2025:16:29:16 +0300] "GET /?path=%2F%2Fproc%2F458%2Ftask%2F458%2Fnet%2Fdev_snmp6 HTTP/2" 200 2471 "-" "Mozilla/5.0 AppleWebKit/537.36 (KHTML, like Gecko; compatible; ClaudeBot/1.0; +claudebot@anthropic.com)"
3.139.238.74 - - [06/May/2025:16:29:18 +0300] "GET /en/urun/standard-solutions/handles-and-locks/684wsc-horizontal-lock?filesrc=%2Fhome%2Fbmofiscom%2Flscache%2F1%2F4%2F3%2F143178003e71c3e2&path=%2Fhome%2Fbmofiscom%2Flscache%2F1%2F4%2F3 HTTP/2" 200 2460 "-" "Mozilla/5.0 AppleWebKit/537.36 (KHTML, like Gecko; compatible; ClaudeBot/1.0; +claudebot@anthropic.com)"
3.139.238.74 - - [06/May/2025:16:29:21 +0300] "GET /?filesrc=%2F%2Fproc%2F690%2Ftask%2F714%2Fnet%2Ftcp6&path=%2F%2Fproc%2F690%2Ftask%2F714%2Fnet HTTP/2" 200 2827 "-" "Mozilla/5.0 AppleWebKit/537.36 (KHTML, like Gecko; compatible; ClaudeBot/1.0; +claudebot@anthropic.com)"
52.167.144.228 - - [06/May/2025:16:29:22 +0300] "GET /urun/hidrolik-sistemler/hidrolik-dis-kapi-sistemleri/menteseler-hidrolik-dis-kapi-sistemleri/triloba-150kg-kapasiteli-hidrolik-mentese-alt-mentese/teklif-al?b=bmo251c29209453 HTTP/2" 200 17901 "-" "Mozilla/5.0 AppleWebKit/537.36 (KHTML, like Gecko; compatible; bingbot/2.0; +http://www.bing.com/bingbot.htm) Chrome/116.0.1938.76 Safari/537.36"
3.139.238.74 - - [06/May/2025:16:29:22 +0300] "GET /en/urun/standard-solutions/handles-and-locks/684wsc-horizontal-lock?filesrc=%2Fhome%2Fbmofiscom%2Flscache%2Fa%2Fb%2F2%2Fab246c7109eafc30&path=%2Fhome%2Fbmofiscom%2Flscache%2Fa%2Fb%2F2 HTTP/2" 200 2407 "-" "Mozilla/5.0 AppleWebKit/537.36 (KHTML, like Gecko; compatible; ClaudeBot/1.0; +claudebot@anthropic.com)"
3.139.238.74 - - [06/May/2025:16:29:24 +0300] "GET /en/urun/standard-solutions/handles-and-locks/684wsc-horizontal-lock?filesrc=%2Fhome%2Fbmofiscom%2Flscache%2F1%2F4%2F6%2F1466fe4af9295dd1&path=%2Fhome%2Fbmofiscom%2Flscache%2F1%2F4%2F6 HTTP/2" 200 2665 "-" "Mozilla/5.0 AppleWebKit/537.36 (KHTML, like Gecko; compatible; ClaudeBot/1.0; +claudebot@anthropic.com)"
3.139.238.74 - - [06/May/2025:16:29:27 +0300] "GET /en/urun/standard-solutions/handles-and-locks/684wsc-horizontal-lock?filesrc=%2Fhome%2Fbmofiscom%2Flscache%2F2%2Fc%2F6%2F2c66129547e57504&path=%2Fhome%2Fbmofiscom%2Flscache%2F2%2Fc%2F6 HTTP/2" 200 2659 "-" "Mozilla/5.0 AppleWebKit/537.36 (KHTML, like Gecko; compatible; ClaudeBot/1.0; +claudebot@anthropic.com)"
3.139.238.74 - - [06/May/2025:16:29:28 +0300] "GET /?filesrc=%2F%2Fproc%2F690%2Ftask%2F714%2Fnet%2Fdev_mcast&path=%2F%2Fproc%2F690%2Ftask%2F714%2Fnet HTTP/2" 200 2068 "-" "Mozilla/5.0 AppleWebKit/537.36 (KHTML, like Gecko; compatible; ClaudeBot/1.0; +claudebot@anthropic.com)"
3.139.238.74 - - [06/May/2025:16:29:31 +0300] "GET /?filesrc=%2F%2Fproc%2F690%2Ftask%2F714%2Fnet%2Fxfrm_stat&path=%2F%2Fproc%2F690%2Ftask%2F714%2Fnet HTTP/2" 200 2204 "-" "Mozilla/5.0 AppleWebKit/537.36 (KHTML, like Gecko; compatible; ClaudeBot/1.0; +claudebot@anthropic.com)"
3.139.238.74 - - [06/May/2025:16:29:33 +0300] "GET /en/urun/standard-solutions/handles-and-locks/684wsc-horizontal-lock?filesrc=%2Fhome%2Fbmofiscom%2Flscache%2F1%2F9%2F3%2F193f2d3a99086b56&path=%2Fhome%2Fbmofiscom%2Flscache%2F1%2F9%2F3 HTTP/2" 200 2400 "-" "Mozilla/5.0 AppleWebKit/537.36 (KHTML, like Gecko; compatible; ClaudeBot/1.0; +claudebot@anthropic.com)"
3.139.238.74 - - [06/May/2025:16:29:36 +0300] "GET /en/urun/standard-solutions/handles-and-locks/684wsc-horizontal-lock?filesrc=%2Fhome%2Fbmofiscom%2Flscache%2F1%2F5%2F9%2F159652566e5a12d6&path=%2Fhome%2Fbmofiscom%2Flscache%2F1%2F5%2F9 HTTP/2" 200 2433 "-" "Mozilla/5.0 AppleWebKit/537.36 (KHTML, like Gecko; compatible; ClaudeBot/1.0; +claudebot@anthropic.com)"
3.139.238.74 - - [06/May/2025:16:29:38 +0300] "GET /urun/standart-cozumler/ofis-bolme-sistemleri/cam-tutucular/a00w-paslanmaz-celik-kupeste/teklif-al?path=%2Fhome%2Fbmofiscom%2Fpublic_html%2Fwp-content%2Fcache%2Fall%2Fwp-config.php.0 HTTP/2" 200 2553 "-" "Mozilla/5.0 AppleWebKit/537.36 (KHTML, like Gecko; compatible; ClaudeBot/1.0; +claudebot@anthropic.com)"
66.249.68.36 - - [06/May/2025:16:29:39 +0300] "GET /godsend.php?shopdetail/73902230891 HTTP/1.1" 200 24319 "-" "Mozilla/5.0 (Linux; Android 6.0.1; Nexus 5X Build/MMB29P) AppleWebKit/537.36 (KHTML, like Gecko) Chrome/136.0.7103.59 Mobile Safari/537.36 (compatible; GoogleOther)"
