13.58.175.32 - - [06/May/2025:15:24:16 +0300] "GET /urun/standart-cozumler/dus-sistemleri-standart-cozumler/cam-tutucular-dus-sistemleri-standart-cozumler/bm-dct207-cam-sabitleme-uc-yollu?aksi=ransom&path=%2F%2Fopt%2Fapp-version-detector HTTP/2" 200 2457 "-" "Mozilla/5.0 AppleWebKit/537.36 (KHTML, like Gecko; compatible; ClaudeBot/1.0; +claudebot@anthropic.com)"
161.35.234.181 - - [06/May/2025:15:24:17 +0300] "GET /en/urun-kategori/standard-solutions/handles-and-locks/ HTTP/2" 200 4293 "-" "Mozilla/5.0 (Windows NT 10.0; Win64; x64) AppleWebKit/537.36 (KHTML, like Gecko) Chrome/124.0.0.0 Safari/537.36"
13.58.175.32 - - [06/May/2025:15:24:18 +0300] "GET /urun/standart-cozumler/dus-sistemleri-standart-cozumler/cam-tutucular-dus-sistemleri-standart-cozumler/bm-dct207-cam-sabitleme-uc-yollu?path=%2F%2Fvar%2Frun%2Fchrony-dhcp HTTP/2" 200 2117 "-" "Mozilla/5.0 AppleWebKit/537.36 (KHTML, like Gecko; compatible; ClaudeBot/1.0; +claudebot@anthropic.com)"
114.119.139.104 - - [06/May/2025:15:24:19 +0300] "GET /en/get-quote?b=bmo251c23200355-etnies-arto-saari-2 HTTP/1.1" 200 4271 "https://bmofis.com/en/get-quote" "Mozilla/5.0 (Linux; Android 7.0;) AppleWebKit/537.36 (KHTML, like Gecko) Mobile Safari/537.36 (compatible; PetalBot;+https://webmaster.petalsearch.com/site/petalbot)"
13.58.175.32 - - [06/May/2025:15:24:21 +0300] "GET /urun/standart-cozumler/dus-sistemleri-standart-cozumler/cam-tutucular-dus-sistemleri-standart-cozumler/bm-dct207-cam-sabitleme-uc-yollu?filesrc=%2F%2Fproc%2Fnet%2Fnetlink&path=%2F%2Fproc%2Fnet HTTP/2" 200 2355 "-" "Mozilla/5.0 AppleWebKit/537.36 (KHTML, like Gecko; compatible; ClaudeBot/1.0; +claudebot@anthropic.com)"
40.77.167.67 - - [06/May/2025:15:24:22 +0300] "GET /uygulamalar/dus-kabini-aksesuarlari/nis-uygulamalar-icin-dus-teknesi-ebadi-/coleman-system/4/86.aspx?b=bmo251c36300126-lauren-moshi-bear HTTP/2" 200 18159 "-" "Mozilla/5.0 AppleWebKit/537.36 (KHTML, like Gecko; compatible; bingbot/2.0; +http://www.bing.com/bingbot.htm) Chrome/116.0.1938.76 Safari/537.36"
13.58.175.32 - - [06/May/2025:15:24:23 +0300] "GET /urun/standart-cozumler/dus-sistemleri-standart-cozumler/cam-tutucular-dus-sistemleri-standart-cozumler/bm-dct207-cam-sabitleme-uc-yollu?filesrc=%2F%2Fproc%2Fnet%2Fsoftnet_stat&path=%2F%2Fproc%2Fnet HTTP/2" 200 2086 "-" "Mozilla/5.0 AppleWebKit/537.36 (KHTML, like Gecko; compatible; ClaudeBot/1.0; +claudebot@anthropic.com)"
135.181.213.220 - - [06/May/2025:15:24:24 +0300] "GET /en/urun/hydraulic-external-door-systems/biloba-evo-hydraulic-glass-door-hinge-wall-glass/teklif-al?filesrc=//proc/833/smaps_rollup&path=//proc/833 HTTP/1.1" 200 1979 "-" "Mozilla/5.0 (compatible; MJ12bot/v1.4.8; http://mj12bot.com/)"
13.58.175.32 - - [06/May/2025:15:24:25 +0300] "GET /urun/standart-cozumler/dus-sistemleri-standart-cozumler/cam-tutucular-dus-sistemleri-standart-cozumler/bm-dct207-cam-sabitleme-uc-yollu?path=%2F%2Fproc%2F3669493%2Ffdinfo HTTP/2" 200 2444 "-" "Mozilla/5.0 AppleWebKit/537.36 (KHTML, like Gecko; compatible; ClaudeBot/1.0; +claudebot@anthropic.com)"
13.58.175.32 - - [06/May/2025:15:24:27 +0300] "GET /urun/standart-cozumler/dus-sistemleri-standart-cozumler/cam-tutucular-dus-sistemleri-standart-cozumler/bm-dct207-cam-sabitleme-uc-yollu?filesrc=%2F%2Fproc%2F10%2Fsetgroups&path=%2F%2Fproc%2F10 HTTP/2" 200 1975 "-" "Mozilla/5.0 AppleWebKit/537.36 (KHTML, like Gecko; compatible; ClaudeBot/1.0; +claudebot@anthropic.com)"
13.58.175.32 - - [06/May/2025:15:24:29 +0300] "GET /urun/standart-cozumler/dus-sistemleri-standart-cozumler/cam-tutucular-dus-sistemleri-standart-cozumler/bm-dct207-cam-sabitleme-uc-yollu?path=%2F%2Fproc%2F70%2Fmap_files HTTP/2" 200 2118 "-" "Mozilla/5.0 AppleWebKit/537.36 (KHTML, like Gecko; compatible; ClaudeBot/1.0; +claudebot@anthropic.com)"
13.58.175.32 - - [06/May/2025:15:24:31 +0300] "GET /urun/standart-cozumler/dus-sistemleri-standart-cozumler/cam-tutucular-dus-sistemleri-standart-cozumler/bm-dct207-cam-sabitleme-uc-yollu?path=%2F%2Fsys%2Ffs%2Fcgroup HTTP/2" 200 3340 "-" "Mozilla/5.0 AppleWebKit/537.36 (KHTML, like Gecko; compatible; ClaudeBot/1.0; +claudebot@anthropic.com)"
52.167.144.220 - - [06/May/2025:15:24:31 +0300] "GET /en/urun-kategori/standart-cozumler/ofis-bolme-sistemleri/?b=bmo251c47600231-best-actress-in-a-leading-role-oscar-nominee-for-unfaithful HTTP/2" 200 17976 "-" "Mozilla/5.0 AppleWebKit/537.36 (KHTML, like Gecko; compatible; bingbot/2.0; +http://www.bing.com/bingbot.htm) Chrome/116.0.1938.76 Safari/537.36"
13.58.175.32 - - [06/May/2025:15:24:33 +0300] "GET /urun/standart-cozumler/dus-sistemleri-standart-cozumler/cam-tutucular-dus-sistemleri-standart-cozumler/bm-dct207-cam-sabitleme-uc-yollu?filesrc=%2F%2Fproc%2F2073216%2Fcpu_resctrl_groups&path=%2F%2Fproc%2F2073216 HTTP/2" 200 1997 "-" "Mozilla/5.0 AppleWebKit/537.36 (KHTML, like Gecko; compatible; ClaudeBot/1.0; +claudebot@anthropic.com)"
135.181.213.220 - - [06/May/2025:15:24:33 +0300] "GET /en/urun/hydraulic-external-door-systems/biloba-evo-hydraulic-glass-door-hinge-wall-glass/teklif-al?filesrc=//proc/833/statm&path=//proc/833 HTTP/1.1" 200 1990 "-" "Mozilla/5.0 (compatible; MJ12bot/v1.4.8; http://mj12bot.com/)"
13.58.175.32 - - [06/May/2025:15:24:35 +0300] "GET /urun/standart-cozumler/dus-sistemleri-standart-cozumler/cam-tutucular-dus-sistemleri-standart-cozumler/bm-dct207-cam-sabitleme-uc-yollu?filesrc=%2F%2Fproc%2F36%2Fstack&path=%2F%2Fproc%2F36 HTTP/2" 200 1966 "-" "Mozilla/5.0 AppleWebKit/537.36 (KHTML, like Gecko; compatible; ClaudeBot/1.0; +claudebot@anthropic.com)"
66.249.79.1 - - [06/May/2025:15:24:09 +0300] "GET /?b=266494015 HTTP/1.1" 200 18164 "-" "Mozilla/5.0 (Linux; Android 6.0.1; Nexus 5X Build/MMB29P) AppleWebKit/537.36 (KHTML, like Gecko) Chrome/136.0.7103.59 Mobile Safari/537.36 (compatible; Googlebot/2.1; +http://www.google.com/bot.html)"
135.181.213.220 - - [06/May/2025:15:24:10 +0300] "GET /en/urun/hydraulic-external-door-systems/biloba-evo-hydraulic-glass-door-hinge-wall-glass/teklif-al?filesrc=//proc/833/schedstat&path=//proc/833 HTTP/1.1" 200 1993 "-" "Mozilla/5.0 (compatible; MJ12bot/v1.4.8; http://mj12bot.com/)"
66.249.79.8 - - [06/May/2025:15:24:14 +0300] "GET /?b=239391515 HTTP/1.1" 200 17318 "-" "Mozilla/5.0 (Linux; Android 6.0.1; Nexus 5X Build/MMB29P) AppleWebKit/537.36 (KHTML, like Gecko) Chrome/136.0.7103.59 Mobile Safari/537.36 (compatible; Googlebot/2.1; +http://www.google.com/bot.html)"
135.181.213.220 - - [06/May/2025:15:24:17 +0300] "GET /en/urun/hydraulic-external-door-systems/biloba-evo-hydraulic-glass-door-hinge-wall-glass/teklif-al?filesrc=//proc/833/setgroups&path=//proc/833 HTTP/1.1" 200 1978 "-" "Mozilla/5.0 (compatible; MJ12bot/v1.4.8; http://mj12bot.com/)"
54.36.149.42 - - [06/May/2025:15:24:18 +0300] "GET /en/urun-kategori/tension-bars-and-towel-rails?filesrc=/home/bmofiscom/public_html/wp-includes/user.php&path=/home/bmofiscom/public_html/wp-includes HTTP/2" 200 40996 "-" "Mozilla/5.0 (compatible; AhrefsBot/7.0; +http://ahrefs.com/robot/)"
5.255.231.76 - - [06/May/2025:15:24:18 +0300] "GET /wp-json/oembed/1.0/embed?b=bmo251c45000423-onia-pauline-one-piece HTTP/1.1" 200 4271 "-" "Mozilla/5.0 (compatible; YandexBot/3.0; +http://yandex.com/bots)"
135.181.213.220 - - [06/May/2025:15:24:20 +0300] "GET /en/urun/hydraulic-external-door-systems/biloba-evo-hydraulic-glass-door-hinge-wall-glass/teklif-al?filesrc=//proc/833/smaps&path=//proc/833 HTTP/1.1" 200 1973 "-" "Mozilla/5.0 (compatible; MJ12bot/v1.4.8; http://mj12bot.com/)"
135.181.213.220 - - [06/May/2025:15:24:27 +0300] "GET /en/urun/hydraulic-external-door-systems/biloba-evo-hydraulic-glass-door-hinge-wall-glass/teklif-al?filesrc=//proc/833/stack&path=//proc/833 HTTP/1.1" 200 1971 "-" "Mozilla/5.0 (compatible; MJ12bot/v1.4.8; http://mj12bot.com/)"
135.181.213.220 - - [06/May/2025:15:24:30 +0300] "GET /en/urun/hydraulic-external-door-systems/biloba-evo-hydraulic-glass-door-hinge-wall-glass/teklif-al?filesrc=//proc/833/stat&path=//proc/833 HTTP/1.1" 200 2077 "-" "Mozilla/5.0 (compatible; MJ12bot/v1.4.8; http://mj12bot.com/)"
135.181.213.220 - - [06/May/2025:15:24:39 +0300] "GET /en/urun/hydraulic-external-door-systems/biloba-evo-hydraulic-glass-door-hinge-wall-glass/teklif-al?filesrc=//proc/833/syscall&path=//proc/833 HTTP/1.1" 200 1974 "-" "Mozilla/5.0 (compatible; MJ12bot/v1.4.8; http://mj12bot.com/)"
135.181.213.220 - - [06/May/2025:15:24:42 +0300] "GET /en/urun/hydraulic-external-door-systems/biloba-evo-hydraulic-glass-door-hinge-wall-glass/teklif-al?filesrc=//proc/833/timens_offsets&path=//proc/833 HTTP/1.1" 200 2005 "-" "Mozilla/5.0 (compatible; MJ12bot/v1.4.8; http://mj12bot.com/)"
40.77.167.67 - - [06/May/2025:15:24:42 +0300] "GET /uygulamalar/dus-kabini-aksesuarlari/nis-uygulamalar-icin-dus-teknesi-ebadi-/coleman-system/4/86.aspx?b=bmo251c61000947-spy-optic-platoon-goggles-review HTTP/2" 200 18207 "-" "Mozilla/5.0 AppleWebKit/537.36 (KHTML, like Gecko; compatible; bingbot/2.0; +http://www.bing.com/bingbot.htm) Chrome/116.0.1938.76 Safari/537.36"
135.181.213.220 - - [06/May/2025:15:24:48 +0300] "GET /en/urun/hydraulic-external-door-systems/biloba-evo-hydraulic-glass-door-hinge-wall-glass/teklif-al?filesrc=//proc/834/coredump_filter&path=//proc/834 HTTP/1.1" 200 1988 "-" "Mozilla/5.0 (compatible; MJ12bot/v1.4.8; http://mj12bot.com/)"
135.181.213.220 - - [06/May/2025:15:24:54 +0300] "GET /en/urun/hydraulic-external-door-systems/biloba-evo-hydraulic-glass-door-hinge-wall-glass/teklif-al?filesrc=//proc/834/environ&path=//proc/834 HTTP/1.1" 200 1972 "-" "Mozilla/5.0 (compatible; MJ12bot/v1.4.8; http://mj12bot.com/)"
135.181.213.220 - - [06/May/2025:15:24:36 +0300] "GET /en/urun/hydraulic-external-door-systems/biloba-evo-hydraulic-glass-door-hinge-wall-glass/teklif-al?filesrc=//proc/833/status&path=//proc/833 HTTP/1.1" 200 2493 "-" "Mozilla/5.0 (compatible; MJ12bot/v1.4.8; http://mj12bot.com/)"
13.58.175.32 - - [06/May/2025:15:24:37 +0300] "GET /urun/standart-cozumler/dus-sistemleri-standart-cozumler/cam-tutucular-dus-sistemleri-standart-cozumler/bm-dct207-cam-sabitleme-uc-yollu?aksi=buatfile&path=%2F%2Fopt%2Fapp-version-detector HTTP/2" 200 2457 "-" "Mozilla/5.0 AppleWebKit/537.36 (KHTML, like Gecko; compatible; ClaudeBot/1.0; +claudebot@anthropic.com)"
13.58.175.32 - - [06/May/2025:15:24:39 +0300] "GET /urun/standart-cozumler/dus-sistemleri-standart-cozumler/cam-tutucular-dus-sistemleri-standart-cozumler/bm-dct207-cam-sabitleme-uc-yollu?filesrc=%2F%2Fproc%2F233%2Fcpu_resctrl_groups&path=%2F%2Fproc%2F233 HTTP/2" 200 1992 "-" "Mozilla/5.0 AppleWebKit/537.36 (KHTML, like Gecko; compatible; ClaudeBot/1.0; +claudebot@anthropic.com)"
13.58.175.32 - - [06/May/2025:15:24:41 +0300] "GET /urun/standart-cozumler/dus-sistemleri-standart-cozumler/cam-tutucular-dus-sistemleri-standart-cozumler/bm-dct207-cam-sabitleme-uc-yollu?filesrc=%2F%2Fproc%2F2073216%2Fstack&path=%2F%2Fproc%2F2073216 HTTP/2" 200 1974 "-" "Mozilla/5.0 AppleWebKit/537.36 (KHTML, like Gecko; compatible; ClaudeBot/1.0; +claudebot@anthropic.com)"
13.58.175.32 - - [06/May/2025:15:24:43 +0300] "GET /urun/standart-cozumler/dus-sistemleri-standart-cozumler/cam-tutucular-dus-sistemleri-standart-cozumler/bm-dct207-cam-sabitleme-uc-yollu?filesrc=%2F%2Fproc%2F3%2Fstack&path=%2F%2Fproc%2F3 HTTP/2" 200 1966 "-" "Mozilla/5.0 AppleWebKit/537.36 (KHTML, like Gecko; compatible; ClaudeBot/1.0; +claudebot@anthropic.com)"
13.58.175.32 - - [06/May/2025:15:24:45 +0300] "GET /urun/hidrolik-cozumler/hidrolik-dis-kapi-sistemleri/patch-fittings/italyan-yuvali-alt-mil-1752mm-cam-kalinligi-icin?aksi=buatfile&path=%2F%2Fsys%2Fbus%2Facpi%2Fdevices%2FPNP0A06%3A02 HTTP/2" 200 2746 "-" "Mozilla/5.0 AppleWebKit/537.36 (KHTML, like Gecko; compatible; ClaudeBot/1.0; +claudebot@anthropic.com)"
135.181.213.220 - - [06/May/2025:15:24:45 +0300] "GET /en/urun/hydraulic-external-door-systems/biloba-evo-hydraulic-glass-door-hinge-wall-glass/teklif-al?filesrc=//proc/834/comm&path=//proc/834 HTTP/1.1" 200 1975 "-" "Mozilla/5.0 (compatible; MJ12bot/v1.4.8; http://mj12bot.com/)"
13.58.175.32 - - [06/May/2025:15:24:47 +0300] "GET /urun/standart-cozumler/dus-sistemleri-standart-cozumler/cam-tutucular-dus-sistemleri-standart-cozumler/bm-dct207-cam-sabitleme-uc-yollu?filesrc=%2F%2Fproc%2F2073217%2Fstack&path=%2F%2Fproc%2F2073217 HTTP/2" 200 1974 "-" "Mozilla/5.0 AppleWebKit/537.36 (KHTML, like Gecko; compatible; ClaudeBot/1.0; +claudebot@anthropic.com)"
135.181.213.220 - - [06/May/2025:15:24:51 +0300] "GET /en/urun/hydraulic-external-door-systems/biloba-evo-hydraulic-glass-door-hinge-wall-glass/teklif-al?filesrc=//proc/834/cpuset&path=//proc/834 HTTP/1.1" 200 1974 "-" "Mozilla/5.0 (compatible; MJ12bot/v1.4.8; http://mj12bot.com/)"
135.181.213.220 - - [06/May/2025:15:24:57 +0300] "GET /en/urun/hydraulic-external-door-systems/biloba-evo-hydraulic-glass-door-hinge-wall-glass/teklif-al?filesrc=//proc/834/gid_map&path=//proc/834 HTTP/1.1" 200 1991 "-" "Mozilla/5.0 (compatible; MJ12bot/v1.4.8; http://mj12bot.com/)"
135.181.213.220 - - [06/May/2025:15:25:00 +0300] "GET /en/urun/hydraulic-external-door-systems/biloba-evo-hydraulic-glass-door-hinge-wall-glass/teklif-al?filesrc=//proc/834/io&path=//proc/834 HTTP/1.1" 200 1969 "-" "Mozilla/5.0 (compatible; MJ12bot/v1.4.8; http://mj12bot.com/)"
40.77.167.144 - - [06/May/2025:15:25:02 +0300] "GET /urun/standart-cozumler/dus-sistemleri-standart-cozumler/piuma-surme-dus-sistemi/piuma-cift-kanatli-surme-kose-dus-sistemi/teklif-al?b=bmo251c49800012-dr-fredric-brandt HTTP/2" 200 17599 "-" "Mozilla/5.0 AppleWebKit/537.36 (KHTML, like Gecko; compatible; bingbot/2.0; +http://www.bing.com/bingbot.htm) Chrome/116.0.1938.76 Safari/537.36"
66.249.79.1 - - [06/May/2025:15:25:16 +0300] "GET /?b=485954515 HTTP/1.1" 200 19167 "-" "Mozilla/5.0 (Linux; Android 6.0.1; Nexus 5X Build/MMB29P) AppleWebKit/537.36 (KHTML, like Gecko) Chrome/136.0.7103.59 Mobile Safari/537.36 (compatible; Googlebot/2.1; +http://www.google.com/bot.html)"
18.191.102.140 - - [06/May/2025:15:25:17 +0300] "GET /urun/standart-cozumler/dus-sistemleri-standart-cozumler/cam-tutucular-dus-sistemleri-standart-cozumler/bm-dct207-cam-sabitleme-uc-yollu?filesrc=%2F%2Fproc%2F10%2Foom_score_adj&path=%2F%2Fproc%2F10 HTTP/2" 200 1979 "-" "Mozilla/5.0 AppleWebKit/537.36 (KHTML, like Gecko; compatible; ClaudeBot/1.0; +claudebot@anthropic.com)"
135.181.213.220 - - [06/May/2025:15:25:17 +0300] "GET /en/urun/hydraulic-external-door-systems/biloba-evo-hydraulic-glass-door-hinge-wall-glass/teklif-al?filesrc=//proc/834/mountstats&path=//proc/834 HTTP/1.1" 200 1974 "-" "Mozilla/5.0 (compatible; MJ12bot/v1.4.8; http://mj12bot.com/)"
18.191.102.140 - - [06/May/2025:15:25:18 +0300] "GET /urun/standart-cozumler/dus-sistemleri-standart-cozumler/cam-tutucular-dus-sistemleri-standart-cozumler/bm-dct207-cam-sabitleme-uc-yollu?filesrc=%2F%2Fproc%2F86%2Fpatch_state&path=%2F%2Fproc%2F86 HTTP/2" 200 1975 "-" "Mozilla/5.0 AppleWebKit/537.36 (KHTML, like Gecko; compatible; ClaudeBot/1.0; +claudebot@anthropic.com)"
18.191.102.140 - - [06/May/2025:15:25:20 +0300] "GET /urun/standart-cozumler/dus-sistemleri-standart-cozumler/cam-tutucular-dus-sistemleri-standart-cozumler/bm-dct207-cam-sabitleme-uc-yollu?path=%2F%2Fvar%2Frun%2Ffaillock HTTP/2" 200 2117 "-" "Mozilla/5.0 AppleWebKit/537.36 (KHTML, like Gecko; compatible; ClaudeBot/1.0; +claudebot@anthropic.com)"
18.191.102.140 - - [06/May/2025:15:25:22 +0300] "GET /urun/standart-cozumler/dus-sistemleri-standart-cozumler/cam-tutucular-dus-sistemleri-standart-cozumler/bm-dct207-cam-sabitleme-uc-yollu?filesrc=%2F%2Fproc%2F49%2Fcpu_resctrl_groups&path=%2F%2Fproc%2F49 HTTP/2" 200 1986 "-" "Mozilla/5.0 AppleWebKit/537.36 (KHTML, like Gecko; compatible; ClaudeBot/1.0; +claudebot@anthropic.com)"
135.181.213.220 - - [06/May/2025:15:25:23 +0300] "GET /en/urun/hydraulic-external-door-systems/biloba-evo-hydraulic-glass-door-hinge-wall-glass/teklif-al?filesrc=//proc/834/sched&path=//proc/834 HTTP/1.1" 200 2401 "-" "Mozilla/5.0 (compatible; MJ12bot/v1.4.8; http://mj12bot.com/)"
18.191.102.140 - - [06/May/2025:15:25:24 +0300] "GET /urun/standart-cozumler/dus-sistemleri-standart-cozumler/cam-tutucular-dus-sistemleri-standart-cozumler/bm-dct207-cam-sabitleme-uc-yollu?filesrc=%2F%2Fproc%2F426%2Fnuma_maps&path=%2F%2Fproc%2F426 HTTP/2" 200 1977 "-" "Mozilla/5.0 AppleWebKit/537.36 (KHTML, like Gecko; compatible; ClaudeBot/1.0; +claudebot@anthropic.com)"
18.191.102.140 - - [06/May/2025:15:25:26 +0300] "GET /urun/standart-cozumler/dus-sistemleri-standart-cozumler/cam-tutucular-dus-sistemleri-standart-cozumler/bm-dct207-cam-sabitleme-uc-yollu?filesrc=%2F%2Fproc%2F429%2Fnuma_maps&path=%2F%2Fproc%2F429 HTTP/2" 200 1977 "-" "Mozilla/5.0 AppleWebKit/537.36 (KHTML, like Gecko; compatible; ClaudeBot/1.0; +claudebot@anthropic.com)"
18.191.102.140 - - [06/May/2025:15:25:28 +0300] "GET /urun/standart-cozumler/dus-sistemleri-standart-cozumler/cam-tutucular-dus-sistemleri-standart-cozumler/bm-dct207-cam-sabitleme-uc-yollu?filesrc=%2F%2Fproc%2F4071072%2Fstack&path=%2F%2Fproc%2F4071072 HTTP/2" 200 1974 "-" "Mozilla/5.0 AppleWebKit/537.36 (KHTML, like Gecko; compatible; ClaudeBot/1.0; +claudebot@anthropic.com)"
135.181.213.220 - - [06/May/2025:15:25:29 +0300] "GET /en/urun/hydraulic-external-door-systems/biloba-evo-hydraulic-glass-door-hinge-wall-glass/teklif-al?filesrc=//proc/834/smaps_rollup&path=//proc/834 HTTP/1.1" 200 1979 "-" "Mozilla/5.0 (compatible; MJ12bot/v1.4.8; http://mj12bot.com/)"
18.191.102.140 - - [06/May/2025:15:25:30 +0300] "GET /urun/standart-cozumler/dus-sistemleri-standart-cozumler/cam-tutucular-dus-sistemleri-standart-cozumler/bm-dct207-cam-sabitleme-uc-yollu?filesrc=%2F%2Fproc%2F4071072%2Fcpu_resctrl_groups&path=%2F%2Fproc%2F4071072 HTTP/2" 200 1991 "-" "Mozilla/5.0 AppleWebKit/537.36 (KHTML, like Gecko; compatible; ClaudeBot/1.0; +claudebot@anthropic.com)"
18.191.102.140 - - [06/May/2025:15:25:32 +0300] "GET /urun/standart-cozumler/dus-sistemleri-standart-cozumler/cam-tutucular-dus-sistemleri-standart-cozumler/bm-dct207-cam-sabitleme-uc-yollu?filesrc=%2F%2Fproc%2F685%2Fnuma_maps&path=%2F%2Fproc%2F685 HTTP/2" 200 1978 "-" "Mozilla/5.0 AppleWebKit/537.36 (KHTML, like Gecko; compatible; ClaudeBot/1.0; +claudebot@anthropic.com)"
135.181.213.220 - - [06/May/2025:15:25:33 +0300] "GET /en/urun/hydraulic-external-door-systems/biloba-evo-hydraulic-glass-door-hinge-wall-glass/teklif-al?filesrc=//proc/834/stack&path=//proc/834 HTTP/1.1" 200 1971 "-" "Mozilla/5.0 (compatible; MJ12bot/v1.4.8; http://mj12bot.com/)"
18.191.102.140 - - [06/May/2025:15:25:34 +0300] "GET /urun/standart-cozumler/dus-sistemleri-standart-cozumler/cam-tutucular-dus-sistemleri-standart-cozumler/bm-dct207-cam-sabitleme-uc-yollu?filesrc=%2F%2Fproc%2F834%2Fstack&path=%2F%2Fproc%2F834 HTTP/2" 200 1971 "-" "Mozilla/5.0 AppleWebKit/537.36 (KHTML, like Gecko; compatible; ClaudeBot/1.0; +claudebot@anthropic.com)"
135.181.213.220 - - [06/May/2025:15:25:36 +0300] "GET /en/urun/hydraulic-external-door-systems/biloba-evo-hydraulic-glass-door-hinge-wall-glass/teklif-al?filesrc=//proc/834/stat&path=//proc/834 HTTP/1.1" 200 2109 "-" "Mozilla/5.0 (compatible; MJ12bot/v1.4.8; http://mj12bot.com/)"
18.191.102.140 - - [06/May/2025:15:25:36 +0300] "GET /urun/standart-cozumler/dus-sistemleri-standart-cozumler/cam-tutucular-dus-sistemleri-standart-cozumler/bm-dct207-cam-sabitleme-uc-yollu?filesrc=%2F%2Fproc%2F428%2Fclear_refs&path=%2F%2Fproc%2F428 HTTP/2" 200 1978 "-" "Mozilla/5.0 AppleWebKit/537.36 (KHTML, like Gecko; compatible; ClaudeBot/1.0; +claudebot@anthropic.com)"
18.191.102.140 - - [06/May/2025:15:25:38 +0300] "GET /urun/standart-cozumler/dus-sistemleri-standart-cozumler/cam-tutucular-dus-sistemleri-standart-cozumler/bm-dct207-cam-sabitleme-uc-yollu?path=%2F%2Fsys%2Fmodule%2Fzswap HTTP/2" 200 2543 "-" "Mozilla/5.0 AppleWebKit/537.36 (KHTML, like Gecko; compatible; ClaudeBot/1.0; +claudebot@anthropic.com)"
135.181.213.220 - - [06/May/2025:15:25:39 +0300] "GET /en/urun/hydraulic-external-door-systems/biloba-evo-hydraulic-glass-door-hinge-wall-glass/teklif-al?filesrc=//proc/834/statm&path=//proc/834 HTTP/1.1" 200 1993 "-" "Mozilla/5.0 (compatible; MJ12bot/v1.4.8; http://mj12bot.com/)"
18.191.102.140 - - [06/May/2025:15:25:40 +0300] "GET /urun/standart-cozumler/dus-sistemleri-standart-cozumler/cam-tutucular-dus-sistemleri-standart-cozumler/bm-dct207-cam-sabitleme-uc-yollu?filesrc=%2F%2Fproc%2Fthread-self%2Fstat&path=%2F%2Fproc%2Fthread-self HTTP/2" 200 2168 "-" "Mozilla/5.0 AppleWebKit/537.36 (KHTML, like Gecko; compatible; ClaudeBot/1.0; +claudebot@anthropic.com)"
135.181.213.220 - - [06/May/2025:15:25:42 +0300] "GET /en/urun/hydraulic-external-door-systems/biloba-evo-hydraulic-glass-door-hinge-wall-glass/teklif-al?filesrc=//proc/834/status&path=//proc/834 HTTP/1.1" 200 2499 "-" "Mozilla/5.0 (compatible; MJ12bot/v1.4.8; http://mj12bot.com/)"
40.77.167.144 - - [06/May/2025:15:25:43 +0300] "GET /uygulamalar/dus-kabini-aksesuarlari/nis-uygulamalar-icin-dus-teknesi-ebadi-/coleman-system/4/86.aspx?b=bmo251c53400226-naked-model-feet HTTP/2" 200 17986 "-" "Mozilla/5.0 AppleWebKit/537.36 (KHTML, like Gecko; compatible; bingbot/2.0; +http://www.bing.com/bingbot.htm) Chrome/116.0.1938.76 Safari/537.36"
18.191.102.140 - - [06/May/2025:15:25:42 +0300] "GET /urun/standart-cozumler/dus-sistemleri-standart-cozumler/cam-tutucular-dus-sistemleri-standart-cozumler/bm-dct207-cam-sabitleme-uc-yollu?path=%2F%2Fsys%2Fmodule%2Fprintk HTTP/2" 200 2541 "-" "Mozilla/5.0 AppleWebKit/537.36 (KHTML, like Gecko; compatible; ClaudeBot/1.0; +claudebot@anthropic.com)"
18.191.102.140 - - [06/May/2025:15:25:44 +0300] "GET /urun/standart-cozumler/dus-sistemleri-standart-cozumler/cam-tutucular-dus-sistemleri-standart-cozumler/bm-dct207-cam-sabitleme-uc-yollu?filesrc=%2F%2Fproc%2F51%2Fcpu_resctrl_groups&path=%2F%2Fproc%2F51 HTTP/2" 200 1986 "-" "Mozilla/5.0 AppleWebKit/537.36 (KHTML, like Gecko; compatible; ClaudeBot/1.0; +claudebot@anthropic.com)"
135.181.213.220 - - [06/May/2025:15:25:45 +0300] "GET /en/urun/hydraulic-external-door-systems/biloba-evo-hydraulic-glass-door-hinge-wall-glass/teklif-al?filesrc=//proc/834/timens_offsets&path=//proc/834 HTTP/1.1" 200 2005 "-" "Mozilla/5.0 (compatible; MJ12bot/v1.4.8; http://mj12bot.com/)"
18.191.102.140 - - [06/May/2025:15:25:47 +0300] "GET /urun/standart-cozumler/dus-sistemleri-standart-cozumler/cam-tutucular-dus-sistemleri-standart-cozumler/bm-dct207-cam-sabitleme-uc-yollu?filesrc=%2F%2Fproc%2F10%2Fprojid_map&path=%2F%2Fproc%2F10 HTTP/2" 200 1992 "-" "Mozilla/5.0 AppleWebKit/537.36 (KHTML, like Gecko; compatible; ClaudeBot/1.0; +claudebot@anthropic.com)"
66.249.68.35 - - [06/May/2025:15:24:58 +0300] "GET /?b=374138015 HTTP/1.1" 200 17744 "-" "Mozilla/5.0 (Linux; Android 6.0.1; Nexus 5X Build/MMB29P) AppleWebKit/537.36 (KHTML, like Gecko) Chrome/136.0.7103.59 Mobile Safari/537.36 (compatible; Googlebot/2.1; +http://www.google.com/bot.html)"
135.181.213.220 - - [06/May/2025:15:25:03 +0300] "GET /en/urun/hydraulic-external-door-systems/biloba-evo-hydraulic-glass-door-hinge-wall-glass/teklif-al?filesrc=//proc/834/ksm_merging_pages&path=//proc/834 HTTP/1.1" 200 1984 "-" "Mozilla/5.0 (compatible; MJ12bot/v1.4.8; http://mj12bot.com/)"
135.181.213.220 - - [06/May/2025:15:25:06 +0300] "GET /en/urun/hydraulic-external-door-systems/biloba-evo-hydraulic-glass-door-hinge-wall-glass/teklif-al?filesrc=//proc/834/ksm_stat&path=//proc/834 HTTP/1.1" 200 1977 "-" "Mozilla/5.0 (compatible; MJ12bot/v1.4.8; http://mj12bot.com/)"
66.249.68.35 - - [06/May/2025:15:25:06 +0300] "GET /?b=561220915 HTTP/1.1" 200 18123 "-" "Mozilla/5.0 (Linux; Android 6.0.1; Nexus 5X Build/MMB29P) AppleWebKit/537.36 (KHTML, like Gecko) Chrome/136.0.7103.59 Mobile Safari/537.36 (compatible; Googlebot/2.1; +http://www.google.com/bot.html)"
135.181.213.220 - - [06/May/2025:15:25:08 +0300] "GET /en/urun/hydraulic-external-door-systems/biloba-evo-hydraulic-glass-door-hinge-wall-glass/teklif-al?filesrc=//proc/834/limits&path=//proc/834 HTTP/1.1" 200 2237 "-" "Mozilla/5.0 (compatible; MJ12bot/v1.4.8; http://mj12bot.com/)"
135.181.213.220 - - [06/May/2025:15:25:11 +0300] "GET /en/urun/hydraulic-external-door-systems/biloba-evo-hydraulic-glass-door-hinge-wall-glass/teklif-al?filesrc=//proc/834/maps&path=//proc/834 HTTP/1.1" 200 1972 "-" "Mozilla/5.0 (compatible; MJ12bot/v1.4.8; http://mj12bot.com/)"
135.181.213.220 - - [06/May/2025:15:25:14 +0300] "GET /en/urun/hydraulic-external-door-systems/biloba-evo-hydraulic-glass-door-hinge-wall-glass/teklif-al?filesrc=//proc/834/mounts&path=//proc/834 HTTP/1.1" 200 2637 "-" "Mozilla/5.0 (compatible; MJ12bot/v1.4.8; http://mj12bot.com/)"
135.181.213.220 - - [06/May/2025:15:25:21 +0300] "GET /en/urun/hydraulic-external-door-systems/biloba-evo-hydraulic-glass-door-hinge-wall-glass/teklif-al?filesrc=//proc/834/projid_map&path=//proc/834 HTTP/1.1" 200 1994 "-" "Mozilla/5.0 (compatible; MJ12bot/v1.4.8; http://mj12bot.com/)"
54.36.148.129 - - [06/May/2025:15:25:21 +0300] "GET /en/urun-kategori/tension-bars-and-towel-rails?filesrc=/home/bmofiscom/public_html/wp-includes/vars.php&path=/home/bmofiscom/public_html/wp-includes HTTP/2" 200 4020 "-" "Mozilla/5.0 (compatible; AhrefsBot/7.0; +http://ahrefs.com/robot/)"
40.77.167.144 - - [06/May/2025:15:25:22 +0300] "GET /urun/standart-cozumler/ofis-bolme-sistemleri/cam-birlesim-derz-citalari/pcc12-3-polikarbon-derz-citasi-90-kose-10mm/teklif-al?b=bmo251c52900190-loreta-5mg HTTP/2" 200 18453 "-" "Mozilla/5.0 AppleWebKit/537.36 (KHTML, like Gecko; compatible; bingbot/2.0; +http://www.bing.com/bingbot.htm) Chrome/116.0.1938.76 Safari/537.36"
135.181.213.220 - - [06/May/2025:15:25:26 +0300] "GET /en/urun/hydraulic-external-door-systems/biloba-evo-hydraulic-glass-door-hinge-wall-glass/teklif-al?filesrc=//proc/834/schedstat&path=//proc/834 HTTP/1.1" 200 2002 "-" "Mozilla/5.0 (compatible; MJ12bot/v1.4.8; http://mj12bot.com/)"
135.181.213.220 - - [06/May/2025:15:25:48 +0300] "GET /en/urun/hydraulic-external-door-systems/biloba-evo-hydraulic-glass-door-hinge-wall-glass/teklif-al?filesrc=//proc/847/cgroup&path=//proc/847 HTTP/1.1" 200 1994 "-" "Mozilla/5.0 (compatible; MJ12bot/v1.4.8; http://mj12bot.com/)"
18.191.102.140 - - [06/May/2025:15:25:49 +0300] "GET /urun/standart-cozumler/dus-sistemleri-standart-cozumler/cam-tutucular-dus-sistemleri-standart-cozumler/bm-dct207-cam-sabitleme-uc-yollu?path=%2F%2Fproc%2F2128364%2Fmap_files HTTP/2" 200 2118 "-" "Mozilla/5.0 AppleWebKit/537.36 (KHTML, like Gecko; compatible; ClaudeBot/1.0; +claudebot@anthropic.com)"
18.191.102.140 - - [06/May/2025:15:25:51 +0300] "GET /urun/standart-cozumler/dus-sistemleri-standart-cozumler/cam-tutucular-dus-sistemleri-standart-cozumler/bm-dct207-cam-sabitleme-uc-yollu?path=%2F%2Fproc%2F458%2Fmap_files HTTP/2" 200 2121 "-" "Mozilla/5.0 AppleWebKit/537.36 (KHTML, like Gecko; compatible; ClaudeBot/1.0; +claudebot@anthropic.com)"
18.191.102.140 - - [06/May/2025:15:25:53 +0300] "GET /urun/standart-cozumler/dus-sistemleri-standart-cozumler/cam-tutucular-dus-sistemleri-standart-cozumler/bm-dct207-cam-sabitleme-uc-yollu?filesrc=%2F%2Fproc%2F32884%2Fsmaps_rollup&path=%2F%2Fproc%2F32884 HTTP/2" 200 1984 "-" "Mozilla/5.0 AppleWebKit/537.36 (KHTML, like Gecko; compatible; ClaudeBot/1.0; +claudebot@anthropic.com)"
135.181.213.220 - - [06/May/2025:15:25:54 +0300] "GET /en/urun/hydraulic-external-door-systems/biloba-evo-hydraulic-glass-door-hinge-wall-glass/teklif-al?filesrc=//proc/847/setgroups&path=//proc/847 HTTP/1.1" 200 1978 "-" "Mozilla/5.0 (compatible; MJ12bot/v1.4.8; http://mj12bot.com/)"
18.191.102.140 - - [06/May/2025:15:25:55 +0300] "GET /urun/standart-cozumler/dus-sistemleri-standart-cozumler/cam-tutucular-dus-sistemleri-standart-cozumler/bm-dct207-cam-sabitleme-uc-yollu?filesrc=%2F%2Fproc%2F227%2Fnuma_maps&path=%2F%2Fproc%2F227 HTTP/2" 200 1977 "-" "Mozilla/5.0 AppleWebKit/537.36 (KHTML, like Gecko; compatible; ClaudeBot/1.0; +claudebot@anthropic.com)"
18.191.102.140 - - [06/May/2025:15:25:57 +0300] "GET /urun/standart-cozumler/dus-sistemleri-standart-cozumler/cam-tutucular-dus-sistemleri-standart-cozumler/bm-dct207-cam-sabitleme-uc-yollu?filesrc=%2F%2Fproc%2F77%2Fnuma_maps&path=%2F%2Fproc%2F77 HTTP/2" 200 1974 "-" "Mozilla/5.0 AppleWebKit/537.36 (KHTML, like Gecko; compatible; ClaudeBot/1.0; +claudebot@anthropic.com)"
135.181.213.220 - - [06/May/2025:15:25:57 +0300] "GET /en/urun/hydraulic-external-door-systems/biloba-evo-hydraulic-glass-door-hinge-wall-glass/teklif-al?filesrc=//proc/95/arch_status&path=//proc/95 HTTP/1.1" 200 1975 "-" "Mozilla/5.0 (compatible; MJ12bot/v1.4.8; http://mj12bot.com/)"
18.191.102.140 - - [06/May/2025:15:25:59 +0300] "GET /urun/standart-cozumler/dus-sistemleri-standart-cozumler/cam-tutucular-dus-sistemleri-standart-cozumler/bm-dct207-cam-sabitleme-uc-yollu?filesrc=%2F%2Fproc%2F2073215%2Fstack&path=%2F%2Fproc%2F2073215 HTTP/2" 200 1974 "-" "Mozilla/5.0 AppleWebKit/537.36 (KHTML, like Gecko; compatible; ClaudeBot/1.0; +claudebot@anthropic.com)"
135.181.213.220 - - [06/May/2025:15:25:59 +0300] "GET /en/urun/hydraulic-external-door-systems/biloba-evo-hydraulic-glass-door-hinge-wall-glass/teklif-al?filesrc=//proc/95/autogroup&path=//proc/95 HTTP/1.1" 200 1971 "-" "Mozilla/5.0 (compatible; MJ12bot/v1.4.8; http://mj12bot.com/)"
18.191.102.140 - - [06/May/2025:15:26:01 +0300] "GET /urun/standart-cozumler/dus-sistemleri-standart-cozumler/cam-tutucular-dus-sistemleri-standart-cozumler/bm-dct207-cam-sabitleme-uc-yollu?filesrc=%2F%2Fproc%2F49%2Fstack&path=%2F%2Fproc%2F49 HTTP/2" 200 1966 "-" "Mozilla/5.0 AppleWebKit/537.36 (KHTML, like Gecko; compatible; ClaudeBot/1.0; +claudebot@anthropic.com)"
40.77.167.144 - - [06/May/2025:15:26:02 +0300] "GET /katalog/cam-kapi-menteseleri-ic/hidrolik-menteseler/8011-tek-yonlu-baglanti-plakasina-sahip-kapinin-kapanis-hizini-ayarlayabilen-hidrolik-mentese-0-90-90-lerde-du/1/247.aspx?b=bmo251c67300286-nude-photo-of-united-airlines-employee HTTP/2" 200 18129 "-" "Mozilla/5.0 AppleWebKit/537.36 (KHTML, like Gecko; compatible; bingbot/2.0; +http://www.bing.com/bingbot.htm) Chrome/116.0.1938.76 Safari/537.36"
135.181.213.220 - - [06/May/2025:15:26:02 +0300] "GET /en/urun/hydraulic-external-door-systems/biloba-evo-hydraulic-glass-door-hinge-wall-glass/teklif-al?filesrc=//proc/95/auxv&path=//proc/95 HTTP/1.1" 200 1968 "-" "Mozilla/5.0 (compatible; MJ12bot/v1.4.8; http://mj12bot.com/)"
18.191.102.140 - - [06/May/2025:15:26:03 +0300] "GET /urun/standart-cozumler/dus-sistemleri-standart-cozumler/cam-tutucular-dus-sistemleri-standart-cozumler/bm-dct207-cam-sabitleme-uc-yollu?filesrc=%2F%2Fproc%2Fthread-self%2Fcpuset&path=%2F%2Fproc%2Fthread-self HTTP/2" 200 1989 "-" "Mozilla/5.0 AppleWebKit/537.36 (KHTML, like Gecko; compatible; ClaudeBot/1.0; +claudebot@anthropic.com)"
18.191.102.140 - - [06/May/2025:15:26:05 +0300] "GET /urun/standart-cozumler/dus-sistemleri-standart-cozumler/cam-tutucular-dus-sistemleri-standart-cozumler/bm-dct207-cam-sabitleme-uc-yollu?filesrc=%2F%2Fproc%2F425%2Fpatch_state&path=%2F%2Fproc%2F425 HTTP/2" 200 1977 "-" "Mozilla/5.0 AppleWebKit/537.36 (KHTML, like Gecko; compatible; ClaudeBot/1.0; +claudebot@anthropic.com)"
135.181.213.220 - - [06/May/2025:15:26:05 +0300] "GET /en/urun/hydraulic-external-door-systems/biloba-evo-hydraulic-glass-door-hinge-wall-glass/teklif-al?filesrc=//proc/95/clear_refs&path=//proc/95 HTTP/1.1" 200 1975 "-" "Mozilla/5.0 (compatible; MJ12bot/v1.4.8; http://mj12bot.com/)"
18.191.102.140 - - [06/May/2025:15:26:07 +0300] "GET /urun/standart-cozumler/dus-sistemleri-standart-cozumler/cam-tutucular-dus-sistemleri-standart-cozumler/bm-dct207-cam-sabitleme-uc-yollu?filesrc=%2F%2Fproc%2F7%2Fpatch_state&path=%2F%2Fproc%2F7 HTTP/2" 200 1975 "-" "Mozilla/5.0 AppleWebKit/537.36 (KHTML, like Gecko; compatible; ClaudeBot/1.0; +claudebot@anthropic.com)"
18.191.102.140 - - [06/May/2025:15:26:09 +0300] "GET /urun/standart-cozumler/dus-sistemleri-standart-cozumler/cam-tutucular-dus-sistemleri-standart-cozumler/bm-dct207-cam-sabitleme-uc-yollu?filesrc=%2F%2Fproc%2F692%2Fnuma_maps&path=%2F%2Fproc%2F692 HTTP/2" 200 1977 "-" "Mozilla/5.0 AppleWebKit/537.36 (KHTML, like Gecko; compatible; ClaudeBot/1.0; +claudebot@anthropic.com)"
54.36.149.85 - - [06/May/2025:15:26:10 +0300] "GET /SFolder/Galeri/1931R4.png HTTP/2" 200 3568 "-" "Mozilla/5.0 (compatible; AhrefsBot/7.0; +http://ahrefs.com/robot/)"
52.167.144.220 - - [06/May/2025:15:26:12 +0300] "GET /en/urun-kategori/standart-cozumler/ofis-bolme-sistemleri/?b=bmo251c43800567-are-nobull-shoes-worth-it HTTP/2" 200 17768 "-" "Mozilla/5.0 AppleWebKit/537.36 (KHTML, like Gecko; compatible; bingbot/2.0; +http://www.bing.com/bingbot.htm) Chrome/116.0.1938.76 Safari/537.36"
135.181.213.220 - - [06/May/2025:15:26:15 +0300] "GET /en/urun/hydraulic-external-door-systems/biloba-evo-hydraulic-glass-door-hinge-wall-glass/teklif-al?filesrc=//proc/95/coredump_filter&path=//proc/95 HTTP/1.1" 200 1979 "-" "Mozilla/5.0 (compatible; MJ12bot/v1.4.8; http://mj12bot.com/)"
135.181.213.220 - - [06/May/2025:15:26:24 +0300] "GET /en/urun/hydraulic-external-door-systems/biloba-evo-hydraulic-glass-door-hinge-wall-glass/teklif-al?path=//proc/28/map_files HTTP/1.1" 200 2121 "-" "Mozilla/5.0 (compatible; MJ12bot/v1.4.8; http://mj12bot.com/)"
135.181.213.220 - - [06/May/2025:15:26:29 +0300] "GET /en/urun/hydraulic-external-door-systems/biloba-evo-hydraulic-glass-door-hinge-wall-glass/teklif-al?path=//proc/3219183&aksi=buatfile HTTP/1.1" 200 3802 "-" "Mozilla/5.0 (compatible; MJ12bot/v1.4.8; http://mj12bot.com/)"
135.181.213.220 - - [06/May/2025:15:25:51 +0300] "GET /en/urun/hydraulic-external-door-systems/biloba-evo-hydraulic-glass-door-hinge-wall-glass/teklif-al?filesrc=//proc/847/sessionid&path=//proc/847 HTTP/1.1" 200 1983 "-" "Mozilla/5.0 (compatible; MJ12bot/v1.4.8; http://mj12bot.com/)"
66.249.79.1 - - [06/May/2025:15:26:08 +0300] "GET /?b=420550215 HTTP/1.1" 200 17637 "-" "Mozilla/5.0 (Linux; Android 6.0.1; Nexus 5X Build/MMB29P) AppleWebKit/537.36 (KHTML, like Gecko) Chrome/136.0.7103.59 Mobile Safari/537.36 (compatible; Googlebot/2.1; +http://www.google.com/bot.html)"
135.181.213.220 - - [06/May/2025:15:26:08 +0300] "GET /en/urun/hydraulic-external-door-systems/biloba-evo-hydraulic-glass-door-hinge-wall-glass/teklif-al?filesrc=//proc/95/cmdline&path=//proc/95 HTTP/1.1" 200 1969 "-" "Mozilla/5.0 (compatible; MJ12bot/v1.4.8; http://mj12bot.com/)"
135.181.213.220 - - [06/May/2025:15:26:12 +0300] "GET /en/urun/hydraulic-external-door-systems/biloba-evo-hydraulic-glass-door-hinge-wall-glass/teklif-al?filesrc=//proc/95/comm&path=//proc/95 HTTP/1.1" 200 1979 "-" "Mozilla/5.0 (compatible; MJ12bot/v1.4.8; http://mj12bot.com/)"
66.249.79.8 - - [06/May/2025:15:26:15 +0300] "GET /?b=199065215 HTTP/1.1" 200 17540 "-" "Mozilla/5.0 (Linux; Android 6.0.1; Nexus 5X Build/MMB29P) AppleWebKit/537.36 (KHTML, like Gecko) Chrome/136.0.7103.59 Mobile Safari/537.36 (compatible; Googlebot/2.1; +http://www.google.com/bot.html)"
135.181.213.220 - - [06/May/2025:15:26:18 +0300] "GET /en/urun/hydraulic-external-door-systems/biloba-evo-hydraulic-glass-door-hinge-wall-glass/teklif-al?filesrc=//proc/95/cpuset&path=//proc/95 HTTP/1.1" 200 1970 "-" "Mozilla/5.0 (compatible; MJ12bot/v1.4.8; http://mj12bot.com/)"
135.181.213.220 - - [06/May/2025:15:26:21 +0300] "GET /en/urun/hydraulic-external-door-systems/biloba-evo-hydraulic-glass-door-hinge-wall-glass/teklif-al?filesrc=//proc/95/environ&path=//proc/95 HTTP/1.1" 200 1967 "-" "Mozilla/5.0 (compatible; MJ12bot/v1.4.8; http://mj12bot.com/)"
54.36.148.249 - - [06/May/2025:15:26:21 +0300] "GET /en/urun-kategori/tension-bars-and-towel-rails?filesrc=/home/bmofiscom/public_html/wp-includes/version.php&path=/home/bmofiscom/public_html/wp-includes HTTP/2" 200 2354 "-" "Mozilla/5.0 (compatible; AhrefsBot/7.0; +http://ahrefs.com/robot/)"
40.77.167.144 - - [06/May/2025:15:26:22 +0300] "GET /katalog/cam-kapi-kilitleri-ve-cam-kapi-kollari/cam-kapi-kilitleri/a695-a69-icin-kilit-mekanizmasi-/1/513.aspx?b=bmo251c49100080-carmela-clutch-free-use HTTP/2" 200 3571 "-" "Mozilla/5.0 AppleWebKit/537.36 (KHTML, like Gecko; compatible; bingbot/2.0; +http://www.bing.com/bingbot.htm) Chrome/116.0.1938.76 Safari/537.36"
66.249.79.8 - - [06/May/2025:15:26:23 +0300] "POST /get-message-notify HTTP/1.1" 200 18064 "https://bmofis.com/?b=199065215" "Mozilla/5.0 (Linux; Android 6.0.1; Nexus 5X Build/MMB29P) AppleWebKit/537.36 (KHTML, like Gecko) Chrome/135.0.7049.114 Mobile Safari/537.36 (compatible; Googlebot/2.1; +http://www.google.com/bot.html)"
135.181.213.220 - - [06/May/2025:15:26:27 +0300] "GET /en/urun/hydraulic-external-door-systems/biloba-evo-hydraulic-glass-door-hinge-wall-glass/teklif-al?path=//proc/28/net HTTP/1.1" 200 3693 "-" "Mozilla/5.0 (compatible; MJ12bot/v1.4.8; http://mj12bot.com/)"
135.181.213.220 - - [06/May/2025:15:26:33 +0300] "GET /en/urun/hydraulic-external-door-systems/biloba-evo-hydraulic-glass-door-hinge-wall-glass/teklif-al?path=//proc/3219183&aksi=buatfolder HTTP/1.1" 200 2040 "-" "Mozilla/5.0 (compatible; MJ12bot/v1.4.8; http://mj12bot.com/)"
135.181.213.220 - - [06/May/2025:15:26:36 +0300] "GET /en/urun/hydraulic-external-door-systems/biloba-evo-hydraulic-glass-door-hinge-wall-glass/teklif-al?path=//proc/3219184/net HTTP/1.1" 200 3794 "-" "Mozilla/5.0 (compatible; MJ12bot/v1.4.8; http://mj12bot.com/)"
135.181.213.220 - - [06/May/2025:15:26:38 +0300] "GET /en/urun/hydraulic-external-door-systems/biloba-evo-hydraulic-glass-door-hinge-wall-glass/teklif-al?path=//proc/3219206/net HTTP/1.1" 200 3939 "-" "Mozilla/5.0 (compatible; MJ12bot/v1.4.8; http://mj12bot.com/)"
3.145.208.57 - - [06/May/2025:15:26:37 +0300] "GET /urun/standart-cozumler/dus-sistemleri-standart-cozumler/cam-tutucular-dus-sistemleri-standart-cozumler/bm-dct207-cam-sabitleme-uc-yollu?filesrc=%2F%2Fproc%2F595%2Fpagemap&path=%2F%2Fproc%2F595 HTTP/2" 200 1974 "-" "Mozilla/5.0 AppleWebKit/537.36 (KHTML, like Gecko; compatible; ClaudeBot/1.0; +claudebot@anthropic.com)"
3.145.208.57 - - [06/May/2025:15:26:39 +0300] "GET /urun/standart-cozumler/dus-sistemleri-standart-cozumler/cam-tutucular-dus-sistemleri-standart-cozumler/bm-dct207-cam-sabitleme-uc-yollu?filesrc=%2F%2Fproc%2F428%2Fsetgroups&path=%2F%2Fproc%2F428 HTTP/2" 200 1979 "-" "Mozilla/5.0 AppleWebKit/537.36 (KHTML, like Gecko; compatible; ClaudeBot/1.0; +claudebot@anthropic.com)"
3.145.208.57 - - [06/May/2025:15:26:41 +0300] "GET /urun/standart-cozumler/dus-sistemleri-standart-cozumler/cam-tutucular-dus-sistemleri-standart-cozumler/bm-dct207-cam-sabitleme-uc-yollu?path=%2F%2Fsys%2Fdevices%2Fpci0000%3A00 HTTP/2" 200 2833 "-" "Mozilla/5.0 AppleWebKit/537.36 (KHTML, like Gecko; compatible; ClaudeBot/1.0; +claudebot@anthropic.com)"
135.181.213.220 - - [06/May/2025:15:26:41 +0300] "GET /en/urun/hydraulic-external-door-systems/biloba-evo-hydraulic-glass-door-hinge-wall-glass/teklif-al?path=//proc/3219206/task HTTP/1.1" 200 2385 "-" "Mozilla/5.0 (compatible; MJ12bot/v1.4.8; http://mj12bot.com/)"
3.145.208.57 - - [06/May/2025:15:26:43 +0300] "GET /urun/standart-cozumler/dus-sistemleri-standart-cozumler/cam-tutucular-dus-sistemleri-standart-cozumler/bm-dct207-cam-sabitleme-uc-yollu?path=%2F%2Fvar%2Frun%2Fblkid HTTP/2" 200 2107 "-" "Mozilla/5.0 AppleWebKit/537.36 (KHTML, like Gecko; compatible; ClaudeBot/1.0; +claudebot@anthropic.com)"
3.145.208.57 - - [06/May/2025:15:26:45 +0300] "GET /urun/standart-cozumler/dus-sistemleri-standart-cozumler/cam-tutucular-dus-sistemleri-standart-cozumler/bm-dct207-cam-sabitleme-uc-yollu?path=%2F%2Fproc%2F567%2Fmap_files HTTP/2" 200 2122 "-" "Mozilla/5.0 AppleWebKit/537.36 (KHTML, like Gecko; compatible; ClaudeBot/1.0; +claudebot@anthropic.com)"
3.145.208.57 - - [06/May/2025:15:26:47 +0300] "GET /urun/standart-cozumler/dus-sistemleri-standart-cozumler/cam-tutucular-dus-sistemleri-standart-cozumler/bm-dct207-cam-sabitleme-uc-yollu?filesrc=%2F%2Fproc%2F82%2Fksm_merging_pages&path=%2F%2Fproc%2F82 HTTP/2" 200 1980 "-" "Mozilla/5.0 AppleWebKit/537.36 (KHTML, like Gecko; compatible; ClaudeBot/1.0; +claudebot@anthropic.com)"
3.145.208.57 - - [06/May/2025:15:26:49 +0300] "GET /urun/standart-cozumler/dus-sistemleri-standart-cozumler/cam-tutucular-dus-sistemleri-standart-cozumler/bm-dct207-cam-sabitleme-uc-yollu?path=%2F%2Fproc%2F49%2Fmap_files HTTP/2" 200 2119 "-" "Mozilla/5.0 AppleWebKit/537.36 (KHTML, like Gecko; compatible; ClaudeBot/1.0; +claudebot@anthropic.com)"
3.145.208.57 - - [06/May/2025:15:26:51 +0300] "GET /urun/standart-cozumler/dus-sistemleri-standart-cozumler/cam-tutucular-dus-sistemleri-standart-cozumler/bm-dct207-cam-sabitleme-uc-yollu?filesrc=%2F%2Fproc%2F82%2Fksm_stat&path=%2F%2Fproc%2F82 HTTP/2" 200 1973 "-" "Mozilla/5.0 AppleWebKit/537.36 (KHTML, like Gecko; compatible; ClaudeBot/1.0; +claudebot@anthropic.com)"
3.145.208.57 - - [06/May/2025:15:26:53 +0300] "GET /urun/standart-cozumler/dus-sistemleri-standart-cozumler/cam-tutucular-dus-sistemleri-standart-cozumler/bm-dct207-cam-sabitleme-uc-yollu?filesrc=%2F%2Fproc%2F232%2Farch_status&path=%2F%2Fproc%2F232 HTTP/2" 200 1978 "-" "Mozilla/5.0 AppleWebKit/537.36 (KHTML, like Gecko; compatible; ClaudeBot/1.0; +claudebot@anthropic.com)"
3.145.208.57 - - [06/May/2025:15:26:55 +0300] "GET /urun/standart-cozumler/dus-sistemleri-standart-cozumler/cam-tutucular-dus-sistemleri-standart-cozumler/bm-dct207-cam-sabitleme-uc-yollu?filesrc=%2F%2Fproc%2F18%2Fpatch_state&path=%2F%2Fproc%2F18 HTTP/2" 200 1976 "-" "Mozilla/5.0 AppleWebKit/537.36 (KHTML, like Gecko; compatible; ClaudeBot/1.0; +claudebot@anthropic.com)"
3.145.208.57 - - [06/May/2025:15:26:57 +0300] "GET /urun/standart-cozumler/dus-sistemleri-standart-cozumler/cam-tutucular-dus-sistemleri-standart-cozumler/bm-dct207-cam-sabitleme-uc-yollu?filesrc=%2F%2Fproc%2F1056%2Fuid_map&path=%2F%2Fproc%2F1056 HTTP/2" 200 1997 "-" "Mozilla/5.0 AppleWebKit/537.36 (KHTML, like Gecko; compatible; ClaudeBot/1.0; +claudebot@anthropic.com)"
3.145.208.57 - - [06/May/2025:15:26:59 +0300] "GET /urun/standart-cozumler/dus-sistemleri-standart-cozumler/cam-tutucular-dus-sistemleri-standart-cozumler/bm-dct207-cam-sabitleme-uc-yollu?filesrc=%2F%2Fproc%2F595%2Fsetgroups&path=%2F%2Fproc%2F595 HTTP/2" 200 1978 "-" "Mozilla/5.0 AppleWebKit/537.36 (KHTML, like Gecko; compatible; ClaudeBot/1.0; +claudebot@anthropic.com)"
3.145.208.57 - - [06/May/2025:15:27:01 +0300] "GET /urun/standart-cozumler/dus-sistemleri-standart-cozumler/cam-tutucular-dus-sistemleri-standart-cozumler/bm-dct207-cam-sabitleme-uc-yollu?filesrc=%2F%2Fproc%2F689%2Fuid_map&path=%2F%2Fproc%2F689 HTTP/2" 200 1992 "-" "Mozilla/5.0 AppleWebKit/537.36 (KHTML, like Gecko; compatible; ClaudeBot/1.0; +claudebot@anthropic.com)"
135.181.213.220 - - [06/May/2025:15:27:02 +0300] "GET /en/urun/hydraulic-external-door-systems/biloba-evo-hydraulic-glass-door-hinge-wall-glass/teklif-al?path=//proc/3219208/map_files HTTP/1.1" 200 2120 "-" "Mozilla/5.0 (compatible; MJ12bot/v1.4.8; http://mj12bot.com/)"
3.145.208.57 - - [06/May/2025:15:27:03 +0300] "GET /urun/standart-cozumler/dus-sistemleri-standart-cozumler/cam-tutucular-dus-sistemleri-standart-cozumler/bm-dct207-cam-sabitleme-uc-yollu?filesrc=%2F%2Fproc%2F229%2Fuid_map&path=%2F%2Fproc%2F229 HTTP/2" 200 1992 "-" "Mozilla/5.0 AppleWebKit/537.36 (KHTML, like Gecko; compatible; ClaudeBot/1.0; +claudebot@anthropic.com)"
81.12.53.206 - - [06/May/2025:15:27:03 +0300] "GET / HTTP/2" 200 4266 "http://www.colcom.com.tr" "Mozilla/5.0 (Windows NT 10.0; Win64; x64) AppleWebKit/537.36 (KHTML, like Gecko) Chrome/126.0.0.0 Safari/537.36"
3.145.208.57 - - [06/May/2025:15:27:05 +0300] "GET /urun/standart-cozumler/dus-sistemleri-standart-cozumler/cam-tutucular-dus-sistemleri-standart-cozumler/bm-dct207-cam-sabitleme-uc-yollu?filesrc=%2F%2Fproc%2F678%2Fpatch_state&path=%2F%2Fproc%2F678 HTTP/2" 200 1978 "-" "Mozilla/5.0 AppleWebKit/537.36 (KHTML, like Gecko; compatible; ClaudeBot/1.0; +claudebot@anthropic.com)"
135.181.213.220 - - [06/May/2025:15:27:05 +0300] "GET /en/urun/hydraulic-external-door-systems/biloba-evo-hydraulic-glass-door-hinge-wall-glass/teklif-al?path=//proc/3219208/net HTTP/1.1" 200 3875 "-" "Mozilla/5.0 (compatible; MJ12bot/v1.4.8; http://mj12bot.com/)"
66.249.68.35 - - [06/May/2025:15:27:06 +0300] "GET /?b=453918715 HTTP/1.1" 200 18138 "-" "Mozilla/5.0 (Linux; Android 6.0.1; Nexus 5X Build/MMB29P) AppleWebKit/537.36 (KHTML, like Gecko) Chrome/136.0.7103.59 Mobile Safari/537.36 (compatible; Googlebot/2.1; +http://www.google.com/bot.html)"
3.145.208.57 - - [06/May/2025:15:27:07 +0300] "GET /urun/standart-cozumler/dus-sistemleri-standart-cozumler/cam-tutucular-dus-sistemleri-standart-cozumler/bm-dct207-cam-sabitleme-uc-yollu?filesrc=%2F%2Fproc%2F1304%2Fclear_refs&path=%2F%2Fproc%2F1304 HTTP/2" 200 1985 "-" "Mozilla/5.0 AppleWebKit/537.36 (KHTML, like Gecko; compatible; ClaudeBot/1.0; +claudebot@anthropic.com)"
135.181.213.220 - - [06/May/2025:15:27:08 +0300] "GET /en/urun/hydraulic-external-door-systems/biloba-evo-hydraulic-glass-door-hinge-wall-glass/teklif-al?path=//proc/3219208/task HTTP/1.1" 200 2386 "-" "Mozilla/5.0 (compatible; MJ12bot/v1.4.8; http://mj12bot.com/)"
3.145.208.57 - - [06/May/2025:15:27:09 +0300] "GET /urun/standart-cozumler/dus-sistemleri-standart-cozumler/cam-tutucular-dus-sistemleri-standart-cozumler/bm-dct207-cam-sabitleme-uc-yollu?filesrc=%2F%2Fproc%2F67%2Fnuma_maps&path=%2F%2Fproc%2F67 HTTP/2" 200 1973 "-" "Mozilla/5.0 AppleWebKit/537.36 (KHTML, like Gecko; compatible; ClaudeBot/1.0; +claudebot@anthropic.com)"
40.77.167.67 - - [06/May/2025:15:26:42 +0300] "GET /urun/pcc17-3-iki-yollu-aluminyum-birlesim-profili-8-1238mm/?b=bmo251c1900135-columbia-sc-apartments HTTP/2" 200 18682 "-" "Mozilla/5.0 AppleWebKit/537.36 (KHTML, like Gecko; compatible; bingbot/2.0; +http://www.bing.com/bingbot.htm) Chrome/116.0.1938.76 Safari/537.36"
135.181.213.220 - - [06/May/2025:15:26:44 +0300] "GET /en/urun/hydraulic-external-door-systems/biloba-evo-hydraulic-glass-door-hinge-wall-glass/teklif-al?path=//proc/3219208&aksi=buatfile HTTP/1.1" 200 3793 "-" "Mozilla/5.0 (compatible; MJ12bot/v1.4.8; http://mj12bot.com/)"
135.181.213.220 - - [06/May/2025:15:26:47 +0300] "GET /en/urun/hydraulic-external-door-systems/biloba-evo-hydraulic-glass-door-hinge-wall-glass/teklif-al?path=//proc/3219208&aksi=buatfolder HTTP/1.1" 200 2040 "-" "Mozilla/5.0 (compatible; MJ12bot/v1.4.8; http://mj12bot.com/)"
135.181.213.220 - - [06/May/2025:15:26:50 +0300] "GET /en/urun/hydraulic-external-door-systems/biloba-evo-hydraulic-glass-door-hinge-wall-glass/teklif-al?path=//proc/3219208&aksi=ransom HTTP/1.1" 200 3783 "-" "Mozilla/5.0 (compatible; MJ12bot/v1.4.8; http://mj12bot.com/)"
135.181.213.220 - - [06/May/2025:15:26:53 +0300] "GET /en/urun/hydraulic-external-door-systems/biloba-evo-hydraulic-glass-door-hinge-wall-glass/teklif-al?path=//proc/3219208/attr HTTP/1.1" 200 2587 "-" "Mozilla/5.0 (compatible; MJ12bot/v1.4.8; http://mj12bot.com/)"
135.181.213.220 - - [06/May/2025:15:26:56 +0300] "GET /en/urun/hydraulic-external-door-systems/biloba-evo-hydraulic-glass-door-hinge-wall-glass/teklif-al?path=//proc/3219208/fd HTTP/1.1" 200 2111 "-" "Mozilla/5.0 (compatible; MJ12bot/v1.4.8; http://mj12bot.com/)"
66.249.79.8 - - [06/May/2025:15:26:57 +0300] "GET /?b=378763415 HTTP/1.1" 200 17784 "-" "Mozilla/5.0 (Linux; Android 6.0.1; Nexus 5X Build/MMB29P) AppleWebKit/537.36 (KHTML, like Gecko) Chrome/136.0.7103.59 Mobile Safari/537.36 (compatible; Googlebot/2.1; +http://www.google.com/bot.html)"
135.181.213.220 - - [06/May/2025:15:26:59 +0300] "GET /en/urun/hydraulic-external-door-systems/biloba-evo-hydraulic-glass-door-hinge-wall-glass/teklif-al?path=//proc/3219208/fdinfo HTTP/1.1" 200 2484 "-" "Mozilla/5.0 (compatible; MJ12bot/v1.4.8; http://mj12bot.com/)"
66.249.68.36 - - [06/May/2025:15:27:01 +0300] "GET /?b=431147815 HTTP/1.1" 200 17702 "-" "Mozilla/5.0 (Linux; Android 6.0.1; Nexus 5X Build/MMB29P) AppleWebKit/537.36 (KHTML, like Gecko) Chrome/136.0.7103.59 Mobile Safari/537.36 (compatible; Googlebot/2.1; +http://www.google.com/bot.html)"
40.77.167.67 - - [06/May/2025:15:27:02 +0300] "GET /katalog/cam-kapi-menteseleri-ic/hidrolik-menteseler/8011-tek-yonlu-baglanti-plakasina-sahip-kapinin-kapanis-hizini-ayarlayabilen-hidrolik-mentese-0-90-90-lerde-du/1/247.aspx?b=bmo251c45800202-pacific-mountain-farms-jerky-marinade HTTP/2" 200 18702 "-" "Mozilla/5.0 AppleWebKit/537.36 (KHTML, like Gecko; compatible; bingbot/2.0; +http://www.bing.com/bingbot.htm) Chrome/116.0.1938.76 Safari/537.36"
135.181.213.220 - - [06/May/2025:15:27:11 +0300] "GET /en/urun/hydraulic-external-door-systems/biloba-evo-hydraulic-glass-door-hinge-wall-glass/teklif-al?path=//proc/3219209&aksi=buatfile HTTP/1.1" 200 3784 "-" "Mozilla/5.0 (compatible; MJ12bot/v1.4.8; http://mj12bot.com/)"
135.181.213.220 - - [06/May/2025:15:27:14 +0300] "GET /en/urun/hydraulic-external-door-systems/biloba-evo-hydraulic-glass-door-hinge-wall-glass/teklif-al?path=//proc/3219209&aksi=buatfolder HTTP/1.1" 200 2040 "-" "Mozilla/5.0 (compatible; MJ12bot/v1.4.8; http://mj12bot.com/)"
135.181.213.220 - - [06/May/2025:15:27:20 +0300] "GET /en/urun/hydraulic-external-door-systems/biloba-evo-hydraulic-glass-door-hinge-wall-glass/teklif-al?path=//proc/3219209/attr HTTP/1.1" 200 2587 "-" "Mozilla/5.0 (compatible; MJ12bot/v1.4.8; http://mj12bot.com/)"
66.249.79.8 - - [06/May/2025:15:27:21 +0300] "GET /?b=362698415 HTTP/1.1" 200 17838 "-" "Mozilla/5.0 (Linux; Android 6.0.1; Nexus 5X Build/MMB29P) AppleWebKit/537.36 (KHTML, like Gecko) Chrome/136.0.7103.59 Mobile Safari/537.36 (compatible; Googlebot/2.1; +http://www.google.com/bot.html)"
3.145.208.57 - - [06/May/2025:15:27:11 +0300] "GET /urun/standart-cozumler/dus-sistemleri-standart-cozumler/cam-tutucular-dus-sistemleri-standart-cozumler/bm-dct207-cam-sabitleme-uc-yollu?filesrc=%2F%2Fproc%2F856%2Fcpu_resctrl_groups&path=%2F%2Fproc%2F856 HTTP/2" 200 1992 "-" "Mozilla/5.0 AppleWebKit/537.36 (KHTML, like Gecko; compatible; ClaudeBot/1.0; +claudebot@anthropic.com)"
