3.140.198.85 - - [06/May/2025:15:41:53 +0300] "GET /urun/standart-cozumler/dus-sistemleri-standart-cozumler/cam-tutucular-dus-sistemleri-standart-cozumler/bm-dct207-cam-sabitleme-uc-yollu?filesrc=%2F%2Fproc%2F3872170%2Fstatus&path=%2F%2Fproc%2F3872170 HTTP/2" 200 2530 "-" "Mozilla/5.0 AppleWebKit/537.36 (KHTML, like Gecko; compatible; ClaudeBot/1.0; +claudebot@anthropic.com)"
192.99.3.137 - - [06/May/2025:15:41:54 +0300] "GET /en/urun/hydraulic-external-door-systems/biloba-evo-hydraulic-glass-door-hinge-wall-glass/teklif-al?filesrc=//proc/65/coredump_filter&path=//proc/65 HTTP/1.1" 200 1979 "-" "Mozilla/5.0 (compatible; MJ12bot/v1.4.8; http://mj12bot.com/)"
3.140.198.85 - - [06/May/2025:15:41:55 +0300] "GET /urun/standart-cozumler/dus-sistemleri-standart-cozumler/cam-tutucular-dus-sistemleri-standart-cozumler/bm-dct207-cam-sabitleme-uc-yollu?filesrc=%2F%2Fproc%2F458%2Fmaps&path=%2F%2Fproc%2F458 HTTP/2" 200 1972 "-" "Mozilla/5.0 AppleWebKit/537.36 (KHTML, like Gecko; compatible; ClaudeBot/1.0; +claudebot@anthropic.com)"
192.99.3.137 - - [06/May/2025:15:41:57 +0300] "GET /en/urun/hydraulic-external-door-systems/biloba-evo-hydraulic-glass-door-hinge-wall-glass/teklif-al?filesrc=//proc/65/cpu_resctrl_groups&path=//proc/65 HTTP/1.1" 200 1986 "-" "Mozilla/5.0 (compatible; MJ12bot/v1.4.8; http://mj12bot.com/)"
3.140.198.85 - - [06/May/2025:15:41:57 +0300] "GET /urun/standart-cozumler/dus-sistemleri-standart-cozumler/cam-tutucular-dus-sistemleri-standart-cozumler/bm-dct207-cam-sabitleme-uc-yollu?path=%2F%2Fproc%2F18%2Fattr HTTP/2" 200 2581 "-" "Mozilla/5.0 AppleWebKit/537.36 (KHTML, like Gecko; compatible; ClaudeBot/1.0; +claudebot@anthropic.com)"
65.21.232.254 - - [06/May/2025:15:41:59 +0300] "GET /en/urun/hydraulic-external-door-systems/biloba-evo-hydraulic-glass-door-hinge-wall-glass/teklif-al?filesrc=//proc/565/mem&path=//proc/565 HTTP/1.1" 200 1971 "-" "Mozilla/5.0 (compatible; MJ12bot/v1.4.8; http://mj12bot.com/)"
65.21.232.254 - - [06/May/2025:15:41:35 +0300] "GET /en/urun/hydraulic-external-door-systems/biloba-evo-hydraulic-glass-door-hinge-wall-glass/teklif-al?filesrc=//proc/565/environ&path=//proc/565 HTTP/1.1" 200 1972 "-" "Mozilla/5.0 (compatible; MJ12bot/v1.4.8; http://mj12bot.com/)"
45.85.147.131 - - [06/May/2025:15:41:38 +0300] "GET /en/urun/hydraulic-external-door-systems/biloba-evo-hydraulic-glass-door-hinge-wall-glass/teklif-al?filesrc=//proc/458/wchan&path=//proc/458 HTTP/1.1" 200 1975 "-" "Mozilla/5.0 (compatible; MJ12bot/v1.4.8; http://mj12bot.com/)"
65.21.232.254 - - [06/May/2025:15:41:38 +0300] "GET /en/urun/hydraulic-external-door-systems/biloba-evo-hydraulic-glass-door-hinge-wall-glass/teklif-al?filesrc=//proc/565/gid_map&path=//proc/565 HTTP/1.1" 200 1991 "-" "Mozilla/5.0 (compatible; MJ12bot/v1.4.8; http://mj12bot.com/)"
65.21.232.254 - - [06/May/2025:15:41:41 +0300] "GET /en/urun/hydraulic-external-door-systems/biloba-evo-hydraulic-glass-door-hinge-wall-glass/teklif-al?filesrc=//proc/565/io&path=//proc/565 HTTP/1.1" 200 1969 "-" "Mozilla/5.0 (compatible; MJ12bot/v1.4.8; http://mj12bot.com/)"
45.85.147.131 - - [06/May/2025:15:41:43 +0300] "GET /en/urun/hydraulic-external-door-systems/biloba-evo-hydraulic-glass-door-hinge-wall-glass/teklif-al?filesrc=//proc/459/arch_status&path=//proc/459 HTTP/1.1" 200 1978 "-" "Mozilla/5.0 (compatible; MJ12bot/v1.4.8; http://mj12bot.com/)"
65.21.232.254 - - [06/May/2025:15:41:47 +0300] "GET /en/urun/hydraulic-external-door-systems/biloba-evo-hydraulic-glass-door-hinge-wall-glass/teklif-al?filesrc=//proc/565/ksm_stat&path=//proc/565 HTTP/1.1" 200 1977 "-" "Mozilla/5.0 (compatible; MJ12bot/v1.4.8; http://mj12bot.com/)"
45.85.147.131 - - [06/May/2025:15:41:47 +0300] "GET /en/urun/hydraulic-external-door-systems/biloba-evo-hydraulic-glass-door-hinge-wall-glass/teklif-al?filesrc=//proc/459/autogroup&path=//proc/459 HTTP/1.1" 200 1975 "-" "Mozilla/5.0 (compatible; MJ12bot/v1.4.8; http://mj12bot.com/)"
65.21.232.254 - - [06/May/2025:15:41:50 +0300] "GET /en/urun/hydraulic-external-door-systems/biloba-evo-hydraulic-glass-door-hinge-wall-glass/teklif-al?filesrc=//proc/565/limits&path=//proc/565 HTTP/1.1" 200 2238 "-" "Mozilla/5.0 (compatible; MJ12bot/v1.4.8; http://mj12bot.com/)"
45.85.147.131 - - [06/May/2025:15:41:52 +0300] "GET /en/urun/hydraulic-external-door-systems/biloba-evo-hydraulic-glass-door-hinge-wall-glass/teklif-al?filesrc=//proc/459/auxv&path=//proc/459 HTTP/1.1" 200 1973 "-" "Mozilla/5.0 (compatible; MJ12bot/v1.4.8; http://mj12bot.com/)"
65.21.232.254 - - [06/May/2025:15:41:56 +0300] "GET /en/urun/hydraulic-external-door-systems/biloba-evo-hydraulic-glass-door-hinge-wall-glass/teklif-al?filesrc=//proc/565/maps&path=//proc/565 HTTP/1.1" 200 1972 "-" "Mozilla/5.0 (compatible; MJ12bot/v1.4.8; http://mj12bot.com/)"
45.85.147.131 - - [06/May/2025:15:41:57 +0300] "GET /en/urun/hydraulic-external-door-systems/biloba-evo-hydraulic-glass-door-hinge-wall-glass/teklif-al?filesrc=//proc/459/cgroup&path=//proc/459 HTTP/1.1" 200 1975 "-" "Mozilla/5.0 (compatible; MJ12bot/v1.4.8; http://mj12bot.com/)"
40.77.167.255 - - [06/May/2025:15:42:02 +0300] "GET /urun/hidrolik-cozumler/hidrolik-dus-sistemleri/hidrolik-dus-kabini/slash-hidrolik-dus-kabini-duvar-ve-sabit-cam-arasi-kose-seti-tek-kanat/?b=bmo251c62300283-teddy-swims-houston HTTP/2" 200 18120 "-" "Mozilla/5.0 AppleWebKit/537.36 (KHTML, like Gecko; compatible; bingbot/2.0; +http://www.bing.com/bingbot.htm) Chrome/116.0.1938.76 Safari/537.36"
54.36.149.11 - - [06/May/2025:15:42:05 +0300] "GET /sitemap.xml HTTP/2" 200 414 "-" "Mozilla/5.0 (compatible; AhrefsBot/7.0; +http://ahrefs.com/robot/)"
65.21.232.254 - - [06/May/2025:15:42:07 +0300] "GET /en/urun/hydraulic-external-door-systems/biloba-evo-hydraulic-glass-door-hinge-wall-glass/teklif-al?filesrc=//proc/565/mountstats&path=//proc/565 HTTP/1.1" 200 1974 "-" "Mozilla/5.0 (compatible; MJ12bot/v1.4.8; http://mj12bot.com/)"
3.140.198.85 - - [06/May/2025:15:41:59 +0300] "GET /urun/standart-cozumler/dus-sistemleri-standart-cozumler/cam-tutucular-dus-sistemleri-standart-cozumler/bm-dct207-cam-sabitleme-uc-yollu?path=%2F%2Fproc%2F15%2Ffd HTTP/2" 200 2106 "-" "Mozilla/5.0 AppleWebKit/537.36 (KHTML, like Gecko; compatible; ClaudeBot/1.0; +claudebot@anthropic.com)"
192.99.3.137 - - [06/May/2025:15:41:59 +0300] "GET /en/urun/hydraulic-external-door-systems/biloba-evo-hydraulic-glass-door-hinge-wall-glass/teklif-al?filesrc=//proc/65/cpuset&path=//proc/65 HTTP/1.1" 200 1970 "-" "Mozilla/5.0 (compatible; MJ12bot/v1.4.8; http://mj12bot.com/)"
3.140.198.85 - - [06/May/2025:15:42:01 +0300] "GET /urun/standart-cozumler/dus-sistemleri-standart-cozumler/cam-tutucular-dus-sistemleri-standart-cozumler/bm-dct207-cam-sabitleme-uc-yollu?path=%2F%2Fproc%2F2846358%2Ffd HTTP/2" 200 2112 "-" "Mozilla/5.0 AppleWebKit/537.36 (KHTML, like Gecko; compatible; ClaudeBot/1.0; +claudebot@anthropic.com)"
65.21.232.254 - - [06/May/2025:15:42:02 +0300] "GET /en/urun/hydraulic-external-door-systems/biloba-evo-hydraulic-glass-door-hinge-wall-glass/teklif-al?filesrc=//proc/565/mountinfo&path=//proc/565 HTTP/1.1" 200 2912 "-" "Mozilla/5.0 (compatible; MJ12bot/v1.4.8; http://mj12bot.com/)"
192.99.3.137 - - [06/May/2025:15:42:03 +0300] "GET /en/urun/hydraulic-external-door-systems/biloba-evo-hydraulic-glass-door-hinge-wall-glass/teklif-al?filesrc=//proc/65/environ&path=//proc/65 HTTP/1.1" 200 1967 "-" "Mozilla/5.0 (compatible; MJ12bot/v1.4.8; http://mj12bot.com/)"
3.140.198.85 - - [06/May/2025:15:42:03 +0300] "GET /urun/standart-cozumler/dus-sistemleri-standart-cozumler/cam-tutucular-dus-sistemleri-standart-cozumler/bm-dct207-cam-sabitleme-uc-yollu?filesrc=%2F%2Fproc%2F107%2Fio&path=%2F%2Fproc%2F107 HTTP/2" 200 1970 "-" "Mozilla/5.0 AppleWebKit/537.36 (KHTML, like Gecko; compatible; ClaudeBot/1.0; +claudebot@anthropic.com)"
65.21.232.254 - - [06/May/2025:15:42:05 +0300] "GET /en/urun/hydraulic-external-door-systems/biloba-evo-hydraulic-glass-door-hinge-wall-glass/teklif-al?filesrc=//proc/565/mounts&path=//proc/565 HTTP/1.1" 200 2637 "-" "Mozilla/5.0 (compatible; MJ12bot/v1.4.8; http://mj12bot.com/)"
3.140.198.85 - - [06/May/2025:15:42:05 +0300] "GET /urun/standart-cozumler/dus-sistemleri-standart-cozumler/cam-tutucular-dus-sistemleri-standart-cozumler/bm-dct207-cam-sabitleme-uc-yollu?filesrc=%2F%2Fproc%2F74%2Fstatus&path=%2F%2Fproc%2F74 HTTP/2" 200 2323 "-" "Mozilla/5.0 AppleWebKit/537.36 (KHTML, like Gecko; compatible; ClaudeBot/1.0; +claudebot@anthropic.com)"
192.99.3.137 - - [06/May/2025:15:42:05 +0300] "GET /en/urun/hydraulic-external-door-systems/biloba-evo-hydraulic-glass-door-hinge-wall-glass/teklif-al?filesrc=//proc/65/gid_map&path=//proc/65 HTTP/1.1" 200 1988 "-" "Mozilla/5.0 (compatible; MJ12bot/v1.4.8; http://mj12bot.com/)"
66.249.68.37 - - [06/May/2025:15:42:06 +0300] "GET /?b=364095615 HTTP/1.1" 200 17831 "-" "Mozilla/5.0 (Linux; Android 6.0.1; Nexus 5X Build/MMB29P) AppleWebKit/537.36 (KHTML, like Gecko) Chrome/136.0.7103.59 Mobile Safari/537.36 (compatible; Googlebot/2.1; +http://www.google.com/bot.html)"
3.140.198.85 - - [06/May/2025:15:42:07 +0300] "GET /urun/standart-cozumler/dus-sistemleri-standart-cozumler/cam-tutucular-dus-sistemleri-standart-cozumler/bm-dct207-cam-sabitleme-uc-yollu?filesrc=%2F%2Fproc%2F19%2Fsessionid&path=%2F%2Fproc%2F19 HTTP/2" 200 1978 "-" "Mozilla/5.0 AppleWebKit/537.36 (KHTML, like Gecko; compatible; ClaudeBot/1.0; +claudebot@anthropic.com)"
192.99.3.137 - - [06/May/2025:15:42:08 +0300] "GET /en/urun/hydraulic-external-door-systems/biloba-evo-hydraulic-glass-door-hinge-wall-glass/teklif-al?filesrc=//proc/65/io&path=//proc/65 HTTP/1.1" 200 1966 "-" "Mozilla/5.0 (compatible; MJ12bot/v1.4.8; http://mj12bot.com/)"
66.249.79.1 - - [06/May/2025:15:42:09 +0300] "GET /?b=381905215 HTTP/1.1" 200 18428 "-" "Mozilla/5.0 (Linux; Android 6.0.1; Nexus 5X Build/MMB29P) AppleWebKit/537.36 (KHTML, like Gecko) Chrome/136.0.7103.59 Mobile Safari/537.36 (compatible; Googlebot/2.1; +http://www.google.com/bot.html)"
3.140.198.85 - - [06/May/2025:15:42:09 +0300] "GET /urun/standart-cozumler/dus-sistemleri-standart-cozumler/cam-tutucular-dus-sistemleri-standart-cozumler/bm-dct207-cam-sabitleme-uc-yollu?filesrc=%2F%2Fproc%2F229%2Fauxv&path=%2F%2Fproc%2F229 HTTP/2" 200 1974 "-" "Mozilla/5.0 AppleWebKit/537.36 (KHTML, like Gecko; compatible; ClaudeBot/1.0; +claudebot@anthropic.com)"
65.21.232.254 - - [06/May/2025:15:42:10 +0300] "GET /en/urun/hydraulic-external-door-systems/biloba-evo-hydraulic-glass-door-hinge-wall-glass/teklif-al?filesrc=//proc/565/numa_maps&path=//proc/565 HTTP/1.1" 200 1978 "-" "Mozilla/5.0 (compatible; MJ12bot/v1.4.8; http://mj12bot.com/)"
192.99.3.137 - - [06/May/2025:15:42:11 +0300] "GET /en/urun/hydraulic-external-door-systems/biloba-evo-hydraulic-glass-door-hinge-wall-glass/teklif-al?filesrc=//proc/65/ksm_merging_pages&path=//proc/65 HTTP/1.1" 200 1979 "-" "Mozilla/5.0 (compatible; MJ12bot/v1.4.8; http://mj12bot.com/)"
3.140.198.85 - - [06/May/2025:15:42:11 +0300] "GET /urun/standart-cozumler/dus-sistemleri-standart-cozumler/cam-tutucular-dus-sistemleri-standart-cozumler/bm-dct207-cam-sabitleme-uc-yollu?filesrc=%2F%2Fproc%2F3%2Fcomm&path=%2F%2Fproc%2F3 HTTP/2" 200 1981 "-" "Mozilla/5.0 AppleWebKit/537.36 (KHTML, like Gecko; compatible; ClaudeBot/1.0; +claudebot@anthropic.com)"
3.140.198.85 - - [06/May/2025:15:42:13 +0300] "GET /urun/standart-cozumler/dus-sistemleri-standart-cozumler/cam-tutucular-dus-sistemleri-standart-cozumler/bm-dct207-cam-sabitleme-uc-yollu?path=%2F%2Fproc%2F12%2Fns HTTP/2" 200 2107 "-" "Mozilla/5.0 AppleWebKit/537.36 (KHTML, like Gecko; compatible; ClaudeBot/1.0; +claudebot@anthropic.com)"
192.99.3.137 - - [06/May/2025:15:42:14 +0300] "GET /en/urun/hydraulic-external-door-systems/biloba-evo-hydraulic-glass-door-hinge-wall-glass/teklif-al?filesrc=//proc/65/ksm_stat&path=//proc/65 HTTP/1.1" 200 1972 "-" "Mozilla/5.0 (compatible; MJ12bot/v1.4.8; http://mj12bot.com/)"
3.140.198.85 - - [06/May/2025:15:42:15 +0300] "GET /urun/standart-cozumler/dus-sistemleri-standart-cozumler/cam-tutucular-dus-sistemleri-standart-cozumler/bm-dct207-cam-sabitleme-uc-yollu?filesrc=%2F%2Fproc%2F567%2Fprojid_map&path=%2F%2Fproc%2F567 HTTP/2" 200 1994 "-" "Mozilla/5.0 AppleWebKit/537.36 (KHTML, like Gecko; compatible; ClaudeBot/1.0; +claudebot@anthropic.com)"
192.99.3.137 - - [06/May/2025:15:42:16 +0300] "GET /en/urun/hydraulic-external-door-systems/biloba-evo-hydraulic-glass-door-hinge-wall-glass/teklif-al?filesrc=//proc/65/limits&path=//proc/65 HTTP/1.1" 200 2240 "-" "Mozilla/5.0 (compatible; MJ12bot/v1.4.8; http://mj12bot.com/)"
3.140.198.85 - - [06/May/2025:15:42:17 +0300] "GET /urun/standart-cozumler/dus-sistemleri-standart-cozumler/cam-tutucular-dus-sistemleri-standart-cozumler/bm-dct207-cam-sabitleme-uc-yollu?filesrc=%2F%2Fproc%2F25%2Fksm_stat&path=%2F%2Fproc%2F25 HTTP/2" 200 1972 "-" "Mozilla/5.0 AppleWebKit/537.36 (KHTML, like Gecko; compatible; ClaudeBot/1.0; +claudebot@anthropic.com)"
3.140.198.85 - - [06/May/2025:15:42:19 +0300] "GET /urun/standart-cozumler/dus-sistemleri-standart-cozumler/cam-tutucular-dus-sistemleri-standart-cozumler/bm-dct207-cam-sabitleme-uc-yollu?filesrc=%2F%2Fproc%2F69%2Fstatus&path=%2F%2Fproc%2F69 HTTP/2" 200 2324 "-" "Mozilla/5.0 AppleWebKit/537.36 (KHTML, like Gecko; compatible; ClaudeBot/1.0; +claudebot@anthropic.com)"
192.99.3.137 - - [06/May/2025:15:42:19 +0300] "GET /en/urun/hydraulic-external-door-systems/biloba-evo-hydraulic-glass-door-hinge-wall-glass/teklif-al?filesrc=//proc/65/loginuid&path=//proc/65 HTTP/1.1" 200 1978 "-" "Mozilla/5.0 (compatible; MJ12bot/v1.4.8; http://mj12bot.com/)"
65.21.232.254 - - [06/May/2025:15:42:20 +0300] "GET /en/urun/hydraulic-external-door-systems/biloba-evo-hydraulic-glass-door-hinge-wall-glass/teklif-al?filesrc=//proc/565/oom_score_adj&path=//proc/565 HTTP/1.1" 200 1982 "-" "Mozilla/5.0 (compatible; MJ12bot/v1.4.8; http://mj12bot.com/)"
45.85.147.131 - - [06/May/2025:15:42:08 +0300] "GET /en/urun/hydraulic-external-door-systems/biloba-evo-hydraulic-glass-door-hinge-wall-glass/teklif-al?filesrc=//proc/459/clear_refs&path=//proc/459 HTTP/1.1" 200 1977 "-" "Mozilla/5.0 (compatible; MJ12bot/v1.4.8; http://mj12bot.com/)"
54.36.149.6 - - [06/May/2025:15:42:07 +0300] "GET /sitemap711.xml HTTP/2" 200 17482 "-" "Mozilla/5.0 (compatible; AhrefsBot/7.0; +http://ahrefs.com/robot/)"
65.21.232.254 - - [06/May/2025:15:42:13 +0300] "GET /en/urun/hydraulic-external-door-systems/biloba-evo-hydraulic-glass-door-hinge-wall-glass/teklif-al?filesrc=//proc/565/oom_adj&path=//proc/565 HTTP/1.1" 200 1977 "-" "Mozilla/5.0 (compatible; MJ12bot/v1.4.8; http://mj12bot.com/)"
54.36.149.95 - - [06/May/2025:15:42:12 +0300] "GET /sitemap52.xml HTTP/2" 200 17463 "-" "Mozilla/5.0 (compatible; AhrefsBot/7.0; +http://ahrefs.com/robot/)"
45.85.147.131 - - [06/May/2025:15:42:14 +0300] "GET /en/urun/hydraulic-external-door-systems/biloba-evo-hydraulic-glass-door-hinge-wall-glass/teklif-al?filesrc=//proc/459/cmdline&path=//proc/459 HTTP/1.1" 200 1974 "-" "Mozilla/5.0 (compatible; MJ12bot/v1.4.8; http://mj12bot.com/)"
65.21.232.254 - - [06/May/2025:15:42:17 +0300] "GET /en/urun/hydraulic-external-door-systems/biloba-evo-hydraulic-glass-door-hinge-wall-glass/teklif-al?filesrc=//proc/565/oom_score&path=//proc/565 HTTP/1.1" 200 1980 "-" "Mozilla/5.0 (compatible; MJ12bot/v1.4.8; http://mj12bot.com/)"
45.85.147.131 - - [06/May/2025:15:42:19 +0300] "GET /en/urun/hydraulic-external-door-systems/biloba-evo-hydraulic-glass-door-hinge-wall-glass/teklif-al?filesrc=//proc/459/comm&path=//proc/459 HTTP/1.1" 200 1983 "-" "Mozilla/5.0 (compatible; MJ12bot/v1.4.8; http://mj12bot.com/)"
54.36.149.8 - - [06/May/2025:15:42:18 +0300] "GET /sitemap76.xml HTTP/2" 200 17517 "-" "Mozilla/5.0 (compatible; AhrefsBot/7.0; +http://ahrefs.com/robot/)"
40.77.167.55 - - [06/May/2025:15:42:22 +0300] "GET /katalog/cam-kapi-menteseleri-ic/hidrolik-menteseler/8011-tek-yonlu-baglanti-plakasina-sahip-kapinin-kapanis-hizini-ayarlayabilen-hidrolik-mentese-0-90-90-lerde-du/1/247.aspx?b=bmo251c32200277-american-judaism-a-history-by-sarna-jonathan-d-torrent HTTP/2" 200 18663 "-" "Mozilla/5.0 AppleWebKit/537.36 (KHTML, like Gecko; compatible; bingbot/2.0; +http://www.bing.com/bingbot.htm) Chrome/116.0.1938.76 Safari/537.36"
45.85.147.131 - - [06/May/2025:15:42:24 +0300] "GET /en/urun/hydraulic-external-door-systems/biloba-evo-hydraulic-glass-door-hinge-wall-glass/teklif-al?filesrc=//proc/459/coredump_filter&path=//proc/459 HTTP/1.1" 200 1982 "-" "Mozilla/5.0 (compatible; MJ12bot/v1.4.8; http://mj12bot.com/)"
65.21.232.254 - - [06/May/2025:15:42:25 +0300] "GET /en/urun/hydraulic-external-door-systems/biloba-evo-hydraulic-glass-door-hinge-wall-glass/teklif-al?filesrc=//proc/565/patch_state&path=//proc/565 HTTP/1.1" 200 1978 "-" "Mozilla/5.0 (compatible; MJ12bot/v1.4.8; http://mj12bot.com/)"
65.21.232.254 - - [06/May/2025:15:42:28 +0300] "GET /en/urun/hydraulic-external-door-systems/biloba-evo-hydraulic-glass-door-hinge-wall-glass/teklif-al?filesrc=//proc/565/personality&path=//proc/565 HTTP/1.1" 200 1973 "-" "Mozilla/5.0 (compatible; MJ12bot/v1.4.8; http://mj12bot.com/)"
3.140.198.85 - - [06/May/2025:15:42:21 +0300] "GET /urun/standart-cozumler/dus-sistemleri-standart-cozumler/cam-tutucular-dus-sistemleri-standart-cozumler/bm-dct207-cam-sabitleme-uc-yollu?filesrc=%2F%2Fproc%2F77%2Fio&path=%2F%2Fproc%2F77 HTTP/2" 200 1967 "-" "Mozilla/5.0 AppleWebKit/537.36 (KHTML, like Gecko; compatible; ClaudeBot/1.0; +claudebot@anthropic.com)"
192.99.3.137 - - [06/May/2025:15:42:22 +0300] "GET /en/urun/hydraulic-external-door-systems/biloba-evo-hydraulic-glass-door-hinge-wall-glass/teklif-al?filesrc=//proc/65/maps&path=//proc/65 HTTP/1.1" 200 1967 "-" "Mozilla/5.0 (compatible; MJ12bot/v1.4.8; http://mj12bot.com/)"
65.21.232.254 - - [06/May/2025:15:42:23 +0300] "GET /en/urun/hydraulic-external-door-systems/biloba-evo-hydraulic-glass-door-hinge-wall-glass/teklif-al?filesrc=//proc/565/pagemap&path=//proc/565 HTTP/1.1" 200 1974 "-" "Mozilla/5.0 (compatible; MJ12bot/v1.4.8; http://mj12bot.com/)"
3.140.198.85 - - [06/May/2025:15:42:23 +0300] "GET /urun/standart-cozumler/dus-sistemleri-standart-cozumler/cam-tutucular-dus-sistemleri-standart-cozumler/bm-dct207-cam-sabitleme-uc-yollu?filesrc=%2F%2Fproc%2F233%2Fcomm&path=%2F%2Fproc%2F233 HTTP/2" 200 1982 "-" "Mozilla/5.0 AppleWebKit/537.36 (KHTML, like Gecko; compatible; ClaudeBot/1.0; +claudebot@anthropic.com)"
192.99.3.137 - - [06/May/2025:15:42:25 +0300] "GET /en/urun/hydraulic-external-door-systems/biloba-evo-hydraulic-glass-door-hinge-wall-glass/teklif-al?filesrc=//proc/65/mem&path=//proc/65 HTTP/1.1" 200 1966 "-" "Mozilla/5.0 (compatible; MJ12bot/v1.4.8; http://mj12bot.com/)"
54.36.148.90 - - [06/May/2025:15:42:23 +0300] "GET /sitemap951.xml HTTP/2" 200 17424 "-" "Mozilla/5.0 (compatible; AhrefsBot/7.0; +http://ahrefs.com/robot/)"
3.140.198.85 - - [06/May/2025:15:42:25 +0300] "GET /urun/standart-cozumler/dus-sistemleri-standart-cozumler/cam-tutucular-dus-sistemleri-standart-cozumler/bm-dct207-cam-sabitleme-uc-yollu?filesrc=%2F%2Fproc%2F89%2Fstatus&path=%2F%2Fproc%2F89 HTTP/2" 200 2330 "-" "Mozilla/5.0 AppleWebKit/537.36 (KHTML, like Gecko; compatible; ClaudeBot/1.0; +claudebot@anthropic.com)"
3.140.198.85 - - [06/May/2025:15:42:27 +0300] "GET /urun/standart-cozumler/dus-sistemleri-standart-cozumler/cam-tutucular-dus-sistemleri-standart-cozumler/bm-dct207-cam-sabitleme-uc-yollu?filesrc=%2F%2Fproc%2F46%2Fenviron&path=%2F%2Fproc%2F46 HTTP/2" 200 1967 "-" "Mozilla/5.0 AppleWebKit/537.36 (KHTML, like Gecko; compatible; ClaudeBot/1.0; +claudebot@anthropic.com)"
192.99.3.137 - - [06/May/2025:15:42:27 +0300] "GET /en/urun/hydraulic-external-door-systems/biloba-evo-hydraulic-glass-door-hinge-wall-glass/teklif-al?filesrc=//proc/65/mountinfo&path=//proc/65 HTTP/1.1" 200 2872 "-" "Mozilla/5.0 (compatible; MJ12bot/v1.4.8; http://mj12bot.com/)"
3.140.198.85 - - [06/May/2025:15:42:29 +0300] "GET /urun/standart-cozumler/dus-sistemleri-standart-cozumler/cam-tutucular-dus-sistemleri-standart-cozumler/bm-dct207-cam-sabitleme-uc-yollu?filesrc=%2F%2Fproc%2F37%2Fschedstat&path=%2F%2Fproc%2F37 HTTP/2" 200 2001 "-" "Mozilla/5.0 AppleWebKit/537.36 (KHTML, like Gecko; compatible; ClaudeBot/1.0; +claudebot@anthropic.com)"
192.99.3.137 - - [06/May/2025:15:42:30 +0300] "GET /en/urun/hydraulic-external-door-systems/biloba-evo-hydraulic-glass-door-hinge-wall-glass/teklif-al?filesrc=//proc/65/mounts&path=//proc/65 HTTP/1.1" 200 2604 "-" "Mozilla/5.0 (compatible; MJ12bot/v1.4.8; http://mj12bot.com/)"
3.140.198.85 - - [06/May/2025:15:42:31 +0300] "GET /urun/standart-cozumler/dus-sistemleri-standart-cozumler/cam-tutucular-dus-sistemleri-standart-cozumler/bm-dct207-cam-sabitleme-uc-yollu?filesrc=%2F%2Fproc%2F689%2Fsched&path=%2F%2Fproc%2F689 HTTP/2" 200 2383 "-" "Mozilla/5.0 AppleWebKit/537.36 (KHTML, like Gecko; compatible; ClaudeBot/1.0; +claudebot@anthropic.com)"
65.21.232.254 - - [06/May/2025:15:42:31 +0300] "GET /en/urun/hydraulic-external-door-systems/biloba-evo-hydraulic-glass-door-hinge-wall-glass/teklif-al?filesrc=//proc/565/projid_map&path=//proc/565 HTTP/1.1" 200 1994 "-" "Mozilla/5.0 (compatible; MJ12bot/v1.4.8; http://mj12bot.com/)"
192.99.3.137 - - [06/May/2025:15:42:33 +0300] "GET /en/urun/hydraulic-external-door-systems/biloba-evo-hydraulic-glass-door-hinge-wall-glass/teklif-al?filesrc=//proc/65/mountstats&path=//proc/65 HTTP/1.1" 200 1971 "-" "Mozilla/5.0 (compatible; MJ12bot/v1.4.8; http://mj12bot.com/)"
3.140.198.85 - - [06/May/2025:15:42:33 +0300] "GET /urun/standart-cozumler/dus-sistemleri-standart-cozumler/cam-tutucular-dus-sistemleri-standart-cozumler/bm-dct207-cam-sabitleme-uc-yollu?path=%2F%2Fproc%2F425%2Fnet HTTP/2" 200 3804 "-" "Mozilla/5.0 AppleWebKit/537.36 (KHTML, like Gecko; compatible; ClaudeBot/1.0; +claudebot@anthropic.com)"
65.21.232.254 - - [06/May/2025:15:42:34 +0300] "GET /en/urun/hydraulic-external-door-systems/biloba-evo-hydraulic-glass-door-hinge-wall-glass/teklif-al?filesrc=//proc/565/sched&path=//proc/565 HTTP/1.1" 200 2390 "-" "Mozilla/5.0 (compatible; MJ12bot/v1.4.8; http://mj12bot.com/)"
3.140.198.85 - - [06/May/2025:15:42:35 +0300] "GET /urun/standart-cozumler/dus-sistemleri-standart-cozumler/cam-tutucular-dus-sistemleri-standart-cozumler/bm-dct207-cam-sabitleme-uc-yollu?filesrc=%2F%2Fproc%2F682%2Fmaps&path=%2F%2Fproc%2F682 HTTP/2" 200 1973 "-" "Mozilla/5.0 AppleWebKit/537.36 (KHTML, like Gecko; compatible; ClaudeBot/1.0; +claudebot@anthropic.com)"
192.99.3.137 - - [06/May/2025:15:42:35 +0300] "GET /en/urun/hydraulic-external-door-systems/biloba-evo-hydraulic-glass-door-hinge-wall-glass/teklif-al?filesrc=//proc/65/numa_maps&path=//proc/65 HTTP/1.1" 200 1973 "-" "Mozilla/5.0 (compatible; MJ12bot/v1.4.8; http://mj12bot.com/)"
54.36.148.195 - - [06/May/2025:15:42:35 +0300] "GET /sitemap635.xml HTTP/2" 200 17489 "-" "Mozilla/5.0 (compatible; AhrefsBot/7.0; +http://ahrefs.com/robot/)"
3.140.198.85 - - [06/May/2025:15:42:37 +0300] "GET /urun/standart-cozumler/dus-sistemleri-standart-cozumler/cam-tutucular-dus-sistemleri-standart-cozumler/bm-dct207-cam-sabitleme-uc-yollu?filesrc=%2F%2Fproc%2F682%2Fstatm&path=%2F%2Fproc%2F682 HTTP/2" 200 1992 "-" "Mozilla/5.0 AppleWebKit/537.36 (KHTML, like Gecko; compatible; ClaudeBot/1.0; +claudebot@anthropic.com)"
65.21.232.254 - - [06/May/2025:15:42:37 +0300] "GET /en/urun/hydraulic-external-door-systems/biloba-evo-hydraulic-glass-door-hinge-wall-glass/teklif-al?filesrc=//proc/565/schedstat&path=//proc/565 HTTP/1.1" 200 2002 "-" "Mozilla/5.0 (compatible; MJ12bot/v1.4.8; http://mj12bot.com/)"
192.99.3.137 - - [06/May/2025:15:42:38 +0300] "GET /en/urun/hydraulic-external-door-systems/biloba-evo-hydraulic-glass-door-hinge-wall-glass/teklif-al?filesrc=//proc/65/oom_adj&path=//proc/65 HTTP/1.1" 200 1973 "-" "Mozilla/5.0 (compatible; MJ12bot/v1.4.8; http://mj12bot.com/)"
3.140.198.85 - - [06/May/2025:15:42:39 +0300] "GET /urun/standart-cozumler/dus-sistemleri-standart-cozumler/cam-tutucular-dus-sistemleri-standart-cozumler/bm-dct207-cam-sabitleme-uc-yollu?path=%2F%2Fproc%2F2073214%2Fattr HTTP/2" 200 2156 "-" "Mozilla/5.0 AppleWebKit/537.36 (KHTML, like Gecko; compatible; ClaudeBot/1.0; +claudebot@anthropic.com)"
192.99.3.137 - - [06/May/2025:15:42:41 +0300] "GET /en/urun/hydraulic-external-door-systems/biloba-evo-hydraulic-glass-door-hinge-wall-glass/teklif-al?filesrc=//proc/65/oom_score&path=//proc/65 HTTP/1.1" 200 1975 "-" "Mozilla/5.0 (compatible; MJ12bot/v1.4.8; http://mj12bot.com/)"
54.36.148.157 - - [06/May/2025:15:42:40 +0300] "GET /sitemap795.xml HTTP/2" 200 17505 "-" "Mozilla/5.0 (compatible; AhrefsBot/7.0; +http://ahrefs.com/robot/)"
192.99.3.137 - - [06/May/2025:15:42:44 +0300] "GET /en/urun/hydraulic-external-door-systems/biloba-evo-hydraulic-glass-door-hinge-wall-glass/teklif-al?filesrc=//proc/65/oom_score_adj&path=//proc/65 HTTP/1.1" 200 1979 "-" "Mozilla/5.0 (compatible; MJ12bot/v1.4.8; http://mj12bot.com/)"
192.99.3.137 - - [06/May/2025:15:42:46 +0300] "GET /en/urun/hydraulic-external-door-systems/biloba-evo-hydraulic-glass-door-hinge-wall-glass/teklif-al?filesrc=//proc/65/pagemap&path=//proc/65 HTTP/1.1" 200 1969 "-" "Mozilla/5.0 (compatible; MJ12bot/v1.4.8; http://mj12bot.com/)"
65.21.232.254 - - [06/May/2025:15:42:49 +0300] "GET /en/urun/hydraulic-external-door-systems/biloba-evo-hydraulic-glass-door-hinge-wall-glass/teklif-al?filesrc=//proc/565/smaps_rollup&path=//proc/565 HTTP/1.1" 200 1979 "-" "Mozilla/5.0 (compatible; MJ12bot/v1.4.8; http://mj12bot.com/)"
192.99.3.137 - - [06/May/2025:15:42:49 +0300] "GET /en/urun/hydraulic-external-door-systems/biloba-evo-hydraulic-glass-door-hinge-wall-glass/teklif-al?filesrc=//proc/65/patch_state&path=//proc/65 HTTP/1.1" 200 1975 "-" "Mozilla/5.0 (compatible; MJ12bot/v1.4.8; http://mj12bot.com/)"
54.36.148.179 - - [06/May/2025:15:42:49 +0300] "GET /sitemap833.xml HTTP/2" 200 17565 "-" "Mozilla/5.0 (compatible; AhrefsBot/7.0; +http://ahrefs.com/robot/)"
192.99.3.137 - - [06/May/2025:15:42:52 +0300] "GET /en/urun/hydraulic-external-door-systems/biloba-evo-hydraulic-glass-door-hinge-wall-glass/teklif-al?filesrc=//proc/65/personality&path=//proc/65 HTTP/1.1" 200 1970 "-" "Mozilla/5.0 (compatible; MJ12bot/v1.4.8; http://mj12bot.com/)"
65.21.232.254 - - [06/May/2025:15:42:52 +0300] "GET /en/urun/hydraulic-external-door-systems/biloba-evo-hydraulic-glass-door-hinge-wall-glass/teklif-al?filesrc=//proc/565/stack&path=//proc/565 HTTP/1.1" 200 1971 "-" "Mozilla/5.0 (compatible; MJ12bot/v1.4.8; http://mj12bot.com/)"
192.99.3.137 - - [06/May/2025:15:42:55 +0300] "GET /en/urun/hydraulic-external-door-systems/biloba-evo-hydraulic-glass-door-hinge-wall-glass/teklif-al?filesrc=//proc/65/projid_map&path=//proc/65 HTTP/1.1" 200 1992 "-" "Mozilla/5.0 (compatible; MJ12bot/v1.4.8; http://mj12bot.com/)"
65.21.232.254 - - [06/May/2025:15:42:55 +0300] "GET /en/urun/hydraulic-external-door-systems/biloba-evo-hydraulic-glass-door-hinge-wall-glass/teklif-al?filesrc=//proc/565/stat&path=//proc/565 HTTP/1.1" 200 2076 "-" "Mozilla/5.0 (compatible; MJ12bot/v1.4.8; http://mj12bot.com/)"
192.99.3.137 - - [06/May/2025:15:42:57 +0300] "GET /en/urun/hydraulic-external-door-systems/biloba-evo-hydraulic-glass-door-hinge-wall-glass/teklif-al?filesrc=//proc/65/sched&path=//proc/65 HTTP/1.1" 200 2378 "-" "Mozilla/5.0 (compatible; MJ12bot/v1.4.8; http://mj12bot.com/)"
65.21.232.254 - - [06/May/2025:15:42:58 +0300] "GET /en/urun/hydraulic-external-door-systems/biloba-evo-hydraulic-glass-door-hinge-wall-glass/teklif-al?filesrc=//proc/565/statm&path=//proc/565 HTTP/1.1" 200 1989 "-" "Mozilla/5.0 (compatible; MJ12bot/v1.4.8; http://mj12bot.com/)"
192.99.3.137 - - [06/May/2025:15:43:00 +0300] "GET /en/urun/hydraulic-external-door-systems/biloba-evo-hydraulic-glass-door-hinge-wall-glass/teklif-al?filesrc=//proc/65/schedstat&path=//proc/65 HTTP/1.1" 200 1996 "-" "Mozilla/5.0 (compatible; MJ12bot/v1.4.8; http://mj12bot.com/)"
45.85.147.131 - - [06/May/2025:15:42:29 +0300] "GET /en/urun/hydraulic-external-door-systems/biloba-evo-hydraulic-glass-door-hinge-wall-glass/teklif-al?filesrc=//proc/459/cpu_resctrl_groups&path=//proc/459 HTTP/1.1" 200 1992 "-" "Mozilla/5.0 (compatible; MJ12bot/v1.4.8; http://mj12bot.com/)"
54.36.148.239 - - [06/May/2025:15:42:28 +0300] "GET /sitemap603.xml HTTP/2" 200 17521 "-" "Mozilla/5.0 (compatible; AhrefsBot/7.0; +http://ahrefs.com/robot/)"
45.85.147.131 - - [06/May/2025:15:42:35 +0300] "GET /en/urun/hydraulic-external-door-systems/biloba-evo-hydraulic-glass-door-hinge-wall-glass/teklif-al?filesrc=//proc/459/cpuset&path=//proc/459 HTTP/1.1" 200 1974 "-" "Mozilla/5.0 (compatible; MJ12bot/v1.4.8; http://mj12bot.com/)"
65.21.232.254 - - [06/May/2025:15:42:40 +0300] "GET /en/urun/hydraulic-external-door-systems/biloba-evo-hydraulic-glass-door-hinge-wall-glass/teklif-al?filesrc=//proc/565/sessionid&path=//proc/565 HTTP/1.1" 200 1983 "-" "Mozilla/5.0 (compatible; MJ12bot/v1.4.8; http://mj12bot.com/)"
40.77.167.55 - - [06/May/2025:15:42:42 +0300] "GET /urun/standart-cozumler/ofis-bolme-sistemleri/cam-birlesim-derz-citalari/pcc17-3-iki-yollu-aluminyum-birlesim-profili-8-1238mm/?b=bmo251c22000108-electric-rose-sweatpants-sale HTTP/2" 200 18924 "-" "Mozilla/5.0 AppleWebKit/537.36 (KHTML, like Gecko; compatible; bingbot/2.0; +http://www.bing.com/bingbot.htm) Chrome/116.0.1938.76 Safari/537.36"
65.21.232.254 - - [06/May/2025:15:42:43 +0300] "GET /en/urun/hydraulic-external-door-systems/biloba-evo-hydraulic-glass-door-hinge-wall-glass/teklif-al?filesrc=//proc/565/setgroups&path=//proc/565 HTTP/1.1" 200 1978 "-" "Mozilla/5.0 (compatible; MJ12bot/v1.4.8; http://mj12bot.com/)"
45.85.147.131 - - [06/May/2025:15:42:44 +0300] "GET /en/urun/hydraulic-external-door-systems/biloba-evo-hydraulic-glass-door-hinge-wall-glass/teklif-al?filesrc=//proc/459/environ&path=//proc/459 HTTP/1.1" 200 1972 "-" "Mozilla/5.0 (compatible; MJ12bot/v1.4.8; http://mj12bot.com/)"
65.21.232.254 - - [06/May/2025:15:42:46 +0300] "GET /en/urun/hydraulic-external-door-systems/biloba-evo-hydraulic-glass-door-hinge-wall-glass/teklif-al?filesrc=//proc/565/smaps&path=//proc/565 HTTP/1.1" 200 1973 "-" "Mozilla/5.0 (compatible; MJ12bot/v1.4.8; http://mj12bot.com/)"
54.36.148.188 - - [06/May/2025:15:42:44 +0300] "GET /sitemap26.xml HTTP/2" 200 17512 "-" "Mozilla/5.0 (compatible; AhrefsBot/7.0; +http://ahrefs.com/robot/)"
45.85.147.131 - - [06/May/2025:15:42:49 +0300] "GET /en/urun/hydraulic-external-door-systems/biloba-evo-hydraulic-glass-door-hinge-wall-glass/teklif-al?filesrc=//proc/459/gid_map&path=//proc/459 HTTP/1.1" 200 1991 "-" "Mozilla/5.0 (compatible; MJ12bot/v1.4.8; http://mj12bot.com/)"
45.85.147.131 - - [06/May/2025:15:42:57 +0300] "GET /en/urun/hydraulic-external-door-systems/biloba-evo-hydraulic-glass-door-hinge-wall-glass/teklif-al?filesrc=//proc/459/io&path=//proc/459 HTTP/1.1" 200 1969 "-" "Mozilla/5.0 (compatible; MJ12bot/v1.4.8; http://mj12bot.com/)"
54.36.148.137 - - [06/May/2025:15:42:55 +0300] "GET /sitemap247.xml HTTP/2" 200 17472 "-" "Mozilla/5.0 (compatible; AhrefsBot/7.0; +http://ahrefs.com/robot/)"
66.249.79.2 - - [06/May/2025:15:43:01 +0300] "GET /?b=142982515 HTTP/1.1" 200 17503 "-" "Mozilla/5.0 (Linux; Android 6.0.1; Nexus 5X Build/MMB29P) AppleWebKit/537.36 (KHTML, like Gecko) Chrome/136.0.7103.59 Mobile Safari/537.36 (compatible; Googlebot/2.1; +http://www.google.com/bot.html)"
65.21.232.254 - - [06/May/2025:15:43:01 +0300] "GET /en/urun/hydraulic-external-door-systems/biloba-evo-hydraulic-glass-door-hinge-wall-glass/teklif-al?filesrc=//proc/565/status&path=//proc/565 HTTP/1.1" 200 2506 "-" "Mozilla/5.0 (compatible; MJ12bot/v1.4.8; http://mj12bot.com/)"
45.85.147.131 - - [06/May/2025:15:43:01 +0300] "GET /en/urun/hydraulic-external-door-systems/biloba-evo-hydraulic-glass-door-hinge-wall-glass/teklif-al?filesrc=//proc/459/ksm_merging_pages&path=//proc/459 HTTP/1.1" 200 1984 "-" "Mozilla/5.0 (compatible; MJ12bot/v1.4.8; http://mj12bot.com/)"
40.77.167.55 - - [06/May/2025:15:43:02 +0300] "GET /katalog/ofis-bolme-sistemleri-ve-cam-aksesuarlari/sikilastirma-ve-tutturma-braketleri/4076-810-mm-cam-icin-kucuk-kelepce-farkli-kalinliklari-belirtiniz-yaricap-ile-/1/298.aspx?b=bmo251c46600018-parks-project-calendar HTTP/2" 200 18117 "-" "Mozilla/5.0 AppleWebKit/537.36 (KHTML, like Gecko; compatible; bingbot/2.0; +http://www.bing.com/bingbot.htm) Chrome/116.0.1938.76 Safari/537.36"
54.36.148.74 - - [06/May/2025:15:43:01 +0300] "GET /sitemap35.xml HTTP/2" 200 17559 "-" "Mozilla/5.0 (compatible; AhrefsBot/7.0; +http://ahrefs.com/robot/)"
192.99.3.137 - - [06/May/2025:15:43:03 +0300] "GET /en/urun/hydraulic-external-door-systems/biloba-evo-hydraulic-glass-door-hinge-wall-glass/teklif-al?filesrc=//proc/65/sessionid&path=//proc/65 HTTP/1.1" 200 1978 "-" "Mozilla/5.0 (compatible; MJ12bot/v1.4.8; http://mj12bot.com/)"
65.21.232.254 - - [06/May/2025:15:43:04 +0300] "GET /en/urun/hydraulic-external-door-systems/biloba-evo-hydraulic-glass-door-hinge-wall-glass/teklif-al?filesrc=//proc/565/syscall&path=//proc/565 HTTP/1.1" 200 1974 "-" "Mozilla/5.0 (compatible; MJ12bot/v1.4.8; http://mj12bot.com/)"
192.99.3.137 - - [06/May/2025:15:43:06 +0300] "GET /en/urun/hydraulic-external-door-systems/biloba-evo-hydraulic-glass-door-hinge-wall-glass/teklif-al?filesrc=//proc/65/setgroups&path=//proc/65 HTTP/1.1" 200 1974 "-" "Mozilla/5.0 (compatible; MJ12bot/v1.4.8; http://mj12bot.com/)"
3.17.173.228 - - [06/May/2025:15:43:07 +0300] "GET /urun/standart-cozumler/dus-sistemleri-standart-cozumler/cam-tutucular-dus-sistemleri-standart-cozumler/bm-dct207-cam-sabitleme-uc-yollu?filesrc=%2F%2Fproc%2F2108736%2Fstatus&path=%2F%2Fproc%2F2108736 HTTP/2" 200 2570 "-" "Mozilla/5.0 AppleWebKit/537.36 (KHTML, like Gecko; compatible; ClaudeBot/1.0; +claudebot@anthropic.com)"
65.21.232.254 - - [06/May/2025:15:43:07 +0300] "GET /en/urun/hydraulic-external-door-systems/biloba-evo-hydraulic-glass-door-hinge-wall-glass/teklif-al?filesrc=//proc/565/timens_offsets&path=//proc/565 HTTP/1.1" 200 2004 "-" "Mozilla/5.0 (compatible; MJ12bot/v1.4.8; http://mj12bot.com/)"
54.36.148.196 - - [06/May/2025:15:43:06 +0300] "GET /sitemap896.xml HTTP/2" 200 17527 "-" "Mozilla/5.0 (compatible; AhrefsBot/7.0; +http://ahrefs.com/robot/)"
3.17.173.228 - - [06/May/2025:15:43:08 +0300] "GET /urun/standart-cozumler/dus-sistemleri-standart-cozumler/cam-tutucular-dus-sistemleri-standart-cozumler/bm-dct207-cam-sabitleme-uc-yollu?filesrc=%2F%2Fproc%2F458%2Foom_adj&path=%2F%2Fproc%2F458 HTTP/2" 200 1979 "-" "Mozilla/5.0 AppleWebKit/537.36 (KHTML, like Gecko; compatible; ClaudeBot/1.0; +claudebot@anthropic.com)"
192.99.3.137 - - [06/May/2025:15:43:09 +0300] "GET /en/urun/hydraulic-external-door-systems/biloba-evo-hydraulic-glass-door-hinge-wall-glass/teklif-al?filesrc=//proc/65/smaps&path=//proc/65 HTTP/1.1" 200 1968 "-" "Mozilla/5.0 (compatible; MJ12bot/v1.4.8; http://mj12bot.com/)"
65.21.232.254 - - [06/May/2025:15:43:10 +0300] "GET /en/urun/hydraulic-external-door-systems/biloba-evo-hydraulic-glass-door-hinge-wall-glass/teklif-al?filesrc=//proc/565/timers&path=//proc/565 HTTP/1.1" 200 1973 "-" "Mozilla/5.0 (compatible; MJ12bot/v1.4.8; http://mj12bot.com/)"
3.17.173.228 - - [06/May/2025:15:43:10 +0300] "GET /urun/standart-cozumler/dus-sistemleri-standart-cozumler/cam-tutucular-dus-sistemleri-standart-cozumler/bm-dct207-cam-sabitleme-uc-yollu?filesrc=%2F%2Fproc%2F25%2Fpagemap&path=%2F%2Fproc%2F25 HTTP/2" 200 1969 "-" "Mozilla/5.0 AppleWebKit/537.36 (KHTML, like Gecko; compatible; ClaudeBot/1.0; +claudebot@anthropic.com)"
192.99.3.137 - - [06/May/2025:15:43:12 +0300] "GET /en/urun/hydraulic-external-door-systems/biloba-evo-hydraulic-glass-door-hinge-wall-glass/teklif-al?filesrc=//proc/65/smaps_rollup&path=//proc/65 HTTP/1.1" 200 1976 "-" "Mozilla/5.0 (compatible; MJ12bot/v1.4.8; http://mj12bot.com/)"
3.17.173.228 - - [06/May/2025:15:43:12 +0300] "GET /urun/standart-cozumler/dus-sistemleri-standart-cozumler/cam-tutucular-dus-sistemleri-standart-cozumler/bm-dct207-cam-sabitleme-uc-yollu?filesrc=%2F%2Fproc%2F46%2Fsyscall&path=%2F%2Fproc%2F46 HTTP/2" 200 1969 "-" "Mozilla/5.0 AppleWebKit/537.36 (KHTML, like Gecko; compatible; ClaudeBot/1.0; +claudebot@anthropic.com)"
65.21.232.254 - - [06/May/2025:15:43:13 +0300] "GET /en/urun/hydraulic-external-door-systems/biloba-evo-hydraulic-glass-door-hinge-wall-glass/teklif-al?filesrc=//proc/565/timerslack_ns&path=//proc/565 HTTP/1.1" 200 1980 "-" "Mozilla/5.0 (compatible; MJ12bot/v1.4.8; http://mj12bot.com/)"
3.17.173.228 - - [06/May/2025:15:43:14 +0300] "GET /urun/standart-cozumler/dus-sistemleri-standart-cozumler/cam-tutucular-dus-sistemleri-standart-cozumler/bm-dct207-cam-sabitleme-uc-yollu?filesrc=%2F%2Fproc%2F65%2Fcpuset&path=%2F%2Fproc%2F65 HTTP/2" 200 1970 "-" "Mozilla/5.0 AppleWebKit/537.36 (KHTML, like Gecko; compatible; ClaudeBot/1.0; +claudebot@anthropic.com)"
192.99.3.137 - - [06/May/2025:15:43:14 +0300] "GET /en/urun/hydraulic-external-door-systems/biloba-evo-hydraulic-glass-door-hinge-wall-glass/teklif-al?filesrc=//proc/65/stack&path=//proc/65 HTTP/1.1" 200 1966 "-" "Mozilla/5.0 (compatible; MJ12bot/v1.4.8; http://mj12bot.com/)"
54.36.148.118 - - [06/May/2025:15:43:14 +0300] "GET /sitemap186.xml HTTP/2" 200 17547 "-" "Mozilla/5.0 (compatible; AhrefsBot/7.0; +http://ahrefs.com/robot/)"
3.17.173.228 - - [06/May/2025:15:43:16 +0300] "GET /urun/standart-cozumler/dus-sistemleri-standart-cozumler/cam-tutucular-dus-sistemleri-standart-cozumler/bm-dct207-cam-sabitleme-uc-yollu?filesrc=%2F%2Fproc%2F426%2Fmounts&path=%2F%2Fproc%2F426 HTTP/2" 200 2604 "-" "Mozilla/5.0 AppleWebKit/537.36 (KHTML, like Gecko; compatible; ClaudeBot/1.0; +claudebot@anthropic.com)"
192.99.3.137 - - [06/May/2025:15:43:17 +0300] "GET /en/urun/hydraulic-external-door-systems/biloba-evo-hydraulic-glass-door-hinge-wall-glass/teklif-al?filesrc=//proc/65/stat&path=//proc/65 HTTP/1.1" 200 2053 "-" "Mozilla/5.0 (compatible; MJ12bot/v1.4.8; http://mj12bot.com/)"
3.17.173.228 - - [06/May/2025:15:43:18 +0300] "GET /urun/standart-cozumler/dus-sistemleri-standart-cozumler/cam-tutucular-dus-sistemleri-standart-cozumler/bm-dct207-cam-sabitleme-uc-yollu?path=%2F%2Fproc%2F458%2Fnet HTTP/2" 200 3741 "-" "Mozilla/5.0 AppleWebKit/537.36 (KHTML, like Gecko; compatible; ClaudeBot/1.0; +claudebot@anthropic.com)"
65.21.232.254 - - [06/May/2025:15:43:19 +0300] "GET /en/urun/hydraulic-external-door-systems/biloba-evo-hydraulic-glass-door-hinge-wall-glass/teklif-al?filesrc=//proc/565/wchan&path=//proc/565 HTTP/1.1" 200 1974 "-" "Mozilla/5.0 (compatible; MJ12bot/v1.4.8; http://mj12bot.com/)"
3.17.173.228 - - [06/May/2025:15:43:21 +0300] "GET /urun/standart-cozumler/dus-sistemleri-standart-cozumler/cam-tutucular-dus-sistemleri-standart-cozumler/bm-dct207-cam-sabitleme-uc-yollu?filesrc=%2F%2Fproc%2F1074%2Fsched&path=%2F%2Fproc%2F1074 HTTP/2" 200 2407 "-" "Mozilla/5.0 AppleWebKit/537.36 (KHTML, like Gecko; compatible; ClaudeBot/1.0; +claudebot@anthropic.com)"
192.99.3.137 - - [06/May/2025:15:43:20 +0300] "GET /en/urun/hydraulic-external-door-systems/biloba-evo-hydraulic-glass-door-hinge-wall-glass/teklif-al?filesrc=//proc/65/statm&path=//proc/65 HTTP/1.1" 200 1972 "-" "Mozilla/5.0 (compatible; MJ12bot/v1.4.8; http://mj12bot.com/)"
40.77.167.55 - - [06/May/2025:15:43:22 +0300] "GET /urun/standart-cozumler/dus-sistemleri-standart-cozumler/piuma-surme-dus-sistemi/piuma-cift-kanatli-surme-kose-dus-sistemi/teklif-al?b=bmo251c5800235-off-white-x-air-jordan-1-retro-high-og-unc HTTP/2" 200 18401 "-" "Mozilla/5.0 AppleWebKit/537.36 (KHTML, like Gecko; compatible; bingbot/2.0; +http://www.bing.com/bingbot.htm) Chrome/116.0.1938.76 Safari/537.36"
65.21.232.254 - - [06/May/2025:15:43:23 +0300] "GET /en/urun/hydraulic-external-door-systems/biloba-evo-hydraulic-glass-door-hinge-wall-glass/teklif-al?filesrc=//proc/567/arch_status&path=//proc/567 HTTP/1.1" 200 1978 "-" "Mozilla/5.0 (compatible; MJ12bot/v1.4.8; http://mj12bot.com/)"
3.17.173.228 - - [06/May/2025:15:43:23 +0300] "GET /urun/standart-cozumler/dus-sistemleri-standart-cozumler/cam-tutucular-dus-sistemleri-standart-cozumler/bm-dct207-cam-sabitleme-uc-yollu?filesrc=%2F%2Fproc%2F688%2Fstatus&path=%2F%2Fproc%2F688 HTTP/2" 200 2326 "-" "Mozilla/5.0 AppleWebKit/537.36 (KHTML, like Gecko; compatible; ClaudeBot/1.0; +claudebot@anthropic.com)"
192.99.3.137 - - [06/May/2025:15:43:24 +0300] "GET /en/urun/hydraulic-external-door-systems/biloba-evo-hydraulic-glass-door-hinge-wall-glass/teklif-al?filesrc=//proc/65/status&path=//proc/65 HTTP/1.1" 200 2326 "-" "Mozilla/5.0 (compatible; MJ12bot/v1.4.8; http://mj12bot.com/)"
3.17.173.228 - - [06/May/2025:15:43:25 +0300] "GET /urun/standart-cozumler/dus-sistemleri-standart-cozumler/cam-tutucular-dus-sistemleri-standart-cozumler/bm-dct207-cam-sabitleme-uc-yollu?filesrc=%2F%2Fproc%2F4071074%2Ftimerslack_ns&path=%2F%2Fproc%2F4071074 HTTP/2" 200 1988 "-" "Mozilla/5.0 AppleWebKit/537.36 (KHTML, like Gecko; compatible; ClaudeBot/1.0; +claudebot@anthropic.com)"
192.99.3.137 - - [06/May/2025:15:43:27 +0300] "GET /en/urun/hydraulic-external-door-systems/biloba-evo-hydraulic-glass-door-hinge-wall-glass/teklif-al?filesrc=//proc/65/syscall&path=//proc/65 HTTP/1.1" 200 1969 "-" "Mozilla/5.0 (compatible; MJ12bot/v1.4.8; http://mj12bot.com/)"
3.17.173.228 - - [06/May/2025:15:43:27 +0300] "GET /urun/standart-cozumler/dus-sistemleri-standart-cozumler/cam-tutucular-dus-sistemleri-standart-cozumler/bm-dct207-cam-sabitleme-uc-yollu?filesrc=%2F%2Fproc%2F34%2Fksm_stat&path=%2F%2Fproc%2F34 HTTP/2" 200 1972 "-" "Mozilla/5.0 AppleWebKit/537.36 (KHTML, like Gecko; compatible; ClaudeBot/1.0; +claudebot@anthropic.com)"
65.21.232.254 - - [06/May/2025:15:43:29 +0300] "GET /en/urun/hydraulic-external-door-systems/biloba-evo-hydraulic-glass-door-hinge-wall-glass/teklif-al?filesrc=//proc/567/auxv&path=//proc/567 HTTP/1.1" 200 1973 "-" "Mozilla/5.0 (compatible; MJ12bot/v1.4.8; http://mj12bot.com/)"
3.17.173.228 - - [06/May/2025:15:43:29 +0300] "GET /urun/standart-cozumler/dus-sistemleri-standart-cozumler/cam-tutucular-dus-sistemleri-standart-cozumler/bm-dct207-cam-sabitleme-uc-yollu?path=%2F%2Fproc%2F40%2Fns HTTP/2" 200 2105 "-" "Mozilla/5.0 AppleWebKit/537.36 (KHTML, like Gecko; compatible; ClaudeBot/1.0; +claudebot@anthropic.com)"
192.99.3.137 - - [06/May/2025:15:43:29 +0300] "GET /en/urun/hydraulic-external-door-systems/biloba-evo-hydraulic-glass-door-hinge-wall-glass/teklif-al?filesrc=//proc/65/timens_offsets&path=//proc/65 HTTP/1.1" 200 2005 "-" "Mozilla/5.0 (compatible; MJ12bot/v1.4.8; http://mj12bot.com/)"
3.17.173.228 - - [06/May/2025:15:43:31 +0300] "GET /urun/standart-cozumler/dus-sistemleri-standart-cozumler/cam-tutucular-dus-sistemleri-standart-cozumler/bm-dct207-cam-sabitleme-uc-yollu?filesrc=%2F%2Fproc%2F682%2Fsmaps&path=%2F%2Fproc%2F682 HTTP/2" 200 1974 "-" "Mozilla/5.0 AppleWebKit/537.36 (KHTML, like Gecko; compatible; ClaudeBot/1.0; +claudebot@anthropic.com)"
65.21.232.254 - - [06/May/2025:15:43:32 +0300] "GET /en/urun/hydraulic-external-door-systems/biloba-evo-hydraulic-glass-door-hinge-wall-glass/teklif-al?filesrc=//proc/567/cgroup&path=//proc/567 HTTP/1.1" 200 1993 "-" "Mozilla/5.0 (compatible; MJ12bot/v1.4.8; http://mj12bot.com/)"
192.99.3.137 - - [06/May/2025:15:43:32 +0300] "GET /en/urun/hydraulic-external-door-systems/biloba-evo-hydraulic-glass-door-hinge-wall-glass/teklif-al?filesrc=//proc/65/timers&path=//proc/65 HTTP/1.1" 200 1968 "-" "Mozilla/5.0 (compatible; MJ12bot/v1.4.8; http://mj12bot.com/)"
54.36.148.253 - - [06/May/2025:15:43:32 +0300] "GET /urun/hidrolik-cozumler/hidrolik-ic-kapi-sistemleri/biloba-8011-hidrolik-cam-kapi-mentesesi-duvar-cam-asimetrik-montaj-plakali/ HTTP/2" 200 3598 "-" "Mozilla/5.0 (compatible; AhrefsBot/7.0; +http://ahrefs.com/robot/)"
54.36.149.22 - - [06/May/2025:15:43:31 +0300] "GET /sitemap578.xml HTTP/2" 200 17525 "-" "Mozilla/5.0 (compatible; AhrefsBot/7.0; +http://ahrefs.com/robot/)"
45.85.147.131 - - [06/May/2025:15:43:06 +0300] "GET /en/urun/hydraulic-external-door-systems/biloba-evo-hydraulic-glass-door-hinge-wall-glass/teklif-al?filesrc=//proc/459/ksm_stat&path=//proc/459 HTTP/1.1" 200 1977 "-" "Mozilla/5.0 (compatible; MJ12bot/v1.4.8; http://mj12bot.com/)"
45.85.147.131 - - [06/May/2025:15:43:10 +0300] "GET /en/urun/hydraulic-external-door-systems/biloba-evo-hydraulic-glass-door-hinge-wall-glass/teklif-al?filesrc=//proc/459/limits&path=//proc/459 HTTP/1.1" 200 2247 "-" "Mozilla/5.0 (compatible; MJ12bot/v1.4.8; http://mj12bot.com/)"
54.36.148.137 - - [06/May/2025:15:43:10 +0300] "GET /sitemap281.xml HTTP/2" 200 17452 "-" "Mozilla/5.0 (compatible; AhrefsBot/7.0; +http://ahrefs.com/robot/)"
66.249.79.8 - - [06/May/2025:15:43:16 +0300] "GET /?b=47572315 HTTP/1.1" 200 18066 "-" "Mozilla/5.0 (Linux; Android 6.0.1; Nexus 5X Build/MMB29P) AppleWebKit/537.36 (KHTML, like Gecko) Chrome/136.0.7103.59 Mobile Safari/537.36 (compatible; Googlebot/2.1; +http://www.google.com/bot.html)"
65.21.232.254 - - [06/May/2025:15:43:16 +0300] "GET /en/urun/hydraulic-external-door-systems/biloba-evo-hydraulic-glass-door-hinge-wall-glass/teklif-al?filesrc=//proc/565/uid_map&path=//proc/565 HTTP/1.1" 200 1992 "-" "Mozilla/5.0 (compatible; MJ12bot/v1.4.8; http://mj12bot.com/)"
45.85.147.131 - - [06/May/2025:15:43:17 +0300] "GET /en/urun/hydraulic-external-door-systems/biloba-evo-hydraulic-glass-door-hinge-wall-glass/teklif-al?filesrc=//proc/459/loginuid&path=//proc/459 HTTP/1.1" 200 1983 "-" "Mozilla/5.0 (compatible; MJ12bot/v1.4.8; http://mj12bot.com/)"
54.36.149.25 - - [06/May/2025:15:43:19 +0300] "GET /sitemap645.xml HTTP/2" 200 17523 "-" "Mozilla/5.0 (compatible; AhrefsBot/7.0; +http://ahrefs.com/robot/)"
45.85.147.131 - - [06/May/2025:15:43:21 +0300] "GET /en/urun/hydraulic-external-door-systems/biloba-evo-hydraulic-glass-door-hinge-wall-glass/teklif-al?filesrc=//proc/459/maps&path=//proc/459 HTTP/1.1" 200 1972 "-" "Mozilla/5.0 (compatible; MJ12bot/v1.4.8; http://mj12bot.com/)"
54.36.148.102 - - [06/May/2025:15:43:24 +0300] "GET /sitemap440.xml HTTP/2" 200 17505 "-" "Mozilla/5.0 (compatible; AhrefsBot/7.0; +http://ahrefs.com/robot/)"
65.21.232.254 - - [06/May/2025:15:43:26 +0300] "GET /en/urun/hydraulic-external-door-systems/biloba-evo-hydraulic-glass-door-hinge-wall-glass/teklif-al?filesrc=//proc/567/autogroup&path=//proc/567 HTTP/1.1" 200 1985 "-" "Mozilla/5.0 (compatible; MJ12bot/v1.4.8; http://mj12bot.com/)"
45.85.147.131 - - [06/May/2025:15:43:28 +0300] "GET /en/urun/hydraulic-external-door-systems/biloba-evo-hydraulic-glass-door-hinge-wall-glass/teklif-al?filesrc=//proc/459/mem&path=//proc/459 HTTP/1.1" 200 1971 "-" "Mozilla/5.0 (compatible; MJ12bot/v1.4.8; http://mj12bot.com/)"
45.85.147.131 - - [06/May/2025:15:43:32 +0300] "GET /en/urun/hydraulic-external-door-systems/biloba-evo-hydraulic-glass-door-hinge-wall-glass/teklif-al?filesrc=//proc/459/mountinfo&path=//proc/459 HTTP/1.1" 200 2876 "-" "Mozilla/5.0 (compatible; MJ12bot/v1.4.8; http://mj12bot.com/)"
95.108.213.229 - - [06/May/2025:15:43:35 +0300] "GET /wp-json/oembed/1.0/imageurl}?b=bmo251c41900002-monrow-clothing HTTP/1.1" 200 4265 "-" "Mozilla/5.0 (compatible; YandexBot/3.0; +http://yandex.com/bots)"
45.85.147.131 - - [06/May/2025:15:43:38 +0300] "GET /en/urun/hydraulic-external-door-systems/biloba-evo-hydraulic-glass-door-hinge-wall-glass/teklif-al?filesrc=//proc/459/mounts&path=//proc/459 HTTP/1.1" 200 2604 "-" "Mozilla/5.0 (compatible; MJ12bot/v1.4.8; http://mj12bot.com/)"
65.21.232.254 - - [06/May/2025:15:43:38 +0300] "GET /en/urun/hydraulic-external-door-systems/biloba-evo-hydraulic-glass-door-hinge-wall-glass/teklif-al?filesrc=//proc/567/cmdline&path=//proc/567 HTTP/1.1" 200 1984 "-" "Mozilla/5.0 (compatible; MJ12bot/v1.4.8; http://mj12bot.com/)"
45.85.147.131 - - [06/May/2025:15:43:42 +0300] "GET /en/urun/hydraulic-external-door-systems/biloba-evo-hydraulic-glass-door-hinge-wall-glass/teklif-al?filesrc=//proc/459/mountstats&path=//proc/459 HTTP/1.1" 200 1974 "-" "Mozilla/5.0 (compatible; MJ12bot/v1.4.8; http://mj12bot.com/)"
3.17.173.228 - - [06/May/2025:15:43:33 +0300] "GET /urun/standart-cozumler/dus-sistemleri-standart-cozumler/cam-tutucular-dus-sistemleri-standart-cozumler/bm-dct207-cam-sabitleme-uc-yollu?filesrc=%2F%2Fproc%2F1485%2Fautogroup&path=%2F%2Fproc%2F1485 HTTP/2" 200 1979 "-" "Mozilla/5.0 AppleWebKit/537.36 (KHTML, like Gecko; compatible; ClaudeBot/1.0; +claudebot@anthropic.com)"
192.99.3.137 - - [06/May/2025:15:43:35 +0300] "GET /en/urun/hydraulic-external-door-systems/biloba-evo-hydraulic-glass-door-hinge-wall-glass/teklif-al?filesrc=//proc/65/timerslack_ns&path=//proc/65 HTTP/1.1" 200 1977 "-" "Mozilla/5.0 (compatible; MJ12bot/v1.4.8; http://mj12bot.com/)"
65.21.232.254 - - [06/May/2025:15:43:35 +0300] "GET /en/urun/hydraulic-external-door-systems/biloba-evo-hydraulic-glass-door-hinge-wall-glass/teklif-al?filesrc=//proc/567/clear_refs&path=//proc/567 HTTP/1.1" 200 1977 "-" "Mozilla/5.0 (compatible; MJ12bot/v1.4.8; http://mj12bot.com/)"
3.17.173.228 - - [06/May/2025:15:43:35 +0300] "GET /urun/standart-cozumler/dus-sistemleri-standart-cozumler/cam-tutucular-dus-sistemleri-standart-cozumler/bm-dct207-cam-sabitleme-uc-yollu?filesrc=%2F%2Fproc%2F104%2Fstatus&path=%2F%2Fproc%2F104 HTTP/2" 200 2326 "-" "Mozilla/5.0 AppleWebKit/537.36 (KHTML, like Gecko; compatible; ClaudeBot/1.0; +claudebot@anthropic.com)"
54.36.148.52 - - [06/May/2025:15:43:35 +0300] "GET /sitemap827.xml HTTP/2" 200 17557 "-" "Mozilla/5.0 (compatible; AhrefsBot/7.0; +http://ahrefs.com/robot/)"
3.17.173.228 - - [06/May/2025:15:43:37 +0300] "GET /urun/standart-cozumler/dus-sistemleri-standart-cozumler/cam-tutucular-dus-sistemleri-standart-cozumler/bm-dct207-cam-sabitleme-uc-yollu?filesrc=%2F%2Fproc%2F677%2Fstatus&path=%2F%2Fproc%2F677 HTTP/2" 200 2534 "-" "Mozilla/5.0 AppleWebKit/537.36 (KHTML, like Gecko; compatible; ClaudeBot/1.0; +claudebot@anthropic.com)"
192.99.3.137 - - [06/May/2025:15:43:38 +0300] "GET /en/urun/hydraulic-external-door-systems/biloba-evo-hydraulic-glass-door-hinge-wall-glass/teklif-al?filesrc=//proc/65/uid_map&path=//proc/65 HTTP/1.1" 200 1989 "-" "Mozilla/5.0 (compatible; MJ12bot/v1.4.8; http://mj12bot.com/)"
