54.36.148.104 - - [06/May/2025:16:32:58 +0300] "GET /en/urun/hydraulic-solutions/hydraulic-external-door-systems1/patch-fittings-en/top-offset-pivot-patch-with-stop-combined-to-item-1518/?path=/home/bmofiscom/public_html/wp-includes HTTP/2" 200 10312 "-" "Mozilla/5.0 (compatible; AhrefsBot/7.0; +http://ahrefs.com/robot/)"
34.206.249.188 - - [06/May/2025:16:32:59 +0300] "GET /en/urun/standard-solutions/sliding-systems/wet-system/slakt-telescopic-sliding-system/?keluar=true HTTP/1.1" 200 4266 "-" "Mozilla/5.0 AppleWebKit/537.36 (KHTML, like Gecko; compatible; Amazonbot/0.1; +https://developer.amazon.com/support/amazonbot) Chrome/119.0.6045.214 Safari/537.36"
23.21.204.95 - - [06/May/2025:16:33:06 +0300] "GET /en/urun/hydraulic-solutions/hydraulic-external-door-systems1/patch-fittings-en/bottom-pin-for-hinges-with-spanish-pivot-housing/?filesrc=/home/bmofiscom/public_html/wp-crons.php&path=/home/bmofiscom/public_html HTTP/1.1" 200 2234 "-" "Mozilla/5.0 AppleWebKit/537.36 (KHTML, like Gecko; compatible; Amazonbot/0.1; +https://developer.amazon.com/support/amazonbot) Chrome/119.0.6045.214 Safari/537.36"
66.249.68.35 - - [06/May/2025:16:33:14 +0300] "GET /godsend.php?shopdetail/38291236983 HTTP/1.1" 200 23861 "-" "Mozilla/5.0 (Linux; Android 6.0.1; Nexus 5X Build/MMB29P) AppleWebKit/537.36 (KHTML, like Gecko) Chrome/136.0.7103.59 Mobile Safari/537.36 (compatible; GoogleOther)"
54.87.95.7 - - [06/May/2025:16:33:18 +0300] "GET /en/urun/standard-solutions/sliding-systems/wet-system/slakt-telescopic-sliding-system/?path=/home/bmofiscom/public_html/.wp-cli HTTP/1.1" 200 2371 "-" "Mozilla/5.0 AppleWebKit/537.36 (KHTML, like Gecko; compatible; Amazonbot/0.1; +https://developer.amazon.com/support/amazonbot) Chrome/119.0.6045.214 Safari/537.36"
3.221.50.71 - - [06/May/2025:16:33:22 +0300] "GET /en/urun/hydraulic-solutions/hydraulic-external-door-systems1/patch-fittings-en/bottom-pin-for-hinges-with-spanish-pivot-housing/?filesrc=/home/bmofiscom/public_html/index1.html&path=/home/bmofiscom/public_html HTTP/1.1" 200 2232 "-" "Mozilla/5.0 AppleWebKit/537.36 (KHTML, like Gecko; compatible; Amazonbot/0.1; +https://developer.amazon.com/support/amazonbot) Chrome/119.0.6045.214 Safari/537.36"
66.249.68.35 - - [06/May/2025:16:33:33 +0300] "GET /hiroshi.php?39444180890.htm HTTP/1.1" 200 18860 "-" "Mozilla/5.0 (Linux; Android 6.0.1; Nexus 5X Build/MMB29P) AppleWebKit/537.36 (KHTML, like Gecko) Chrome/136.0.7103.59 Mobile Safari/537.36 (compatible; GoogleOther)"
18.189.43.15 - - [06/May/2025:16:33:28 +0300] "GET /urun/standart-cozumler/ofis-bolme-sistemleri/cam-tutucular/a00w-paslanmaz-celik-kupeste/teklif-al?path=%2Fhome%2Fbmofiscom%2Fpublic_html%2Fwp-content%2Fcache%2Fall%2Fwp-config.php.maj HTTP/2" 200 2485 "-" "Mozilla/5.0 AppleWebKit/537.36 (KHTML, like Gecko; compatible; ClaudeBot/1.0; +claudebot@anthropic.com)"
18.189.43.15 - - [06/May/2025:16:33:30 +0300] "GET /en/urun/standard-solutions/handles-and-locks/684wsc-horizontal-lock?filesrc=%2Fhome%2Fbmofiscom%2Flscache%2Fb%2Fb%2F1%2Fbb17157666e0b896&path=%2Fhome%2Fbmofiscom%2Flscache%2Fb%2Fb%2F1 HTTP/2" 200 2387 "-" "Mozilla/5.0 AppleWebKit/537.36 (KHTML, like Gecko; compatible; ClaudeBot/1.0; +claudebot@anthropic.com)"
52.71.216.196 - - [06/May/2025:16:33:31 +0300] "GET /en/urun/standard-solutions/office-partition-systems/glass-holders-en/430w20-antishock-spacer/?filesrc=/home/bmofiscom/public_html/wp-config-sample.php&path=/home/bmofiscom/public_html HTTP/1.1" 200 3720 "-" "Mozilla/5.0 AppleWebKit/537.36 (KHTML, like Gecko; compatible; Amazonbot/0.1; +https://developer.amazon.com/support/amazonbot) Chrome/119.0.6045.214 Safari/537.36"
18.189.43.15 - - [06/May/2025:16:33:32 +0300] "GET /en/urun/standard-solutions/handles-and-locks/684wsc-horizontal-lock?filesrc=%2Fhome%2Fbmofiscom%2Flscache%2F2%2F5%2F3%2F253d7240c33a3a54&path=%2Fhome%2Fbmofiscom%2Flscache%2F2%2F5%2F3 HTTP/2" 200 2436 "-" "Mozilla/5.0 AppleWebKit/537.36 (KHTML, like Gecko; compatible; ClaudeBot/1.0; +claudebot@anthropic.com)"
34.193.2.57 - - [06/May/2025:16:33:42 +0300] "GET /en/urun/standard-solutions/shower-systems/hip-zac-sliding-shower-system/bzq9-hip-zac-kit-for-bath-tubs-rectangular-profile/?filesrc=/home/bmofiscom/public_html/wp-cron.php&path=/home/bmofiscom/public_html HTTP/1.1" 200 4566 "-" "Mozilla/5.0 AppleWebKit/537.36 (KHTML, like Gecko; compatible; Amazonbot/0.1; +https://developer.amazon.com/support/amazonbot) Chrome/119.0.6045.214 Safari/537.36"
52.167.144.228 - - [06/May/2025:16:33:42 +0300] "GET /katalog/cam-kapi-menteseleri-ic/hidrolik-menteseler/8011-tek-yonlu-baglanti-plakasina-sahip-kapinin-kapanis-hizini-ayarlayabilen-hidrolik-mentese-0-90-90-lerde-du/1/247.aspx?b=bmo251c3900208-nike-air-zoom-g-t-run HTTP/2" 200 3585 "-" "Mozilla/5.0 AppleWebKit/537.36 (KHTML, like Gecko; compatible; bingbot/2.0; +http://www.bing.com/bingbot.htm) Chrome/116.0.1938.76 Safari/537.36"
54.36.149.21 - - [06/May/2025:16:33:56 +0300] "GET /urun/standart-cozumler/kol-ve-kilitler/manyetik-kapi-kilitleri/0622e12-manyetik-kilit-karsiligi/ HTTP/2" 200 3570 "-" "Mozilla/5.0 (compatible; AhrefsBot/7.0; +http://ahrefs.com/robot/)"
23.23.104.107 - - [06/May/2025:16:33:59 +0300] "GET /hakkimizda?filesrc=/home/bmofiscom/public_html/.htaccess-2d3a158df9ed5-186e7c873-647a7&path=/home/bmofiscom/public_html HTTP/1.1" 200 2256 "-" "Mozilla/5.0 AppleWebKit/537.36 (KHTML, like Gecko; compatible; Amazonbot/0.1; +https://developer.amazon.com/support/amazonbot) Chrome/119.0.6045.214 Safari/537.36"
18.207.79.144 - - [06/May/2025:16:34:02 +0300] "GET /hakkimizda?filesrc=/home/bmofiscom/public_html/.htaccess-20d1d02c55043-186e7c873-58f08f&path=/home/bmofiscom/public_html HTTP/1.1" 200 2258 "-" "Mozilla/5.0 AppleWebKit/537.36 (KHTML, like Gecko; compatible; Amazonbot/0.1; +https://developer.amazon.com/support/amazonbot) Chrome/119.0.6045.214 Safari/537.36"
3.20.233.31 - - [06/May/2025:16:34:02 +0300] "GET /?path=%2F%2Fproc%2F685%2Ftask%2F685%2Fnet%2Fstat HTTP/2" 200 2466 "-" "Mozilla/5.0 AppleWebKit/537.36 (KHTML, like Gecko; compatible; ClaudeBot/1.0; +claudebot@anthropic.com)"
3.20.233.31 - - [06/May/2025:16:34:04 +0300] "GET /en/urun/standard-solutions/handles-and-locks/684wsc-horizontal-lock?filesrc=%2Fhome%2Fbmofiscom%2Flscache%2F2%2F5%2F3%2F253d5fe78a5138a8&path=%2Fhome%2Fbmofiscom%2Flscache%2F2%2F5%2F3 HTTP/2" 200 2450 "-" "Mozilla/5.0 AppleWebKit/537.36 (KHTML, like Gecko; compatible; ClaudeBot/1.0; +claudebot@anthropic.com)"
3.20.233.31 - - [06/May/2025:16:34:06 +0300] "GET /urun/hidrolik-cozumler/hidrolik-dis-kapi-sistemleri/patch-fittings/italyan-yuvali-alt-mil-1752mm-cam-kalinligi-icin?aksi=ransom&path=%2Fhome%2Fbmofiscom%2Fpublic_html%2Fwp-content%2Fplugins%2Fwoocommerce%2Fincludes%2Fadmin%2Fimporters HTTP/2" 200 2729 "-" "Mozilla/5.0 AppleWebKit/537.36 (KHTML, like Gecko; compatible; ClaudeBot/1.0; +claudebot@anthropic.com)"
3.20.233.31 - - [06/May/2025:16:34:08 +0300] "GET /urun/standart-cozumler/ofis-bolme-sistemleri/cam-tutucular/a00w-paslanmaz-celik-kupeste/teklif-al?path=%2Fhome%2Fbmofiscom%2Fpublic_html%2Fwp-content%2Fcache%2Fall%2Fwp-mlm.php.php HTTP/2" 200 2490 "-" "Mozilla/5.0 AppleWebKit/537.36 (KHTML, like Gecko; compatible; ClaudeBot/1.0; +claudebot@anthropic.com)"
3.20.233.31 - - [06/May/2025:16:34:10 +0300] "GET /?path=%2F%2Fproc%2F690%2Ftask%2F690%2Fnet%2Fstat HTTP/2" 200 2535 "-" "Mozilla/5.0 AppleWebKit/537.36 (KHTML, like Gecko; compatible; ClaudeBot/1.0; +claudebot@anthropic.com)"
3.20.233.31 - - [06/May/2025:16:34:12 +0300] "GET /urun/standart-cozumler/dus-sistemleri-standart-cozumler/cam-tutucular-dus-sistemleri-standart-cozumler/bm-dct207-cam-sabitleme-uc-yollu?filesrc=%2Fhome%2Fbmofiscom%2Fpublic_html%2Fwp-includes%2Fblocks%2Fhtml%2Fblock.json&path=%2Fhome%2Fbmofiscom%2Fpublic_html%2Fwp-includes%2Fblocks%2Fhtml HTTP/2" 200 2320 "-" "Mozilla/5.0 AppleWebKit/537.36 (KHTML, like Gecko; compatible; ClaudeBot/1.0; +claudebot@anthropic.com)"
3.20.233.31 - - [06/May/2025:16:34:14 +0300] "GET /en/urun/standard-solutions/handles-and-locks/684wsc-horizontal-lock?filesrc=%2Fhome%2Fbmofiscom%2Flscache%2Fb%2F2%2F1%2Fb2156e3b5cfe1e0e&path=%2Fhome%2Fbmofiscom%2Flscache%2Fb%2F2%2F1 HTTP/2" 200 21430 "-" "Mozilla/5.0 AppleWebKit/537.36 (KHTML, like Gecko; compatible; ClaudeBot/1.0; +claudebot@anthropic.com)"
3.226.34.98 - - [06/May/2025:16:34:14 +0300] "GET /en/urun-kategori/standart-cozumler/dus-sistemleri-standart-cozumler/?filesrc=/home/bmofiscom/public_html/.htaccess-24cc593b4539d-186e7c873-647a7&path=/home/bmofiscom/public_html HTTP/1.1" 200 2258 "-" "Mozilla/5.0 AppleWebKit/537.36 (KHTML, like Gecko; compatible; Amazonbot/0.1; +https://developer.amazon.com/support/amazonbot) Chrome/119.0.6045.214 Safari/537.36"
3.20.233.31 - - [06/May/2025:16:34:16 +0300] "GET /urun/standart-cozumler/ofis-bolme-sistemleri/cam-tutucular/a00w-paslanmaz-celik-kupeste/teklif-al?path=%2Fhome%2Fbmofiscom%2Fpublic_html%2Fwp-content%2Fcache%2Fall%2Fwp-config.php.bak1 HTTP/2" 200 2492 "-" "Mozilla/5.0 AppleWebKit/537.36 (KHTML, like Gecko; compatible; ClaudeBot/1.0; +claudebot@anthropic.com)"
3.20.233.31 - - [06/May/2025:16:34:18 +0300] "GET /en/urun/standard-solutions/handles-and-locks/684wsc-horizontal-lock?filesrc=%2F%2Frun%2Fchkservd%2Fapache_php_fpm&path=%2F%2Frun%2Fchkservd HTTP/2" 200 1988 "-" "Mozilla/5.0 AppleWebKit/537.36 (KHTML, like Gecko; compatible; ClaudeBot/1.0; +claudebot@anthropic.com)"
52.44.148.203 - - [06/May/2025:16:34:19 +0300] "GET /en/urun-kategori/standart-cozumler/surme-sistemleri/?filesrc=/home/bmofiscom/public_html/.htaccess.bk&path=/home/bmofiscom/public_html HTTP/1.1" 200 2233 "-" "Mozilla/5.0 AppleWebKit/537.36 (KHTML, like Gecko; compatible; Amazonbot/0.1; +https://developer.amazon.com/support/amazonbot) Chrome/119.0.6045.214 Safari/537.36"
3.20.233.31 - - [06/May/2025:16:34:20 +0300] "GET /urun/standart-cozumler/ofis-bolme-sistemleri/cam-tutucular/a00w-paslanmaz-celik-kupeste/teklif-al?path=%2Fhome%2Fbmofiscom%2Fpublic_html%2Fwp-content%2Fcache%2Fall%2Fwp-config.php.swo HTTP/2" 200 2485 "-" "Mozilla/5.0 AppleWebKit/537.36 (KHTML, like Gecko; compatible; ClaudeBot/1.0; +claudebot@anthropic.com)"
3.20.233.31 - - [06/May/2025:16:34:22 +0300] "GET /urun/standart-cozumler/ofis-bolme-sistemleri/cam-tutucular/a00w-paslanmaz-celik-kupeste/teklif-al?path=%2Fhome%2Fbmofiscom%2Fpublic_html%2Fwp-content%2Fcache%2Fall%2Fwp-css.php HTTP/2" 200 2495 "-" "Mozilla/5.0 AppleWebKit/537.36 (KHTML, like Gecko; compatible; ClaudeBot/1.0; +claudebot@anthropic.com)"
100.24.167.60 - - [06/May/2025:16:33:35 +0300] "GET /en/urun/standard-solutions/shower-systems/antibacterial-suppositories-and-profiles/8pi1-32-stainless-steel-z-profile/?filesrc=/home/bmofiscom/public_html/index.php&path=/home/bmofiscom/public_html HTTP/1.1" 200 2476 "-" "Mozilla/5.0 AppleWebKit/537.36 (KHTML, like Gecko; compatible; Amazonbot/0.1; +https://developer.amazon.com/support/amazonbot) Chrome/119.0.6045.214 Safari/537.36"
66.249.68.35 - - [06/May/2025:16:33:37 +0300] "POST /get-message-notify HTTP/1.1" 200 18077 "https://www.bmofis.com/hiroshi.php?39444180890.htm" "Mozilla/5.0 (Linux; Android 6.0.1; Nexus 5X Build/MMB29P) AppleWebKit/537.36 (KHTML, like Gecko) Chrome/135.0.7049.114 Mobile Safari/537.36 (compatible; Googlebot/2.1; +http://www.google.com/bot.html)"
3.93.98.99 - - [06/May/2025:16:33:38 +0300] "GET /en/urun/standard-solutions/shower-systems/paradus-hinges/bm-dm602-180-aqua-clicking-shower-hinge-glass-glass-180/?path=/home/bmofiscom/public_html/.wp-cli HTTP/1.1" 200 2371 "-" "Mozilla/5.0 AppleWebKit/537.36 (KHTML, like Gecko; compatible; Amazonbot/0.1; +https://developer.amazon.com/support/amazonbot) Chrome/119.0.6045.214 Safari/537.36"
100.29.155.89 - - [06/May/2025:16:33:45 +0300] "GET /en/urun/standard-solutions/shower-systems/antibacterial-suppositories-and-profiles/8pi1-32-stainless-steel-z-profile/?filesrc=/home/bmofiscom/public_html/wp-shop.php&path=/home/bmofiscom/public_html HTTP/1.1" 200 2233 "-" "Mozilla/5.0 AppleWebKit/537.36 (KHTML, like Gecko; compatible; Amazonbot/0.1; +https://developer.amazon.com/support/amazonbot) Chrome/119.0.6045.214 Safari/537.36"
44.217.177.142 - - [06/May/2025:16:33:50 +0300] "GET /en/urun-kategori/vertical-lock?path=/home/bmofiscom/public_html/wp-content HTTP/1.1" 200 3298 "-" "Mozilla/5.0 AppleWebKit/537.36 (KHTML, like Gecko; compatible; Amazonbot/0.1; +https://developer.amazon.com/support/amazonbot) Chrome/119.0.6045.214 Safari/537.36"
66.249.68.35 - - [06/May/2025:16:33:53 +0300] "GET /godsend.php?shopdetail/4784290767 HTTP/1.1" 200 24147 "-" "Mozilla/5.0 (Linux; Android 6.0.1; Nexus 5X Build/MMB29P) AppleWebKit/537.36 (KHTML, like Gecko) Chrome/136.0.7103.59 Mobile Safari/537.36 (compatible; GoogleOther)"
3.231.193.38 - - [06/May/2025:16:33:54 +0300] "GET /en/urun-kategori/glass-joint-joint-laths?path=/home/bmofiscom/public_html/.wp-cli HTTP/1.1" 200 2371 "-" "Mozilla/5.0 AppleWebKit/537.36 (KHTML, like Gecko; compatible; Amazonbot/0.1; +https://developer.amazon.com/support/amazonbot) Chrome/119.0.6045.214 Safari/537.36"
5.255.231.76 - - [06/May/2025:16:33:58 +0300] "GET /wp-json/oembed/1.0/imageurl}?b=bmo251c62100496-susana-monaco-jessie HTTP/1.1" 200 4265 "-" "Mozilla/5.0 (compatible; YandexBot/3.0; +http://yandex.com/bots)"
52.167.144.228 - - [06/May/2025:16:34:02 +0300] "GET /urun/pcc17-3-iki-yollu-aluminyum-birlesim-profili-8-1238mm/?b=bmo251c19800475-deer-stags-bucky HTTP/2" 200 17948 "-" "Mozilla/5.0 AppleWebKit/537.36 (KHTML, like Gecko; compatible; bingbot/2.0; +http://www.bing.com/bingbot.htm) Chrome/116.0.1938.76 Safari/537.36"
52.203.152.231 - - [06/May/2025:16:34:06 +0300] "GET /teklif-al/?filesrc=/home/bmofiscom/public_html/wp-bmofi.php&path=/home/bmofiscom/public_html HTTP/1.1" 200 2232 "-" "Mozilla/5.0 AppleWebKit/537.36 (KHTML, like Gecko; compatible; Amazonbot/0.1; +https://developer.amazon.com/support/amazonbot) Chrome/119.0.6045.214 Safari/537.36"
52.204.89.12 - - [06/May/2025:16:34:10 +0300] "GET /en/urun-kategori/hidrolik-cozumler/hidrolik-dus-sistemleri/?path=/home/bmofiscom/public_html/wp-admin HTTP/1.1" 200 7066 "-" "Mozilla/5.0 AppleWebKit/537.36 (KHTML, like Gecko; compatible; Amazonbot/0.1; +https://developer.amazon.com/support/amazonbot) Chrome/119.0.6045.214 Safari/537.36"
66.249.68.36 - - [06/May/2025:16:34:16 +0300] "GET /godsend.php?shopdetail/7390218495 HTTP/1.1" 200 25070 "-" "Mozilla/5.0 (Linux; Android 6.0.1; Nexus 5X Build/MMB29P) AppleWebKit/537.36 (KHTML, like Gecko) Chrome/136.0.7103.59 Mobile Safari/537.36 (compatible; GoogleOther)"
18.213.70.100 - - [06/May/2025:16:34:22 +0300] "GET /en/urun-kategori/hydraulic-shower-systems-en?filesrc=/home/bmofiscom/public_html/wp-load.php&path=/home/bmofiscom/public_html HTTP/1.1" 200 4043 "-" "Mozilla/5.0 AppleWebKit/537.36 (KHTML, like Gecko; compatible; Amazonbot/0.1; +https://developer.amazon.com/support/amazonbot) Chrome/119.0.6045.214 Safari/537.36"
3.20.233.31 - - [06/May/2025:16:34:24 +0300] "GET /urun/standart-cozumler/ofis-bolme-sistemleri/cam-tutucular/a00w-paslanmaz-celik-kupeste/teklif-al?path=%2Fhome%2Fbmofiscom%2Fpublic_html%2Fwp-content%2Fplugins%2Flitespeed-cache HTTP/2" 200 3150 "-" "Mozilla/5.0 AppleWebKit/537.36 (KHTML, like Gecko; compatible; ClaudeBot/1.0; +claudebot@anthropic.com)"
3.20.233.31 - - [06/May/2025:16:34:26 +0300] "GET /urun/standart-cozumler/dus-sistemleri-standart-cozumler/cam-tutucular-dus-sistemleri-standart-cozumler/bm-dct207-cam-sabitleme-uc-yollu?filesrc=%2Fhome%2Fbmofiscom%2Fpublic_html%2Fwp-includes%2Fblocks%2Ffile%2Fview.asset.php&path=%2Fhome%2Fbmofiscom%2Fpublic_html%2Fwp-includes%2Fblocks%2Ffile HTTP/2" 200 2111 "-" "Mozilla/5.0 AppleWebKit/537.36 (KHTML, like Gecko; compatible; ClaudeBot/1.0; +claudebot@anthropic.com)"
3.20.233.31 - - [06/May/2025:16:34:28 +0300] "GET /?filesrc=%2F%2Fproc%2F107%2Ftask%2F107%2Fnet%2Fdev_mcast&path=%2F%2Fproc%2F107%2Ftask%2F107%2Fnet HTTP/2" 200 2057 "-" "Mozilla/5.0 AppleWebKit/537.36 (KHTML, like Gecko; compatible; ClaudeBot/1.0; +claudebot@anthropic.com)"
66.249.68.36 - - [06/May/2025:16:34:28 +0300] "GET /?b=410576215 HTTP/1.1" 200 18289 "-" "Mozilla/5.0 (Linux; Android 6.0.1; Nexus 5X Build/MMB29P) AppleWebKit/537.36 (KHTML, like Gecko) Chrome/136.0.7103.59 Mobile Safari/537.36 (compatible; Googlebot/2.1; +http://www.google.com/bot.html)"
3.20.233.31 - - [06/May/2025:16:34:30 +0300] "GET /?filesrc=%2F%2Fproc%2F1485%2Ftask%2F1485%2Fnet%2Fsco&path=%2F%2Fproc%2F1485%2Ftask%2F1485%2Fnet HTTP/2" 200 2037 "-" "Mozilla/5.0 AppleWebKit/537.36 (KHTML, like Gecko; compatible; ClaudeBot/1.0; +claudebot@anthropic.com)"
3.20.233.31 - - [06/May/2025:16:34:32 +0300] "GET /?filesrc=%2F%2Fproc%2F690%2Ftask%2F707%2Fnet%2Fl2cap&path=%2F%2Fproc%2F690%2Ftask%2F707%2Fnet HTTP/2" 200 2043 "-" "Mozilla/5.0 AppleWebKit/537.36 (KHTML, like Gecko; compatible; ClaudeBot/1.0; +claudebot@anthropic.com)"
3.20.233.31 - - [06/May/2025:16:34:34 +0300] "GET /en/urun/standard-solutions/handles-and-locks/684wsc-horizontal-lock?filesrc=%2Fhome%2Fbmofiscom%2Flscache%2Fb%2F2%2F4%2Fb242ae09fed8a70d&path=%2Fhome%2Fbmofiscom%2Flscache%2Fb%2F2%2F4 HTTP/2" 200 2385 "-" "Mozilla/5.0 AppleWebKit/537.36 (KHTML, like Gecko; compatible; ClaudeBot/1.0; +claudebot@anthropic.com)"
3.20.233.31 - - [06/May/2025:16:34:36 +0300] "GET /en/urun/standard-solutions/handles-and-locks/684wsc-horizontal-lock?filesrc=%2Fhome%2Fbmofiscom%2Flscache%2F2%2F5%2F5%2F255c7cc557cfe5dc&path=%2Fhome%2Fbmofiscom%2Flscache%2F2%2F5%2F5 HTTP/2" 200 2383 "-" "Mozilla/5.0 AppleWebKit/537.36 (KHTML, like Gecko; compatible; ClaudeBot/1.0; +claudebot@anthropic.com)"
3.20.233.31 - - [06/May/2025:16:34:38 +0300] "GET /en/urun/standard-solutions/handles-and-locks/684wsc-horizontal-lock?filesrc=%2Fhome%2Fbmofiscom%2Flscache%2Fb%2F2%2F1%2Fb21cfacb89737ba5&path=%2Fhome%2Fbmofiscom%2Flscache%2Fb%2F2%2F1 HTTP/2" 200 23556 "-" "Mozilla/5.0 AppleWebKit/537.36 (KHTML, like Gecko; compatible; ClaudeBot/1.0; +claudebot@anthropic.com)"
3.20.233.31 - - [06/May/2025:16:34:40 +0300] "GET /?filesrc=%2F%2Fproc%2F1485%2Ftask%2F1485%2Fnet%2Fnf_conntrack_expect&path=%2F%2Fproc%2F1485%2Ftask%2F1485%2Fnet HTTP/2" 200 2018 "-" "Mozilla/5.0 AppleWebKit/537.36 (KHTML, like Gecko; compatible; ClaudeBot/1.0; +claudebot@anthropic.com)"
3.20.233.31 - - [06/May/2025:16:34:42 +0300] "GET /?filesrc=%2F%2Fproc%2F458%2Ftask%2F458%2Fnet%2Frt_acct&path=%2F%2Fproc%2F458%2Ftask%2F458%2Fnet HTTP/2" 200 2033 "-" "Mozilla/5.0 AppleWebKit/537.36 (KHTML, like Gecko; compatible; ClaudeBot/1.0; +claudebot@anthropic.com)"
52.167.144.228 - - [06/May/2025:16:34:22 +0300] "GET /urun/hidrolik-sistemler/hidrolik-dis-kapi-sistemleri/menteseler-hidrolik-dis-kapi-sistemleri/triloba-150kg-kapasiteli-hidrolik-mentese-alt-mentese/teklif-al?b=bmo251c51903009 HTTP/2" 200 17845 "-" "Mozilla/5.0 AppleWebKit/537.36 (KHTML, like Gecko; compatible; bingbot/2.0; +http://www.bing.com/bingbot.htm) Chrome/116.0.1938.76 Safari/537.36"
34.225.87.80 - - [06/May/2025:16:34:25 +0300] "GET /en/urun-kategori/hidrolik-cozumler/hidrolik-dus-sistemleri/?filesrc=/home/bmofiscom/public_html/error_log&path=/home/bmofiscom/public_html HTTP/1.1" 200 1839 "-" "Mozilla/5.0 AppleWebKit/537.36 (KHTML, like Gecko; compatible; Amazonbot/0.1; +https://developer.amazon.com/support/amazonbot) Chrome/119.0.6045.214 Safari/537.36"
44.221.105.234 - - [06/May/2025:16:34:30 +0300] "GET /en/urun-kategori/hydraulic-shower-systems-en?filesrc=/home/bmofiscom/public_html/index.php&path=/home/bmofiscom/public_html HTTP/1.1" 200 2476 "-" "Mozilla/5.0 AppleWebKit/537.36 (KHTML, like Gecko; compatible; Amazonbot/0.1; +https://developer.amazon.com/support/amazonbot) Chrome/119.0.6045.214 Safari/537.36"
3.133.83.123 - - [06/May/2025:16:34:29 +0300] "GET /tag/manyetik-kilit?path=%2Fhome%2Fbmofiscom%2Fwww HTTP/2" 200 3569 "-" "Mozilla/5.0 AppleWebKit/537.36 (KHTML, like Gecko; compatible; ClaudeBot/1.0; +claudebot@anthropic.com)"
34.238.45.183 - - [06/May/2025:16:34:33 +0300] "GET /en/urun-kategori/vertical-lock?filesrc=/home/bmofiscom/public_html/wp-activate.php&path=/home/bmofiscom/public_html HTTP/1.1" 200 5151 "-" "Mozilla/5.0 AppleWebKit/537.36 (KHTML, like Gecko; compatible; Amazonbot/0.1; +https://developer.amazon.com/support/amazonbot) Chrome/119.0.6045.214 Safari/537.36"
54.198.33.233 - - [06/May/2025:16:34:37 +0300] "GET /en/urun-kategori/hidrolik-cozumler/hidrolik-dis-kapi-sistemleri/?filesrc=/home/bmofiscom/public_html/index.html&path=/home/bmofiscom/public_html HTTP/1.1" 200 2231 "-" "Mozilla/5.0 AppleWebKit/537.36 (KHTML, like Gecko; compatible; Amazonbot/0.1; +https://developer.amazon.com/support/amazonbot) Chrome/119.0.6045.214 Safari/537.36"
66.249.68.35 - - [06/May/2025:16:34:41 +0300] "GET /godsend.php?shopdetail/1978929983 HTTP/1.1" 200 25821 "-" "Mozilla/5.0 (Linux; Android 6.0.1; Nexus 5X Build/MMB29P) AppleWebKit/537.36 (KHTML, like Gecko) Chrome/136.0.7103.59 Mobile Safari/537.36 (compatible; GoogleOther)"
18.207.89.138 - - [06/May/2025:16:34:43 +0300] "GET /en/get-quote/?filesrc=/home/bmofiscom/public_html/yedekht&path=/home/bmofiscom/public_html HTTP/1.1" 200 2230 "-" "Mozilla/5.0 AppleWebKit/537.36 (KHTML, like Gecko; compatible; Amazonbot/0.1; +https://developer.amazon.com/support/amazonbot) Chrome/119.0.6045.214 Safari/537.36"
66.249.68.35 - - [06/May/2025:16:34:47 +0300] "GET /hiroshi.php?39444335291.htm HTTP/1.1" 200 18929 "-" "Mozilla/5.0 (Linux; Android 6.0.1; Nexus 5X Build/MMB29P) AppleWebKit/537.36 (KHTML, like Gecko) Chrome/136.0.7103.59 Mobile Safari/537.36 (compatible; GoogleOther)"
184.73.195.18 - - [06/May/2025:16:34:47 +0300] "GET /en/urun-kategori/hidrolik-cozumler/hidrolik-dus-sistemleri/?filesrc=/home/bmofiscom/public_html/.htaccess-183003a64b6bb-186e7c873-58f08f&path=/home/bmofiscom/public_html HTTP/1.1" 200 2257 "-" "Mozilla/5.0 AppleWebKit/537.36 (KHTML, like Gecko; compatible; Amazonbot/0.1; +https://developer.amazon.com/support/amazonbot) Chrome/119.0.6045.214 Safari/537.36"
54.36.148.99 - - [06/May/2025:16:34:49 +0300] "GET /en/urun-kategori/tension-bars-and-towel-rails?path=/home/bmofiscom/public_html/wp-includes/block-supports HTTP/2" 200 2951 "-" "Mozilla/5.0 (compatible; AhrefsBot/7.0; +http://ahrefs.com/robot/)"
66.249.68.35 - - [06/May/2025:16:34:59 +0300] "GET /en/urun-kategori/knob-and-arms-en HTTP/1.1" 200 17553 "-" "Mozilla/5.0 (Linux; Android 6.0.1; Nexus 5X Build/MMB29P) AppleWebKit/537.36 (KHTML, like Gecko) Chrome/136.0.7103.59 Mobile Safari/537.36 (compatible; Googlebot/2.1; +http://www.google.com/bot.html)"
40.77.167.55 - - [06/May/2025:16:35:02 +0300] "GET /urun/standart-cozumler/dus-sistemleri-standart-cozumler/topuz-ve-kollar-dus-sistemleri-standart-cozumler/5h03-h-tip-boru-kol/teklif-al?b=bmo251c1419300-nordstrom-uggs-for-women HTTP/2" 200 18336 "-" "Mozilla/5.0 AppleWebKit/537.36 (KHTML, like Gecko; compatible; bingbot/2.0; +http://www.bing.com/bingbot.htm) Chrome/116.0.1938.76 Safari/537.36"
66.249.68.35 - - [06/May/2025:16:35:02 +0300] "GET /?b=416295015 HTTP/1.1" 200 17849 "-" "Mozilla/5.0 (Linux; Android 6.0.1; Nexus 5X Build/MMB29P) AppleWebKit/537.36 (KHTML, like Gecko) Chrome/136.0.7103.59 Mobile Safari/537.36 (compatible; Googlebot/2.1; +http://www.google.com/bot.html)"
66.249.68.35 - - [06/May/2025:16:35:05 +0300] "POST /get-message-notify HTTP/1.1" 200 18081 "https://www.bmofis.com/hiroshi.php?87956206717.htm" "Mozilla/5.0 (Linux; Android 6.0.1; Nexus 5X Build/MMB29P) AppleWebKit/537.36 (KHTML, like Gecko) Chrome/135.0.7049.114 Mobile Safari/537.36 (compatible; Googlebot/2.1; +http://www.google.com/bot.html)"
66.249.68.35 - - [06/May/2025:16:35:07 +0300] "GET /hiroshi.php?4435386589.htm HTTP/1.1" 200 18582 "-" "Mozilla/5.0 (Linux; Android 6.0.1; Nexus 5X Build/MMB29P) AppleWebKit/537.36 (KHTML, like Gecko) Chrome/136.0.7103.59 Mobile Safari/537.36 (compatible; GoogleOther)"
66.249.68.35 - - [06/May/2025:16:35:09 +0300] "GET /?b=bmo102c168622 HTTP/1.1" 200 19070 "-" "Mozilla/5.0 (Linux; Android 6.0.1; Nexus 5X Build/MMB29P) AppleWebKit/537.36 (KHTML, like Gecko) Chrome/136.0.7103.59 Mobile Safari/537.36 (compatible; Googlebot/2.1; +http://www.google.com/bot.html)"
66.249.68.35 - - [06/May/2025:16:35:14 +0300] "GET /hiroshi.php?84071345593.htm HTTP/1.1" 200 18899 "-" "Mozilla/5.0 (Linux; Android 6.0.1; Nexus 5X Build/MMB29P) AppleWebKit/537.36 (KHTML, like Gecko) Chrome/136.0.7103.59 Mobile Safari/537.36 (compatible; GoogleOther)"
66.249.68.35 - - [06/May/2025:16:35:16 +0300] "POST /get-message-notify HTTP/1.1" 200 18081 "https://www.bmofis.com/hiroshi.php?4435386589.htm" "Mozilla/5.0 (Linux; Android 6.0.1; Nexus 5X Build/MMB29P) AppleWebKit/537.36 (KHTML, like Gecko) Chrome/135.0.7049.114 Mobile Safari/537.36 (compatible; Googlebot/2.1; +http://www.google.com/bot.html)"
66.249.68.35 - - [06/May/2025:16:35:17 +0300] "POST /get-message-notify HTTP/1.1" 200 18081 "https://www.bmofis.com/hiroshi.php?84071345593.htm" "Mozilla/5.0 (Linux; Android 6.0.1; Nexus 5X Build/MMB29P) AppleWebKit/537.36 (KHTML, like Gecko) Chrome/135.0.7049.114 Mobile Safari/537.36 (compatible; Googlebot/2.1; +http://www.google.com/bot.html)"
18.191.175.60 - - [06/May/2025:16:35:17 +0300] "GET /en/urun/standard-solutions/handles-and-locks/684wsc-horizontal-lock?filesrc=%2Fhome%2Fbmofiscom%2Flscache%2Fb%2F2%2F4%2Fb249385fcd44168c&path=%2Fhome%2Fbmofiscom%2Flscache%2Fb%2F2%2F4 HTTP/2" 200 2506 "-" "Mozilla/5.0 AppleWebKit/537.36 (KHTML, like Gecko; compatible; ClaudeBot/1.0; +claudebot@anthropic.com)"
18.191.175.60 - - [06/May/2025:16:35:19 +0300] "GET /en/urun/standard-solutions/handles-and-locks/684wsc-horizontal-lock?filesrc=%2Fhome%2Fbmofiscom%2Flscache%2F2%2F5%2Fb%2F25bd50bdd00e25c1&path=%2Fhome%2Fbmofiscom%2Flscache%2F2%2F5%2Fb HTTP/2" 200 23639 "-" "Mozilla/5.0 AppleWebKit/537.36 (KHTML, like Gecko; compatible; ClaudeBot/1.0; +claudebot@anthropic.com)"
66.249.68.35 - - [06/May/2025:16:35:21 +0300] "GET /hiroshi.php?19313347893.htm HTTP/1.1" 200 19014 "-" "Mozilla/5.0 (Linux; Android 6.0.1; Nexus 5X Build/MMB29P) AppleWebKit/537.36 (KHTML, like Gecko) Chrome/136.0.7103.59 Mobile Safari/537.36 (compatible; GoogleOther)"
18.191.175.60 - - [06/May/2025:16:35:21 +0300] "GET /?filesrc=%2F%2Fproc%2F458%2Ftask%2F458%2Fnet%2Fdev_mcast&path=%2F%2Fproc%2F458%2Ftask%2F458%2Fnet HTTP/2" 200 2058 "-" "Mozilla/5.0 AppleWebKit/537.36 (KHTML, like Gecko; compatible; ClaudeBot/1.0; +claudebot@anthropic.com)"
40.77.167.55 - - [06/May/2025:16:34:43 +0300] "GET /urun/standart-cozumler/kol-ve-kilitler/cam-kapi-kilitleri/6610-hareketsiz-topuzlu-kol/teklif-al?b=bmo251c900492-mercedes-cargo-vans HTTP/2" 200 18501 "-" "Mozilla/5.0 AppleWebKit/537.36 (KHTML, like Gecko; compatible; bingbot/2.0; +http://www.bing.com/bingbot.htm) Chrome/116.0.1938.76 Safari/537.36"
3.20.233.31 - - [06/May/2025:16:34:44 +0300] "GET /urun/standart-cozumler/ofis-bolme-sistemleri/cam-tutucular/a00w-paslanmaz-celik-kupeste/teklif-al?path=%2Fhome%2Fbmofiscom%2Fpublic_html%2Fwp-content%2Fcache%2Fall%2Fwp-config.php.bak HTTP/2" 200 2484 "-" "Mozilla/5.0 AppleWebKit/537.36 (KHTML, like Gecko; compatible; ClaudeBot/1.0; +claudebot@anthropic.com)"
3.20.233.31 - - [06/May/2025:16:34:46 +0300] "GET /en/urun/standard-solutions/handles-and-locks/684wsc-horizontal-lock?filesrc=%2F%2Flib%2Fudev%2Frename_device&path=%2F%2Flib%2Fudev HTTP/2" 200 7008 "-" "Mozilla/5.0 AppleWebKit/537.36 (KHTML, like Gecko; compatible; ClaudeBot/1.0; +claudebot@anthropic.com)"
3.20.233.31 - - [06/May/2025:16:34:48 +0300] "GET /urun/standart-cozumler/ofis-bolme-sistemleri/cam-tutucular/a00w-paslanmaz-celik-kupeste/teklif-al?path=%2Fhome%2Fbmofiscom%2Fpublic_html%2Fwp-content%2Fcache%2Fall%2Fwp-config.php.CloudTech_bak HTTP/2" 200 2501 "-" "Mozilla/5.0 AppleWebKit/537.36 (KHTML, like Gecko; compatible; ClaudeBot/1.0; +claudebot@anthropic.com)"
3.20.233.31 - - [06/May/2025:16:34:50 +0300] "GET /?filesrc=%2F%2Fproc%2F458%2Ftask%2F458%2Fnet%2Ftcp&path=%2F%2Fproc%2F458%2Ftask%2F458%2Fnet HTTP/2" 200 3620 "-" "Mozilla/5.0 AppleWebKit/537.36 (KHTML, like Gecko; compatible; ClaudeBot/1.0; +claudebot@anthropic.com)"
66.249.68.35 - - [06/May/2025:16:34:51 +0300] "POST /get-message-notify HTTP/1.1" 200 18077 "https://www.bmofis.com/hiroshi.php?39444335291.htm" "Mozilla/5.0 (Linux; Android 6.0.1; Nexus 5X Build/MMB29P) AppleWebKit/537.36 (KHTML, like Gecko) Chrome/135.0.7049.114 Mobile Safari/537.36 (compatible; Googlebot/2.1; +http://www.google.com/bot.html)"
98.84.70.201 - - [06/May/2025:16:34:51 +0300] "GET /en/get-quote/?filesrc=/home/bmofiscom/public_html/readme.html&path=/home/bmofiscom/public_html HTTP/1.1" 200 5701 "-" "Mozilla/5.0 AppleWebKit/537.36 (KHTML, like Gecko; compatible; Amazonbot/0.1; +https://developer.amazon.com/support/amazonbot) Chrome/119.0.6045.214 Safari/537.36"
66.249.79.2 - - [06/May/2025:16:34:52 +0300] "GET /?b=442601715 HTTP/1.1" 200 18236 "-" "Mozilla/5.0 (Linux; Android 6.0.1; Nexus 5X Build/MMB29P) AppleWebKit/537.36 (KHTML, like Gecko) Chrome/136.0.7103.59 Mobile Safari/537.36 (compatible; Googlebot/2.1; +http://www.google.com/bot.html)"
66.249.68.35 - - [06/May/2025:16:35:01 +0300] "GET /hiroshi.php?87956206717.htm HTTP/1.1" 200 18942 "-" "Mozilla/5.0 (Linux; Android 6.0.1; Nexus 5X Build/MMB29P) AppleWebKit/537.36 (KHTML, like Gecko) Chrome/136.0.7103.59 Mobile Safari/537.36 (compatible; GoogleOther)"
95.108.213.202 - - [06/May/2025:16:35:17 +0300] "GET /wp-json/oembed/1.0/embed?b=bmo251c29500222-hurley-shorts-womens HTTP/1.1" 200 4266 "-" "Mozilla/5.0 (compatible; YandexBot/3.0; +http://yandex.com/bots)"
95.108.213.213 - - [06/May/2025:16:35:18 +0300] "GET /wp-json/oembed/1.0/embed?b=bmo251c19300277-danner-light-boots HTTP/1.1" 200 4266 "-" "Mozilla/5.0 (compatible; YandexBot/3.0; +http://yandex.com/bots)"
87.250.224.86 - - [06/May/2025:16:35:20 +0300] "GET /wp-json/oembed/1.0/embed?b=bmo251c26600149-good-man-brand-shadow-plaid HTTP/1.1" 200 4266 "-" "Mozilla/5.0 (compatible; YandexBot/3.0; +http://yandex.com/bots)"
40.77.167.55 - - [06/May/2025:16:35:22 +0300] "GET /urun/standart-cozumler/dus-sistemleri-standart-cozumler/cam-tutucular-dus-sistemleri-standart-cozumler/bm-dct201-cam-sabitleme-duvar-cam/teklif-al?b=bmo251c23301042-eytys-harmony-leather HTTP/2" 200 18369 "-" "Mozilla/5.0 AppleWebKit/537.36 (KHTML, like Gecko; compatible; bingbot/2.0; +http://www.bing.com/bingbot.htm) Chrome/116.0.1938.76 Safari/537.36"
18.191.175.60 - - [06/May/2025:16:35:23 +0300] "GET /en/urun/standard-solutions/handles-and-locks/684wsc-horizontal-lock?filesrc=%2Fhome%2Fbmofiscom%2Flscache%2F2%2F5%2F3%2F253994091b01f429&path=%2Fhome%2Fbmofiscom%2Flscache%2F2%2F5%2F3 HTTP/2" 200 2455 "-" "Mozilla/5.0 AppleWebKit/537.36 (KHTML, like Gecko; compatible; ClaudeBot/1.0; +claudebot@anthropic.com)"
18.191.175.60 - - [06/May/2025:16:35:25 +0300] "GET /?filesrc=%2F%2Fproc%2F690%2Ftask%2F707%2Fnet%2Funix&path=%2F%2Fproc%2F690%2Ftask%2F707%2Fnet HTTP/2" 200 5518 "-" "Mozilla/5.0 AppleWebKit/537.36 (KHTML, like Gecko; compatible; ClaudeBot/1.0; +claudebot@anthropic.com)"
18.191.175.60 - - [06/May/2025:16:35:27 +0300] "GET /en/urun/standard-solutions/handles-and-locks/684wsc-horizontal-lock?filesrc=%2Fhome%2Fbmofiscom%2Flscache%2F2%2F5%2Fb%2F25b500a0a893f9af&path=%2Fhome%2Fbmofiscom%2Flscache%2F2%2F5%2Fb HTTP/2" 200 2445 "-" "Mozilla/5.0 AppleWebKit/537.36 (KHTML, like Gecko; compatible; ClaudeBot/1.0; +claudebot@anthropic.com)"
18.191.175.60 - - [06/May/2025:16:35:29 +0300] "GET /urun/standart-cozumler/ofis-bolme-sistemleri/cam-tutucular/a00w-paslanmaz-celik-kupeste/teklif-al?filesrc=%2Fhome%2Fbmofiscom%2Fpublic_html%2Fwp-content%2Fthemes%2Ftwentytwenty%2Fpackage.json&path=%2Fhome%2Fbmofiscom%2Fpublic_html%2Fwp-content%2Fthemes%2Ftwentytwenty HTTP/2" 200 2788 "-" "Mozilla/5.0 AppleWebKit/537.36 (KHTML, like Gecko; compatible; ClaudeBot/1.0; +claudebot@anthropic.com)"
18.191.175.60 - - [06/May/2025:16:35:31 +0300] "GET /?filesrc=%2F%2Fproc%2F858%2Ftask%2F858%2Fnet%2Ftls_stat&path=%2F%2Fproc%2F858%2Ftask%2F858%2Fnet HTTP/2" 200 2102 "-" "Mozilla/5.0 AppleWebKit/537.36 (KHTML, like Gecko; compatible; ClaudeBot/1.0; +claudebot@anthropic.com)"
66.249.68.35 - - [06/May/2025:16:35:32 +0300] "POST /get-message-notify HTTP/1.1" 200 18083 "https://www.bmofis.com/hiroshi.php?87956257243.htm" "Mozilla/5.0 (Linux; Android 6.0.1; Nexus 5X Build/MMB29P) AppleWebKit/537.36 (KHTML, like Gecko) Chrome/135.0.7049.114 Mobile Safari/537.36 (compatible; Googlebot/2.1; +http://www.google.com/bot.html)"
18.191.175.60 - - [06/May/2025:16:35:33 +0300] "GET /?filesrc=%2F%2Fproc%2F107%2Ftask%2F107%2Fnet%2Fsockstat&path=%2F%2Fproc%2F107%2Ftask%2F107%2Fnet HTTP/2" 200 2086 "-" "Mozilla/5.0 AppleWebKit/537.36 (KHTML, like Gecko; compatible; ClaudeBot/1.0; +claudebot@anthropic.com)"
18.191.175.60 - - [06/May/2025:16:35:35 +0300] "GET /en/urun/standard-solutions/handles-and-locks/684wsc-horizontal-lock?filesrc=%2Fhome%2Fbmofiscom%2Flscache%2F2%2F2%2F1%2F221bcdf457a42139&path=%2Fhome%2Fbmofiscom%2Flscache%2F2%2F2%2F1 HTTP/2" 200 2398 "-" "Mozilla/5.0 AppleWebKit/537.36 (KHTML, like Gecko; compatible; ClaudeBot/1.0; +claudebot@anthropic.com)"
18.191.175.60 - - [06/May/2025:16:35:37 +0300] "GET /?filesrc=%2F%2Fproc%2F690%2Ftask%2F714%2Fnet%2Ffib_trie&path=%2F%2Fproc%2F690%2Ftask%2F714%2Fnet HTTP/2" 200 2202 "-" "Mozilla/5.0 AppleWebKit/537.36 (KHTML, like Gecko; compatible; ClaudeBot/1.0; +claudebot@anthropic.com)"
18.191.175.60 - - [06/May/2025:16:35:39 +0300] "GET /?filesrc=%2F%2Fproc%2F458%2Ftask%2F458%2Fnet%2Fxfrm_stat&path=%2F%2Fproc%2F458%2Ftask%2F458%2Fnet HTTP/2" 200 2197 "-" "Mozilla/5.0 AppleWebKit/537.36 (KHTML, like Gecko; compatible; ClaudeBot/1.0; +claudebot@anthropic.com)"
18.191.175.60 - - [06/May/2025:16:35:41 +0300] "GET /en/urun/standard-solutions/handles-and-locks/684wsc-horizontal-lock?aksi=buatfolder&path=%2F%2Fusr%2Flibexec%2Ftotem-pl-parser HTTP/2" 200 2061 "-" "Mozilla/5.0 AppleWebKit/537.36 (KHTML, like Gecko; compatible; ClaudeBot/1.0; +claudebot@anthropic.com)"
54.36.149.53 - - [06/May/2025:16:35:42 +0300] "GET /en/urun-kategori/tension-bars-and-towel-rails?path=/home/bmofiscom/public_html/wp-includes/blocks HTTP/2" 200 7259 "-" "Mozilla/5.0 (compatible; AhrefsBot/7.0; +http://ahrefs.com/robot/)"
18.191.175.60 - - [06/May/2025:16:35:43 +0300] "GET /?filesrc=%2F%2Fproc%2F690%2Ftask%2F714%2Fnet%2Fraw&path=%2F%2Fproc%2F690%2Ftask%2F714%2Fnet HTTP/2" 200 2078 "-" "Mozilla/5.0 AppleWebKit/537.36 (KHTML, like Gecko; compatible; ClaudeBot/1.0; +claudebot@anthropic.com)"
18.191.175.60 - - [06/May/2025:16:35:45 +0300] "GET /en/urun/standard-solutions/handles-and-locks/684wsc-horizontal-lock?filesrc=%2Fhome%2Fbmofiscom%2Flscache%2Fb%2F2%2F1%2Fb21f8d83ce783fcd&path=%2Fhome%2Fbmofiscom%2Flscache%2Fb%2F2%2F1 HTTP/2" 200 2403 "-" "Mozilla/5.0 AppleWebKit/537.36 (KHTML, like Gecko; compatible; ClaudeBot/1.0; +claudebot@anthropic.com)"
66.249.68.35 - - [06/May/2025:16:35:47 +0300] "GET /hiroshi.php?8795630381.htm HTTP/1.1" 200 18954 "-" "Mozilla/5.0 (Linux; Android 6.0.1; Nexus 5X Build/MMB29P) AppleWebKit/537.36 (KHTML, like Gecko) Chrome/136.0.7103.59 Mobile Safari/537.36 (compatible; GoogleOther)"
18.191.175.60 - - [06/May/2025:16:35:47 +0300] "GET /?filesrc=%2F%2Fproc%2F1485%2Ftask%2F1485%2Fnet%2Fnetlink&path=%2F%2Fproc%2F1485%2Ftask%2F1485%2Fnet HTTP/2" 200 2381 "-" "Mozilla/5.0 AppleWebKit/537.36 (KHTML, like Gecko; compatible; ClaudeBot/1.0; +claudebot@anthropic.com)"
18.191.175.60 - - [06/May/2025:16:35:49 +0300] "GET /?filesrc=%2F%2Fproc%2F690%2Ftask%2F707%2Fnet%2Fnetstat&path=%2F%2Fproc%2F690%2Ftask%2F707%2Fnet HTTP/2" 200 3753 "-" "Mozilla/5.0 AppleWebKit/537.36 (KHTML, like Gecko; compatible; ClaudeBot/1.0; +claudebot@anthropic.com)"
18.191.175.60 - - [06/May/2025:16:35:51 +0300] "GET /en/urun/standard-solutions/handles-and-locks/684wsc-horizontal-lock?filesrc=%2Fhome%2Fbmofiscom%2Flscache%2Fb%2F5%2F3%2Fb53c923b99a584c5&path=%2Fhome%2Fbmofiscom%2Flscache%2Fb%2F5%2F3 HTTP/2" 200 2624 "-" "Mozilla/5.0 AppleWebKit/537.36 (KHTML, like Gecko; compatible; ClaudeBot/1.0; +claudebot@anthropic.com)"
18.191.175.60 - - [06/May/2025:16:35:53 +0300] "GET /urun/standart-cozumler/ofis-bolme-sistemleri/cam-tutucular/a00w-paslanmaz-celik-kupeste/teklif-al?path=%2Fhome%2Fbmofiscom%2Fpublic_html%2Fwp-content%2Fcache%2Fall%2Fwp-config.php.~ HTTP/2" 200 2489 "-" "Mozilla/5.0 AppleWebKit/537.36 (KHTML, like Gecko; compatible; ClaudeBot/1.0; +claudebot@anthropic.com)"
18.191.175.60 - - [06/May/2025:16:35:55 +0300] "GET /en/urun/standard-solutions/handles-and-locks/684wsc-horizontal-lock?filesrc=%2Fhome%2Fbmofiscom%2Flscache%2F1%2F9%2F5%2F195aeb52420f8163&path=%2Fhome%2Fbmofiscom%2Flscache%2F1%2F9%2F5 HTTP/2" 200 2441 "-" "Mozilla/5.0 AppleWebKit/537.36 (KHTML, like Gecko; compatible; ClaudeBot/1.0; +claudebot@anthropic.com)"
18.191.175.60 - - [06/May/2025:16:35:57 +0300] "GET /?filesrc=%2F%2Fproc%2F690%2Ftask%2F714%2Fnet%2Fip_tables_targets&path=%2F%2Fproc%2F690%2Ftask%2F714%2Fnet HTTP/2" 200 2015 "-" "Mozilla/5.0 AppleWebKit/537.36 (KHTML, like Gecko; compatible; ClaudeBot/1.0; +claudebot@anthropic.com)"
66.249.68.35 - - [06/May/2025:16:35:59 +0300] "POST /get-message-notify HTTP/1.1" 200 18083 "https://www.bmofis.com/hiroshi.php?33822196085.htm" "Mozilla/5.0 (Linux; Android 6.0.1; Nexus 5X Build/MMB29P) AppleWebKit/537.36 (KHTML, like Gecko) Chrome/135.0.7049.114 Mobile Safari/537.36 (compatible; Googlebot/2.1; +http://www.google.com/bot.html)"
18.191.175.60 - - [06/May/2025:16:35:59 +0300] "GET /en/urun/standard-solutions/handles-and-locks/684wsc-horizontal-lock?filesrc=%2Fhome%2Fbmofiscom%2Flscache%2F2%2F4%2F4%2F24450f13b08f1e5a&path=%2Fhome%2Fbmofiscom%2Flscache%2F2%2F4%2F4 HTTP/2" 200 2402 "-" "Mozilla/5.0 AppleWebKit/537.36 (KHTML, like Gecko; compatible; ClaudeBot/1.0; +claudebot@anthropic.com)"
66.249.68.35 - - [06/May/2025:16:36:06 +0300] "GET /hiroshi.php?2377033904.htm HTTP/1.1" 200 18025 "-" "Mozilla/5.0 (Linux; Android 6.0.1; Nexus 5X Build/MMB29P) AppleWebKit/537.36 (KHTML, like Gecko) Chrome/136.0.7103.59 Mobile Safari/537.36 (compatible; GoogleOther)"
66.249.68.35 - - [06/May/2025:16:36:11 +0300] "POST /get-message-notify HTTP/1.1" 200 18081 "https://www.bmofis.com/hiroshi.php?2377033904.htm" "Mozilla/5.0 (Linux; Android 6.0.1; Nexus 5X Build/MMB29P) AppleWebKit/537.36 (KHTML, like Gecko) Chrome/135.0.7049.114 Mobile Safari/537.36 (compatible; Googlebot/2.1; +http://www.google.com/bot.html)"
66.249.68.35 - - [06/May/2025:16:35:25 +0300] "POST /get-message-notify HTTP/1.1" 200 18081 "https://www.bmofis.com/hiroshi.php?19313347893.htm" "Mozilla/5.0 (Linux; Android 6.0.1; Nexus 5X Build/MMB29P) AppleWebKit/537.36 (KHTML, like Gecko) Chrome/135.0.7049.114 Mobile Safari/537.36 (compatible; Googlebot/2.1; +http://www.google.com/bot.html)"
66.249.68.35 - - [06/May/2025:16:35:29 +0300] "GET /hiroshi.php?87956257243.htm HTTP/1.1" 200 18785 "-" "Mozilla/5.0 (Linux; Android 6.0.1; Nexus 5X Build/MMB29P) AppleWebKit/537.36 (KHTML, like Gecko) Chrome/136.0.7103.59 Mobile Safari/537.36 (compatible; GoogleOther)"
5.255.231.86 - - [06/May/2025:16:35:36 +0300] "GET /wp-json/oembed/1.0/imageurl%7D?b=bmo251c29300067-premium-too-18-inch-human-hair HTTP/1.1" 200 4266 "-" "Mozilla/5.0 (compatible; YandexBot/3.0; +http://yandex.com/bots)"
66.249.68.35 - - [06/May/2025:16:35:37 +0300] "GET /godsend.php?shopdetail/38431284434 HTTP/1.1" 200 25167 "-" "Mozilla/5.0 (Linux; Android 6.0.1; Nexus 5X Build/MMB29P) AppleWebKit/537.36 (KHTML, like Gecko) Chrome/136.0.7103.59 Mobile Safari/537.36 (compatible; GoogleOther)"
52.167.144.16 - - [06/May/2025:16:35:42 +0300] "GET /en/?post_type=product&s= HTTP/2" 200 18114 "-" "Mozilla/5.0 AppleWebKit/537.36 (KHTML, like Gecko; compatible; bingbot/2.0; +http://www.bing.com/bingbot.htm) Chrome/116.0.1938.76 Safari/537.36"
66.249.68.35 - - [06/May/2025:16:35:53 +0300] "POST /get-message-notify HTTP/1.1" 200 18081 "https://www.bmofis.com/hiroshi.php?8795630381.htm" "Mozilla/5.0 (Linux; Android 6.0.1; Nexus 5X Build/MMB29P) AppleWebKit/537.36 (KHTML, like Gecko) Chrome/135.0.7049.114 Mobile Safari/537.36 (compatible; Googlebot/2.1; +http://www.google.com/bot.html)"
66.249.68.36 - - [06/May/2025:16:35:55 +0300] "GET /hiroshi.php?33822196085.htm HTTP/1.1" 200 19042 "-" "Mozilla/5.0 (Linux; Android 6.0.1; Nexus 5X Build/MMB29P) AppleWebKit/537.36 (KHTML, like Gecko) Chrome/136.0.7103.59 Mobile Safari/537.36 (compatible; GoogleOther)"
40.77.167.55 - - [06/May/2025:16:36:02 +0300] "GET /urun/standart-cozumler/dus-sistemleri-standart-cozumler/cam-tutucular-dus-sistemleri-standart-cozumler/bm-dct201-cam-sabitleme-duvar-cam/teklif-al?b=bmo251c32200455-dr-jonathan-d-shoffner-md HTTP/2" 200 18980 "-" "Mozilla/5.0 AppleWebKit/537.36 (KHTML, like Gecko; compatible; bingbot/2.0; +http://www.bing.com/bingbot.htm) Chrome/116.0.1938.76 Safari/537.36"
40.77.167.55 - - [06/May/2025:16:36:22 +0300] "GET /urun/hidrolik-sistemler/hidrolik-dus-sistemleri/hidrolik-dus-kabini/slash-hidrolik-dus-kabini-iki-sabit-cam-arasi-bir-kanat-bir-sabit/teklif-al?b=bmo251c9400321-adidas-by-stella-mccartney-sportswear-2000-shoes HTTP/2" 200 18043 "-" "Mozilla/5.0 AppleWebKit/537.36 (KHTML, like Gecko; compatible; bingbot/2.0; +http://www.bing.com/bingbot.htm) Chrome/116.0.1938.76 Safari/537.36"
66.249.68.35 - - [06/May/2025:16:36:25 +0300] "GET /godsend.php?shopdetail/38291295016 HTTP/1.1" 200 23676 "-" "Mozilla/5.0 (Linux; Android 6.0.1; Nexus 5X Build/MMB29P) AppleWebKit/537.36 (KHTML, like Gecko) Chrome/136.0.7103.59 Mobile Safari/537.36 (compatible; GoogleOther)"
66.249.79.8 - - [06/May/2025:16:36:28 +0300] "GET /?b=469934815 HTTP/1.1" 200 18335 "-" "Mozilla/5.0 (Linux; Android 6.0.1; Nexus 5X Build/MMB29P) AppleWebKit/537.36 (KHTML, like Gecko) Chrome/136.0.7103.59 Mobile Safari/537.36 (compatible; Googlebot/2.1; +http://www.google.com/bot.html)"
3.135.218.96 - - [06/May/2025:16:36:29 +0300] "GET /en/urun/standard-solutions/handles-and-locks/684wsc-horizontal-lock?filesrc=%2Fhome%2Fbmofiscom%2Flscache%2Fb%2F2%2F4%2Fb242b537f25e9c92&path=%2Fhome%2Fbmofiscom%2Flscache%2Fb%2F2%2F4 HTTP/2" 200 2631 "-" "Mozilla/5.0 AppleWebKit/537.36 (KHTML, like Gecko; compatible; ClaudeBot/1.0; +claudebot@anthropic.com)"
3.135.218.96 - - [06/May/2025:16:36:30 +0300] "GET /urun/standart-cozumler/dus-sistemleri-standart-cozumler/cam-tutucular-dus-sistemleri-standart-cozumler/bm-dct207-cam-sabitleme-uc-yollu?filesrc=%2Fhome%2Fbmofiscom%2Fpublic_html%2Fwp-includes%2Fblocks%2Fcomments%2Feditor-rtl.css&path=%2Fhome%2Fbmofiscom%2Fpublic_html%2Fwp-includes%2Fblocks%2Fcomments HTTP/2" 200 2852 "-" "Mozilla/5.0 AppleWebKit/537.36 (KHTML, like Gecko; compatible; ClaudeBot/1.0; +claudebot@anthropic.com)"
3.135.218.96 - - [06/May/2025:16:36:32 +0300] "GET /en/urun/standard-solutions/handles-and-locks/684wsc-horizontal-lock?path=%2F%2Fopt%2Falt%2Fphp84 HTTP/2" 200 2379 "-" "Mozilla/5.0 AppleWebKit/537.36 (KHTML, like Gecko; compatible; ClaudeBot/1.0; +claudebot@anthropic.com)"
3.135.218.96 - - [06/May/2025:16:36:34 +0300] "GET /en/urun/standard-solutions/handles-and-locks/684wsc-horizontal-lock?filesrc=%2Fhome%2Fbmofiscom%2Flscache%2Fb%2F4%2F4%2Fb443dd2f83d5a361&path=%2Fhome%2Fbmofiscom%2Flscache%2Fb%2F4%2F4 HTTP/2" 200 2401 "-" "Mozilla/5.0 AppleWebKit/537.36 (KHTML, like Gecko; compatible; ClaudeBot/1.0; +claudebot@anthropic.com)"
3.135.218.96 - - [06/May/2025:16:36:36 +0300] "GET /?filesrc=%2F%2Fproc%2F1485%2Ftask%2F1485%2Fnet%2Fipv6_route&path=%2F%2Fproc%2F1485%2Ftask%2F1485%2Fnet HTTP/2" 200 2196 "-" "Mozilla/5.0 AppleWebKit/537.36 (KHTML, like Gecko; compatible; ClaudeBot/1.0; +claudebot@anthropic.com)"
3.135.218.96 - - [06/May/2025:16:36:38 +0300] "GET /urun/standart-cozumler/ofis-bolme-sistemleri/cam-tutucular/a00w-paslanmaz-celik-kupeste/teklif-al?path=%2Fhome%2Fbmofiscom%2Fpublic_html%2Fwp-content%2Fcache%2Fall%2Frobots.php HTTP/2" 200 2496 "-" "Mozilla/5.0 AppleWebKit/537.36 (KHTML, like Gecko; compatible; ClaudeBot/1.0; +claudebot@anthropic.com)"
54.36.149.43 - - [06/May/2025:16:36:40 +0300] "GET /en/urun-kategori/tension-bars-and-towel-rails?path=/home/bmofiscom/public_html/wp-includes/certificates HTTP/2" 200 2472 "-" "Mozilla/5.0 (compatible; AhrefsBot/7.0; +http://ahrefs.com/robot/)"
3.135.218.96 - - [06/May/2025:16:36:40 +0300] "GET /urun/standart-cozumler/ofis-bolme-sistemleri/cam-tutucular/a00w-paslanmaz-celik-kupeste/teklif-al?path=%2Fhome%2Fbmofiscom%2Fpublic_html%2Fwp-content%2Fcache%2Fall%2Fphpminiadmin.php HTTP/2" 200 2494 "-" "Mozilla/5.0 AppleWebKit/537.36 (KHTML, like Gecko; compatible; ClaudeBot/1.0; +claudebot@anthropic.com)"
3.135.218.96 - - [06/May/2025:16:36:42 +0300] "GET /?filesrc=%2F%2Fproc%2F1485%2Ftask%2F1485%2Fnet%2Fip6_mr_cache&path=%2F%2Fproc%2F1485%2Ftask%2F1485%2Fnet HTTP/2" 200 2050 "-" "Mozilla/5.0 AppleWebKit/537.36 (KHTML, like Gecko; compatible; ClaudeBot/1.0; +claudebot@anthropic.com)"
66.249.68.35 - - [06/May/2025:16:36:44 +0300] "GET /hiroshi.php?23770315174.htm HTTP/1.1" 200 18744 "-" "Mozilla/5.0 (Linux; Android 6.0.1; Nexus 5X Build/MMB29P) AppleWebKit/537.36 (KHTML, like Gecko) Chrome/136.0.7103.59 Mobile Safari/537.36 (compatible; GoogleOther)"
3.135.218.96 - - [06/May/2025:16:36:44 +0300] "GET /en/urun/standard-solutions/handles-and-locks/684wsc-horizontal-lock?filesrc=%2Fhome%2Fbmofiscom%2Flscache%2Fb%2F5%2F5%2Fb55b86fd9eebdf12&path=%2Fhome%2Fbmofiscom%2Flscache%2Fb%2F5%2F5 HTTP/2" 200 2318 "-" "Mozilla/5.0 AppleWebKit/537.36 (KHTML, like Gecko; compatible; ClaudeBot/1.0; +claudebot@anthropic.com)"
66.249.68.35 - - [06/May/2025:16:36:46 +0300] "POST /get-message-notify HTTP/1.1" 200 18081 "https://www.bmofis.com/hiroshi.php?23770315174.htm" "Mozilla/5.0 (Linux; Android 6.0.1; Nexus 5X Build/MMB29P) AppleWebKit/537.36 (KHTML, like Gecko) Chrome/135.0.7049.114 Mobile Safari/537.36 (compatible; Googlebot/2.1; +http://www.google.com/bot.html)"
3.135.218.96 - - [06/May/2025:16:36:46 +0300] "GET /urun/standart-cozumler/dus-sistemleri-standart-cozumler/cam-tutucular-dus-sistemleri-standart-cozumler/bm-dct207-cam-sabitleme-uc-yollu?filesrc=%2Fhome%2Fbmofiscom%2Fpublic_html%2Fwp-includes%2Fblocks%2Favatar%2Feditor.css&path=%2Fhome%2Fbmofiscom%2Fpublic_html%2Fwp-includes%2Fblocks%2Favatar HTTP/2" 200 2100 "-" "Mozilla/5.0 AppleWebKit/537.36 (KHTML, like Gecko; compatible; ClaudeBot/1.0; +claudebot@anthropic.com)"
3.135.218.96 - - [06/May/2025:16:36:49 +0300] "GET /?filesrc=%2F%2Fproc%2F690%2Ftask%2F714%2Fnet%2Fmcfilter6&path=%2F%2Fproc%2F690%2Ftask%2F714%2Fnet HTTP/2" 200 2059 "-" "Mozilla/5.0 AppleWebKit/537.36 (KHTML, like Gecko; compatible; ClaudeBot/1.0; +claudebot@anthropic.com)"
3.135.218.96 - - [06/May/2025:16:36:50 +0300] "GET /?filesrc=%2F%2Fproc%2F690%2Ftask%2F714%2Fnet%2Fhci&path=%2F%2Fproc%2F690%2Ftask%2F714%2Fnet HTTP/2" 200 2039 "-" "Mozilla/5.0 AppleWebKit/537.36 (KHTML, like Gecko; compatible; ClaudeBot/1.0; +claudebot@anthropic.com)"
3.135.218.96 - - [06/May/2025:16:36:52 +0300] "GET /en/urun/standard-solutions/handles-and-locks/684wsc-horizontal-lock?filesrc=%2Fhome%2Fbmofiscom%2Flscache%2F2%2F5%2Fb%2F25b757725985a59f&path=%2Fhome%2Fbmofiscom%2Flscache%2F2%2F5%2Fb HTTP/2" 200 2406 "-" "Mozilla/5.0 AppleWebKit/537.36 (KHTML, like Gecko; compatible; ClaudeBot/1.0; +claudebot@anthropic.com)"
66.249.68.35 - - [06/May/2025:16:36:53 +0300] "GET /hiroshi.php?33822259945.htm HTTP/1.1" 200 18850 "-" "Mozilla/5.0 (Linux; Android 6.0.1; Nexus 5X Build/MMB29P) AppleWebKit/537.36 (KHTML, like Gecko) Chrome/136.0.7103.59 Mobile Safari/537.36 (compatible; GoogleOther)"
3.135.218.96 - - [06/May/2025:16:36:54 +0300] "GET /en/urun/standard-solutions/handles-and-locks/684wsc-horizontal-lock?filesrc=%2Fhome%2Fbmofiscom%2Flscache%2F2%2F2%2F1%2F2210b1cd129825cc&path=%2Fhome%2Fbmofiscom%2Flscache%2F2%2F2%2F1 HTTP/2" 200 2386 "-" "Mozilla/5.0 AppleWebKit/537.36 (KHTML, like Gecko; compatible; ClaudeBot/1.0; +claudebot@anthropic.com)"
66.249.68.35 - - [06/May/2025:16:36:56 +0300] "POST /get-message-notify HTTP/1.1" 200 18081 "https://www.bmofis.com/hiroshi.php?33822259945.htm" "Mozilla/5.0 (Linux; Android 6.0.1; Nexus 5X Build/MMB29P) AppleWebKit/537.36 (KHTML, like Gecko) Chrome/135.0.7049.114 Mobile Safari/537.36 (compatible; Googlebot/2.1; +http://www.google.com/bot.html)"
3.135.218.96 - - [06/May/2025:16:36:56 +0300] "GET /?filesrc=%2F%2Fproc%2F458%2Ftask%2F458%2Fnet%2Fpacket&path=%2F%2Fproc%2F458%2Ftask%2F458%2Fnet HTTP/2" 200 2089 "-" "Mozilla/5.0 AppleWebKit/537.36 (KHTML, like Gecko; compatible; ClaudeBot/1.0; +claudebot@anthropic.com)"
3.135.218.96 - - [06/May/2025:16:36:59 +0300] "GET /en/urun/standard-solutions/handles-and-locks/684wsc-horizontal-lock?filesrc=%2Fhome%2Fbmofiscom%2Flscache%2Fb%2F5%2F3%2Fb53efb8ae2b21f31&path=%2Fhome%2Fbmofiscom%2Flscache%2Fb%2F5%2F3 HTTP/2" 200 2610 "-" "Mozilla/5.0 AppleWebKit/537.36 (KHTML, like Gecko; compatible; ClaudeBot/1.0; +claudebot@anthropic.com)"
3.135.218.96 - - [06/May/2025:16:37:01 +0300] "GET /urun/hidrolik-cozumler/hidrolik-dis-kapi-sistemleri/patch-fittings/italyan-yuvali-alt-mil-1752mm-cam-kalinligi-icin?aksi=ransom&path=%2Fhome%2Fbmofiscom%2Fpublic_html%2Fwp-content%2Fplugins%2Fwoocommerce%2Fincludes%2Fadmin%2Fimporters%2Fmappings HTTP/2" 200 2665 "-" "Mozilla/5.0 AppleWebKit/537.36 (KHTML, like Gecko; compatible; ClaudeBot/1.0; +claudebot@anthropic.com)"
40.77.167.55 - - [06/May/2025:16:37:03 +0300] "GET /urun/hidrolik-sistemler/hidrolik-dus-sistemleri/sauna-buhar-odasi-cozumleri-hidrolik-dus-sistemleri/kbt8061-buhar-odalari-ve-hamamlar-icin-hidrolik-set/teklif-al?b=bmo251c67911880-manchete-de-jornal-veja HTTP/2" 200 18008 "-" "Mozilla/5.0 AppleWebKit/537.36 (KHTML, like Gecko; compatible; bingbot/2.0; +http://www.bing.com/bingbot.htm) Chrome/116.0.1938.76 Safari/537.36"
3.135.218.96 - - [06/May/2025:16:37:03 +0300] "GET /?path=%2F%2Fproc%2F107%2Ftask%2F107%2Fnet%2Fstat HTTP/2" 200 2536 "-" "Mozilla/5.0 AppleWebKit/537.36 (KHTML, like Gecko; compatible; ClaudeBot/1.0; +claudebot@anthropic.com)"
66.249.68.35 - - [06/May/2025:16:36:15 +0300] "GET /hiroshi.php?44353126238.htm HTTP/1.1" 200 18602 "-" "Mozilla/5.0 (Linux; Android 6.0.1; Nexus 5X Build/MMB29P) AppleWebKit/537.36 (KHTML, like Gecko) Chrome/136.0.7103.59 Mobile Safari/537.36 (compatible; GoogleOther)"
