66.249.66.71 - - [05/May/2025:18:06:18 +0300] "POST /get-message-notify HTTP/1.1" 200 19585 "http://bmofis.com/safe_search/config?return_url=%2Fproduct%2Fdetail%2F78551883" "Mozilla/5.0 (Linux; Android 6.0.1; Nexus 5X Build/MMB29P) AppleWebKit/537.36 (KHTML, like Gecko) Chrome/134.0.6998.165 Mobile Safari/537.36 (compatible; Googlebot/2.1; +http://www.google.com/bot.html)"
40.77.167.59 - - [05/May/2025:18:17:42 +0300] "GET /uygulamalar/dus-kabini-aksesuarlari/nis-uygulamalar-icin-dus-teknesi-ebadi-/coleman-system/4/86.aspx?b=bmo251c24700156-five-ten-freerider-eps-mid-mountain-bike-shoes HTTP/1.1" 403 1242 "-" "Mozilla/5.0 AppleWebKit/537.36 (KHTML, like Gecko; compatible; bingbot/2.0; +http://www.bing.com/bingbot.htm) Chrome/116.0.1938.76 Safari/537.36"
95.108.213.224 - - [05/May/2025:18:22:03 +0300] "GET /robots.txt HTTP/1.1" 200 111 "-" "Mozilla/5.0 (compatible; YandexBot/3.0; +http://yandex.com/bots)"
183.134.59.131 - - [05/May/2025:18:22:03 +0300] "GET /favicon.ico HTTP/1.1" 404 1251 "-" "Dalvik/2.1.0 (Linux; U; Android 9.0; ZTE BA520 Build/MRA58K)"
45.84.191.11 - - [05/May/2025:18:22:04 +0300] "POST /wp-cron.php?doing_wp_cron=1746458524.9052031040191650390625 HTTP/1.1" 200 0 "-" "WordPress/6.5.5; https://www.bmofis.com"
213.180.203.133 - - [05/May/2025:18:22:03 +0300] "GET / HTTP/1.1" 200 5225 "-" "Mozilla/5.0 (compatible; YandexMetrika/2.0; +http://yandex.com/bots yabs01)"
45.84.191.11 - - [05/May/2025:18:29:03 +0300] "POST /wp-cron.php?doing_wp_cron=1746458943.5791978836059570312500 HTTP/1.1" 200 0 "-" "WordPress/6.5.5; https://www.bmofis.com"
183.134.59.131 - - [05/May/2025:18:29:02 +0300] "GET / HTTP/1.1" 200 5251 "-" "Mozilla/5.0 (Macintosh; Intel Mac OS X 10_11) AppleWebKit/601.1.27 (KHTML, like Gecko) Chrome/47.0.2526.106 Safari/601.1.27"
183.134.59.131 - - [05/May/2025:18:23:49 +0300] "GET / HTTP/1.1" 200 5252 "-" "Mozilla/5.0 (Linux; U; Android 7.1.2; zh-CN; Redmi 5 Plus Build/N2G47H) AppleWebKit/537.36 (KHTML, like Gecko) Version/4.0 Chrome/57.0.2987.108 UCBrowser/11.8.6.966 Mobile Safari/537.36"
183.134.59.131 - - [05/May/2025:18:31:51 +0300] "GET / HTTP/1.1" 200 5225 "-" "Dalvik/2.1.0 (Linux; U; Android 9.0; ZTE BA520 Build/MRA58K)"
216.244.66.198 - - [05/May/2025:18:36:57 +0300] "GET /robots.txt HTTP/1.1" 200 111 "-" "Mozilla/5.0 (compatible; DotBot/1.2; +https://opensiteexplorer.org/dotbot; help@moz.com)"
45.235.165.51 - - [05/May/2025:18:38:35 +0300] "GET /wp-login.php HTTP/1.1" 200 4349 "http://bmofis.com/wp-login.php" "Mozilla/5.0 (Windows NT 10.0; Win64; x64) AppleWebKit/537.36 (KHTML, like Gecko) Chrome/86.0.4240.198 Safari/537.36"
52.167.144.162 - - [05/May/2025:18:40:22 +0300] "GET /urun/hidrolik-sistemler/hidrolik-dus-sistemleri/sauna-buhar-odasi-cozumleri-hidrolik-dus-sistemleri/kbt8061-buhar-odalari-ve-hamamlar-icin-hidrolik-set/teklif-al?b=bmo251c48100190-hotel-aramis-paris HTTP/1.1" 403 1242 "-" "Mozilla/5.0 AppleWebKit/537.36 (KHTML, like Gecko; compatible; bingbot/2.0; +http://www.bing.com/bingbot.htm) Chrome/116.0.1938.76 Safari/537.36"
66.249.66.44 - - [05/May/2025:18:41:04 +0300] "GET /pcmypage HTTP/1.1" 200 20096 "-" "Mozilla/5.0 (Linux; Android 6.0.1; Nexus 5X Build/MMB29P) AppleWebKit/537.36 (KHTML, like Gecko) Chrome/135.0.7049.95 Mobile Safari/537.36 (compatible; GoogleOther)"
45.235.165.51 - - [05/May/2025:18:38:42 +0300] "GET /administrator/ HTTP/1.1" 200 4203 "http://bmofis.com/administrator/" "Mozilla/5.0 (Windows NT 10.0; Win64; x64) AppleWebKit/537.36 (KHTML, like Gecko) Chrome/86.0.4240.198 Safari/537.36"
216.244.66.198 - - [05/May/2025:18:49:59 +0300] "GET /pdf/pensiline.pdf HTTP/1.1" 200 62309 "-" "Mozilla/5.0 (compatible; DotBot/1.2; +https://opensiteexplorer.org/dotbot; help@moz.com)"
216.244.66.198 - - [05/May/2025:18:55:57 +0300] "GET /en/urun/standard-solutions/office-partition-systems/glass-joint-joint-laths/3-way-joint/ HTTP/1.1" 200 62309 "-" "Mozilla/5.0 (compatible; DotBot/1.2; +https://opensiteexplorer.org/dotbot; help@moz.com)"
66.249.66.9 - - [05/May/2025:18:56:45 +0300] "POST /get-message-notify HTTP/1.1" 200 19585 "http://bmofis.com/" "Mozilla/5.0 AppleWebKit/537.36 (KHTML, like Gecko; compatible; Googlebot/2.1; +http://www.google.com/bot.html) Chrome/134.0.6998.165 Safari/537.36"
66.249.66.195 - - [05/May/2025:18:58:01 +0300] "GET /text/terms HTTP/1.1" 200 19318 "-" "Mozilla/5.0 (Linux; Android 6.0.1; Nexus 5X Build/MMB29P) AppleWebKit/537.36 (KHTML, like Gecko) Chrome/135.0.7049.95 Mobile Safari/537.36 (compatible; GoogleOther)"
87.250.224.239 - - [05/May/2025:19:02:08 +0300] "GET /robots.txt HTTP/1.1" 200 111 "-" "Mozilla/5.0 (compatible; YandexBot/3.0; +http://yandex.com/bots)"
213.180.203.62 - - [05/May/2025:19:02:08 +0300] "GET /wp-json/oembed/1.0/embed?b=bmo251c19300219-danner-hiking-shoe HTTP/1.1" 403 1242 "-" "Mozilla/5.0 (compatible; YandexBot/3.0; +http://yandex.com/bots)"
52.167.144.167 - - [05/May/2025:19:02:42 +0300] "GET /urun/hidrolik-sistemler/hidrolik-dus-sistemleri/sauna-buhar-odasi-cozumleri-hidrolik-dus-sistemleri/kbt8061-buhar-odalari-ve-hamamlar-icin-hidrolik-set/teklif-al?b=bmo251c25400021-rule-34-fred-perry HTTP/1.1" 403 1242 "-" "Mozilla/5.0 AppleWebKit/537.36 (KHTML, like Gecko; compatible; bingbot/2.0; +http://www.bing.com/bingbot.htm) Chrome/116.0.1938.76 Safari/537.36"
45.84.191.11 - - [05/May/2025:18:50:01 +0300] "POST /wp-cron.php?doing_wp_cron=1746460201.7746210098266601562500 HTTP/1.1" 200 0 "-" "WordPress/6.5.5; https://www.bmofis.com"
40.77.167.255 - - [05/May/2025:18:52:22 +0300] "GET /urun/standart-cozumler/dus-sistemleri-standart-cozumler/topuz-ve-kollar-dus-sistemleri-standart-cozumler/5q12-kapi-kolu/teklif-al?b=bmo251c41200429-aprn-leadership-michael-carter-laura-reed HTTP/1.1" 403 1242 "-" "Mozilla/5.0 AppleWebKit/537.36 (KHTML, like Gecko; compatible; bingbot/2.0; +http://www.bing.com/bingbot.htm) Chrome/116.0.1938.76 Safari/537.36"
66.249.66.167 - - [05/May/2025:18:56:29 +0300] "GET / HTTP/1.1" 200 19469 "-" "Mozilla/5.0 (compatible; Googlebot/2.1; +http://www.google.com/bot.html)"
52.167.144.234 - - [05/May/2025:19:11:02 +0300] "GET /urun/hidrolik-sistemler/hidrolik-dis-kapi-sistemleri/menteseler-hidrolik-dis-kapi-sistemleri/triloba-150kg-kapasiteli-hidrolik-mentese-alt-mentese/teklif-al?b=bmo251c2216462-world%27s-largest-garage-sale-clark-county-fairgrounds HTTP/1.1" 403 1242 "-" "Mozilla/5.0 AppleWebKit/537.36 (KHTML, like Gecko; compatible; bingbot/2.0; +http://www.bing.com/bingbot.htm) Chrome/116.0.1938.76 Safari/537.36"
52.167.144.167 - - [05/May/2025:19:04:02 +0300] "GET /urun/hidrolik-sistemler/hidrolik-dus-sistemleri/sauna-buhar-odasi-cozumleri-hidrolik-dus-sistemleri/kbt8061-buhar-odalari-ve-hamamlar-icin-hidrolik-set/teklif-al?b=bmo251c12000131-alison-bensimon HTTP/1.1" 403 1242 "-" "Mozilla/5.0 AppleWebKit/537.36 (KHTML, like Gecko; compatible; bingbot/2.0; +http://www.bing.com/bingbot.htm) Chrome/116.0.1938.76 Safari/537.36"
52.167.144.167 - - [05/May/2025:19:04:22 +0300] "GET /urun/hidrolik-sistemler/hidrolik-dus-sistemleri/sauna-buhar-odasi-cozumleri-hidrolik-dus-sistemleri/kbt8061-buhar-odalari-ve-hamamlar-icin-hidrolik-set/teklif-al?b=bmo251c48702944-betsey-johnson-ink-pens HTTP/1.1" 403 1242 "-" "Mozilla/5.0 AppleWebKit/537.36 (KHTML, like Gecko; compatible; bingbot/2.0; +http://www.bing.com/bingbot.htm) Chrome/116.0.1938.76 Safari/537.36"
204.10.194.33 - - [05/May/2025:19:21:46 +0300] "HEAD / HTTP/1.1" 200 0 "-" "python-requests/2.32.3"
204.10.194.33 - - [05/May/2025:19:21:48 +0300] "GET /wp-includes/ HTTP/1.1" 200 8793 "-" "Mozilla/5.0 (Windows NT 10.0; Win64; x64) AppleWebKit/537.36 (KHTML, like Gecko) Chrome/91.0.4472.124 Safari/537.36"
204.10.194.33 - - [05/May/2025:19:21:48 +0300] "GET /wp-includes//wp-includes/admin-bar.php HTTP/1.1" 200 5225 "-" "Mozilla/5.0 (X11; Linux x86_64) AppleWebKit/537.36 (KHTML, like Gecko) Chrome/92.0.4515.107 Safari/537.36"
204.10.194.33 - - [05/May/2025:19:21:50 +0300] "GET /wp-includes//wp-includes/author-template.php HTTP/1.1" 200 5225 "-" "Mozilla/5.0 (Windows NT 10.0; Win64; x64; rv:90.0) Gecko/20100101 Firefox/90.0"
204.10.194.33 - - [05/May/2025:19:21:51 +0300] "GET /wp-includes//wp-includes/block-patterns.php HTTP/1.1" 200 5225 "-" "Mozilla/5.0 (X11; Linux x86_64) AppleWebKit/537.36 (KHTML, like Gecko) Chrome/92.0.4515.107 Safari/537.36"
204.10.194.33 - - [05/May/2025:19:21:58 +0300] "GET /wp-includes//wp-includes/category.php HTTP/1.1" 200 5252 "-" "Mozilla/5.0 (Windows NT 10.0; Win64; x64; rv:90.0) Gecko/20100101 Firefox/90.0"
45.84.191.11 - - [05/May/2025:19:22:04 +0300] "POST /wp-cron.php?doing_wp_cron=1746462124.0388860702514648437500 HTTP/1.1" 200 0 "-" "WordPress/6.5.5; https://www.bmofis.com"
204.10.194.33 - - [05/May/2025:19:22:03 +0300] "GET /wp-includes//wp-includes/class-phpass.php HTTP/1.1" 200 5225 "-" "Mozilla/5.0 (X11; Linux x86_64) AppleWebKit/537.36 (KHTML, like Gecko) Chrome/92.0.4515.107 Safari/537.36"
204.10.194.33 - - [05/May/2025:19:22:04 +0300] "GET /wp-includes//wp-includes/class-pop3.php HTTP/1.1" 200 5225 "-" "Mozilla/5.0 (Windows NT 10.0; Win64; x64; rv:90.0) Gecko/20100101 Firefox/90.0"
204.10.194.33 - - [05/May/2025:19:22:08 +0300] "GET /wp-includes//wp-includes/class-walker-nav-menu.php HTTP/1.1" 200 5252 "-" "Mozilla/5.0 (Windows NT 10.0; Win64; x64; rv:90.0) Gecko/20100101 Firefox/90.0"
204.10.194.33 - - [05/May/2025:19:22:12 +0300] "GET /wp-includes//wp-includes/class-wp-block-bindings-registry.php HTTP/1.1" 200 5252 "-" "Mozilla/5.0 (X11; Linux x86_64) AppleWebKit/537.36 (KHTML, like Gecko) Chrome/92.0.4515.107 Safari/537.36"
204.10.194.33 - - [05/May/2025:19:22:15 +0300] "GET /wp-includes//wp-includes/class-wp-block-editor-context.php HTTP/1.1" 200 5252 "-" "Mozilla/5.0 (Windows NT 10.0; Win64; x64) AppleWebKit/537.36 (KHTML, like Gecko) Chrome/91.0.4472.124 Safari/537.36"
204.10.194.33 - - [05/May/2025:19:22:16 +0300] "GET /wp-includes//wp-includes/class-wp-block-list.php HTTP/1.1" 200 5225 "-" "Mozilla/5.0 (Macintosh; Intel Mac OS X 10_15_7) AppleWebKit/605.1.15 (KHTML, like Gecko) Version/14.1.1 Safari/605.1.15"
204.10.194.33 - - [05/May/2025:19:22:18 +0300] "GET /wp-includes//wp-includes/class-wp-block-parser-block.php HTTP/1.1" 200 5225 "-" "Mozilla/5.0 (Windows NT 10.0; Win64; x64) AppleWebKit/537.36 (KHTML, like Gecko) Chrome/91.0.4472.124 Safari/537.36"
204.10.194.33 - - [05/May/2025:19:22:25 +0300] "GET /wp-includes//wp-includes/class-wp-block-type.php HTTP/1.1" 200 5225 "-" "Mozilla/5.0 (Windows NT 10.0; Win64; x64; rv:90.0) Gecko/20100101 Firefox/90.0"
204.10.194.33 - - [05/May/2025:19:22:27 +0300] "GET /wp-includes//wp-includes/class-wp-classic-to-block-menu-converter.php HTTP/1.1" 200 5225 "-" "Mozilla/5.0 (Windows NT 10.0; Win64; x64) AppleWebKit/537.36 (KHTML, like Gecko) Chrome/91.0.4472.124 Safari/537.36"
204.10.194.33 - - [05/May/2025:19:22:32 +0300] "GET /wp-includes//wp-includes/class-wp-date-query.php HTTP/1.1" 200 5225 "-" "Mozilla/5.0 (Windows NT 10.0; Win64; x64; rv:90.0) Gecko/20100101 Firefox/90.0"
204.10.194.33 - - [05/May/2025:19:22:34 +0300] "GET /wp-includes//wp-includes/class-wp-dependencies.php HTTP/1.1" 200 5252 "-" "Mozilla/5.0 (X11; Linux x86_64) AppleWebKit/537.36 (KHTML, like Gecko) Chrome/92.0.4515.107 Safari/537.36"
204.10.194.33 - - [05/May/2025:19:22:45 +0300] "GET /wp-includes//wp-includes/class-wp-http-requests-response.php HTTP/1.1" 200 5225 "-" "Mozilla/5.0 (Windows NT 10.0; Win64; x64; rv:90.0) Gecko/20100101 Firefox/90.0"
194.24.237.130 - - [05/May/2025:19:19:34 +0300] "GET / HTTP/1.1" 200 4246 "-" "Mozilla/5.0 (Windows NT 10.0; Win64; x64) AppleWebKit/537.36 (KHTML, like Gecko) Chrome/129.0.0.0 Safari/537.36"
204.10.194.33 - - [05/May/2025:19:21:53 +0300] "GET /wp-includes//wp-includes/bookmark-template.php HTTP/1.1" 200 5225 "-" "Mozilla/5.0 (X11; Linux x86_64) AppleWebKit/537.36 (KHTML, like Gecko) Chrome/92.0.4515.107 Safari/537.36"
204.10.194.33 - - [05/May/2025:19:21:56 +0300] "GET /wp-includes//wp-includes/category-template.php HTTP/1.1" 200 5225 "-" "Mozilla/5.0 (X11; Linux x86_64) AppleWebKit/537.36 (KHTML, like Gecko) Chrome/92.0.4515.107 Safari/537.36"
204.10.194.33 - - [05/May/2025:19:22:10 +0300] "GET /wp-includes//wp-includes/class-wp-application-passwords.php HTTP/1.1" 200 5225 "-" "Mozilla/5.0 (Windows NT 10.0; Win64; x64; rv:90.0) Gecko/20100101 Firefox/90.0"
204.10.194.33 - - [05/May/2025:19:22:13 +0300] "GET /wp-includes//wp-includes/class-wp-block-bindings-source.php HTTP/1.1" 200 5225 "-" "Mozilla/5.0 (X11; Linux x86_64) AppleWebKit/537.36 (KHTML, like Gecko) Chrome/92.0.4515.107 Safari/537.36"
204.10.194.33 - - [05/May/2025:19:22:19 +0300] "GET /wp-includes//wp-includes/class-wp-block-parser-frame.php HTTP/1.1" 200 5225 "-" "Mozilla/5.0 (X11; Linux x86_64) AppleWebKit/537.36 (KHTML, like Gecko) Chrome/92.0.4515.107 Safari/537.36"
204.10.194.33 - - [05/May/2025:19:22:24 +0300] "GET /wp-includes//wp-includes/class-wp-block-template.php HTTP/1.1" 200 5251 "-" "Mozilla/5.0 (Windows NT 10.0; Win64; x64) AppleWebKit/537.36 (KHTML, like Gecko) Chrome/91.0.4472.124 Safari/537.36"
204.10.194.33 - - [05/May/2025:19:22:31 +0300] "GET /wp-includes//wp-includes/class-wp-customize-setting.php HTTP/1.1" 200 5225 "-" "Mozilla/5.0 (Windows NT 10.0; Win64; x64) AppleWebKit/537.36 (KHTML, like Gecko) Chrome/91.0.4472.124 Safari/537.36"
204.10.194.33 - - [05/May/2025:19:22:38 +0300] "GET /wp-includes//wp-includes/class-wp-error.php HTTP/1.1" 200 5252 "-" "Mozilla/5.0 (Windows NT 10.0; Win64; x64; rv:90.0) Gecko/20100101 Firefox/90.0"
204.10.194.33 - - [05/May/2025:19:22:39 +0300] "GET /wp-includes//wp-includes/class-wp-fatal-error-handler.php HTTP/1.1" 200 5225 "-" "Mozilla/5.0 (Macintosh; Intel Mac OS X 10_15_7) AppleWebKit/605.1.15 (KHTML, like Gecko) Version/14.1.1 Safari/605.1.15"
204.10.194.33 - - [05/May/2025:19:22:40 +0300] "GET /wp-includes//wp-includes/class-wp-feed-cache.php HTTP/1.1" 200 5225 "-" "Mozilla/5.0 (X11; Linux x86_64) AppleWebKit/537.36 (KHTML, like Gecko) Chrome/92.0.4515.107 Safari/537.36"
52.167.144.174 - - [05/May/2025:19:22:42 +0300] "GET /uygulamalar/dus-kabini-aksesuarlari/nis-uygulamalar-icin-dus-teknesi-ebadi-/coleman-system/4/86.aspx?b=bmo251c44803457-are-trail-running-shoes-good-for-walking-on-concrete HTTP/1.1" 403 1242 "-" "Mozilla/5.0 AppleWebKit/537.36 (KHTML, like Gecko; compatible; bingbot/2.0; +http://www.bing.com/bingbot.htm) Chrome/116.0.1938.76 Safari/537.36"
204.10.194.33 - - [05/May/2025:19:22:43 +0300] "GET /wp-includes//wp-includes/class-wp-http-proxy.php HTTP/1.1" 200 5225 "-" "Mozilla/5.0 (Macintosh; Intel Mac OS X 10_15_7) AppleWebKit/605.1.15 (KHTML, like Gecko) Version/14.1.1 Safari/605.1.15"
204.10.194.33 - - [05/May/2025:19:22:50 +0300] "GET /wp-includes//wp-includes/class-wp-image-editor.php HTTP/1.1" 200 5225 "-" "Mozilla/5.0 (Windows NT 10.0; Win64; x64; rv:90.0) Gecko/20100101 Firefox/90.0"
204.10.194.33 - - [05/May/2025:19:22:54 +0300] "GET /wp-includes//wp-includes/class-wp-locale-switcher.php HTTP/1.1" 200 5225 "-" "Mozilla/5.0 (Windows NT 10.0; Win64; x64; rv:90.0) Gecko/20100101 Firefox/90.0"
204.10.194.33 - - [05/May/2025:19:22:56 +0300] "GET /wp-includes//wp-includes/class-wp-locale.php HTTP/1.1" 200 5225 "-" "Mozilla/5.0 (Macintosh; Intel Mac OS X 10_15_7) AppleWebKit/605.1.15 (KHTML, like Gecko) Version/14.1.1 Safari/605.1.15"
204.10.194.33 - - [05/May/2025:19:23:05 +0300] "GET /wp-includes//wp-includes/class-wp-plugin-dependencies.php HTTP/1.1" 200 5225 "-" "Mozilla/5.0 (Windows NT 10.0; Win64; x64) AppleWebKit/537.36 (KHTML, like Gecko) Chrome/91.0.4472.124 Safari/537.36"
204.10.194.33 - - [05/May/2025:19:23:13 +0300] "GET /wp-includes//wp-includes/class-wp-recovery-mode-key-service.php HTTP/1.1" 200 5296 "-" "Mozilla/5.0 (Macintosh; Intel Mac OS X 10_15_7) AppleWebKit/605.1.15 (KHTML, like Gecko) Version/14.1.1 Safari/605.1.15"
204.10.194.33 - - [05/May/2025:19:23:15 +0300] "GET /wp-includes//wp-includes/class-wp-recovery-mode.php HTTP/1.1" 200 5251 "-" "Mozilla/5.0 (Windows NT 10.0; Win64; x64) AppleWebKit/537.36 (KHTML, like Gecko) Chrome/91.0.4472.124 Safari/537.36"
204.10.194.33 - - [05/May/2025:19:23:20 +0300] "GET /wp-includes//wp-includes/class-wp-tax-query.php HTTP/1.1" 200 5225 "-" "Mozilla/5.0 (Macintosh; Intel Mac OS X 10_15_7) AppleWebKit/605.1.15 (KHTML, like Gecko) Version/14.1.1 Safari/605.1.15"
204.10.194.33 - - [05/May/2025:19:23:22 +0300] "GET /wp-includes//wp-includes/class-wp-text-diff-renderer-table.php HTTP/1.1" 200 5252 "-" "Mozilla/5.0 (Windows NT 10.0; Win64; x64; rv:90.0) Gecko/20100101 Firefox/90.0"
204.10.194.33 - - [05/May/2025:19:23:25 +0300] "GET /wp-includes//wp-includes/class-wp-theme-json-data.php HTTP/1.1" 200 5225 "-" "Mozilla/5.0 (Windows NT 10.0; Win64; x64) AppleWebKit/537.36 (KHTML, like Gecko) Chrome/91.0.4472.124 Safari/537.36"
204.10.194.33 - - [05/May/2025:19:23:31 +0300] "GET /wp-includes//wp-includes/class-wp-theme.php HTTP/1.1" 200 5252 "-" "Mozilla/5.0 (Windows NT 10.0; Win64; x64; rv:90.0) Gecko/20100101 Firefox/90.0"
204.10.194.33 - - [05/May/2025:19:23:34 +0300] "GET /wp-includes//wp-includes/class-wp-user-query.php HTTP/1.1" 200 5225 "-" "Mozilla/5.0 (Macintosh; Intel Mac OS X 10_15_7) AppleWebKit/605.1.15 (KHTML, like Gecko) Version/14.1.1 Safari/605.1.15"
204.10.194.33 - - [05/May/2025:19:23:45 +0300] "GET /wp-includes//wp-includes/cron.php HTTP/1.1" 200 5225 "-" "Mozilla/5.0 (X11; Linux x86_64) AppleWebKit/537.36 (KHTML, like Gecko) Chrome/92.0.4515.107 Safari/537.36"
45.84.191.11 - - [05/May/2025:19:24:03 +0300] "POST /wp-cron.php?doing_wp_cron=1746462243.0149710178375244140625 HTTP/1.1" 200 0 "-" "WordPress/6.5.5; https://www.bmofis.com"
204.10.194.33 - - [05/May/2025:19:24:02 +0300] "GET /wp-includes//wp-includes/global-styles-and-settings.php HTTP/1.1" 200 5252 "-" "Mozilla/5.0 (X11; Linux x86_64) AppleWebKit/537.36 (KHTML, like Gecko) Chrome/92.0.4515.107 Safari/537.36"
45.84.191.11 - - [05/May/2025:19:24:07 +0300] "POST /wp-cron.php?doing_wp_cron=1746462247.7667369842529296875000 HTTP/1.1" 200 0 "-" "WordPress/6.5.5; https://www.bmofis.com"
204.10.194.33 - - [05/May/2025:19:24:06 +0300] "GET /wp-includes//wp-includes/l10n.php HTTP/1.1" 200 5225 "-" "Mozilla/5.0 (Macintosh; Intel Mac OS X 10_15_7) AppleWebKit/605.1.15 (KHTML, like Gecko) Version/14.1.1 Safari/605.1.15"
204.10.194.33 - - [05/May/2025:19:24:08 +0300] "GET /wp-includes//wp-includes/load.php HTTP/1.1" 200 5251 "-" "Mozilla/5.0 (Windows NT 10.0; Win64; x64) AppleWebKit/537.36 (KHTML, like Gecko) Chrome/91.0.4472.124 Safari/537.36"
204.10.194.33 - - [05/May/2025:19:24:09 +0300] "GET /wp-includes//wp-includes/locale.php HTTP/1.1" 200 5225 "-" "Mozilla/5.0 (Windows NT 10.0; Win64; x64; rv:90.0) Gecko/20100101 Firefox/90.0"
204.10.194.33 - - [05/May/2025:19:24:15 +0300] "GET /wp-includes//wp-includes/lztqty.php HTTP/1.1" 200 5296 "-" "Mozilla/5.0 (Macintosh; Intel Mac OS X 10_15_7) AppleWebKit/605.1.15 (KHTML, like Gecko) Version/14.1.1 Safari/605.1.15"
204.10.194.33 - - [05/May/2025:19:24:19 +0300] "GET /wp-includes//wp-includes/ms-default-constants.php HTTP/1.1" 200 5251 "-" "Mozilla/5.0 (Macintosh; Intel Mac OS X 10_15_7) AppleWebKit/605.1.15 (KHTML, like Gecko) Version/14.1.1 Safari/605.1.15"
204.10.194.33 - - [05/May/2025:19:24:28 +0300] "GET /wp-includes//wp-includes/option.php HTTP/1.1" 200 5252 "-" "Mozilla/5.0 (Windows NT 10.0; Win64; x64) AppleWebKit/537.36 (KHTML, like Gecko) Chrome/91.0.4472.124 Safari/537.36"
204.10.194.33 - - [05/May/2025:19:22:46 +0300] "GET /wp-includes//wp-includes/class-wp-http-response.php HTTP/1.1" 200 5225 "-" "Mozilla/5.0 (Macintosh; Intel Mac OS X 10_15_7) AppleWebKit/605.1.15 (KHTML, like Gecko) Version/14.1.1 Safari/605.1.15"
45.84.191.11 - - [05/May/2025:19:23:06 +0300] "POST /wp-cron.php?doing_wp_cron=1746462186.0574278831481933593750 HTTP/1.1" 200 0 "-" "WordPress/6.5.5; https://www.bmofis.com"
204.10.194.33 - - [05/May/2025:19:23:07 +0300] "GET /wp-includes//wp-includes/class-wp-post.php HTTP/1.1" 200 5225 "-" "Mozilla/5.0 (X11; Linux x86_64) AppleWebKit/537.36 (KHTML, like Gecko) Chrome/92.0.4515.107 Safari/537.36"
204.10.194.33 - - [05/May/2025:19:23:09 +0300] "GET /wp-includes//wp-includes/class-wp-query.php HTTP/1.1" 200 5225 "-" "Mozilla/5.0 (Windows NT 10.0; Win64; x64) AppleWebKit/537.36 (KHTML, like Gecko) Chrome/91.0.4472.124 Safari/537.36"
204.10.194.33 - - [05/May/2025:19:23:18 +0300] "GET /wp-includes//wp-includes/class-wp-simplepie-file.php HTTP/1.1" 200 5234 "-" "Mozilla/5.0 (Windows NT 10.0; Win64; x64; rv:90.0) Gecko/20100101 Firefox/90.0"
204.10.194.33 - - [05/May/2025:19:23:32 +0300] "GET /wp-includes//wp-includes/class-wp-user-meta-session-tokens.php HTTP/1.1" 200 5251 "-" "Mozilla/5.0 (Windows NT 10.0; Win64; x64) AppleWebKit/537.36 (KHTML, like Gecko) Chrome/91.0.4472.124 Safari/537.36"
204.10.194.33 - - [05/May/2025:19:23:35 +0300] "GET /wp-includes//wp-includes/class-wp-user-request.php HTTP/1.1" 200 5225 "-" "Mozilla/5.0 (Windows NT 10.0; Win64; x64; rv:90.0) Gecko/20100101 Firefox/90.0"
204.10.194.33 - - [05/May/2025:19:23:36 +0300] "GET /wp-includes//wp-includes/class-wp-user.php HTTP/1.1" 200 5225 "-" "Mozilla/5.0 (Macintosh; Intel Mac OS X 10_15_7) AppleWebKit/605.1.15 (KHTML, like Gecko) Version/14.1.1 Safari/605.1.15"
204.10.194.33 - - [05/May/2025:19:23:41 +0300] "GET /wp-includes//wp-includes/class.wp-scripts.php HTTP/1.1" 200 5225 "-" "Mozilla/5.0 (Windows NT 10.0; Win64; x64) AppleWebKit/537.36 (KHTML, like Gecko) Chrome/91.0.4472.124 Safari/537.36"
204.10.194.33 - - [05/May/2025:19:23:43 +0300] "GET /wp-includes//wp-includes/comment.php HTTP/1.1" 200 5252 "-" "Mozilla/5.0 (Windows NT 10.0; Win64; x64) AppleWebKit/537.36 (KHTML, like Gecko) Chrome/91.0.4472.124 Safari/537.36"
204.10.194.33 - - [05/May/2025:19:23:48 +0300] "GET /wp-includes//wp-includes/date.php HTTP/1.1" 200 5225 "-" "Mozilla/5.0 (X11; Linux x86_64) AppleWebKit/537.36 (KHTML, like Gecko) Chrome/92.0.4515.107 Safari/537.36"
204.10.194.33 - - [05/May/2025:19:24:12 +0300] "GET /wp-includes//wp-includes/lsbzjj.php HTTP/1.1" 200 5225 "-" "Mozilla/5.0 (Windows NT 10.0; Win64; x64) AppleWebKit/537.36 (KHTML, like Gecko) Chrome/91.0.4472.124 Safari/537.36"
204.10.194.33 - - [05/May/2025:19:24:26 +0300] "GET /wp-includes//wp-includes/nav-menu.php HTTP/1.1" 200 5258 "-" "Mozilla/5.0 (Macintosh; Intel Mac OS X 10_15_7) AppleWebKit/605.1.15 (KHTML, like Gecko) Version/14.1.1 Safari/605.1.15"
204.10.194.33 - - [05/May/2025:19:24:38 +0300] "GET /wp-includes//wp-includes/rewrite.php HTTP/1.1" 200 5225 "-" "Mozilla/5.0 (Windows NT 10.0; Win64; x64; rv:90.0) Gecko/20100101 Firefox/90.0"
204.10.194.33 - - [05/May/2025:19:24:49 +0300] "GET /wp-includes//wp-includes/theme.php HTTP/1.1" 200 5225 "-" "Mozilla/5.0 (Windows NT 10.0; Win64; x64) AppleWebKit/537.36 (KHTML, like Gecko) Chrome/91.0.4472.124 Safari/537.36"
204.10.194.33 - - [05/May/2025:19:24:56 +0300] "GET /wp-includes//wp-includes/wp-db.php HTTP/1.1" 200 5225 "-" "Mozilla/5.0 (Macintosh; Intel Mac OS X 10_15_7) AppleWebKit/605.1.15 (KHTML, like Gecko) Version/14.1.1 Safari/605.1.15"
204.10.194.33 - - [05/May/2025:19:25:01 +0300] "GET /wp-includes//wp-includes/block-bindings/ HTTP/1.1" 200 5225 "-" "Mozilla/5.0 (Macintosh; Intel Mac OS X 10_15_7) AppleWebKit/605.1.15 (KHTML, like Gecko) Version/14.1.1 Safari/605.1.15"
45.84.191.11 - - [05/May/2025:19:25:05 +0300] "POST /wp-cron.php?doing_wp_cron=1746462305.6650159358978271484375 HTTP/1.1" 200 0 "-" "WordPress/6.5.5; https://www.bmofis.com"
204.10.194.33 - - [05/May/2025:19:25:04 +0300] "GET /wp-includes//wp-includes/block-patterns/ HTTP/1.1" 200 5225 "-" "Mozilla/5.0 (Windows NT 10.0; Win64; x64) AppleWebKit/537.36 (KHTML, like Gecko) Chrome/91.0.4472.124 Safari/537.36"
204.10.194.33 - - [05/May/2025:19:25:12 +0300] "GET /wp-includes//wp-includes/ID3/ HTTP/1.1" 200 5296 "-" "Mozilla/5.0 (Windows NT 10.0; Win64; x64; rv:90.0) Gecko/20100101 Firefox/90.0"
204.10.194.33 - - [05/May/2025:19:25:15 +0300] "GET /wp-includes//wp-includes/interactivity-api/ HTTP/1.1" 200 5225 "-" "Mozilla/5.0 (Windows NT 10.0; Win64; x64) AppleWebKit/537.36 (KHTML, like Gecko) Chrome/91.0.4472.124 Safari/537.36"
204.10.194.33 - - [05/May/2025:19:25:19 +0300] "GET /wp-includes//wp-includes/l10n/ HTTP/1.1" 200 5225 "-" "Mozilla/5.0 (Windows NT 10.0; Win64; x64) AppleWebKit/537.36 (KHTML, like Gecko) Chrome/91.0.4472.124 Safari/537.36"
204.10.194.33 - - [05/May/2025:19:25:23 +0300] "GET /wp-includes//wp-includes/Requests/ HTTP/1.1" 200 5251 "-" "Mozilla/5.0 (Macintosh; Intel Mac OS X 10_15_7) AppleWebKit/605.1.15 (KHTML, like Gecko) Version/14.1.1 Safari/605.1.15"
204.10.194.33 - - [05/May/2025:19:25:26 +0300] "GET /wp-includes//wp-includes/rest-api/ HTTP/1.1" 200 5225 "-" "Mozilla/5.0 (Macintosh; Intel Mac OS X 10_15_7) AppleWebKit/605.1.15 (KHTML, like Gecko) Version/14.1.1 Safari/605.1.15"
204.10.194.33 - - [05/May/2025:19:25:32 +0300] "GET /wp-includes//wp-includes/style-engine/ HTTP/1.1" 200 5251 "-" "Mozilla/5.0 (Macintosh; Intel Mac OS X 10_15_7) AppleWebKit/605.1.15 (KHTML, like Gecko) Version/14.1.1 Safari/605.1.15"
204.10.194.33 - - [05/May/2025:19:25:33 +0300] "GET /wp-includes//wp-includes/Text/ HTTP/1.1" 200 5225 "-" "Mozilla/5.0 (Windows NT 10.0; Win64; x64; rv:90.0) Gecko/20100101 Firefox/90.0"
45.84.191.11 - - [05/May/2025:19:29:07 +0300] "POST /wp-cron.php?doing_wp_cron=1746462547.8378100395202636718750 HTTP/1.1" 200 0 "-" "WordPress/6.5.5; https://www.bmofis.com"
204.10.194.33 - - [05/May/2025:19:24:31 +0300] "GET /wp-includes//wp-includes/plugin.php HTTP/1.1" 200 5252 "-" "Mozilla/5.0 (Windows NT 10.0; Win64; x64; rv:90.0) Gecko/20100101 Firefox/90.0"
204.10.194.33 - - [05/May/2025:19:24:34 +0300] "GET /wp-includes//wp-includes/query.php HTTP/1.1" 200 5296 "-" "Mozilla/5.0 (Macintosh; Intel Mac OS X 10_15_7) AppleWebKit/605.1.15 (KHTML, like Gecko) Version/14.1.1 Safari/605.1.15"
204.10.194.33 - - [05/May/2025:19:24:55 +0300] "GET /wp-includes//wp-includes/widgets.php HTTP/1.1" 200 5225 "-" "Mozilla/5.0 (Windows NT 10.0; Win64; x64; rv:90.0) Gecko/20100101 Firefox/90.0"
204.10.194.33 - - [05/May/2025:19:25:07 +0300] "GET /wp-includes//wp-includes/certificates/ HTTP/1.1" 200 5225 "-" "Mozilla/5.0 (Windows NT 10.0; Win64; x64; rv:90.0) Gecko/20100101 Firefox/90.0"
204.10.194.33 - - [05/May/2025:19:25:14 +0300] "GET /wp-includes//wp-includes/images/ HTTP/1.1" 200 5225 "-" "Mozilla/5.0 (Windows NT 10.0; Win64; x64) AppleWebKit/537.36 (KHTML, like Gecko) Chrome/91.0.4472.124 Safari/537.36"
204.10.194.33 - - [05/May/2025:19:25:28 +0300] "GET /wp-includes//wp-includes/SimplePie/ HTTP/1.1" 200 5225 "-" "Mozilla/5.0 (X11; Linux x86_64) AppleWebKit/537.36 (KHTML, like Gecko) Chrome/92.0.4515.107 Safari/537.36"
204.10.194.33 - - [05/May/2025:19:25:30 +0300] "GET /wp-includes//wp-includes/sitemaps/ HTTP/1.1" 200 5225 "-" "Mozilla/5.0 (X11; Linux x86_64) AppleWebKit/537.36 (KHTML, like Gecko) Chrome/92.0.4515.107 Safari/537.36"
45.84.191.11 - - [05/May/2025:19:25:33 +0300] "POST /wp-cron.php?doing_wp_cron=1746462333.2779281139373779296875 HTTP/1.1" 200 0 "-" "WordPress/6.5.5; https://www.bmofis.com"
204.10.194.33 - - [05/May/2025:19:25:35 +0300] "GET /wp-includes//wp-includes/widgets/ HTTP/1.1" 200 5252 "-" "Mozilla/5.0 (Windows NT 10.0; Win64; x64) AppleWebKit/537.36 (KHTML, like Gecko) Chrome/91.0.4472.124 Safari/537.36"
204.10.194.33 - - [05/May/2025:19:25:37 +0300] "GET /wp-includes//wp-includes/wp-bmofis/ HTTP/1.1" 200 5225 "-" "Mozilla/5.0 (Windows NT 10.0; Win64; x64; rv:90.0) Gecko/20100101 Firefox/90.0"
52.167.144.174 - - [05/May/2025:19:27:42 +0300] "GET /urun/hidrolik-sistemler/hidrolik-dus-sistemleri/sauna-buhar-odasi-cozumleri-hidrolik-dus-sistemleri/kbt8061-buhar-odalari-ve-hamamlar-icin-hidrolik-set/teklif-al?b=bmo251c36700033-legendary-whitetails-womens-jacket HTTP/1.1" 403 1242 "-" "Mozilla/5.0 AppleWebKit/537.36 (KHTML, like Gecko; compatible; bingbot/2.0; +http://www.bing.com/bingbot.htm) Chrome/116.0.1938.76 Safari/537.36"
37.130.31.43 - - [05/May/2025:19:28:59 +0300] "GET /wp-login.php HTTP/1.1" 200 4203 "http://bmofis.com/wp-login.php" "Mozilla/5.0 (Windows NT 10.0; Win64; x64) AppleWebKit/537.36 (KHTML, like Gecko) Chrome/86.0.4240.198 Safari/537.36"
95.107.160.235 - - [05/May/2025:19:29:06 +0300] "GET /administrator/ HTTP/1.1" 200 4276 "http://bmofis.com/administrator/" "Mozilla/5.0 (Windows NT 10.0; Win64; x64) AppleWebKit/537.36 (KHTML, like Gecko) Chrome/86.0.4240.198 Safari/537.36"
216.244.66.198 - - [05/May/2025:19:36:02 +0300] "GET /robots.txt HTTP/1.1" 200 111 "-" "Mozilla/5.0 (compatible; DotBot/1.2; +https://opensiteexplorer.org/dotbot; help@moz.com)"
45.84.191.11 - - [05/May/2025:19:39:13 +0300] "POST /wp-cron.php?doing_wp_cron=1746463153.4539420604705810546875 HTTP/1.1" 200 0 "-" "WordPress/6.5.5; https://www.bmofis.com"
193.24.123.28 - - [05/May/2025:19:39:12 +0300] "GET /en/ HTTP/1.1" 200 5260 "-" "Mozilla/5.0 (Windows NT 6.2) AppleWebKit/537.36 (KHTML, like Gecko) Chrome/29.0.1547.57 Safari/537.36"
216.244.66.198 - - [05/May/2025:19:57:02 +0300] "GET /urun/hidrolik-sistemler/hidrolik-dis-kapi-sistemleri/patch-fittings/1022-tavan-baglantisi-olmayan-kapilar-icin-yan-mil/ HTTP/1.1" 200 62309 "-" "Mozilla/5.0 (compatible; DotBot/1.2; +https://opensiteexplorer.org/dotbot; help@moz.com)"
66.249.66.167 - - [05/May/2025:19:58:58 +0300] "GET /?b=272821715 HTTP/1.1" 403 1242 "-" "Mozilla/5.0 (Linux; Android 6.0.1; Nexus 5X Build/MMB29P) AppleWebKit/537.36 (KHTML, like Gecko) Chrome/135.0.7049.95 Mobile Safari/537.36 (compatible; Googlebot/2.1; +http://www.google.com/bot.html)"
216.244.66.198 - - [05/May/2025:19:56:38 +0300] "GET /urun/hidrolik-sistemler/hidrolik-dis-kapi-sistemleri/menteseler-hidrolik-dis-kapi-sistemleri/100e25-duvar-montaj-plakasi/teklif-al HTTP/1.1" 200 62309 "-" "Mozilla/5.0 (compatible; DotBot/1.2; +https://opensiteexplorer.org/dotbot; help@moz.com)"
216.244.66.198 - - [05/May/2025:19:56:57 +0300] "GET /en/urun/standard-solutions/shower-systems/antibacterial-suppositories-and-profiles/8pt8-60-61-90-corner-magnetic-seal/ HTTP/1.1" 200 62309 "-" "Mozilla/5.0 (compatible; DotBot/1.2; +https://opensiteexplorer.org/dotbot; help@moz.com)"
45.84.191.11 - - [05/May/2025:19:57:03 +0300] "POST /wp-cron.php?doing_wp_cron=1746464223.4064218997955322265625 HTTP/1.1" 200 0 "-" "WordPress/6.5.5; https://www.bmofis.com"
66.249.66.43 - - [05/May/2025:19:59:30 +0300] "GET /?b=366024815 HTTP/1.1" 403 1242 "-" "Mozilla/5.0 (Linux; Android 6.0.1; Nexus 5X Build/MMB29P) AppleWebKit/537.36 (KHTML, like Gecko) Chrome/135.0.7049.95 Mobile Safari/537.36 (compatible; Googlebot/2.1; +http://www.google.com/bot.html)"
66.249.66.44 - - [05/May/2025:19:59:56 +0300] "GET /?b=548332115 HTTP/1.1" 403 1242 "-" "Mozilla/5.0 (Linux; Android 6.0.1; Nexus 5X Build/MMB29P) AppleWebKit/537.36 (KHTML, like Gecko) Chrome/135.0.7049.95 Mobile Safari/537.36 (compatible; Googlebot/2.1; +http://www.google.com/bot.html)"
66.249.66.195 - - [05/May/2025:20:07:57 +0300] "GET /?b=49528915 HTTP/1.1" 403 1242 "-" "Mozilla/5.0 (Linux; Android 6.0.1; Nexus 5X Build/MMB29P) AppleWebKit/537.36 (KHTML, like Gecko) Chrome/135.0.7049.95 Mobile Safari/537.36 (compatible; Googlebot/2.1; +http://www.google.com/bot.html)"
223.15.245.170 - - [05/May/2025:20:03:00 +0300] "GET / HTTP/1.1" 200 5261 "-" "Mozilla/5.0 (iPhone; CPU iPhone OS 13_2_3 like Mac OS X) AppleWebKit/605.1.15 (KHTML, like Gecko) Version/13.0.3 Mobile/15E148 Safari/604.1"
66.249.66.193 - - [05/May/2025:20:03:52 +0300] "GET /?b=382968315 HTTP/1.1" 403 1242 "-" "Mozilla/5.0 (Linux; Android 6.0.1; Nexus 5X Build/MMB29P) AppleWebKit/537.36 (KHTML, like Gecko) Chrome/135.0.7049.95 Mobile Safari/537.36 (compatible; Googlebot/2.1; +http://www.google.com/bot.html)"
216.244.66.198 - - [05/May/2025:20:08:18 +0300] "GET /urun/standart-cozumler/dus-sistemleri-standart-cozumler/antibakteriyel-fitiller-ve-profiller/8p10-paslanmaz-celik-u-profil/tr-TR HTTP/1.1" 200 62309 "-" "Mozilla/5.0 (compatible; DotBot/1.2; +https://opensiteexplorer.org/dotbot; help@moz.com)"
66.249.66.194 - - [05/May/2025:20:11:25 +0300] "GET /?b=62622815 HTTP/1.1" 403 1242 "-" "Mozilla/5.0 (Linux; Android 6.0.1; Nexus 5X Build/MMB29P) AppleWebKit/537.36 (KHTML, like Gecko) Chrome/135.0.7049.95 Mobile Safari/537.36 (compatible; Googlebot/2.1; +http://www.google.com/bot.html)"
66.249.66.195 - - [05/May/2025:20:19:05 +0300] "GET /?b=386279515 HTTP/1.1" 403 1242 "-" "Mozilla/5.0 (Linux; Android 6.0.1; Nexus 5X Build/MMB29P) AppleWebKit/537.36 (KHTML, like Gecko) Chrome/135.0.7049.95 Mobile Safari/537.36 (compatible; Googlebot/2.1; +http://www.google.com/bot.html)"
66.249.66.168 - - [05/May/2025:20:22:58 +0300] "GET /?b=310710515 HTTP/1.1" 403 1242 "-" "Mozilla/5.0 (Linux; Android 6.0.1; Nexus 5X Build/MMB29P) AppleWebKit/537.36 (KHTML, like Gecko) Chrome/135.0.7049.95 Mobile Safari/537.36 (compatible; Googlebot/2.1; +http://www.google.com/bot.html)"
216.244.66.198 - - [05/May/2025:20:25:14 +0300] "GET /robots.txt HTTP/1.1" 200 111 "-" "Mozilla/5.0 (compatible; DotBot/1.2; +https://opensiteexplorer.org/dotbot; help@moz.com)"
66.249.66.193 - - [05/May/2025:20:15:15 +0300] "GET /?b=125325815 HTTP/1.1" 403 1242 "-" "Mozilla/5.0 (Linux; Android 6.0.1; Nexus 5X Build/MMB29P) AppleWebKit/537.36 (KHTML, like Gecko) Chrome/135.0.7049.95 Mobile Safari/537.36 (compatible; Googlebot/2.1; +http://www.google.com/bot.html)"
40.77.167.10 - - [05/May/2025:20:17:22 +0300] "GET /uygulamalar/dus-kabini-aksesuarlari/nis-uygulamalar-icin-dus-teknesi-ebadi-/coleman-system/4/86.aspx?b=bmo251c51600190-fun-icebreaker-ideas HTTP/1.1" 403 1242 "-" "Mozilla/5.0 AppleWebKit/537.36 (KHTML, like Gecko; compatible; bingbot/2.0; +http://www.bing.com/bingbot.htm) Chrome/116.0.1938.76 Safari/537.36"
43.159.132.207 - - [05/May/2025:20:19:07 +0300] "GET / HTTP/1.1" 200 5251 "-" "Mozilla/5.0 (iPhone; CPU iPhone OS 13_2_3 like Mac OS X) AppleWebKit/605.1.15 (KHTML, like Gecko) Version/13.0.3 Mobile/15E148 Safari/604.1"
20.197.112.225 - - [05/May/2025:20:30:23 +0300] "GET /uygulamalar/dus-kabini-aksesuarlari/nis-uygulamalar-icin-dus-teknesi-ebadi-/coleman-system/4/86.aspx?b=bmo251c24700156-five-ten-freerider-eps-mid-mountain-bike-shoes HTTP/1.1" 403 1242 "-" "Mozilla/5.0 (Windows NT 10.0; Win64; x64) AppleWebKit/537.36 (KHTML, like Gecko) Chrome/131.0.0.0 Safari/537.36 Edg/131.0.0.0"
66.249.66.9 - - [05/May/2025:20:30:40 +0300] "GET /?b=2662815 HTTP/1.1" 403 1242 "-" "Mozilla/5.0 (Linux; Android 6.0.1; Nexus 5X Build/MMB29P) AppleWebKit/537.36 (KHTML, like Gecko) Chrome/135.0.7049.95 Mobile Safari/537.36 (compatible; Googlebot/2.1; +http://www.google.com/bot.html)"
45.84.191.11 - - [05/May/2025:20:31:05 +0300] "GET /.well-known/acme-challenge/S2Z2Q2NXRH7C2LBL4XMC37BGBH5ZOGWA HTTP/1.1" 200 64 "-" "Cpanel-HTTP-Client/1.0"
66.249.66.9 - - [05/May/2025:20:38:16 +0300] "GET /?b=357973215 HTTP/1.1" 403 1242 "-" "Mozilla/5.0 (Linux; Android 6.0.1; Nexus 5X Build/MMB29P) AppleWebKit/537.36 (KHTML, like Gecko) Chrome/135.0.7049.95 Mobile Safari/537.36 (compatible; Googlebot/2.1; +http://www.google.com/bot.html)"
213.136.76.172 - - [05/May/2025:20:38:22 +0300] "GET /wp-includes/ HTTP/1.1" 200 8855 "www.google.com" "Mozlila/5.0 (Linux; Android 7.0; SM-G892A Bulid/NRD90M; wv) AppleWebKit/537.36 (KHTML, like Gecko) Version/4.0 Chrome/60.0.3112.107 Moblie Safari/537.36"
213.136.76.172 - - [05/May/2025:20:38:22 +0300] "GET /wp-admin/maint/ HTTP/1.1" 200 216 "www.google.com" "Mozlila/5.0 (Linux; Android 7.0; SM-G892A Bulid/NRD90M; wv) AppleWebKit/537.36 (KHTML, like Gecko) Version/4.0 Chrome/60.0.3112.107 Moblie Safari/537.36"
213.136.76.172 - - [05/May/2025:20:38:22 +0300] "GET /.well-known/pki-validation/ HTTP/1.1" 404 1251 "www.google.com" "Mozlila/5.0 (Linux; Android 7.0; SM-G892A Bulid/NRD90M; wv) AppleWebKit/537.36 (KHTML, like Gecko) Version/4.0 Chrome/60.0.3112.107 Moblie Safari/537.36"
43.159.143.187 - - [05/May/2025:20:39:27 +0300] "GET /?filesrc=/home/bmofiscom/public_html/index.html&path=/home/bmofiscom/public_html HTTP/1.1" 200 2601 "-" "Mozilla/5.0 (iPhone; CPU iPhone OS 13_2_3 like Mac OS X) AppleWebKit/605.1.15 (KHTML, like Gecko) Version/13.0.3 Mobile/15E148 Safari/604.1"
200.142.108.14 - - [05/May/2025:20:40:58 +0300] "GET /wp-login.php HTTP/1.1" 200 4273 "http://bmofis.com/wp-login.php" "Mozilla/5.0 (Windows NT 10.0; Win64; x64) AppleWebKit/537.36 (KHTML, like Gecko) Chrome/86.0.4240.198 Safari/537.36"
200.142.108.14 - - [05/May/2025:20:41:03 +0300] "GET /administrator/ HTTP/1.1" 200 4199 "http://bmofis.com/administrator/" "Mozilla/5.0 (Windows NT 10.0; Win64; x64) AppleWebKit/537.36 (KHTML, like Gecko) Chrome/86.0.4240.198 Safari/537.36"
66.249.66.43 - - [05/May/2025:20:26:50 +0300] "GET /?b=492558915 HTTP/1.1" 403 1242 "-" "Mozilla/5.0 (Linux; Android 6.0.1; Nexus 5X Build/MMB29P) AppleWebKit/537.36 (KHTML, like Gecko) Chrome/135.0.7049.95 Mobile Safari/537.36 (compatible; Googlebot/2.1; +http://www.google.com/bot.html)"
45.84.191.11 - - [05/May/2025:20:31:05 +0300] "GET /.well-known/acme-challenge/VNWGHC54UPFNYCMNXRG4E3R3HM_YJ3JC HTTP/1.1" 200 64 "-" "Cpanel-HTTP-Client/1.0"
66.249.66.167 - - [05/May/2025:20:34:37 +0300] "GET /?b=483890215 HTTP/1.1" 403 1242 "-" "Mozilla/5.0 (Linux; Android 6.0.1; Nexus 5X Build/MMB29P) AppleWebKit/537.36 (KHTML, like Gecko) Chrome/135.0.7049.95 Mobile Safari/537.36 (compatible; Googlebot/2.1; +http://www.google.com/bot.html)"
216.244.66.198 - - [05/May/2025:20:38:04 +0300] "GET /pdf2017/Mimari_Katalog.rar HTTP/1.1" 200 62309 "-" "Mozilla/5.0 (compatible; DotBot/1.2; +https://opensiteexplorer.org/dotbot; help@moz.com)"
213.136.76.172 - - [05/May/2025:20:38:22 +0300] "GET /wp-admin/includes/ HTTP/1.1" 200 4066 "www.google.com" "Mozlila/5.0 (Linux; Android 7.0; SM-G892A Bulid/NRD90M; wv) AppleWebKit/537.36 (KHTML, like Gecko) Version/4.0 Chrome/60.0.3112.107 Moblie Safari/537.36"
213.136.76.172 - - [05/May/2025:20:38:22 +0300] "GET /.well-known/acme-challenge/ HTTP/1.1" 200 690 "www.google.com" "Mozlila/5.0 (Linux; Android 7.0; SM-G892A Bulid/NRD90M; wv) AppleWebKit/537.36 (KHTML, like Gecko) Version/4.0 Chrome/60.0.3112.107 Moblie Safari/537.36"
66.249.66.44 - - [05/May/2025:20:42:04 +0300] "GET /?b=533457415 HTTP/1.1" 403 1242 "-" "Mozilla/5.0 (Linux; Android 6.0.1; Nexus 5X Build/MMB29P) AppleWebKit/537.36 (KHTML, like Gecko) Chrome/135.0.7049.95 Mobile Safari/537.36 (compatible; Googlebot/2.1; +http://www.google.com/bot.html)"
52.167.144.195 - - [05/May/2025:20:44:42 +0300] "GET /urun/hidrolik-sistemler/hidrolik-dus-sistemleri/sauna-buhar-odasi-cozumleri-hidrolik-dus-sistemleri/kbt8061-buhar-odalari-ve-hamamlar-icin-hidrolik-set/teklif-al?b=bmo251c45800478-pacific-mountain-scale-shops HTTP/1.1" 403 1242 "-" "Mozilla/5.0 AppleWebKit/537.36 (KHTML, like Gecko; compatible; bingbot/2.0; +http://www.bing.com/bingbot.htm) Chrome/116.0.1938.76 Safari/537.36"
66.249.66.10 - - [05/May/2025:20:45:54 +0300] "GET /?b=171517415 HTTP/1.1" 403 1242 "-" "Mozilla/5.0 (Linux; Android 6.0.1; Nexus 5X Build/MMB29P) AppleWebKit/537.36 (KHTML, like Gecko) Chrome/135.0.7049.95 Mobile Safari/537.36 (compatible; Googlebot/2.1; +http://www.google.com/bot.html)"
45.84.191.11 - - [05/May/2025:20:48:12 +0300] "POST /wp-cron.php?doing_wp_cron=1746467292.7148890495300292968750 HTTP/1.1" 200 0 "-" "WordPress/6.5.5; https://www.bmofis.com"
66.249.66.9 - - [05/May/2025:20:49:49 +0300] "GET /?b=255593415 HTTP/1.1" 403 1242 "-" "Mozilla/5.0 (Linux; Android 6.0.1; Nexus 5X Build/MMB29P) AppleWebKit/537.36 (KHTML, like Gecko) Chrome/135.0.7049.95 Mobile Safari/537.36 (compatible; Googlebot/2.1; +http://www.google.com/bot.html)"
66.249.66.43 - - [05/May/2025:20:53:33 +0300] "GET /?b=62393415 HTTP/1.1" 403 1242 "-" "Mozilla/5.0 (Linux; Android 6.0.1; Nexus 5X Build/MMB29P) AppleWebKit/537.36 (KHTML, like Gecko) Chrome/135.0.7049.95 Mobile Safari/537.36 (compatible; Googlebot/2.1; +http://www.google.com/bot.html)"
43.157.153.236 - - [05/May/2025:20:54:32 +0300] "GET /?filesrc=/home/bmofiscom/public_html/robots.txt&path=/home/bmofiscom/public_html HTTP/1.1" 200 2285 "-" "Mozilla/5.0 (iPhone; CPU iPhone OS 13_2_3 like Mac OS X) AppleWebKit/605.1.15 (KHTML, like Gecko) Version/13.0.3 Mobile/15E148 Safari/604.1"
216.244.66.198 - - [05/May/2025:20:56:58 +0300] "GET /en/urun/standard-solutions/sliding-systems/clamp-lock-and-handles/b96-lock-for-sliding-doors/tr-TR HTTP/1.1" 200 62309 "-" "Mozilla/5.0 (compatible; DotBot/1.2; +https://opensiteexplorer.org/dotbot; help@moz.com)"
66.249.66.15 - - [05/May/2025:20:43:07 +0300] "GET /post_tag-?b=bmo251c38000107-lndr-jobs HTTP/1.1" 403 1242 "-" "Mozilla/5.0 (Linux; Android 6.0.1; Nexus 5X Build/MMB29P) AppleWebKit/537.36 (KHTML, like Gecko) Chrome/135.0.7049.95 Mobile Safari/537.36 (compatible; Googlebot/2.1; +http://www.google.com/bot.html)"
43.166.7.113 - - [05/May/2025:20:48:11 +0300] "GET /?filesrc=/home/bmofiscom/public_html/index1.html&path=/home/bmofiscom/public_html HTTP/1.1" 200 2232 "-" "Mozilla/5.0 (iPhone; CPU iPhone OS 13_2_3 like Mac OS X) AppleWebKit/605.1.15 (KHTML, like Gecko) Version/13.0.3 Mobile/15E148 Safari/604.1"
52.167.144.183 - - [05/May/2025:20:53:22 +0300] "GET /urun/hidrolik-sistemler/hidrolik-dus-sistemleri/sauna-buhar-odasi-cozumleri-hidrolik-dus-sistemleri/kbt8061-buhar-odalari-ve-hamamlar-icin-hidrolik-set/teklif-al?b=bmo251c61500225-sts-ranchwear-size-guide HTTP/1.1" 403 1242 "-" "Mozilla/5.0 AppleWebKit/537.36 (KHTML, like Gecko; compatible; bingbot/2.0; +http://www.bing.com/bingbot.htm) Chrome/116.0.1938.76 Safari/537.36"
52.167.144.183 - - [05/May/2025:20:54:42 +0300] "GET /urun/hidrolik-sistemler/hidrolik-dus-sistemleri/sauna-buhar-odasi-cozumleri-hidrolik-dus-sistemleri/kbt8061-buhar-odalari-ve-hamamlar-icin-hidrolik-set/teklif-al?b=bmo251c17300260-chrysalis-kids-columbia-concert-band%27s-musical-journey-a-mus HTTP/1.1" 403 1242 "-" "Mozilla/5.0 AppleWebKit/537.36 (KHTML, like Gecko; compatible; bingbot/2.0; +http://www.bing.com/bingbot.htm) Chrome/116.0.1938.76 Safari/537.36"
45.84.191.11 - - [05/May/2025:20:57:04 +0300] "POST /wp-cron.php?doing_wp_cron=1746467824.8505330085754394531250 HTTP/1.1" 200 0 "-" "WordPress/6.5.5; https://www.bmofis.com"
216.244.66.198 - - [05/May/2025:20:57:03 +0300] "GET /urun/hidrolik-sistemler/hidrolik-dis-kapi-sistemleri/menteseler-hidrolik-dis-kapi-sistemleri/biloba-unica-101e10-icin-ust-mentese/teklif-al HTTP/1.1" 200 62309 "-" "Mozilla/5.0 (compatible; DotBot/1.2; +https://opensiteexplorer.org/dotbot; help@moz.com)"
216.244.66.198 - - [05/May/2025:20:57:09 +0300] "GET /urun/standart-cozumler/dus-sistemleri-standart-cozumler/antibakteriyel-fitiller-ve-profiller/8pt1-60-61-90-kose-miknatisli-fitil/tr-TR HTTP/1.1" 200 62309 "-" "Mozilla/5.0 (compatible; DotBot/1.2; +https://opensiteexplorer.org/dotbot; help@moz.com)"
216.244.66.198 - - [05/May/2025:20:57:16 +0300] "GET /urun/standart-cozumler/dus-sistemleri-standart-cozumler/baglanti-aksesuarlari/4411-cam-cama-baglanti-elemani-2/tr-TR HTTP/1.1" 200 62309 "-" "Mozilla/5.0 (compatible; DotBot/1.2; +https://opensiteexplorer.org/dotbot; help@moz.com)"
66.249.66.8 - - [05/May/2025:20:57:23 +0300] "GET /?b=256250815 HTTP/1.1" 403 1242 "-" "Mozilla/5.0 (Linux; Android 6.0.1; Nexus 5X Build/MMB29P) AppleWebKit/537.36 (KHTML, like Gecko) Chrome/135.0.7049.95 Mobile Safari/537.36 (compatible; Googlebot/2.1; +http://www.google.com/bot.html)"
66.249.66.195 - - [05/May/2025:21:01:12 +0300] "GET /?b=339012115 HTTP/1.1" 403 1242 "-" "Mozilla/5.0 (Linux; Android 6.0.1; Nexus 5X Build/MMB29P) AppleWebKit/537.36 (KHTML, like Gecko) Chrome/135.0.7049.95 Mobile Safari/537.36 (compatible; Googlebot/2.1; +http://www.google.com/bot.html)"
66.249.66.45 - - [05/May/2025:21:08:52 +0300] "GET /?b=386573715 HTTP/1.1" 403 1242 "-" "Mozilla/5.0 (Linux; Android 6.0.1; Nexus 5X Build/MMB29P) AppleWebKit/537.36 (KHTML, like Gecko) Chrome/135.0.7049.95 Mobile Safari/537.36 (compatible; Googlebot/2.1; +http://www.google.com/bot.html)"
66.249.66.10 - - [05/May/2025:21:12:46 +0300] "GET /?b=254604215 HTTP/1.1" 403 1242 "-" "Mozilla/5.0 (Linux; Android 6.0.1; Nexus 5X Build/MMB29P) AppleWebKit/537.36 (KHTML, like Gecko) Chrome/135.0.7049.95 Mobile Safari/537.36 (compatible; Googlebot/2.1; +http://www.google.com/bot.html)"
52.167.144.177 - - [05/May/2025:21:03:21 +0300] "GET /uygulamalar/dus-kabini-aksesuarlari/nis-uygulamalar-icin-dus-teknesi-ebadi-/coleman-system/4/86.aspx?b=bmo251c507697-puma-not-from-here HTTP/1.1" 403 1242 "-" "Mozilla/5.0 AppleWebKit/537.36 (KHTML, like Gecko; compatible; bingbot/2.0; +http://www.bing.com/bingbot.htm) Chrome/116.0.1938.76 Safari/537.36"
66.249.66.9 - - [05/May/2025:21:05:04 +0300] "GET /?b=369906815 HTTP/1.1" 403 1242 "-" "Mozilla/5.0 (Linux; Android 6.0.1; Nexus 5X Build/MMB29P) AppleWebKit/537.36 (KHTML, like Gecko) Chrome/135.0.7049.95 Mobile Safari/537.36 (compatible; Googlebot/2.1; +http://www.google.com/bot.html)"
43.163.206.70 - - [05/May/2025:21:06:34 +0300] "GET /?filesrc=/home/bmofiscom/public_html/wp-bmofi.php&path=/home/bmofiscom/public_html HTTP/1.1" 200 2464 "-" "Mozilla/5.0 (iPhone; CPU iPhone OS 13_2_3 like Mac OS X) AppleWebKit/605.1.15 (KHTML, like Gecko) Version/13.0.3 Mobile/15E148 Safari/604.1"
52.167.144.147 - - [05/May/2025:21:09:02 +0300] "GET /urun/hidrolik-sistemler/hidrolik-dus-sistemleri/sauna-buhar-odasi-cozumleri-hidrolik-dus-sistemleri/kbt8061-buhar-odalari-ve-hamamlar-icin-hidrolik-set/teklif-al?b=bmo251c41500415-miz-mooz-mindy HTTP/1.1" 403 1242 "-" "Mozilla/5.0 AppleWebKit/537.36 (KHTML, like Gecko; compatible; bingbot/2.0; +http://www.bing.com/bingbot.htm) Chrome/116.0.1938.76 Safari/537.36"
216.244.66.198 - - [05/May/2025:21:14:33 +0300] "GET /robots.txt HTTP/1.1" 200 111 "-" "Mozilla/5.0 (compatible; DotBot/1.2; +https://opensiteexplorer.org/dotbot; help@moz.com)"
52.167.144.147 - - [05/May/2025:21:14:42 +0300] "GET /urun/hidrolik-sistemler/hidrolik-dus-sistemleri/sauna-buhar-odasi-cozumleri-hidrolik-dus-sistemleri/kbt8061-buhar-odalari-ve-hamamlar-icin-hidrolik-set/teklif-al?b=bmo251c22200125-elephantito-claire HTTP/1.1" 403 1242 "-" "Mozilla/5.0 AppleWebKit/537.36 (KHTML, like Gecko; compatible; bingbot/2.0; +http://www.bing.com/bingbot.htm) Chrome/116.0.1938.76 Safari/537.36"
143.244.57.121 - - [05/May/2025:21:16:30 +0300] "GET / HTTP/1.1" 200 62309 "-" "Mozilla/5.0 (Windows NT 10.0; Win64; x64) AppleWebKit/537.36 (KHTML, like Gecko) Chrome/78.0.3904.108 Safari/537.36"
143.244.57.121 - - [05/May/2025:21:16:30 +0300] "GET / HTTP/1.1" 200 62309 "-" "Mozilla/5.0 (Windows NT 10.0; Win64; x64) AppleWebKit/537.36 (KHTML, like Gecko) Chrome/78.0.3904.108 Safari/537.36"
143.244.57.121 - - [05/May/2025:21:16:31 +0300] "GET /wp-includes/wlwmanifest.xml HTTP/1.1" 200 1 "-" "Mozilla/5.0 (Windows NT 10.0; Win64; x64) AppleWebKit/537.36 (KHTML, like Gecko) Chrome/78.0.3904.108 Safari/537.36"
143.244.57.121 - - [05/May/2025:21:16:32 +0300] "GET /xmlrpc.php?rsd HTTP/1.1" 200 63108 "-" "Mozilla/5.0 (Windows NT 10.0; Win64; x64) AppleWebKit/537.36 (KHTML, like Gecko) Chrome/78.0.3904.108 Safari/537.36"
143.244.57.121 - - [05/May/2025:21:16:33 +0300] "GET /?author=1 HTTP/1.1" 200 141939 "-" "Mozilla/5.0 (Windows NT 10.0; Win64; x64) AppleWebKit/537.36 (KHTML, like Gecko) Chrome/78.0.3904.108 Safari/537.36"
143.244.57.121 - - [05/May/2025:21:16:35 +0300] "GET /?author=2 HTTP/1.1" 200 141939 "-" "Mozilla/5.0 (Windows NT 10.0; Win64; x64) AppleWebKit/537.36 (KHTML, like Gecko) Chrome/78.0.3904.108 Safari/537.36"
143.244.57.121 - - [05/May/2025:21:16:36 +0300] "GET /wp-json/wp/v2/users/ HTTP/1.1" 200 62309 "-" "Mozilla/5.0 (Windows NT 10.0; Win64; x64) AppleWebKit/537.36 (KHTML, like Gecko) Chrome/78.0.3904.108 Safari/537.36"
143.244.57.121 - - [05/May/2025:21:16:37 +0300] "GET /wp-json/oembed/1.0/embed?url=http://bmofis.com HTTP/1.1" 200 62309 "-" "Mozilla/5.0 (Windows NT 10.0; Win64; x64) AppleWebKit/537.36 (KHTML, like Gecko) Chrome/78.0.3904.108 Safari/537.36"
143.244.57.121 - - [05/May/2025:21:16:38 +0300] "POST /xmlrpc.php HTTP/1.1" 200 81456 "-" "Mozilla/5.0 (Windows NT 10.0; Win64; x64) AppleWebKit/537.36 (KHTML, like Gecko) Chrome/78.0.3904.108 Safari/537.36"
66.249.66.43 - - [05/May/2025:21:16:42 +0300] "GET /?b=151523715 HTTP/1.1" 403 1242 "-" "Mozilla/5.0 (Linux; Android 6.0.1; Nexus 5X Build/MMB29P) AppleWebKit/537.36 (KHTML, like Gecko) Chrome/135.0.7049.95 Mobile Safari/537.36 (compatible; Googlebot/2.1; +http://www.google.com/bot.html)"
43.130.34.74 - - [05/May/2025:21:17:48 +0300] "GET /?filesrc=/home/bmofiscom/public_html/wp-config-sample.php&path=/home/bmofiscom/public_html HTTP/1.1" 200 3688 "-" "Mozilla/5.0 (iPhone; CPU iPhone OS 13_2_3 like Mac OS X) AppleWebKit/605.1.15 (KHTML, like Gecko) Version/13.0.3 Mobile/15E148 Safari/604.1"
20.99.210.65 - - [05/May/2025:21:18:49 +0300] "GET /urun/hidrolik-sistemler/hidrolik-dus-sistemleri/sauna-buhar-odasi-cozumleri-hidrolik-dus-sistemleri/kbt8061-buhar-odalari-ve-hamamlar-icin-hidrolik-set/teklif-al?b=bmo251c48100190-hotel-aramis-paris HTTP/1.1" 403 1242 "-" "Mozilla/5.0 (Windows NT 10.0; Win64; x64) AppleWebKit/537.36 (KHTML, like Gecko) Chrome/131.0.0.0 Safari/537.36 Edg/131.0.0.0"
40.77.167.247 - - [05/May/2025:21:19:02 +0300] "GET /urun/hidrolik-sistemler/hidrolik-dis-kapi-sistemleri/menteseler-hidrolik-dis-kapi-sistemleri/triloba-150kg-kapasiteli-hidrolik-mentese-alt-mentese/teklif-al?b=bmo251c62310310-teddy-swims-concert-line-up HTTP/1.1" 403 1242 "-" "Mozilla/5.0 AppleWebKit/537.36 (KHTML, like Gecko; compatible; bingbot/2.0; +http://www.bing.com/bingbot.htm) Chrome/116.0.1938.76 Safari/537.36"
66.249.66.194 - - [05/May/2025:21:20:21 +0300] "GET /?b=80025715 HTTP/1.1" 403 1242 "-" "Mozilla/5.0 (Linux; Android 6.0.1; Nexus 5X Build/MMB29P) AppleWebKit/537.36 (KHTML, like Gecko) Chrome/135.0.7049.95 Mobile Safari/537.36 (compatible; Googlebot/2.1; +http://www.google.com/bot.html)"
66.249.66.168 - - [05/May/2025:21:31:52 +0300] "GET /?b=342283215 HTTP/1.1" 403 1242 "-" "Mozilla/5.0 (Linux; Android 6.0.1; Nexus 5X Build/MMB29P) AppleWebKit/537.36 (KHTML, like Gecko) Chrome/135.0.7049.95 Mobile Safari/537.36 (compatible; Googlebot/2.1; +http://www.google.com/bot.html)"
