66.249.66.193 - - [05/May/2025:18:02:39 +0300] "GET /shopdetail/252187664 HTTP/1.1" 200 19094 "-" "Mozilla/5.0 (Linux; Android 6.0.1; Nexus 5X Build/MMB29P) AppleWebKit/537.36 (KHTML, like Gecko) Chrome/135.0.7049.95 Mobile Safari/537.36 (compatible; Googlebot/2.1; +http://www.google.com/bot.html)"
179.43.149.114 - - [05/May/2025:18:02:42 +0300] "GET //www.googletagmanager.com/gtm.js HTTP/1.1" 200 4629 "-" "Mozilla/5.0 (Windows NT 10.0; WOW64) AppleWebKit/537.36 (KHTML, like Gecko) Chrome/75.0.3770.142 Safari/537.36"
179.43.149.114 - - [05/May/2025:18:02:42 +0300] "GET //www.bmofis.com/wp-content/plugins/mega-addons-for-visual-composer/js/script.js HTTP/1.1" 200 4681 "-" "Mozilla/5.0 (Windows NT 6.1; WOW64) AppleWebKit/537.36 (KHTML, like Gecko) Chrome/75.0.3770.100 Safari/537.36"
179.43.149.114 - - [05/May/2025:18:02:43 +0300] "GET //www.bmofis.com/wp-content/plugins/mystickymenu/js/morphext/morphext.min.js HTTP/1.1" 200 4681 "-" "Mozilla/5.0 (Macintosh; Intel Mac OS X 10_11_1) AppleWebKit/537.36 (KHTML, like Gecko) Chrome/77.0.3833.99 Safari/537.36"
179.43.149.114 - - [05/May/2025:18:02:41 +0300] "GET //cdnjs.cloudflare.com/ajax/libs/popper.js/1.14.7/umd/popper.min.js HTTP/1.1" 200 5296 "-" "Mozilla/5.0 (Linux; Android 9; SAMSUNG SM-G975U1 Build/PPR1.180610.011) AppleWebKit/537.36 (KHTML, like Gecko) SamsungBrowser/9.4 Chrome/67.0.3396.87 Mobile Safari/537.36"
179.43.149.114 - - [05/May/2025:18:02:43 +0300] "GET //www.bmofis.com/wp-content/plugins/mystickymenu/js/detectmobilebrowser.js HTTP/1.1" 200 4681 "-" "Mozilla/5.0 (Windows NT 6.3; WOW64) AppleWebKit/537.36 (KHTML, like Gecko) Chrome/76.0.3809.100 Safari/537.36"
179.43.149.114 - - [05/May/2025:18:02:43 +0300] "GET //cdn.js HTTP/1.1" 200 4608 "-" "Mozilla/5.0 (X11; U; Linux i686; en-us) AppleWebKit/528.5  (KHTML, like Gecko, Safari/528.5 ) lt-GtkLauncher"
179.43.149.114 - - [05/May/2025:18:02:43 +0300] "GET //www.bmofis.com/wp-content/plugins/wp-video-lightbox/js/jquery.prettyPhoto.min.js HTTP/1.1" 200 4681 "-" "Mozilla/5.0 (iPad; CPU OS 12_3_1 like Mac OS X) AppleWebKit/605.1.15 (KHTML, like Gecko) Mobile/15E148;WeRead/4.1.3 (iPad; iOS 12.3.1; Scale/2.00)"
179.43.149.114 - - [05/May/2025:18:02:43 +0300] "GET //www.bmofis.com/wp-includes/js/jquery/ui/core.min.js HTTP/1.1" 200 4696 "-" "Mozilla/5.0 (X11; Fedora; Linux x86_64) AppleWebKit/537.36 (KHTML, like Gecko) Chrome/71.0.3578.98 Safari/537.36"
179.43.149.114 - - [05/May/2025:18:02:42 +0300] "GET //www.bmofis.com/wp-content/plugins/woocommerce/assets/js/js-cookie/js.cookie.min.js HTTP/1.1" 200 5296 "-" "Mozilla/5.0 (Macintosh; Intel Mac OS X 10_7_3) AppleWebKit/534.55.3 (KHTML, like Gecko) Version/5.1.3 Safari/534.53.10"
179.43.149.114 - - [05/May/2025:18:02:42 +0300] "GET //www.bmofis.com/wp-content/plugins/wp-smushit/app/assets/js/smush-lazy-load.min.js HTTP/1.1" 200 5296 "-" "Mozilla/5.0 (Linux; U; Android 8.1.0; es-us; Redmi Note 5 Build/OPM1.171019.011) AppleWebKit/537.36 (KHTML, like Gecko) Version/4.0 Chrome/71.0.3578.141 Mobile Safari/537.36 XiaoMi/MiuiBrowser/10.9.7-g"
179.43.149.114 - - [05/May/2025:18:02:42 +0300] "GET //stackpath.bootstrapcdn.com/bootstrap/4.3.1/js/bootstrap.min.js HTTP/1.1" 200 5296 "-" "Mozilla/5.0 (Linux; Android 9; ONEPLUS A5010) AppleWebKit/537.36 (KHTML, like Gecko) Chrome/75.0.3770.143 Mobile Safari/537.36"
179.43.149.114 - - [05/May/2025:18:02:42 +0300] "GET //www.bmofis.com/wp-admin/admin-ajax.php HTTP/1.1" 200 5302 "-" "Mozilla/5.0 (Linux; Android 7.0; Moto G (5) Plus Build/NPNS25.137-35-5) AppleWebKit/537.36 (KHTML, like Gecko) Chrome/60.0.3112.107 Mobile Safari/537.36"
179.43.149.114 - - [05/May/2025:18:02:41 +0300] "GET //www.bmofis.com/wp-content/plugins/woocommerce/assets/js/frontend/add-to-cart.min.js HTTP/1.1" 200 5251 "-" "Mozilla/5.0 (compatible; MSIE 10.0; Windows Phone 8.0; Trident/6.0; IEMobile/10.0; ARM; Touch)"
179.43.149.114 - - [05/May/2025:18:02:41 +0300] "GET //www.bmofis.com/xmlrpc.php HTTP/1.1" 200 5296 "-" "Konqueror/3.0-rc4; (Konqueror/3.0-rc4; i686 Linux;;datecode)"
179.43.149.114 - - [05/May/2025:18:02:43 +0300] "GET //www.bmofis.com/wp-includes/js/hoverIntent.min.js HTTP/1.1" 200 4656 "-" "Mozilla/5.0 (Macintosh; U; PPC Mac OS X; en-US) AppleWebKit/125.4 (KHTML, like Gecko, Safari) OmniWeb/v563.15"
179.43.149.114 - - [05/May/2025:18:02:43 +0300] "GET //www.bmofis.com/wp-content/plugins/woocommerce/assets/js/frontend/woocommerce.min.js HTTP/1.1" 200 4664 "-" "Mozilla/5.0 (Linux; Android 4.4.2; GT-N8000) AppleWebKit/537.36 (KHTML, like Gecko) Chrome/71.0.3578.99 Safari/537.36"
179.43.149.114 - - [05/May/2025:18:02:43 +0300] "GET //www.bmofis.com/wp-content/plugins/responsive-youtube-vimeo-popup/assets/js/wp-video-popup.js HTTP/1.1" 200 4696 "-" "Mozilla/5.0 (Linux; U; Android 3.0; en-us; Xoom Build/HRI39) AppleWebKit/525.10  (KHTML, like Gecko) Version/3.0.4 Mobile Safari/523.12.2"
179.43.149.114 - - [05/May/2025:18:02:42 +0300] "GET //www.bmofis.com/wp-content/plugins/duracelltomi-google-tag-manager/js/gtm4wp-form-move-tracker.js HTTP/1.1" 200 5296 "-" "Mozilla/5.0 (Macintosh; Intel Mac OS X 10_12_6) AppleWebKit/537.36 (KHTML, like Gecko) Chrome/65.0.3312.0 Safari/537.36"
179.43.149.114 - - [05/May/2025:18:02:42 +0300] "GET //cdnjs.cloudflare.com/ajax/libs/jquery/3.4.1/jquery.min.js HTTP/1.1" 200 5251 "-" "Mozilla/5.0 (Linux; Android 7.1.1; Coolpad 3632A Build/NMF26F) AppleWebKit/537.36 (KHTML, like Gecko) Chrome/59.0.3071.125 Mobile Safari/537.36"
179.43.149.114 - - [05/May/2025:18:02:43 +0300] "GET //www.bmofis.com/wp-content/plugins/js_composer_theme/assets/js/vendors/woocommerce-add-to-cart.js HTTP/1.1" 200 5281 "-" "Mozilla/5.0 (Linux; U; Android 2.1; en-us; HTC Legend Build/cupcake) AppleWebKit/530.17 (KHTML, like Gecko) Version/4.0 Mobile Safari/530.17"
179.43.149.114 - - [05/May/2025:18:02:42 +0300] "GET //www.bmofis.com/wp-content/plugins/js_composer_theme/assets/js/dist/js_composer_front.min.js HTTP/1.1" 200 5296 "-" "Mozilla/5.0 (Macintosh; Intel Mac OS X 10_14_0) AppleWebKit/537.36 (KHTML, like Gecko) Chrome/75.0.3770.142 Safari/537.36"
179.43.149.114 - - [05/May/2025:18:02:42 +0300] "GET //www.bmofis.com/wp-includes/js/jquery/jquery.min.js HTTP/1.1" 200 5296 "-" "Mozilla/5.0 (X11; Fedora; Linux x86_64) AppleWebKit/537.36 (KHTML, like Gecko) Chrome/62.0.3178.0 Safari/537.36"
179.43.149.114 - - [05/May/2025:18:02:43 +0300] "GET //www.bmofis.com/wp-includes/js/jquery/jquery-migrate.min.js HTTP/1.1" 200 5225 "-" "Mozilla/5.0 (iPhone; CPU iPhone OS 12_2 like Mac OS X) AppleWebKit/605.1.15 (KHTML, like Gecko) Mobile/15E148 MicroMessenger/7.0.5(0x17000523) NetType/WIFI Language/zh_CN"
66.249.66.43 - - [05/May/2025:18:02:54 +0300] "GET /recruit HTTP/1.1" 200 20140 "-" "Mozilla/5.0 (Linux; Android 6.0.1; Nexus 5X Build/MMB29P) AppleWebKit/537.36 (KHTML, like Gecko) Chrome/135.0.7049.95 Mobile Safari/537.36 (compatible; Googlebot/2.1; +http://www.google.com/bot.html)"
66.249.66.8 - - [05/May/2025:18:03:02 +0300] "GET /pcmypage/ HTTP/1.1" 200 21320 "-" "Mozilla/5.0 (Linux; Android 6.0.1; Nexus 5X Build/MMB29P) AppleWebKit/537.36 (KHTML, like Gecko) Chrome/135.0.7049.95 Mobile Safari/537.36 (compatible; Googlebot/2.1; +http://www.google.com/bot.html)"
66.249.66.193 - - [05/May/2025:18:03:06 +0300] "GET /shopdetail/217465464 HTTP/1.1" 200 19322 "-" "Mozilla/5.0 (Linux; Android 6.0.1; Nexus 5X Build/MMB29P) AppleWebKit/537.36 (KHTML, like Gecko) Chrome/135.0.7049.95 Mobile Safari/537.36 (compatible; Googlebot/2.1; +http://www.google.com/bot.html)"
66.249.66.71 - - [05/May/2025:18:03:09 +0300] "GET /shopdetail/96434964 HTTP/1.1" 200 19980 "-" "Mozilla/5.0 (Linux; Android 6.0.1; Nexus 5X Build/MMB29P) AppleWebKit/537.36 (KHTML, like Gecko) Chrome/135.0.7049.95 Mobile Safari/537.36 (compatible; Googlebot/2.1; +http://www.google.com/bot.html)"
66.249.66.193 - - [05/May/2025:18:03:10 +0300] "POST /get-message-notify HTTP/1.1" 200 19585 "http://bmofis.com/pcmypage" "Mozilla/5.0 (Linux; Android 6.0.1; Nexus 5X Build/MMB29P) AppleWebKit/537.36 (KHTML, like Gecko) Chrome/134.0.6998.165 Mobile Safari/537.36 (compatible; Googlebot/2.1; +http://www.google.com/bot.html)"
66.249.66.71 - - [05/May/2025:18:03:13 +0300] "GET /kaden.html HTTP/1.1" 200 20625 "-" "Mozilla/5.0 (Linux; Android 6.0.1; Nexus 5X Build/MMB29P) AppleWebKit/537.36 (KHTML, like Gecko) Chrome/135.0.7049.95 Mobile Safari/537.36 (compatible; Googlebot/2.1; +http://www.google.com/bot.html)"
66.249.66.71 - - [05/May/2025:18:03:15 +0300] "GET /shopdetail/100563864 HTTP/1.1" 200 19394 "-" "Mozilla/5.0 (Linux; Android 6.0.1; Nexus 5X Build/MMB29P) AppleWebKit/537.36 (KHTML, like Gecko) Chrome/135.0.7049.95 Mobile Safari/537.36 (compatible; Googlebot/2.1; +http://www.google.com/bot.html)"
66.249.66.71 - - [05/May/2025:18:03:21 +0300] "GET /feature/eposcard/index.html HTTP/1.1" 200 20159 "-" "Mozilla/5.0 (Linux; Android 6.0.1; Nexus 5X Build/MMB29P) AppleWebKit/537.36 (KHTML, like Gecko) Chrome/135.0.7049.95 Mobile Safari/537.36 (compatible; Googlebot/2.1; +http://www.google.com/bot.html)"
66.249.66.8 - - [05/May/2025:18:03:24 +0300] "GET /feature/osu_main/index.html HTTP/1.1" 200 20347 "-" "Mozilla/5.0 (Linux; Android 6.0.1; Nexus 5X Build/MMB29P) AppleWebKit/537.36 (KHTML, like Gecko) Chrome/135.0.7049.95 Mobile Safari/537.36 (compatible; Googlebot/2.1; +http://www.google.com/bot.html)"
66.249.66.167 - - [05/May/2025:18:03:26 +0300] "GET /pcsp.html HTTP/1.1" 200 20074 "-" "Mozilla/5.0 (Linux; Android 6.0.1; Nexus 5X Build/MMB29P) AppleWebKit/537.36 (KHTML, like Gecko) Chrome/135.0.7049.95 Mobile Safari/537.36 (compatible; Googlebot/2.1; +http://www.google.com/bot.html)"
66.249.66.71 - - [05/May/2025:18:03:29 +0300] "GET /shopdetail/218614664 HTTP/1.1" 200 19197 "-" "Mozilla/5.0 (Linux; Android 6.0.1; Nexus 5X Build/MMB29P) AppleWebKit/537.36 (KHTML, like Gecko) Chrome/135.0.7049.95 Mobile Safari/537.36 (compatible; Googlebot/2.1; +http://www.google.com/bot.html)"
66.249.66.8 - - [05/May/2025:18:03:31 +0300] "GET /cd.html HTTP/1.1" 200 20780 "-" "Mozilla/5.0 (Linux; Android 6.0.1; Nexus 5X Build/MMB29P) AppleWebKit/537.36 (KHTML, like Gecko) Chrome/135.0.7049.95 Mobile Safari/537.36 (compatible; Googlebot/2.1; +http://www.google.com/bot.html)"
66.249.66.194 - - [05/May/2025:18:03:34 +0300] "GET /toiawase HTTP/1.1" 200 21462 "-" "Mozilla/5.0 (Linux; Android 6.0.1; Nexus 5X Build/MMB29P) AppleWebKit/537.36 (KHTML, like Gecko) Chrome/135.0.7049.95 Mobile Safari/537.36 (compatible; Googlebot/2.1; +http://www.google.com/bot.html)"
66.249.66.168 - - [05/May/2025:18:03:41 +0300] "POST /get-message-notify HTTP/1.1" 200 19585 "http://bmofis.com/shopdetail/218614664" "Mozilla/5.0 (Linux; Android 6.0.1; Nexus 5X Build/MMB29P) AppleWebKit/537.36 (KHTML, like Gecko) Chrome/134.0.6998.165 Mobile Safari/537.36 (compatible; Googlebot/2.1; +http://www.google.com/bot.html)"
179.43.149.114 - - [05/May/2025:18:03:44 +0300] "GET //www.bmofis.com/wp-content/plugins/contact-form-7/includes/js/scripts.js HTTP/1.1" 200 5296 "-" "Mozilla/5.0 (X11; Linux x86_64) AppleWebKit/537.36 (KHTML, like Gecko) Chrome/74.0.3729.169 YaBrowser/19.6.2.594 (beta) Yowser/2.5 Safari/537.36"
179.43.149.114 - - [05/May/2025:18:03:45 +0300] "GET //www.bmofis.com/wp-content/plugins/woocommerce/assets/js/js-cookie/js.cookie.min.js HTTP/1.1" 200 5296 "-" "Mozilla/5.0 (Windows NT 6.1; WOW64) AppleWebKit/537.36 (KHTML, like Gecko) Chrome/70.0.3538.25 Safari/537.36 Core/1.70.3722.400 QQBrowser/10.5.3738.400"
179.43.149.114 - - [05/May/2025:18:03:45 +0300] "GET //www.bmofis.com/wp-content/plugins/woocommerce/assets/js/frontend/woocommerce.min.js HTTP/1.1" 200 5296 "-" "BlackBerry8300/4.2.2 Profile/MIDP-2.0 Configuration/CLDC-1.1 VendorID/107 UP.Link/6.2.3.15.0"
179.43.149.114 - - [05/May/2025:18:03:45 +0300] "GET //www.bmofis.com/wp-content/plugins/wp-video-lightbox/js/jquery.prettyPhoto.min.js HTTP/1.1" 200 5225 "-" "Mozilla/5.0 (X11; U; Linux x86_64; en-US; rv:1.9.2.9) Gecko/20100915 Gentoo Firefox/3.6.9"
179.43.149.114 - - [05/May/2025:18:03:46 +0300] "GET //www.bmofis.com/wp-content/plugins/js_composer_theme/assets/js/vendors/woocommerce-add-to-cart.js HTTP/1.1" 200 4651 "-" "Mozilla/5.0 (X11; Linux i686) AppleWebKit/537.36 (KHTML, like Gecko) Ubuntu Chromium/60.0.3112.78 Chrome/60.0.3112.78 Safari/537.36"
179.43.149.114 - - [05/May/2025:18:03:46 +0300] "GET //www.bmofis.com/wp-content/plugins/mystickymenu/js/mystickymenu.min.js HTTP/1.1" 200 4656 "-" "Mozilla/5.0 (Linux; Android 9; SM-A730F) AppleWebKit/537.36 (KHTML, like Gecko) Chrome/75.0.3770.143 Mobile Safari/537.36"
179.43.149.114 - - [05/May/2025:18:03:46 +0300] "GET //www.googletagmanager.com/gtm.js HTTP/1.1" 200 4629 "-" "Mozilla/5.0 (Linux; U; Android 4.1; en-us; sdk Build/MR1) AppleWebKit/534.30 (KHTML, like Gecko) Version/4.1 Safari/534.30"
179.43.149.114 - - [05/May/2025:18:02:43 +0300] "GET //www.bmofis.com/wp-content/plugins/wp-video-lightbox/js/video-lightbox.js HTTP/1.1" 200 4651 "-" "POLARIS/6.01(BREW 3.1.5;U;en-us;LG;LX265;POLARIS/6.01/WAP;)MMP/2.0 profile/MIDP-201 Configuration /CLDC-1.1"
179.43.149.114 - - [05/May/2025:18:02:42 +0300] "GET //www.bmofis.com/wp-content/plugins/duracelltomi-google-tag-manager/js/gtm4wp-contact-form-7-tracker.js HTTP/1.1" 200 5251 "-" "Mozilla/5.0 (iPhone; CPU iPhone OS 12_4 like Mac OS X) AppleWebKit/605.1.15 (KHTML, like Gecko) Mobile/15E148 MicroMessenger/7.0.4(0x17000428) NetType/WIFI Language/zh_CN"
66.249.66.193 - - [05/May/2025:18:02:50 +0300] "GET /feature/idol/gradol.html HTTP/1.1" 200 19444 "-" "Mozilla/5.0 (Linux; Android 6.0.1; Nexus 5X Build/MMB29P) AppleWebKit/537.36 (KHTML, like Gecko) Chrome/135.0.7049.95 Mobile Safari/537.36 (compatible; Googlebot/2.1; +http://www.google.com/bot.html)"
66.249.66.72 - - [05/May/2025:18:02:59 +0300] "GET /pcmypage HTTP/1.1" 200 20095 "-" "Mozilla/5.0 (Linux; Android 6.0.1; Nexus 5X Build/MMB29P) AppleWebKit/537.36 (KHTML, like Gecko) Chrome/135.0.7049.95 Mobile Safari/537.36 (compatible; Googlebot/2.1; +http://www.google.com/bot.html)"
66.249.66.193 - - [05/May/2025:18:03:18 +0300] "GET /shopdetail/384789364 HTTP/1.1" 200 19393 "-" "Mozilla/5.0 (Linux; Android 6.0.1; Nexus 5X Build/MMB29P) AppleWebKit/537.36 (KHTML, like Gecko) Chrome/135.0.7049.95 Mobile Safari/537.36 (compatible; Googlebot/2.1; +http://www.google.com/bot.html)"
66.249.66.193 - - [05/May/2025:18:03:19 +0300] "POST /get-message-notify HTTP/1.1" 200 19587 "http://bmofis.com/shopdetail/217465464" "Mozilla/5.0 (Linux; Android 6.0.1; Nexus 5X Build/MMB29P) AppleWebKit/537.36 (KHTML, like Gecko) Chrome/134.0.6998.165 Mobile Safari/537.36 (compatible; Googlebot/2.1; +http://www.google.com/bot.html)"
66.249.66.72 - - [05/May/2025:18:03:35 +0300] "POST /get-message-notify HTTP/1.1" 200 19585 "http://bmofis.com/feature/osu_main/index.html" "Mozilla/5.0 (Linux; Android 6.0.1; Nexus 5X Build/MMB29P) AppleWebKit/537.36 (KHTML, like Gecko) Chrome/134.0.6998.165 Mobile Safari/537.36 (compatible; Googlebot/2.1; +http://www.google.com/bot.html)"
66.249.66.9 - - [05/May/2025:18:03:37 +0300] "GET /affiliate HTTP/1.1" 200 19808 "-" "Mozilla/5.0 (Linux; Android 6.0.1; Nexus 5X Build/MMB29P) AppleWebKit/537.36 (KHTML, like Gecko) Chrome/135.0.7049.95 Mobile Safari/537.36 (compatible; Googlebot/2.1; +http://www.google.com/bot.html)"
66.249.66.72 - - [05/May/2025:18:03:40 +0300] "GET /avsoft.html HTTP/1.1" 200 18931 "-" "Mozilla/5.0 (Linux; Android 6.0.1; Nexus 5X Build/MMB29P) AppleWebKit/537.36 (KHTML, like Gecko) Chrome/135.0.7049.95 Mobile Safari/537.36 (compatible; Googlebot/2.1; +http://www.google.com/bot.html)"
179.43.149.114 - - [05/May/2025:18:03:45 +0300] "GET //cdn.jsdelivr.net/jquery.slick/1.5.7/slick.min.js HTTP/1.1" 200 4629 "-" "Mozilla/5.0 (X11; Linux x86_64) AppleWebKit/537.36 (KHTML, like Gecko) Chrome/58.0.3029.110 Safari/537.36"
66.249.66.8 - - [05/May/2025:18:03:46 +0300] "GET /vintagegame.html HTTP/1.1" 200 19859 "-" "Mozilla/5.0 (Linux; Android 6.0.1; Nexus 5X Build/MMB29P) AppleWebKit/537.36 (KHTML, like Gecko) Chrome/135.0.7049.95 Mobile Safari/537.36 (compatible; Googlebot/2.1; +http://www.google.com/bot.html)"
179.43.149.114 - - [05/May/2025:18:03:45 +0300] "GET //stackpath.bootstrapcdn.com/bootstrap/4.3.1/js/bootstrap.min.js HTTP/1.1" 200 5225 "-" "Mozilla/5.0 (X11; U; Linux i686; pt-PT; rv:1.9.2.3) Gecko/20100402 Iceweasel/3.6.3 (like Firefox/3.6.3) GTB7.0"
179.43.149.114 - - [05/May/2025:18:03:44 +0300] "GET //dev.digitalfikirler.com/bm/payment.php HTTP/1.1" 200 5281 "-" "Mozilla/5.0 (X11; CrOS x86_64 5841.83.0) AppleWebKit/537.36 (KHTML like Gecko) Chrome/36.0.1985.138 Safari/537.36"
179.43.149.114 - - [05/May/2025:18:03:45 +0300] "GET //www.bmofis.com/wp-content/plugins/duracelltomi-google-tag-manager/js/gtm4wp-contact-form-7-tracker.js HTTP/1.1" 200 5225 "-" "Mozilla/5.0 (Linux; Android 7.1.1; Moto E (4) Plus) AppleWebKit/537.36 (KHTML, like Gecko) Chrome/76.0.3809.111 Mobile Safari/537.36"
179.43.149.114 - - [05/May/2025:18:03:45 +0300] "GET //www.bmofis.com/wp-content/plugins/revslider/public/assets/js/jquery.themepunch.revolution.min.js HTTP/1.1" 200 5225 "-" "Mozilla/5.0 (Linux; Android 7.0; i1) AppleWebKit/537.36 (KHTML, like Gecko) Chrome/74.0.3729.157 Mobile Safari/537.36"
179.43.149.114 - - [05/May/2025:18:03:46 +0300] "GET //www.bmofis.com/wp-content/plugins/wp-smushit/app/assets/js/smush-lazy-load.min.js HTTP/1.1" 200 4662 "-" "Mozilla/5.0 (Linux; U; Android 2.3.4; en-us; BNTV250 Build/GINGERBREAD) AppleWebKit/533.1 (KHTML, like Gecko) Version/4.0 Safari/533.1"
179.43.149.114 - - [05/May/2025:18:03:45 +0300] "GET //www.bmofis.com/wp-content/plugins/mega-addons-for-visual-composer/js/script.js HTTP/1.1" 200 5252 "-" "Mozilla/5.0 (Macintosh; Intel Mac OS X 10_10_4) AppleWebKit/537.36 (KHTML, like Gecko) Chrome/76.0.3809.100 Safari/537.36"
179.43.149.114 - - [05/May/2025:18:03:45 +0300] "GET //www.bmofis.com/wp-content/plugins/responsive-youtube-vimeo-popup/assets/js/wp-video-popup.js HTTP/1.1" 200 5296 "-" "WDG_Validator/1.6.2"
179.43.149.114 - - [05/May/2025:18:03:47 +0300] "GET /admin-ajax.php HTTP/1.1" 200 4634 "-" "Mozilla/5.0 (Macintosh; Intel Mac OS X 10_9_3) AppleWebKit/537.75.14 (KHTML, like Gecko) Version/7.0.3 Safari/7046A194A"
179.43.149.114 - - [05/May/2025:18:03:46 +0300] "GET /wp-emoji-release.min.js HTTP/1.1" 200 4662 "-" "Mozilla/5.0 (Macintosh; Intel Mac OS X 10_14_5) AppleWebKit/537.36 (KHTML, like Gecko) Chrome/75.0.3770.142 Safari/537.36 OPR/62.0.3331.119"
179.43.149.114 - - [05/May/2025:18:03:47 +0300] "GET //cdn.js HTTP/1.1" 200 4681 "-" "Mozilla/5.0 (compatible; archive.org_bot +http://www.archive.org/details/archive.org_bot)"
179.43.149.114 - - [05/May/2025:18:03:45 +0300] "GET //www.bmofis.com/wp-content/plugins/wp-video-lightbox/js/video-lightbox.js HTTP/1.1" 200 5252 "-" "Mozilla/5.0 (Linux; Android 9; MI 8 Lite) AppleWebKit/537.36 (KHTML, like Gecko) Chrome/76.0.3809.111 Mobile Safari/537.36"
179.43.149.114 - - [05/May/2025:18:03:47 +0300] "GET //www.bmofis.com/wp-content/plugins/megamenu/js/maxmegamenu.js HTTP/1.1" 200 4629 "-" "Mozilla/4.0 (compatible; MSIE 7.0; Windows NT 6.1; Trident/6.0)"
179.43.149.114 - - [05/May/2025:18:03:45 +0300] "GET //www.bmofis.com/wp-content/themes/benim-ofis/js/navigation.js HTTP/1.1" 200 5255 "-" "Mozilla/5.0 (Linux; Android 8.0.0; SM-N950F) AppleWebKit/537.36 (KHTML, like Gecko) Chrome/76.0.3809.89 Mobile Safari/537.36"
66.249.66.43 - - [05/May/2025:18:03:56 +0300] "GET /man/customer_guide HTTP/1.1" 200 19859 "-" "Mozilla/5.0 (Linux; Android 6.0.1; Nexus 5X Build/MMB29P) AppleWebKit/537.36 (KHTML, like Gecko) Chrome/135.0.7049.95 Mobile Safari/537.36 (compatible; Googlebot/2.1; +http://www.google.com/bot.html)"
66.249.66.168 - - [05/May/2025:18:03:58 +0300] "GET /feature/index.html HTTP/1.1" 200 18660 "-" "Mozilla/5.0 (Linux; Android 6.0.1; Nexus 5X Build/MMB29P) AppleWebKit/537.36 (KHTML, like Gecko) Chrome/135.0.7049.95 Mobile Safari/537.36 (compatible; Googlebot/2.1; +http://www.google.com/bot.html)"
66.249.66.9 - - [05/May/2025:18:04:01 +0300] "GET /shopdetail/50948464 HTTP/1.1" 200 19824 "-" "Mozilla/5.0 (Linux; Android 6.0.1; Nexus 5X Build/MMB29P) AppleWebKit/537.36 (KHTML, like Gecko) Chrome/135.0.7049.95 Mobile Safari/537.36 (compatible; Googlebot/2.1; +http://www.google.com/bot.html)"
66.249.66.193 - - [05/May/2025:18:04:02 +0300] "GET /shopdetail/96072064 HTTP/1.1" 200 20811 "-" "Mozilla/5.0 (Linux; Android 6.0.1; Nexus 5X Build/MMB29P) AppleWebKit/537.36 (KHTML, like Gecko) Chrome/135.0.7049.95 Mobile Safari/537.36 (compatible; Googlebot/2.1; +http://www.google.com/bot.html)"
66.249.66.8 - - [05/May/2025:18:04:04 +0300] "GET /shopdetail/78370064 HTTP/1.1" 200 19720 "-" "Mozilla/5.0 (Linux; Android 6.0.1; Nexus 5X Build/MMB29P) AppleWebKit/537.36 (KHTML, like Gecko) Chrome/135.0.7049.95 Mobile Safari/537.36 (compatible; Googlebot/2.1; +http://www.google.com/bot.html)"
179.43.149.114 - - [05/May/2025:18:03:46 +0300] "GET /slick/slick.min.js HTTP/1.1" 200 4696 "-" "Mozilla/5.0 (compatible; MSIE 9.0; Windows NT 6.0; Win64; x64; Trident/5.0; .NET CLR 3.7.50745; Media Center PC 6.0; Zune 4.7; .NET4.0C; en-MT)"
179.43.149.114 - - [05/May/2025:18:03:45 +0300] "GET //www.bmofis.com/wp-content/plugins/duracelltomi-google-tag-manager/js/gtm4wp-form-move-tracker.js HTTP/1.1" 200 5244 "-" "Mozilla/4.8 [en] (X11; U; SunOS; 5.7 sun4u)"
179.43.149.114 - - [05/May/2025:18:03:45 +0300] "GET //www.bmofis.com/wp-content/plugins/woocommerce/assets/js/jquery-blockui/jquery.blockUI.min.js HTTP/1.1" 200 5281 "-" "Mozilla/5.0 (X11; Fedora; Linux x86_64) AppleWebKit/537.36 (KHTML, like Gecko) Chrome/71.0.3578.98 Safari/537.36"
179.43.149.114 - - [05/May/2025:18:03:45 +0300] "GET //www.bmofis.com/wp-content/plugins/wpcf7-redirect/js/wpcf7-redirect-script.js HTTP/1.1" 200 5281 "-" "Mozilla/5.0 (X11; Ubuntu; Linux x86_64; rv:55.0) Gecko/20100101 Firefox/55.0"
179.43.149.114 - - [05/May/2025:18:03:45 +0300] "GET //www.bmofis.com/wp-content/themes/benim-ofis/js/skip-link-focus-fix.js HTTP/1.1" 200 5251 "-" "Mozilla/5.0 (iPod; U; CPU iPhone OS 6_1 like Mac OS X; en-HK) AppleWebKit/534.35 (KHTML, like Gecko) Chrome/11.0.696.65 Safari/534.35 Puffin/3.9174IP Mobile"
179.43.149.114 - - [05/May/2025:18:03:46 +0300] "GET //www.bmofis.com/wp-includes/js/jquery/jquery-migrate.min.js HTTP/1.1" 200 4696 "-" "Mozilla/5.0 (Linux; Android 7.0; TRT-L21A) AppleWebKit/537.36 (KHTML, like Gecko) Chrome/76.0.3809.89 Mobile Safari/537.36"
179.43.149.114 - - [05/May/2025:18:03:48 +0300] "GET //www.bmofis.com/wp-includes/js/jquery/jquery.min.js HTTP/1.1" 200 4621 "-" "Mozilla/4.0 (PDA; PalmOS/sony/model prmr/Revision:1.1.54 (en)) NetFront/3.0"
179.43.149.114 - - [05/May/2025:18:03:46 +0300] "GET //www.bmofis.com/wp-includes/js/jquery/ui/core.min.js HTTP/1.1" 200 4586 "-" "Mozilla/5.0 (Linux; Android 9; Pixel) AppleWebKit/537.36 (KHTML, like Gecko) Chrome/76.0.3809.89 Mobile Safari/537.36"
179.43.149.114 - - [05/May/2025:18:03:49 +0300] "GET //www.bmofis.com/wp-content/plugins/mystickymenu/js/detectmobilebrowser.js HTTP/1.1" 200 4629 "-" "Mozilla/5.0 (Windows NT 10.0; Win64; x64) AppleWebKit/537.36 (KHTML, like Gecko) Chrome/69.0.3497.100 Safari/537.36"
179.43.149.114 - - [05/May/2025:18:03:50 +0300] "GET //dev.digitalfikirler.com/bm/mask.js HTTP/1.1" 200 4634 "-" "Mozilla/5.0 (Macintosh; Intel Mac OS X 10_14_6) AppleWebKit/537.36 (KHTML, like Gecko) Chrome/74.0.3729.169 YaBrowser/19.6.0.1583 Yowser/2.5 Safari/537.36"
179.43.149.114 - - [05/May/2025:18:03:45 +0300] "GET //www.bmofis.com/wp-includes/js/hoverIntent.min.js HTTP/1.1" 200 5296 "-" "Mozilla/5.0 (iPhone; CPU iPhone OS 11_4 like Mac OS X) AppleWebKit/605.1.15 (KHTML, like Gecko) Version/11.0 Mobile/15E148 Safari/604.1"
179.43.149.114 - - [05/May/2025:18:03:45 +0300] "GET //www.bmofis.com/xmlrpc.php HTTP/1.1" 200 5296 "-" "Mozilla/5.0 (Macintosh; Intel Mac OS X 10_12_1) AppleWebKit/537.36 (KHTML, like Gecko) Chrome/75.0.3770.142 Safari/537.36"
66.249.66.167 - - [05/May/2025:18:04:09 +0300] "GET /shopdetail/70303964 HTTP/1.1" 200 19690 "-" "Mozilla/5.0 (Linux; Android 6.0.1; Nexus 5X Build/MMB29P) AppleWebKit/537.36 (KHTML, like Gecko) Chrome/135.0.7049.95 Mobile Safari/537.36 (compatible; Googlebot/2.1; +http://www.google.com/bot.html)"
66.249.66.8 - - [05/May/2025:18:04:12 +0300] "GET /shopdetail/53720664 HTTP/1.1" 200 19983 "-" "Mozilla/5.0 (Linux; Android 6.0.1; Nexus 5X Build/MMB29P) AppleWebKit/537.36 (KHTML, like Gecko) Chrome/135.0.7049.95 Mobile Safari/537.36 (compatible; Googlebot/2.1; +http://www.google.com/bot.html)"
66.249.66.43 - - [05/May/2025:18:04:14 +0300] "POST /get-message-notify HTTP/1.1" 200 19585 "http://bmofis.com/shopdetail/50948464" "Mozilla/5.0 (Linux; Android 6.0.1; Nexus 5X Build/MMB29P) AppleWebKit/537.36 (KHTML, like Gecko) Chrome/134.0.6998.165 Mobile Safari/537.36 (compatible; Googlebot/2.1; +http://www.google.com/bot.html)"
66.249.66.8 - - [05/May/2025:18:04:16 +0300] "GET /shopdetail/50965364 HTTP/1.1" 200 19107 "-" "Mozilla/5.0 (Linux; Android 6.0.1; Nexus 5X Build/MMB29P) AppleWebKit/537.36 (KHTML, like Gecko) Chrome/135.0.7049.95 Mobile Safari/537.36 (compatible; Googlebot/2.1; +http://www.google.com/bot.html)"
66.249.66.43 - - [05/May/2025:18:04:19 +0300] "POST /get-message-notify HTTP/1.1" 200 19585 "http://bmofis.com/shopdetail/78370064" "Mozilla/5.0 (Linux; Android 6.0.1; Nexus 5X Build/MMB29P) AppleWebKit/537.36 (KHTML, like Gecko) Chrome/134.0.6998.165 Mobile Safari/537.36 (compatible; Googlebot/2.1; +http://www.google.com/bot.html)"
66.249.66.8 - - [05/May/2025:18:04:05 +0300] "POST /get-message-notify HTTP/1.1" 200 19585 "http://bmofis.com/vintagegame.html" "Mozilla/5.0 (Linux; Android 6.0.1; Nexus 5X Build/MMB29P) AppleWebKit/537.36 (KHTML, like Gecko) Chrome/134.0.6998.165 Mobile Safari/537.36 (compatible; Googlebot/2.1; +http://www.google.com/bot.html)"
66.249.66.193 - - [05/May/2025:18:04:24 +0300] "GET /shopdetail/17353264 HTTP/1.1" 200 18955 "-" "Mozilla/5.0 (Linux; Android 6.0.1; Nexus 5X Build/MMB29P) AppleWebKit/537.36 (KHTML, like Gecko) Chrome/135.0.7049.95 Mobile Safari/537.36 (compatible; Googlebot/2.1; +http://www.google.com/bot.html)"
66.249.66.167 - - [05/May/2025:18:04:27 +0300] "GET /shopdetail/65560064 HTTP/1.1" 200 19768 "-" "Mozilla/5.0 (Linux; Android 6.0.1; Nexus 5X Build/MMB29P) AppleWebKit/537.36 (KHTML, like Gecko) Chrome/135.0.7049.95 Mobile Safari/537.36 (compatible; Googlebot/2.1; +http://www.google.com/bot.html)"
66.249.66.193 - - [05/May/2025:18:04:31 +0300] "GET /shopdetail/40994464 HTTP/1.1" 200 22127 "-" "Mozilla/5.0 (Linux; Android 6.0.1; Nexus 5X Build/MMB29P) AppleWebKit/537.36 (KHTML, like Gecko) Chrome/135.0.7049.95 Mobile Safari/537.36 (compatible; Googlebot/2.1; +http://www.google.com/bot.html)"
66.249.66.193 - - [05/May/2025:18:04:32 +0300] "GET /shopdetail/92709164 HTTP/1.1" 200 20155 "-" "Mozilla/5.0 (Linux; Android 6.0.1; Nexus 5X Build/MMB29P) AppleWebKit/537.36 (KHTML, like Gecko) Chrome/135.0.7049.95 Mobile Safari/537.36 (compatible; Googlebot/2.1; +http://www.google.com/bot.html)"
66.249.66.72 - - [05/May/2025:18:04:34 +0300] "POST /get-message-notify HTTP/1.1" 200 19585 "http://bmofis.com/shopdetail/65560064" "Mozilla/5.0 (Linux; Android 6.0.1; Nexus 5X Build/MMB29P) AppleWebKit/537.36 (KHTML, like Gecko) Chrome/134.0.6998.165 Mobile Safari/537.36 (compatible; Googlebot/2.1; +http://www.google.com/bot.html)"
66.249.66.168 - - [05/May/2025:18:04:39 +0300] "GET /shopdetail/274754364 HTTP/1.1" 200 21332 "-" "Mozilla/5.0 (Linux; Android 6.0.1; Nexus 5X Build/MMB29P) AppleWebKit/537.36 (KHTML, like Gecko) Chrome/135.0.7049.95 Mobile Safari/537.36 (compatible; Googlebot/2.1; +http://www.google.com/bot.html)"
66.249.66.43 - - [05/May/2025:18:04:41 +0300] "GET /shopdetail/168233664 HTTP/1.1" 200 20286 "-" "Mozilla/5.0 (Linux; Android 6.0.1; Nexus 5X Build/MMB29P) AppleWebKit/537.36 (KHTML, like Gecko) Chrome/135.0.7049.95 Mobile Safari/537.36 (compatible; Googlebot/2.1; +http://www.google.com/bot.html)"
179.43.149.114 - - [05/May/2025:18:04:47 +0300] "GET //www.bmofis.com/wp-content/plugins/duracelltomi-google-tag-manager/js/gtm4wp-form-move-tracker.js HTTP/1.1" 200 24579 "-" "Mozilla/5.0 (compatible; bingbot/2.0  http://www.bing.com/bingbot.htm)"
179.43.149.114 - - [05/May/2025:18:04:47 +0300] "GET //www.bmofis.com/wp-content/plugins/woocommerce/assets/js/frontend/add-to-cart.min.js HTTP/1.1" 200 5234 "-" "Python-urllib/2.5"
179.43.149.114 - - [05/May/2025:18:04:47 +0300] "GET //www.bmofis.com/wp-content/plugins/mystickymenu/js/morphext/morphext.min.js HTTP/1.1" 200 5225 "-" "Mozilla/5.0 (X11; CrOS x86_64 5841.83.0) AppleWebKit/537.36 (KHTML like Gecko) Chrome/36.0.1985.138 Safari/537.36"
179.43.149.114 - - [05/May/2025:18:04:47 +0300] "GET //www.bmofis.com/wp-content/plugins/revslider/public/assets/js/jquery.themepunch.revolution.min.js HTTP/1.1" 200 5225 "-" "Mozilla/5.0 (Macintosh; Intel Mac OS X 10_12_2) AppleWebKit/537.36 (KHTML, like Gecko) Chrome/76.0.3809.100 Safari/537.36"
179.43.149.114 - - [05/May/2025:18:04:47 +0300] "GET //www.bmofis.com/wp-content/plugins/wp-video-lightbox/js/jquery.prettyPhoto.min.js HTTP/1.1" 200 5234 "-" "Mozilla/5.0 (Windows NT 6.1; WOW64) AppleWebKit/537.36 (KHTML, like Gecko) Chrome/55.0.2883.87 UBrowser/6.2.4098.3 Safari/537.36"
179.43.149.114 - - [05/May/2025:18:04:47 +0300] "GET //www.bmofis.com/wp-content/plugins/woocommerce/assets/js/frontend/cart-fragments.min.js HTTP/1.1" 200 5252 "-" "Mozilla/5.0 (Macintosh; Intel Mac OS X 10.8; rv:16.0) Gecko/20120813 Firefox/16.0"
179.43.149.114 - - [05/May/2025:18:04:47 +0300] "GET //www.bmofis.com/wp-content/plugins/duracelltomi-google-tag-manager/js/gtm4wp-contact-form-7-tracker.js HTTP/1.1" 200 5296 "-" "Mozilla/5.0 (Linux; Android 9; SM-G950U1) AppleWebKit/537.36 (KHTML, like Gecko) Chrome/76.0.3809.111 Mobile Safari/537.36"
66.249.66.167 - - [05/May/2025:18:04:21 +0300] "GET /shopdetail/49779564 HTTP/1.1" 200 20175 "-" "Mozilla/5.0 (Linux; Android 6.0.1; Nexus 5X Build/MMB29P) AppleWebKit/537.36 (KHTML, like Gecko) Chrome/135.0.7049.95 Mobile Safari/537.36 (compatible; Googlebot/2.1; +http://www.google.com/bot.html)"
66.249.66.8 - - [05/May/2025:18:04:29 +0300] "POST /get-message-notify HTTP/1.1" 200 19585 "http://bmofis.com/shopdetail/53720664" "Mozilla/5.0 (Linux; Android 6.0.1; Nexus 5X Build/MMB29P) AppleWebKit/537.36 (KHTML, like Gecko) Chrome/134.0.6998.165 Mobile Safari/537.36 (compatible; Googlebot/2.1; +http://www.google.com/bot.html)"
66.249.66.167 - - [05/May/2025:18:04:36 +0300] "GET /shopdetail/331227864 HTTP/1.1" 200 19087 "-" "Mozilla/5.0 (Linux; Android 6.0.1; Nexus 5X Build/MMB29P) AppleWebKit/537.36 (KHTML, like Gecko) Chrome/135.0.7049.95 Mobile Safari/537.36 (compatible; Googlebot/2.1; +http://www.google.com/bot.html)"
66.249.66.71 - - [05/May/2025:18:04:43 +0300] "GET /shopdetail/387574264 HTTP/1.1" 200 19029 "-" "Mozilla/5.0 (Linux; Android 6.0.1; Nexus 5X Build/MMB29P) AppleWebKit/537.36 (KHTML, like Gecko) Chrome/135.0.7049.95 Mobile Safari/537.36 (compatible; Googlebot/2.1; +http://www.google.com/bot.html)"
179.43.149.114 - - [05/May/2025:18:04:47 +0300] "GET //www.bmofis.com/wp-content/plugins/megamenu/js/maxmegamenu.js HTTP/1.1" 200 5246 "-" "Mozilla/5.0 (Linux; Android 8.0.0; F5321) AppleWebKit/537.36 (KHTML, like Gecko) Chrome/76.0.3809.89 Mobile Safari/537.36"
179.43.149.114 - - [05/May/2025:18:04:47 +0300] "GET //cdnjs.cloudflare.com/ajax/libs/sweetalert/2.1.2/sweetalert.min.js HTTP/1.1" 200 5225 "-" "Mozilla/5.0 (Linux; Android 7.0; HUAWEI VNS-L31) AppleWebKit/537.36 (KHTML, like Gecko) Chrome/76.0.3809.111 Mobile Safari/537.36"
179.43.149.114 - - [05/May/2025:18:04:47 +0300] "GET //www.bmofis.com/wp-content/plugins/woocommerce/assets/js/jquery-blockui/jquery.blockUI.min.js HTTP/1.1" 200 5296 "-" "Mozilla/5.0 (X11; Linux x86_64) AppleWebKit/537.36 (KHTML, like Gecko) Ubuntu Chromium/67.0.3396.99 Chrome/67.0.3396.99 Safari/537.36"
179.43.149.114 - - [05/May/2025:18:04:47 +0300] "GET /wp-emoji-release.min.js HTTP/1.1" 200 5225 "-" "Mozilla/5.0 (X11; Linux i686) AppleWebKit/534.34 (KHTML, like Gecko) QupZilla/1.2.0 Safari/534.34"
179.43.149.114 - - [05/May/2025:18:04:47 +0300] "GET //www.bmofis.com/wp-content/plugins/mega-addons-for-visual-composer/js/script.js HTTP/1.1" 200 5258 "-" "Mozilla/5.0 (X11; Ubuntu; Linux x86_64) AppleWebKit/605.1.15 (KHTML, like Gecko) Version/11.0 Safari/605.1.15 Epiphany/605.1.15"
179.43.149.114 - - [05/May/2025:18:04:47 +0300] "GET //www.bmofis.com/wp-content/plugins/responsive-youtube-vimeo-popup/assets/js/wp-video-popup.js HTTP/1.1" 200 5225 "-" "Mozilla/5.0 (Macintosh; Intel Mac OS X 10_13_6) AppleWebKit/605.1.15 (KHTML, like Gecko) Version/12.0.2 Safari/605.1.15"
179.43.149.114 - - [05/May/2025:18:04:47 +0300] "GET //cdn.jsdelivr.net/jquery.slick/1.5.7/slick.min.js HTTP/1.1" 200 5296 "-" "Mozilla/5.0 (X11; Linux i686; rv:20.0) Gecko/20100101 Firefox/20.0"
179.43.149.114 - - [05/May/2025:18:04:47 +0300] "GET //www.bmofis.com/wp-content/themes/benim-ofis/js/skip-link-focus-fix.js HTTP/1.1" 200 5281 "-" "Mozilla/5.0 (X11; U; Linux x86_64; en-US; rv:1.9.1.17) Gecko/20110123 SeaMonkey/2.0.12"
179.43.149.114 - - [05/May/2025:18:04:47 +0300] "GET //stackpath.bootstrapcdn.com/bootstrap/4.3.1/js/bootstrap.min.js HTTP/1.1" 200 5281 "-" "Mozilla/5.0 (X11; Linux x86_64) AppleWebKit/537.36 (KHTML, like Gecko) Chrome/68.0.3440.106 Safari/537.36"
179.43.149.114 - - [05/May/2025:18:04:48 +0300] "GET //cdn.js HTTP/1.1" 200 4651 "-" "Opera/9.80 (Macintosh; Intel Mac OS X 10.6.8; U; fr) Presto/2.9.168 Version/11.52"
179.43.149.114 - - [05/May/2025:18:04:48 +0300] "GET //www.bmofis.com/wp-content/plugins/wp-video-lightbox/js/video-lightbox.js HTTP/1.1" 200 4621 "-" "Mozilla/5.0 (X11; Linux x86_64) AppleWebKit/537.36 (KHTML, like Gecko) Chrome/73.0.3683.103 Safari/537.36 OPR/60.0.3255.170"
179.43.149.114 - - [05/May/2025:18:04:48 +0300] "GET //cdnjs.cloudflare.com/ajax/libs/popper.js/1.14.7/umd/popper.min.js HTTP/1.1" 200 4656 "-" "Mozilla/5.0 (Windows NT 10.0; Win64; x64) AppleWebKit/537.36 (KHTML, like Gecko) Chrome/63.0.3239.108 Safari/537.36"
179.43.149.114 - - [05/May/2025:18:04:47 +0300] "GET //dev.digitalfikirler.com/bm/payment.php HTTP/1.1" 200 5296 "-" "Mozilla/5.0 (X11; Linux x86_64) AppleWebKit/537.36 (KHTML, like Gecko) Chrome/71.0.3578.80 Safari/537.36"
179.43.149.114 - - [05/May/2025:18:04:48 +0300] "GET //www.bmofis.com/wp-includes/js/jquery/jquery.min.js HTTP/1.1" 200 4643 "-" "Mozilla/5.0 (Macintosh; Intel Mac OS X 10_14_6) AppleWebKit/537.36 (KHTML, like Gecko) Chrome/77.0.3844.0 Safari/537.36"
179.43.149.114 - - [05/May/2025:18:04:48 +0300] "GET //www.bmofis.com/wp-includes/js/jquery/jquery-migrate.min.js HTTP/1.1" 200 4696 "-" "Mozilla/5.0 (Windows NT 6.2; WOW64) AppleWebKit/537.36 (KHTML like Gecko) Chrome/28.0.1469.0 Safari/537.36"
179.43.149.114 - - [05/May/2025:18:04:48 +0300] "GET //cdnjs.cloudflare.com/ajax/libs/jquery/3.4.1/jquery.min.js HTTP/1.1" 200 4681 "-" "Mozilla/5.0 (Windows NT 10.0; WOW64) AppleWebKit/537.36 (KHTML, like Gecko) Chrome/73.0.3683.86 Safari/537.36"
179.43.149.114 - - [05/May/2025:18:04:49 +0300] "GET //www.bmofis.com/wp-content/plugins/mystickymenu/js/welcomebar-front.js HTTP/1.1" 200 4681 "-" "Mozilla/5.0 (Windows NT 10.0; WOW64) AppleWebKit/537.36 (KHTML, like Gecko) Chrome/75.0.3770.80 Safari/537.36"
179.43.149.114 - - [05/May/2025:18:04:47 +0300] "GET /slick/slick.min.js HTTP/1.1" 200 5225 "-" "Mozilla/5.0 (Windows NT 10.0; Win64; x64) AppleWebKit/537.36 (KHTML, like Gecko) Chrome/66.0.3359.170 Safari/537.36"
179.43.149.114 - - [05/May/2025:18:04:50 +0300] "GET //www.bmofis.com/wp-content/plugins/js_composer_theme/assets/js/dist/js_composer_front.min.js HTTP/1.1" 200 4696 "-" "Mozilla/5.0 (Linux; Android 7.0; HUAWEI VNS-L31) AppleWebKit/537.36 (KHTML, like Gecko) Chrome/76.0.3809.111 Mobile Safari/537.36"
179.43.149.114 - - [05/May/2025:18:04:50 +0300] "GET //www.bmofis.com/wp-content/plugins/woocommerce/assets/js/frontend/woocommerce.min.js HTTP/1.1" 200 4716 "-" "Mozilla/5.0 (Linux; Android 9; RMX1801) AppleWebKit/537.36 (KHTML, like Gecko) Chrome/76.0.3809.111 Mobile Safari/537.36"
179.43.149.114 - - [05/May/2025:18:04:50 +0300] "GET //dev.digitalfikirler.com/bm/mask.js HTTP/1.1" 200 4696 "-" "Mozilla/5.0 (Linux; Android 9; ANE-LX3) AppleWebKit/537.36 (KHTML, like Gecko) Chrome/76.0.3809.111 Mobile Safari/537.36"
179.43.149.114 - - [05/May/2025:18:04:47 +0300] "GET //www.bmofis.com/wp-content/plugins/mystickymenu/js/detectmobilebrowser.js HTTP/1.1" 200 5281 "-" "Mozilla/5.0 (Linux; Android 8.1.0; Redmi 6) AppleWebKit/537.36 (KHTML, like Gecko) Chrome/76.0.3809.111 Mobile Safari/537.36"
66.249.66.168 - - [05/May/2025:18:04:54 +0300] "GET /shopdetail/117925664 HTTP/1.1" 200 19407 "-" "Mozilla/5.0 (Linux; Android 6.0.1; Nexus 5X Build/MMB29P) AppleWebKit/537.36 (KHTML, like Gecko) Chrome/135.0.7049.95 Mobile Safari/537.36 (compatible; Googlebot/2.1; +http://www.google.com/bot.html)"
179.43.149.114 - - [05/May/2025:18:04:48 +0300] "GET //www.bmofis.com/wp-content/plugins/mystickymenu/js/mystickymenu.min.js HTTP/1.1" 200 5234 "-" "WebCopier v4.6"
66.249.66.168 - - [05/May/2025:18:04:57 +0300] "GET /shopdetail/313052264 HTTP/1.1" 200 19613 "-" "Mozilla/5.0 (Linux; Android 6.0.1; Nexus 5X Build/MMB29P) AppleWebKit/537.36 (KHTML, like Gecko) Chrome/135.0.7049.95 Mobile Safari/537.36 (compatible; Googlebot/2.1; +http://www.google.com/bot.html)"
66.249.66.167 - - [05/May/2025:18:05:01 +0300] "GET /shopdetail/174609064 HTTP/1.1" 200 20219 "-" "Mozilla/5.0 (Linux; Android 6.0.1; Nexus 5X Build/MMB29P) AppleWebKit/537.36 (KHTML, like Gecko) Chrome/135.0.7049.95 Mobile Safari/537.36 (compatible; Googlebot/2.1; +http://www.google.com/bot.html)"
179.43.149.114 - - [05/May/2025:18:04:48 +0300] "GET //www.bmofis.com/wp-content/plugins/wp-smushit/app/assets/js/smush-lazy-load.min.js HTTP/1.1" 200 4652 "-" "Mozilla/5.0 (Linux; U; Android 1.5; en-us; T-Mobile G1 Build/CRB43) AppleWebKit/528.5  (KHTML, like Gecko) Version/3.1.2 Mobile Safari 525.20.1"
179.43.149.114 - - [05/May/2025:18:04:48 +0300] "GET //www.bmofis.com/wp-admin/admin-ajax.php HTTP/1.1" 200 4652 "-" "WebZIP/3.5 (http://www.spidersoft.com)"
179.43.149.114 - - [05/May/2025:18:04:48 +0300] "GET //www.bmofis.com/wp-includes/js/jquery/ui/core.min.js HTTP/1.1" 200 4651 "-" "Mozilla/5.0 (X11; Linux x86_64) AppleWebKit/537.36 (KHTML, like Gecko) Chrome/71.0.3578.80 Safari/537.36"
179.43.149.114 - - [05/May/2025:18:04:48 +0300] "GET //www.bmofis.com/wp-content/plugins/revslider/public/assets/js/jquery.themepunch.tools.min.js HTTP/1.1" 200 4681 "-" "UCWEB/8.8 (iPhone; CPU OS_6; en-US)AppleWebKit/534.1 U3/3.0.0 Mobile"
179.43.149.114 - - [05/May/2025:18:04:47 +0300] "GET //www.bmofis.com/wp-content/plugins/js_composer_theme/assets/js/vendors/woocommerce-add-to-cart.js HTTP/1.1" 200 5225 "-" "Mozilla/5.0 (X11; Linux x86_64) AppleWebKit/537.36 (KHTML, like Gecko) Ubuntu Chromium/68.0.3440.75 Chrome/68.0.3440.75 Safari/537.36"
179.43.149.114 - - [05/May/2025:18:04:49 +0300] "GET //www.bmofis.com/wp-content/plugins/wpcf7-redirect/js/wpcf7-redirect-script.js HTTP/1.1" 200 4681 "-" "Mozilla/5.0 (Macintosh; Intel Mac OS X 10_14_4) AppleWebKit/537.36 (KHTML, like Gecko) Chrome/75.0.3770.100 Safari/537.36"
179.43.149.114 - - [05/May/2025:18:04:49 +0300] "GET //www.googletagmanager.com/gtm.js HTTP/1.1" 200 4643 "-" "HTMLParser/1.6"
66.249.66.71 - - [05/May/2025:18:04:50 +0300] "POST /get-message-notify HTTP/1.1" 200 19585 "http://bmofis.com/shopdetail/331227864" "Mozilla/5.0 (Linux; Android 6.0.1; Nexus 5X Build/MMB29P) AppleWebKit/537.36 (KHTML, like Gecko) Chrome/134.0.6998.165 Mobile Safari/537.36 (compatible; Googlebot/2.1; +http://www.google.com/bot.html)"
66.249.66.43 - - [05/May/2025:18:05:03 +0300] "GET /shopdetail/264040764 HTTP/1.1" 200 18913 "-" "Mozilla/5.0 (Linux; Android 6.0.1; Nexus 5X Build/MMB29P) AppleWebKit/537.36 (KHTML, like Gecko) Chrome/135.0.7049.95 Mobile Safari/537.36 (compatible; Googlebot/2.1; +http://www.google.com/bot.html)"
66.249.66.71 - - [05/May/2025:18:05:18 +0300] "GET /shopdetail/170966664 HTTP/1.1" 200 19633 "-" "Mozilla/5.0 (Linux; Android 6.0.1; Nexus 5X Build/MMB29P) AppleWebKit/537.36 (KHTML, like Gecko) Chrome/135.0.7049.95 Mobile Safari/537.36 (compatible; Googlebot/2.1; +http://www.google.com/bot.html)"
66.249.66.71 - - [05/May/2025:18:05:24 +0300] "GET /shopdetail/287671964 HTTP/1.1" 200 18932 "-" "Mozilla/5.0 (Linux; Android 6.0.1; Nexus 5X Build/MMB29P) AppleWebKit/537.36 (KHTML, like Gecko) Chrome/135.0.7049.95 Mobile Safari/537.36 (compatible; Googlebot/2.1; +http://www.google.com/bot.html)"
66.249.66.167 - - [05/May/2025:18:05:27 +0300] "GET /shopdetail/175543264 HTTP/1.1" 200 19425 "-" "Mozilla/5.0 (Linux; Android 6.0.1; Nexus 5X Build/MMB29P) AppleWebKit/537.36 (KHTML, like Gecko) Chrome/135.0.7049.95 Mobile Safari/537.36 (compatible; Googlebot/2.1; +http://www.google.com/bot.html)"
66.249.66.167 - - [05/May/2025:18:05:28 +0300] "POST /get-message-notify HTTP/1.1" 200 19585 "http://bmofis.com/shopdetail/202952864" "Mozilla/5.0 (Linux; Android 6.0.1; Nexus 5X Build/MMB29P) AppleWebKit/537.36 (KHTML, like Gecko) Chrome/134.0.6998.165 Mobile Safari/537.36 (compatible; Googlebot/2.1; +http://www.google.com/bot.html)"
66.249.66.193 - - [05/May/2025:18:05:30 +0300] "GET /shopdetail/114666164 HTTP/1.1" 200 20371 "-" "Mozilla/5.0 (Linux; Android 6.0.1; Nexus 5X Build/MMB29P) AppleWebKit/537.36 (KHTML, like Gecko) Chrome/135.0.7049.95 Mobile Safari/537.36 (compatible; Googlebot/2.1; +http://www.google.com/bot.html)"
66.249.66.71 - - [05/May/2025:18:05:06 +0300] "POST /get-message-notify HTTP/1.1" 200 19585 "http://bmofis.com/shopdetail/117925664" "Mozilla/5.0 (Linux; Android 6.0.1; Nexus 5X Build/MMB29P) AppleWebKit/537.36 (KHTML, like Gecko) Chrome/134.0.6998.165 Mobile Safari/537.36 (compatible; Googlebot/2.1; +http://www.google.com/bot.html)"
66.249.66.167 - - [05/May/2025:18:05:10 +0300] "GET /shopdetail/283092764 HTTP/1.1" 200 19414 "-" "Mozilla/5.0 (Linux; Android 6.0.1; Nexus 5X Build/MMB29P) AppleWebKit/537.36 (KHTML, like Gecko) Chrome/135.0.7049.95 Mobile Safari/537.36 (compatible; Googlebot/2.1; +http://www.google.com/bot.html)"
66.249.66.71 - - [05/May/2025:18:05:11 +0300] "GET /shopdetail/133713164 HTTP/1.1" 200 20226 "-" "Mozilla/5.0 (Linux; Android 6.0.1; Nexus 5X Build/MMB29P) AppleWebKit/537.36 (KHTML, like Gecko) Chrome/135.0.7049.95 Mobile Safari/537.36 (compatible; Googlebot/2.1; +http://www.google.com/bot.html)"
66.249.66.8 - - [05/May/2025:18:05:13 +0300] "GET /shopdetail/192801264 HTTP/1.1" 200 19896 "-" "Mozilla/5.0 (Linux; Android 6.0.1; Nexus 5X Build/MMB29P) AppleWebKit/537.36 (KHTML, like Gecko) Chrome/135.0.7049.95 Mobile Safari/537.36 (compatible; Googlebot/2.1; +http://www.google.com/bot.html)"
66.249.66.167 - - [05/May/2025:18:05:16 +0300] "GET /shopdetail/202952864 HTTP/1.1" 200 18300 "-" "Mozilla/5.0 (Linux; Android 6.0.1; Nexus 5X Build/MMB29P) AppleWebKit/537.36 (KHTML, like Gecko) Chrome/135.0.7049.95 Mobile Safari/537.36 (compatible; Googlebot/2.1; +http://www.google.com/bot.html)"
66.249.66.43 - - [05/May/2025:18:05:22 +0300] "POST /get-message-notify HTTP/1.1" 200 19585 "http://bmofis.com/shopdetail/133713164" "Mozilla/5.0 (Linux; Android 6.0.1; Nexus 5X Build/MMB29P) AppleWebKit/537.36 (KHTML, like Gecko) Chrome/134.0.6998.165 Mobile Safari/537.36 (compatible; Googlebot/2.1; +http://www.google.com/bot.html)"
66.249.66.9 - - [05/May/2025:18:05:36 +0300] "GET /toreka/goods_menu.html HTTP/1.1" 200 23229 "-" "Mozilla/5.0 (Linux; Android 6.0.1; Nexus 5X Build/MMB29P) AppleWebKit/537.36 (KHTML, like Gecko) Chrome/135.0.7049.95 Mobile Safari/537.36 (compatible; Googlebot/2.1; +http://www.google.com/bot.html)"
66.249.66.72 - - [05/May/2025:18:05:42 +0300] "GET /toreka/figure_menu.html HTTP/1.1" 200 18963 "-" "Mozilla/5.0 (Linux; Android 6.0.1; Nexus 5X Build/MMB29P) AppleWebKit/537.36 (KHTML, like Gecko) Chrome/135.0.7049.95 Mobile Safari/537.36 (compatible; Googlebot/2.1; +http://www.google.com/bot.html)"
66.249.66.8 - - [05/May/2025:18:05:44 +0300] "GET /toreka/toreka_menu.html HTTP/1.1" 200 18620 "-" "Mozilla/5.0 (Linux; Android 6.0.1; Nexus 5X Build/MMB29P) AppleWebKit/537.36 (KHTML, like Gecko) Chrome/135.0.7049.95 Mobile Safari/537.36 (compatible; Googlebot/2.1; +http://www.google.com/bot.html)"
66.249.66.72 - - [05/May/2025:18:05:50 +0300] "GET /feature/honten/index.html HTTP/1.1" 200 20592 "-" "Mozilla/5.0 (Linux; Android 6.0.1; Nexus 5X Build/MMB29P) AppleWebKit/537.36 (KHTML, like Gecko) Chrome/135.0.7049.95 Mobile Safari/537.36 (compatible; Googlebot/2.1; +http://www.google.com/bot.html)"
66.249.66.44 - - [05/May/2025:18:05:53 +0300] "GET /hobby/boardgame/index.html HTTP/1.1" 200 19155 "-" "Mozilla/5.0 (Linux; Android 6.0.1; Nexus 5X Build/MMB29P) AppleWebKit/537.36 (KHTML, like Gecko) Chrome/135.0.7049.95 Mobile Safari/537.36 (compatible; Googlebot/2.1; +http://www.google.com/bot.html)"
66.249.66.8 - - [05/May/2025:18:05:56 +0300] "GET /hobby/nuigurumi/nuigurumi.html HTTP/1.1" 200 19915 "-" "Mozilla/5.0 (Linux; Android 6.0.1; Nexus 5X Build/MMB29P) AppleWebKit/537.36 (KHTML, like Gecko) Chrome/135.0.7049.95 Mobile Safari/537.36 (compatible; Googlebot/2.1; +http://www.google.com/bot.html)"
66.249.66.8 - - [05/May/2025:18:05:59 +0300] "GET /feature/omiya_marui/index.html HTTP/1.1" 200 19121 "-" "Mozilla/5.0 (Linux; Android 6.0.1; Nexus 5X Build/MMB29P) AppleWebKit/537.36 (KHTML, like Gecko) Chrome/135.0.7049.95 Mobile Safari/537.36 (compatible; Googlebot/2.1; +http://www.google.com/bot.html)"
66.249.66.194 - - [05/May/2025:18:06:02 +0300] "POST /get-message-notify HTTP/1.1" 200 19585 "http://bmofis.com/man/kaitori/kantan.html" "Mozilla/5.0 (Linux; Android 6.0.1; Nexus 5X Build/MMB29P) AppleWebKit/537.36 (KHTML, like Gecko) Chrome/134.0.6998.165 Mobile Safari/537.36 (compatible; Googlebot/2.1; +http://www.google.com/bot.html)"
66.249.66.8 - - [05/May/2025:18:06:03 +0300] "GET /feature/akihabara_main/index.html HTTP/1.1" 200 19521 "-" "Mozilla/5.0 (Linux; Android 6.0.1; Nexus 5X Build/MMB29P) AppleWebKit/537.36 (KHTML, like Gecko) Chrome/135.0.7049.95 Mobile Safari/537.36 (compatible; Googlebot/2.1; +http://www.google.com/bot.html)"
66.249.66.167 - - [05/May/2025:18:06:05 +0300] "GET /feature/yokohama_maruicity/index.html HTTP/1.1" 200 19273 "-" "Mozilla/5.0 (Linux; Android 6.0.1; Nexus 5X Build/MMB29P) AppleWebKit/537.36 (KHTML, like Gecko) Chrome/135.0.7049.95 Mobile Safari/537.36 (compatible; Googlebot/2.1; +http://www.google.com/bot.html)"
66.249.66.8 - - [05/May/2025:18:06:08 +0300] "POST /get-message-notify HTTP/1.1" 200 19585 "http://bmofis.com/feature/honten/index.html" "Mozilla/5.0 (Linux; Android 6.0.1; Nexus 5X Build/MMB29P) AppleWebKit/537.36 (KHTML, like Gecko) Chrome/134.0.6998.165 Mobile Safari/537.36 (compatible; Googlebot/2.1; +http://www.google.com/bot.html)"
66.249.66.193 - - [05/May/2025:18:06:10 +0300] "GET /safe_search/config?return_url=%2Fproduct%2Fdetail%2F78551883 HTTP/1.1" 200 20213 "-" "Mozilla/5.0 (Linux; Android 6.0.1; Nexus 5X Build/MMB29P) AppleWebKit/537.36 (KHTML, like Gecko) Chrome/135.0.7049.95 Mobile Safari/537.36 (compatible; Googlebot/2.1; +http://www.google.com/bot.html)"
66.249.66.193 - - [05/May/2025:18:06:13 +0300] "GET /zhHant/product/surugaya/78551883?campaign_uid=f64d716db5e979ed2f947dbaf4296895b951ae7f HTTP/1.1" 200 20714 "-" "Mozilla/5.0 (Linux; Android 6.0.1; Nexus 5X Build/MMB29P) AppleWebKit/537.36 (KHTML, like Gecko) Chrome/135.0.7049.95 Mobile Safari/537.36 (compatible; Googlebot/2.1; +http://www.google.com/bot.html)"
66.249.66.43 - - [05/May/2025:18:06:33 +0300] "POST /get-message-notify HTTP/1.1" 200 19585 "http://bmofis.com/feature/sale2411-5/index.html" "Mozilla/5.0 (Linux; Android 6.0.1; Nexus 5X Build/MMB29P) AppleWebKit/537.36 (KHTML, like Gecko) Chrome/134.0.6998.165 Mobile Safari/537.36 (compatible; Googlebot/2.1; +http://www.google.com/bot.html)"
66.249.66.194 - - [05/May/2025:18:12:36 +0300] "POST /get-message-notify HTTP/1.1" 200 19585 "http://bmofis.com/feature/sale2411-5/index.html" "Mozilla/5.0 (Linux; Android 6.0.1; Nexus 5X Build/MMB29P) AppleWebKit/537.36 (KHTML, like Gecko) Chrome/134.0.6998.165 Mobile Safari/537.36 (compatible; Googlebot/2.1; +http://www.google.com/bot.html)"
66.249.66.194 - - [05/May/2025:18:05:32 +0300] "GET /shopdetail/263064264 HTTP/1.1" 200 20121 "-" "Mozilla/5.0 (Linux; Android 6.0.1; Nexus 5X Build/MMB29P) AppleWebKit/537.36 (KHTML, like Gecko) Chrome/135.0.7049.95 Mobile Safari/537.36 (compatible; Googlebot/2.1; +http://www.google.com/bot.html)"
66.249.66.194 - - [05/May/2025:18:05:35 +0300] "GET /shopdetail/285354764 HTTP/1.1" 200 19176 "-" "Mozilla/5.0 (Linux; Android 6.0.1; Nexus 5X Build/MMB29P) AppleWebKit/537.36 (KHTML, like Gecko) Chrome/135.0.7049.95 Mobile Safari/537.36 (compatible; Googlebot/2.1; +http://www.google.com/bot.html)"
66.249.66.168 - - [05/May/2025:18:05:39 +0300] "POST /get-message-notify HTTP/1.1" 200 19585 "http://bmofis.com/shopdetail/114666164" "Mozilla/5.0 (Linux; Android 6.0.1; Nexus 5X Build/MMB29P) AppleWebKit/537.36 (KHTML, like Gecko) Chrome/134.0.6998.165 Mobile Safari/537.36 (compatible; Googlebot/2.1; +http://www.google.com/bot.html)"
66.249.66.9 - - [05/May/2025:18:05:45 +0300] "GET /oreka/plamodel_menu.html HTTP/1.1" 200 19853 "-" "Mozilla/5.0 (Linux; Android 6.0.1; Nexus 5X Build/MMB29P) AppleWebKit/537.36 (KHTML, like Gecko) Chrome/135.0.7049.95 Mobile Safari/537.36 (compatible; Googlebot/2.1; +http://www.google.com/bot.html)"
66.249.66.43 - - [05/May/2025:18:05:49 +0300] "GET /man/kaitori/kantan.html HTTP/1.1" 200 19634 "-" "Mozilla/5.0 (Linux; Android 6.0.1; Nexus 5X Build/MMB29P) AppleWebKit/537.36 (KHTML, like Gecko) Chrome/135.0.7049.95 Mobile Safari/537.36 (compatible; Googlebot/2.1; +http://www.google.com/bot.html)"
66.249.66.168 - - [05/May/2025:18:05:54 +0300] "POST /get-message-notify HTTP/1.1" 200 19585 "http://bmofis.com/toreka/goods_menu.html" "Mozilla/5.0 (Linux; Android 6.0.1; Nexus 5X Build/MMB29P) AppleWebKit/537.36 (KHTML, like Gecko) Chrome/134.0.6998.165 Mobile Safari/537.36 (compatible; Googlebot/2.1; +http://www.google.com/bot.html)"
