66.249.66.193 - - [05/May/2025:17:59:16 +0300] "POST /get-message-notify HTTP/1.1" 200 19585 "http://bmofis.com/shopdetail/138206764" "Mozilla/5.0 (Linux; Android 6.0.1; Nexus 5X Build/MMB29P) AppleWebKit/537.36 (KHTML, like Gecko) Chrome/134.0.6998.165 Mobile Safari/537.36 (compatible; Googlebot/2.1; +http://www.google.com/bot.html)"
66.249.66.193 - - [05/May/2025:17:59:18 +0300] "GET /shopdetail/326709364 HTTP/1.1" 200 19310 "-" "Mozilla/5.0 (Linux; Android 6.0.1; Nexus 5X Build/MMB29P) AppleWebKit/537.36 (KHTML, like Gecko) Chrome/135.0.7049.95 Mobile Safari/537.36 (compatible; Googlebot/2.1; +http://www.google.com/bot.html)"
66.249.66.168 - - [05/May/2025:17:59:31 +0300] "GET /shopdetail/51883964 HTTP/1.1" 200 19208 "-" "Mozilla/5.0 (Linux; Android 6.0.1; Nexus 5X Build/MMB29P) AppleWebKit/537.36 (KHTML, like Gecko) Chrome/135.0.7049.95 Mobile Safari/537.36 (compatible; Googlebot/2.1; +http://www.google.com/bot.html)"
66.249.66.168 - - [05/May/2025:17:59:34 +0300] "GET /shopdetail/345303664 HTTP/1.1" 200 20251 "-" "Mozilla/5.0 (Linux; Android 6.0.1; Nexus 5X Build/MMB29P) AppleWebKit/537.36 (KHTML, like Gecko) Chrome/135.0.7049.95 Mobile Safari/537.36 (compatible; Googlebot/2.1; +http://www.google.com/bot.html)"
66.249.66.8 - - [05/May/2025:17:59:36 +0300] "GET /shopdetail/157287964 HTTP/1.1" 200 18950 "-" "Mozilla/5.0 (Linux; Android 6.0.1; Nexus 5X Build/MMB29P) AppleWebKit/537.36 (KHTML, like Gecko) Chrome/135.0.7049.95 Mobile Safari/537.36 (compatible; Googlebot/2.1; +http://www.google.com/bot.html)"
66.249.66.44 - - [05/May/2025:17:59:38 +0300] "GET /shopdetail/345910764 HTTP/1.1" 200 19888 "-" "Mozilla/5.0 (Linux; Android 6.0.1; Nexus 5X Build/MMB29P) AppleWebKit/537.36 (KHTML, like Gecko) Chrome/135.0.7049.95 Mobile Safari/537.36 (compatible; Googlebot/2.1; +http://www.google.com/bot.html)"
66.249.66.44 - - [05/May/2025:17:59:45 +0300] "GET /man/kaitori/ansin.html HTTP/1.1" 200 20101 "-" "Mozilla/5.0 (Linux; Android 6.0.1; Nexus 5X Build/MMB29P) AppleWebKit/537.36 (KHTML, like Gecko) Chrome/135.0.7049.95 Mobile Safari/537.36 (compatible; Googlebot/2.1; +http://www.google.com/bot.html)"
66.249.66.72 - - [05/May/2025:17:59:48 +0300] "POST /get-message-notify HTTP/1.1" 200 19585 "http://bmofis.com/shopdetail/378556364" "Mozilla/5.0 (Linux; Android 6.0.1; Nexus 5X Build/MMB29P) AppleWebKit/537.36 (KHTML, like Gecko) Chrome/134.0.6998.165 Mobile Safari/537.36 (compatible; Googlebot/2.1; +http://www.google.com/bot.html)"
179.43.149.114 - - [05/May/2025:17:59:47 +0300] "GET //www.bmofis.com/wp-content/plugins/wp-smushit/app/assets/js/smush-lazy-load.min.js HTTP/1.1" 200 5281 "-" "Mozilla/5.0 (compatible; MSIE 9.0; Windows NT 6.2; Trident/5.0)"
179.43.149.114 - - [05/May/2025:17:59:48 +0300] "GET //www.bmofis.com/wp-content/themes/benim-ofis/js/navigation.js HTTP/1.1" 200 5258 "-" "nook browser/1.0"
179.43.149.114 - - [05/May/2025:17:59:48 +0300] "GET //cdnjs.cloudflare.com/ajax/libs/sweetalert/2.1.2/sweetalert.min.js HTTP/1.1" 200 5225 "-" "Mozilla/5.0 (Linux; Android 8.1.0; ZB602KL) AppleWebKit/537.36 (KHTML, like Gecko) Chrome/76.0.3809.89 Mobile Safari/537.36"
179.43.149.114 - - [05/May/2025:17:59:48 +0300] "GET //dev.digitalfikirler.com/bm/payment.php HTTP/1.1" 200 5225 "-" "Mozilla/5.0 (Windows NT 6.1) AppleWebKit/537.36 (KHTML, like Gecko) baidu.sogo.uc.Chrome/36.0.1985.125 Safari/537.36"
179.43.149.114 - - [05/May/2025:17:59:48 +0300] "GET //www.bmofis.com/wp-content/plugins/js_composer_theme/assets/js/dist/js_composer_front.min.js HTTP/1.1" 200 5281 "-" "Mozilla/5.0 (Macintosh; Intel Mac OS X 10.8; rv:21.0) Gecko/20100101 Firefox/21.0"
66.249.66.167 - - [05/May/2025:17:59:03 +0300] "GET /text/terms HTTP/1.1" 200 19318 "-" "Mozilla/5.0 (Linux; Android 6.0.1; Nexus 5X Build/MMB29P) AppleWebKit/537.36 (KHTML, like Gecko) Chrome/135.0.7049.95 Mobile Safari/537.36 (compatible; Googlebot/2.1; +http://www.google.com/bot.html)"
66.249.66.8 - - [05/May/2025:17:59:04 +0300] "GET /shopdetail/138206764 HTTP/1.1" 200 19289 "-" "Mozilla/5.0 (Linux; Android 6.0.1; Nexus 5X Build/MMB29P) AppleWebKit/537.36 (KHTML, like Gecko) Chrome/135.0.7049.95 Mobile Safari/537.36 (compatible; Googlebot/2.1; +http://www.google.com/bot.html)"
44.246.183.89 - - [05/May/2025:17:59:05 +0300] "GET / HTTP/1.1" 200 62309 "-" "Mozilla/5.0 (Windows NT 10.0; Win64; x64) AppleWebKit/537.36 (KHTML, like Gecko) Chrome/113.0.0.0 Safari/537.36"
40.68.190.20 - - [05/May/2025:17:59:07 +0300] "GET / HTTP/1.1" 200 62309 "-" "Mozilla/5.0 (Windows NT 10.0; WOW64) AppleWebKit/537.36 (KHTML, like Gecko) Chrome/63.0.3239.84 Safari/537.36"
66.249.66.8 - - [05/May/2025:17:59:22 +0300] "GET /product_archives HTTP/1.1" 200 19295 "-" "Mozilla/5.0 (Linux; Android 6.0.1; Nexus 5X Build/MMB29P) AppleWebKit/537.36 (KHTML, like Gecko) Chrome/135.0.7049.95 Mobile Safari/537.36 (compatible; Googlebot/2.1; +http://www.google.com/bot.html)"
66.249.66.71 - - [05/May/2025:17:59:23 +0300] "POST /get-message-notify HTTP/1.1" 200 19585 "http://bmofis.com/shopdetail/250238364" "Mozilla/5.0 (Linux; Android 6.0.1; Nexus 5X Build/MMB29P) AppleWebKit/537.36 (KHTML, like Gecko) Chrome/134.0.6998.165 Mobile Safari/537.36 (compatible; Googlebot/2.1; +http://www.google.com/bot.html)"
66.249.66.167 - - [05/May/2025:17:59:25 +0300] "GET /shopdetail/44042164 HTTP/1.1" 200 20733 "-" "Mozilla/5.0 (Linux; Android 6.0.1; Nexus 5X Build/MMB29P) AppleWebKit/537.36 (KHTML, like Gecko) Chrome/135.0.7049.95 Mobile Safari/537.36 (compatible; Googlebot/2.1; +http://www.google.com/bot.html)"
66.249.66.43 - - [05/May/2025:17:59:27 +0300] "POST /get-message-notify HTTP/1.1" 200 19585 "http://bmofis.com/shopdetail/32724864" "Mozilla/5.0 (Linux; Android 6.0.1; Nexus 5X Build/MMB29P) AppleWebKit/537.36 (KHTML, like Gecko) Chrome/134.0.6998.165 Mobile Safari/537.36 (compatible; Googlebot/2.1; +http://www.google.com/bot.html)"
66.249.66.193 - - [05/May/2025:17:59:29 +0300] "GET /shopdetail/105447464 HTTP/1.1" 200 19769 "-" "Mozilla/5.0 (Linux; Android 6.0.1; Nexus 5X Build/MMB29P) AppleWebKit/537.36 (KHTML, like Gecko) Chrome/135.0.7049.95 Mobile Safari/537.36 (compatible; Googlebot/2.1; +http://www.google.com/bot.html)"
66.249.66.43 - - [05/May/2025:17:59:32 +0300] "GET /shopdetail/378556364 HTTP/1.1" 200 19624 "-" "Mozilla/5.0 (Linux; Android 6.0.1; Nexus 5X Build/MMB29P) AppleWebKit/537.36 (KHTML, like Gecko) Chrome/135.0.7049.95 Mobile Safari/537.36 (compatible; Googlebot/2.1; +http://www.google.com/bot.html)"
66.249.66.72 - - [05/May/2025:17:59:41 +0300] "POST /get-message-notify HTTP/1.1" 200 19585 "http://bmofis.com/shopdetail/105447464" "Mozilla/5.0 (Linux; Android 6.0.1; Nexus 5X Build/MMB29P) AppleWebKit/537.36 (KHTML, like Gecko) Chrome/134.0.6998.165 Mobile Safari/537.36 (compatible; Googlebot/2.1; +http://www.google.com/bot.html)"
66.249.66.71 - - [05/May/2025:17:59:42 +0300] "GET /shopdetail/13453464 HTTP/1.1" 200 18754 "-" "Mozilla/5.0 (Linux; Android 6.0.1; Nexus 5X Build/MMB29P) AppleWebKit/537.36 (KHTML, like Gecko) Chrome/135.0.7049.95 Mobile Safari/537.36 (compatible; Googlebot/2.1; +http://www.google.com/bot.html)"
179.43.149.114 - - [05/May/2025:17:59:48 +0300] "GET //www.bmofis.com/wp-includes/js/jquery/jquery.min.js HTTP/1.1" 200 5281 "-" "Mozilla/5.0 (X11; Ubuntu; Linux x86_64) AppleWebKit/605.1.15 (KHTML, like Gecko) Version/11.0 Safari/605.1.15 Epiphany/605.1.15"
179.43.149.114 - - [05/May/2025:17:59:49 +0300] "GET //www.bmofis.com/wp-content/plugins/woocommerce/assets/js/frontend/woocommerce.min.js HTTP/1.1" 200 5225 "-" "Mozilla/5.0 (Windows NT 6.3; Win64; x64) AppleWebKit/537.36 (KHTML, like Gecko) Chrome/72.0.3626.109 Safari/537.36"
179.43.149.114 - - [05/May/2025:17:59:48 +0300] "GET //www.bmofis.com/wp-admin/admin-ajax.php HTTP/1.1" 200 5296 "-" "Mozilla/5.0 (Linux; Android 8.0.0; Lenovo K8 Note) AppleWebKit/537.36 (KHTML, like Gecko) Chrome/76.0.3809.111 Mobile Safari/537.36"
179.43.149.114 - - [05/May/2025:17:59:48 +0300] "GET //www.bmofis.com/wp-content/plugins/contact-form-7/includes/js/scripts.js HTTP/1.1" 200 5186 "-" "Mozilla/5.0 (Windows NT 6.1; rv:21.0) Gecko/20130401 Firefox/21.0"
179.43.149.114 - - [05/May/2025:17:59:50 +0300] "GET //www.bmofis.com/wp-content/plugins/mystickymenu/js/morphext/morphext.min.js HTTP/1.1" 200 4629 "-" "Mozilla/5.0 (X11; Linux x86_64) AppleWebKit/537.36 (KHTML, like Gecko) snap Chromium/75.0.3770.142 Chrome/75.0.3770.142 Safari/537.36"
179.43.149.114 - - [05/May/2025:17:59:50 +0300] "GET //www.bmofis.com/wp-content/plugins/woocommerce/assets/js/frontend/add-to-cart.min.js HTTP/1.1" 200 4634 "-" "BlackBerry9000/4.6.0.167 Profile/MIDP-2.0 Configuration/CLDC-1.1 VendorID/102"
179.43.149.114 - - [05/May/2025:17:59:51 +0300] "GET //www.bmofis.com/wp-content/plugins/duracelltomi-google-tag-manager/js/gtm4wp-form-move-tracker.js HTTP/1.1" 200 4656 "-" "Mozilla/5.0 (Linux; Android 7.0; Moto G (4)) AppleWebKit/537.36 (KHTML, like Gecko) Chrome/76.0.3809.111 Mobile Safari/537.36"
179.43.149.114 - - [05/May/2025:17:59:51 +0300] "GET /slick/slick.min.js HTTP/1.1" 200 4696 "-" "Vodafone/1.0/V802SE/SEJ001 Browser/SEMC-Browser/4.1"
66.249.66.43 - - [05/May/2025:17:59:51 +0300] "GET /shopdetail/386556164 HTTP/1.1" 200 19817 "-" "Mozilla/5.0 (Linux; Android 6.0.1; Nexus 5X Build/MMB29P) AppleWebKit/537.36 (KHTML, like Gecko) Chrome/135.0.7049.95 Mobile Safari/537.36 (compatible; Googlebot/2.1; +http://www.google.com/bot.html)"
179.43.149.114 - - [05/May/2025:17:59:48 +0300] "GET //cdn.jsdelivr.net/jquery.slick/1.5.7/slick.min.js HTTP/1.1" 200 5225 "-" "Mozilla/5.0 (X11; Linux x86_64) AppleWebKit/537.36 (KHTML, like Gecko) snap Chromium/76.0.3809.100 Chrome/76.0.3809.100 Safari/537.36"
179.43.149.114 - - [05/May/2025:17:59:48 +0300] "GET //www.bmofis.com/wp-content/plugins/duracelltomi-google-tag-manager/js/gtm4wp-contact-form-7-tracker.js HTTP/1.1" 200 5222 "-" "Mozilla/5.0 (Linux; U; Android 8.1.0; zh-CN; EML-AL00 Build/HUAWEIEML-AL00) AppleWebKit/537.36 (KHTML, like Gecko) Version/4.0 Chrome/57.0.2987.108 baidu.sogo.uc.UCBrowser/11.9.4.974 UWS/2.13.1.48 Mobile Safari/537.36 AliApp(DingTalk/4.5.11) com.alibaba.android.rimet/10487439 Channel/227200 language/zh-CN"
179.43.149.114 - - [05/May/2025:17:59:50 +0300] "GET //www.bmofis.com/wp-content/plugins/megamenu/js/maxmegamenu.js HTTP/1.1" 200 5281 "-" "Mozilla/5.0 (Windows NT 10.0; Win64; x64) AppleWebKit/537.36 (KHTML, like Gecko) Chrome/78.0.3880.0 Safari/537.36"
179.43.149.114 - - [05/May/2025:17:59:49 +0300] "GET //www.bmofis.com/wp-content/plugins/revslider/public/assets/js/jquery.themepunch.revolution.min.js HTTP/1.1" 200 5296 "-" "Mozilla/5.0 (Windows NT 6.1; WOW64) AppleWebKit/537.36 (KHTML, like Gecko) Chrome/32.0.1700.76 Safari/537.36 OPR/19.0.1326.56"
179.43.149.114 - - [05/May/2025:17:59:49 +0300] "GET //www.bmofis.com/wp-content/plugins/mystickymenu/js/welcomebar-front.js HTTP/1.1" 200 5251 "-" "Mozilla/5.0 (Windows NT 6.0; rv:14.0) Gecko/20100101 Firefox/14.0.1"
66.249.66.167 - - [05/May/2025:17:59:59 +0300] "POST /get-message-notify HTTP/1.1" 200 19587 "http://bmofis.com/man/kaitori/ansin.html" "Mozilla/5.0 (Linux; Android 6.0.1; Nexus 5X Build/MMB29P) AppleWebKit/537.36 (KHTML, like Gecko) Chrome/134.0.6998.165 Mobile Safari/537.36 (compatible; Googlebot/2.1; +http://www.google.com/bot.html)"
66.249.66.43 - - [05/May/2025:18:00:11 +0300] "GET /pcmypage?callback=/product%2Fdetail%2F78551883 HTTP/1.1" 200 19352 "-" "Mozilla/5.0 (Linux; Android 6.0.1; Nexus 5X Build/MMB29P) AppleWebKit/537.36 (KHTML, like Gecko) Chrome/135.0.7049.95 Mobile Safari/537.36 (compatible; Googlebot/2.1; +http://www.google.com/bot.html)"
179.43.149.114 - - [05/May/2025:17:59:49 +0300] "GET //www.bmofis.com/wp-content/plugins/revslider/public/assets/js/jquery.themepunch.tools.min.js HTTP/1.1" 200 5225 "-" "Mozilla/5.0 (X11; Linux x86_64) AppleWebKit/537.36 (KHTML, like Gecko) Chrome/55.0.2876.0 Safari/537.36"
179.43.149.114 - - [05/May/2025:17:59:47 +0300] "GET //www.bmofis.com/wp-content/plugins/wpcf7-redirect/js/wpcf7-redirect-script.js HTTP/1.1" 200 5225 "-" "Opera/7.50 (Windows XP; U)"
179.43.149.114 - - [05/May/2025:17:59:49 +0300] "GET //www.bmofis.com/wp-content/plugins/woocommerce/assets/js/jquery-blockui/jquery.blockUI.min.js HTTP/1.1" 200 5225 "-" "TurnitinBot (https://turnitin.com/robot/crawlerinfo.html)"
179.43.149.114 - - [05/May/2025:17:59:49 +0300] "GET //www.bmofis.com/wp-content/plugins/woocommerce/assets/js/frontend/cart-fragments.min.js HTTP/1.1" 200 5225 "-" "Mozilla/5.0 (Linux; Android 9; SM-G960F) AppleWebKit/537.36 (KHTML, like Gecko) Chrome/76.0.3809.111 Mobile Safari/537.36"
179.43.149.114 - - [05/May/2025:17:59:49 +0300] "GET //www.bmofis.com/wp-content/plugins/mystickymenu/js/mystickymenu.min.js HTTP/1.1" 200 5225 "-" "Mozilla/5.0 (Linux; Android 9; SM-A705GM) AppleWebKit/537.36 (KHTML, like Gecko) Chrome/75.0.3770.143 Mobile Safari/537.36"
179.43.149.114 - - [05/May/2025:17:59:50 +0300] "GET //www.bmofis.com/wp-content/plugins/mystickymenu/js/detectmobilebrowser.js HTTP/1.1" 200 5225 "-" "Mozilla/5.0 (Windows NT 6.3; Win64; x64) AppleWebKit/537.36 (KHTML, like Gecko) Chrome/37.0.2049.0 Safari/537.36"
179.43.149.114 - - [05/May/2025:17:59:51 +0300] "GET //stackpath.bootstrapcdn.com/bootstrap/4.3.1/js/bootstrap.min.js HTTP/1.1" 200 5225 "-" "Mozilla/5.0 (Windows NT 10.0; Win64; x64) AppleWebKit/537.36 (KHTML, like Gecko) Chrome/69.0.3497.100 Safari/537.36"
179.43.149.114 - - [05/May/2025:17:59:52 +0300] "GET //www.bmofis.com/wp-content/plugins/woocommerce/assets/js/js-cookie/js.cookie.min.js HTTP/1.1" 200 5225 "-" "Mozilla/5.0 (OS/2; Warp 4.5; rv:24.0) Gecko/20100101 Firefox/24.0"
216.244.66.198 - - [05/May/2025:17:59:58 +0300] "GET /urun-kategori/piuma-surme-dus-sistemi HTTP/1.1" 200 62309 "-" "Mozilla/5.0 (compatible; DotBot/1.2; +https://opensiteexplorer.org/dotbot; help@moz.com)"
66.249.66.43 - - [05/May/2025:18:00:05 +0300] "GET /boyslove.html HTTP/1.1" 200 19046 "-" "Mozilla/5.0 (Linux; Android 6.0.1; Nexus 5X Build/MMB29P) AppleWebKit/537.36 (KHTML, like Gecko) Chrome/135.0.7049.95 Mobile Safari/537.36 (compatible; Googlebot/2.1; +http://www.google.com/bot.html)"
66.249.66.193 - - [05/May/2025:18:00:07 +0300] "GET /shopdetail/357935464 HTTP/1.1" 200 19478 "-" "Mozilla/5.0 (Linux; Android 6.0.1; Nexus 5X Build/MMB29P) AppleWebKit/537.36 (KHTML, like Gecko) Chrome/135.0.7049.95 Mobile Safari/537.36 (compatible; Googlebot/2.1; +http://www.google.com/bot.html)"
66.249.66.193 - - [05/May/2025:18:00:10 +0300] "GET /shopdetail/290233864 HTTP/1.1" 200 19741 "-" "Mozilla/5.0 (Linux; Android 6.0.1; Nexus 5X Build/MMB29P) AppleWebKit/537.36 (KHTML, like Gecko) Chrome/135.0.7049.95 Mobile Safari/537.36 (compatible; Googlebot/2.1; +http://www.google.com/bot.html)"
66.249.66.8 - - [05/May/2025:18:00:21 +0300] "POST /get-message-notify HTTP/1.1" 200 19585 "http://bmofis.com/shopdetail/290233864" "Mozilla/5.0 (Linux; Android 6.0.1; Nexus 5X Build/MMB29P) AppleWebKit/537.36 (KHTML, like Gecko) Chrome/134.0.6998.165 Mobile Safari/537.36 (compatible; Googlebot/2.1; +http://www.google.com/bot.html)"
66.249.66.167 - - [05/May/2025:18:00:27 +0300] "POST /get-message-notify HTTP/1.1" 200 19585 "http://bmofis.com/pcmypage?callback=product/review/78551883" "Mozilla/5.0 (Linux; Android 6.0.1; Nexus 5X Build/MMB29P) AppleWebKit/537.36 (KHTML, like Gecko) Chrome/134.0.6998.165 Mobile Safari/537.36 (compatible; Googlebot/2.1; +http://www.google.com/bot.html)"
66.249.66.167 - - [05/May/2025:18:00:15 +0300] "GET /pcmypage?callback=product/review/78551883 HTTP/1.1" 200 18747 "-" "Mozilla/5.0 (Linux; Android 6.0.1; Nexus 5X Build/MMB29P) AppleWebKit/537.36 (KHTML, like Gecko) Chrome/135.0.7049.95 Mobile Safari/537.36 (compatible; Googlebot/2.1; +http://www.google.com/bot.html)"
66.249.66.167 - - [05/May/2025:18:00:16 +0300] "POST /get-message-notify HTTP/1.1" 200 19585 "http://bmofis.com/boyslove.html" "Mozilla/5.0 (Linux; Android 6.0.1; Nexus 5X Build/MMB29P) AppleWebKit/537.36 (KHTML, like Gecko) Chrome/134.0.6998.165 Mobile Safari/537.36 (compatible; Googlebot/2.1; +http://www.google.com/bot.html)"
66.249.66.167 - - [05/May/2025:18:00:18 +0300] "GET /feature/sale2411-5/index.html HTTP/1.1" 200 18621 "-" "Mozilla/5.0 (Linux; Android 6.0.1; Nexus 5X Build/MMB29P) AppleWebKit/537.36 (KHTML, like Gecko) Chrome/135.0.7049.95 Mobile Safari/537.36 (compatible; Googlebot/2.1; +http://www.google.com/bot.html)"
66.249.66.3 - - [05/May/2025:18:00:25 +0300] "GET /shopdetail/70682864 HTTP/1.1" 200 19500 "-" "Mozilla/5.0 (Linux; Android 6.0.1; Nexus 5X Build/MMB29P) AppleWebKit/537.36 (KHTML, like Gecko) Chrome/135.0.7049.95 Mobile Safari/537.36 (compatible; Googlebot/2.1; +http://www.google.com/bot.html)"
179.43.149.114 - - [05/May/2025:18:00:47 +0300] "GET //www.bmofis.com/wp-content/themes/benim-ofis/js/skip-link-focus-fix.js HTTP/1.1" 200 5225 "-" "Mozilla/5.0 (Linux; Android 9; MI 8 Build/PKQ1.180729.001; wv) AppleWebKit/537.36 (KHTML, like Gecko) Version/4.0 Chrome/66.0.3359.126 MQQBrowser/6.2 TBS/044851 Mobile Safari/537.36 MMWEBID/2901 MicroMessenger/7.0.6.1460(0x2700066A) Process/tools NetType/4G Language/zh_CN"
179.43.149.114 - - [05/May/2025:18:00:47 +0300] "GET //www.bmofis.com/wp-content/plugins/contact-form-7/includes/js/scripts.js HTTP/1.1" 200 5258 "-" "Mozilla/5.0 (Linux; U; Android 9; zh-cn; PCCM00 Build/PKQ1.190223.001) AppleWebKit/537.36 (KHTML, like Gecko) Version/4.0 Chrome/70.0.3538.80 Mobile Safari/537.36 OppoBrowser/20.6.0.0.2beta"
179.43.149.114 - - [05/May/2025:18:00:47 +0300] "GET //www.bmofis.com/wp-content/plugins/revslider/public/assets/js/jquery.themepunch.tools.min.js HTTP/1.1" 200 5243 "-" "Mozilla/5.0 (Windows NT 10.0; WOW64) AppleWebKit/537.36 (KHTML, like Gecko) Chrome/71.0.3578.98 Safari/537.36"
179.43.149.114 - - [05/May/2025:18:00:47 +0300] "GET //dev.digitalfikirler.com/bm/mask.js HTTP/1.1" 200 5258 "-" "Mozilla/5.0 (X11; Linux x86_64) AppleWebKit/537.36 (KHTML, like Gecko) Chrome/76.0.3809.89 Safari/537.36"
179.43.149.114 - - [05/May/2025:18:00:47 +0300] "GET //www.bmofis.com/wp-content/plugins/mystickymenu/js/morphext/morphext.min.js HTTP/1.1" 200 5225 "-" "Offline Explorer/2.5"
179.43.149.114 - - [05/May/2025:18:00:48 +0300] "GET /wp-emoji-release.min.js HTTP/1.1" 200 4629 "-" "Mozilla/5.0 (Windows NT 6.1; WOW64) AppleWebKit/537.36 (KHTML, like Gecko) Chrome/58.0.3029.110 Safari/537.36 SE 2.X MetaSr 1.0"
179.43.149.114 - - [05/May/2025:18:00:47 +0300] "GET //cdn.js HTTP/1.1" 200 5296 "-" "Mozilla/5.0 (X11; Linux x86_64) AppleWebKit/537.36 (KHTML, like Gecko) Chrome/55.0.2876.0 Safari/537.36"
179.43.149.114 - - [05/May/2025:18:00:47 +0300] "GET //www.bmofis.com/wp-content/plugins/duracelltomi-google-tag-manager/js/gtm4wp-form-move-tracker.js HTTP/1.1" 200 5225 "-" "Mozilla/5.0 (Linux; Android 6.0.1; SM-N910S) AppleWebKit/537.36 (KHTML, like Gecko) Chrome/75.0.3770.143 Mobile Safari/537.36"
179.43.149.114 - - [05/May/2025:18:00:47 +0300] "GET //cdnjs.cloudflare.com/ajax/libs/jquery/3.4.1/jquery.min.js HTTP/1.1" 200 5258 "-" "Mozilla/5.0 (BlackBerry; U; BlackBerry 9800; en) AppleWebKit/534.1  (KHTML, Like Gecko) Version/6.0.0.141 Mobile Safari/534.1"
179.43.149.114 - - [05/May/2025:18:00:47 +0300] "GET //www.googletagmanager.com/gtm.js HTTP/1.1" 200 4662 "-" "Mozilla/5.0 (iPad; CPU OS 8_4_1 like Mac OS X) AppleWebKit/600.1.4 (KHTML, like Gecko) Version/8.0 Mobile/12H321 Safari/600.1.4"
66.249.66.43 - - [05/May/2025:18:00:30 +0300] "GET /shopdetail/49474064 HTTP/1.1" 200 20625 "-" "Mozilla/5.0 (Linux; Android 6.0.1; Nexus 5X Build/MMB29P) AppleWebKit/537.36 (KHTML, like Gecko) Chrome/135.0.7049.95 Mobile Safari/537.36 (compatible; Googlebot/2.1; +http://www.google.com/bot.html)"
66.249.66.167 - - [05/May/2025:18:00:33 +0300] "GET /shopdetail/24877564 HTTP/1.1" 200 18591 "-" "Mozilla/5.0 (Linux; Android 6.0.1; Nexus 5X Build/MMB29P) AppleWebKit/537.36 (KHTML, like Gecko) Chrome/135.0.7049.95 Mobile Safari/537.36 (compatible; Googlebot/2.1; +http://www.google.com/bot.html)"
66.249.66.167 - - [05/May/2025:18:00:34 +0300] "GET /shopdetail/104145664 HTTP/1.1" 200 19094 "-" "Mozilla/5.0 (Linux; Android 6.0.1; Nexus 5X Build/MMB29P) AppleWebKit/537.36 (KHTML, like Gecko) Chrome/135.0.7049.95 Mobile Safari/537.36 (compatible; Googlebot/2.1; +http://www.google.com/bot.html)"
66.249.66.8 - - [05/May/2025:18:00:36 +0300] "POST /get-message-notify HTTP/1.1" 200 19585 "http://bmofis.com/shopdetail/49474064" "Mozilla/5.0 (Linux; Android 6.0.1; Nexus 5X Build/MMB29P) AppleWebKit/537.36 (KHTML, like Gecko) Chrome/134.0.6998.165 Mobile Safari/537.36 (compatible; Googlebot/2.1; +http://www.google.com/bot.html)"
66.249.66.194 - - [05/May/2025:18:00:39 +0300] "GET /shopdetail/133528564 HTTP/1.1" 200 20581 "-" "Mozilla/5.0 (Linux; Android 6.0.1; Nexus 5X Build/MMB29P) AppleWebKit/537.36 (KHTML, like Gecko) Chrome/135.0.7049.95 Mobile Safari/537.36 (compatible; Googlebot/2.1; +http://www.google.com/bot.html)"
66.249.66.168 - - [05/May/2025:18:00:41 +0300] "GET /toreka/toreka_single.html HTTP/1.1" 200 19142 "-" "Mozilla/5.0 (Linux; Android 6.0.1; Nexus 5X Build/MMB29P) AppleWebKit/537.36 (KHTML, like Gecko) Chrome/135.0.7049.95 Mobile Safari/537.36 (compatible; Googlebot/2.1; +http://www.google.com/bot.html)"
66.249.66.44 - - [05/May/2025:18:00:44 +0300] "POST /get-message-notify HTTP/1.1" 200 19585 "http://bmofis.com/shopdetail/24877564" "Mozilla/5.0 (Linux; Android 6.0.1; Nexus 5X Build/MMB29P) AppleWebKit/537.36 (KHTML, like Gecko) Chrome/134.0.6998.165 Mobile Safari/537.36 (compatible; Googlebot/2.1; +http://www.google.com/bot.html)"
179.43.149.114 - - [05/May/2025:18:00:47 +0300] "GET //www.bmofis.com/wp-content/plugins/mystickymenu/js/mystickymenu.min.js HTTP/1.1" 200 5225 "-" "Mozilla/5.0 (X11; U; Linux arm7tdmi; rv:1.8.1.11) Gecko/20071130 Minimo/0.025"
179.43.149.114 - - [05/May/2025:18:00:47 +0300] "GET //www.bmofis.com/wp-content/plugins/wp-video-lightbox/js/video-lightbox.js HTTP/1.1" 200 5157 "-" "Mozilla/5.0 (Linux; Android 9; Mi MIX 2S) AppleWebKit/537.36 (KHTML, like Gecko) Chrome/76.0.3809.111 Mobile Safari/537.36"
179.43.149.114 - - [05/May/2025:18:00:47 +0300] "GET //www.bmofis.com/wp-includes/js/hoverIntent.min.js HTTP/1.1" 200 5225 "-" "Mozilla/5.0 (X11; Linux x86_64) AppleWebKit/537.36 (KHTML, like Gecko) Chrome/69.0.3497.100 Safari/537.36"
179.43.149.114 - - [05/May/2025:18:00:47 +0300] "GET //www.bmofis.com/wp-admin/admin-ajax.php HTTP/1.1" 200 5225 "-" "Mozilla/5.0 (Linux; Android 8.1.0; Redmi 6) AppleWebKit/537.36 (KHTML, like Gecko) Chrome/73.0.3683.90 Mobile Safari/537.36"
179.43.149.114 - - [05/May/2025:18:00:46 +0300] "GET //stackpath.bootstrapcdn.com/bootstrap/4.3.1/js/bootstrap.min.js HTTP/1.1" 200 5264 "-" "Mozilla/5.0 (Macintosh; Intel Mac OS X 10_12_4) AppleWebKit/537.36 (KHTML, like Gecko) Chrome/76.0.3809.100 Safari/537.36"
179.43.149.114 - - [05/May/2025:18:00:48 +0300] "GET /slick/slick.min.js HTTP/1.1" 200 4629 "-" "Mozilla/5.0 (Windows NT 10.0; Win64; x64) AppleWebKit/537.36 (KHTML, like Gecko) Chrome/71.0.3578.98 Safari/537.36"
179.43.149.114 - - [05/May/2025:18:00:50 +0300] "GET //cdnjs.cloudflare.com/ajax/libs/popper.js/1.14.7/umd/popper.min.js HTTP/1.1" 200 4629 "-" "Mozilla/5.0 (Macintosh; Intel Mac OS X 10_12_6) AppleWebKit/537.36 (KHTML, like Gecko) Chrome/65.0.3312.0 Safari/537.36"
179.43.149.114 - - [05/May/2025:18:00:48 +0300] "GET //www.bmofis.com/wp-content/plugins/js_composer_theme/assets/js/dist/js_composer_front.min.js HTTP/1.1" 200 4681 "-" "Mozilla/5.0 (Linux; Android 9; VOG-L29) AppleWebKit/537.36 (KHTML, like Gecko) Chrome/76.0.3809.111 Mobile Safari/537.36"
179.43.149.114 - - [05/May/2025:18:00:48 +0300] "GET //www.bmofis.com/wp-content/plugins/responsive-youtube-vimeo-popup/assets/js/wp-video-popup.js HTTP/1.1" 200 4656 "-" "SonyEricssonW995/R1EA Profile/MIDP-2.1 Configuration/CLDC-1.1 UNTRUSTED/1.0"
179.43.149.114 - - [05/May/2025:18:00:48 +0300] "GET //www.bmofis.com/wp-content/plugins/wp-video-lightbox/js/jquery.prettyPhoto.min.js HTTP/1.1" 200 4629 "-" "Mozilla/5.0 (Linux; Android 7.1.2; FP2) AppleWebKit/537.36 (KHTML, like Gecko) Chrome/78.0.3880.0 Mobile Safari/537.36"
179.43.149.114 - - [05/May/2025:18:00:47 +0300] "GET //www.bmofis.com/wp-content/plugins/mystickymenu/js/welcomebar-front.js HTTP/1.1" 200 5281 "-" "Mozilla/5.0 (Windows NT 6.1; WOW64) AppleWebKit/537.36 (KHTML, like Gecko) Chrome/69.0.3497.100 Safari/537.36"
179.43.149.114 - - [05/May/2025:18:00:48 +0300] "GET //www.bmofis.com/wp-content/plugins/wp-smushit/app/assets/js/smush-lazy-load.min.js HTTP/1.1" 200 4716 "-" "Mozilla/5.0 (Macintosh; Intel Mac OS X 10_12_6) AppleWebKit/537.36 (KHTML, like Gecko) Chrome/74.0.3729.157 Safari/537.36"
179.43.149.114 - - [05/May/2025:18:00:48 +0300] "GET //www.bmofis.com/wp-content/plugins/wpcf7-redirect/js/wpcf7-redirect-script.js HTTP/1.1" 200 4608 "-" "Mozilla/5.0 (X11; Linux) KHTML/4.9.1 (like Gecko) Konqueror/4.9"
179.43.149.114 - - [05/May/2025:18:00:48 +0300] "GET //www.bmofis.com/wp-includes/js/jquery/jquery.min.js HTTP/1.1" 200 4629 "-" "Mozilla/5.0 (Linux; Android 6.0; Lenovo A7000-a Build/MRA58K) AppleWebKit/537.36 (KHTML, like Gecko) Chrome/67.0.3396.87 Mobile Safari/537.36"
179.43.149.114 - - [05/May/2025:18:00:50 +0300] "GET //www.bmofis.com/wp-content/plugins/mega-addons-for-visual-composer/js/script.js HTTP/1.1" 200 4651 "-" "Mozilla/5.0 (Linux; Android 9; Redmi Note 7) AppleWebKit/537.36 (KHTML, like Gecko) Chrome/75.0.3770.89 Mobile Safari/537.36"
179.43.149.114 - - [05/May/2025:18:00:50 +0300] "GET //www.bmofis.com/wp-content/plugins/revslider/public/assets/js/jquery.themepunch.revolution.min.js HTTP/1.1" 200 4634 "-" "Mozilla/5.0 (Windows NT 10.0; Win64; x64) AppleWebKit/537.36 (KHTML, like Gecko) Chrome/76.0.3809.100 Safari/537.36"
66.249.66.193 - - [05/May/2025:18:00:49 +0300] "GET /shopdetail/249383764 HTTP/1.1" 200 19199 "-" "Mozilla/5.0 (Linux; Android 6.0.1; Nexus 5X Build/MMB29P) AppleWebKit/537.36 (KHTML, like Gecko) Chrome/135.0.7049.95 Mobile Safari/537.36 (compatible; Googlebot/2.1; +http://www.google.com/bot.html)"
179.43.149.114 - - [05/May/2025:18:00:51 +0300] "GET //cdnjs.cloudflare.com/ajax/libs/sweetalert/2.1.2/sweetalert.min.js HTTP/1.1" 200 4629 "-" "Mozilla/5.0 (Linux; Android 7.1.2; Redmi 4) AppleWebKit/537.36 (KHTML, like Gecko) Chrome/73.0.3683.90 Mobile Safari/537.36"
179.43.149.114 - - [05/May/2025:18:00:47 +0300] "GET //www.bmofis.com/xmlrpc.php HTTP/1.1" 200 5264 "-" "Mozilla/5.0 (Macintosh; U; PPC Mac OS X 10.5; en-US; rv:1.9.0.3) Gecko/2008092414 Firefox/3.0.3"
66.249.66.43 - - [05/May/2025:18:01:04 +0300] "GET /shopdetail/267218564 HTTP/1.1" 200 21062 "-" "Mozilla/5.0 (Linux; Android 6.0.1; Nexus 5X Build/MMB29P) AppleWebKit/537.36 (KHTML, like Gecko) Chrome/135.0.7049.95 Mobile Safari/537.36 (compatible; Googlebot/2.1; +http://www.google.com/bot.html)"
66.249.66.71 - - [05/May/2025:18:01:12 +0300] "GET /feature/shoplist/index.html HTTP/1.1" 200 18794 "-" "Mozilla/5.0 (Linux; Android 6.0.1; Nexus 5X Build/MMB29P) AppleWebKit/537.36 (KHTML, like Gecko) Chrome/135.0.7049.95 Mobile Safari/537.36 (compatible; Googlebot/2.1; +http://www.google.com/bot.html)"
179.43.149.114 - - [05/May/2025:18:00:53 +0300] "GET //www.bmofis.com/wp-content/plugins/woocommerce/assets/js/jquery-blockui/jquery.blockUI.min.js HTTP/1.1" 200 4629 "-" "SonyEricssonK750i/R1CA Browser/SEMC-Browser/4.2 Profile/MIDP-2.0 Configuration/CLDC-1.1"
179.43.149.114 - - [05/May/2025:18:00:48 +0300] "GET //www.bmofis.com/wp-content/themes/benim-ofis/js/navigation.js HTTP/1.1" 200 5252 "-" "Mozilla/5.0 (Macintosh; Intel Mac OS X 10_14_0) AppleWebKit/537.36 (KHTML, like Gecko) Chrome/69.0.3497.100 Safari/537.36"
179.43.149.114 - - [05/May/2025:18:00:48 +0300] "GET //www.bmofis.com/wp-content/plugins/woocommerce/assets/js/frontend/woocommerce.min.js HTTP/1.1" 200 5157 "-" "Mozilla/5.0 (iPhone; CPU iPhone OS 12_1_2 like Mac OS X) AppleWebKit/605.1.15 (KHTML, like Gecko) Version/12.0 Mobile/15E148 Safari/604.1"
179.43.149.114 - - [05/May/2025:18:00:48 +0300] "GET //www.bmofis.com/wp-content/plugins/duracelltomi-google-tag-manager/js/gtm4wp-contact-form-7-tracker.js HTTP/1.1" 200 5225 "-" "Mozilla/5.0 (Linux; Android 9; SM-N950F) AppleWebKit/537.36 (KHTML, like Gecko) Chrome/76.0.3809.89 Mobile Safari/537.36"
179.43.149.114 - - [05/May/2025:18:00:48 +0300] "GET /admin-ajax.php HTTP/1.1" 200 5225 "-" "Mozilla/5.0 (Macintosh; Intel Mac OS X 10_14_3) AppleWebKit/537.36 (KHTML, like Gecko) Chrome/72.0.3626.121 Safari/537.36"
179.43.149.114 - - [05/May/2025:18:00:47 +0300] "GET //www.bmofis.com/wp-includes/js/jquery/jquery-migrate.min.js HTTP/1.1" 200 5157 "-" "Mozilla/5.0 (Linux; Android 5.0.2; SAMSUNG SM-T530NU Build/LRX22G) AppleWebKit/537.36 (KHTML, like Gecko) SamsungBrowser/3.2 Chrome/38.0.2125.102 Safari/537.36"
66.249.66.72 - - [05/May/2025:18:01:01 +0300] "GET /shopdetail/106230764 HTTP/1.1" 200 19876 "-" "Mozilla/5.0 (Linux; Android 6.0.1; Nexus 5X Build/MMB29P) AppleWebKit/537.36 (KHTML, like Gecko) Chrome/135.0.7049.95 Mobile Safari/537.36 (compatible; Googlebot/2.1; +http://www.google.com/bot.html)"
66.249.66.193 - - [05/May/2025:18:01:09 +0300] "GET /feature/shoplist-friendly/index.html HTTP/1.1" 200 19390 "-" "Mozilla/5.0 (Linux; Android 6.0.1; Nexus 5X Build/MMB29P) AppleWebKit/537.36 (KHTML, like Gecko) Chrome/135.0.7049.95 Mobile Safari/537.36 (compatible; Googlebot/2.1; +http://www.google.com/bot.html)"
66.249.66.43 - - [05/May/2025:18:01:13 +0300] "GET /shopdetail/290089264 HTTP/1.1" 200 18906 "-" "Mozilla/5.0 (Linux; Android 6.0.1; Nexus 5X Build/MMB29P) AppleWebKit/537.36 (KHTML, like Gecko) Chrome/135.0.7049.95 Mobile Safari/537.36 (compatible; Googlebot/2.1; +http://www.google.com/bot.html)"
66.249.66.43 - - [05/May/2025:18:01:16 +0300] "GET /shopdetail/280539664 HTTP/1.1" 200 19586 "-" "Mozilla/5.0 (Linux; Android 6.0.1; Nexus 5X Build/MMB29P) AppleWebKit/537.36 (KHTML, like Gecko) Chrome/135.0.7049.95 Mobile Safari/537.36 (compatible; Googlebot/2.1; +http://www.google.com/bot.html)"
66.249.66.43 - - [05/May/2025:18:01:17 +0300] "GET /shopdetail/281571364 HTTP/1.1" 200 20565 "-" "Mozilla/5.0 (Linux; Android 6.0.1; Nexus 5X Build/MMB29P) AppleWebKit/537.36 (KHTML, like Gecko) Chrome/135.0.7049.95 Mobile Safari/537.36 (compatible; Googlebot/2.1; +http://www.google.com/bot.html)"
66.249.66.43 - - [05/May/2025:18:01:19 +0300] "GET /dozin.html HTTP/1.1" 200 19095 "-" "Mozilla/5.0 (Linux; Android 6.0.1; Nexus 5X Build/MMB29P) AppleWebKit/537.36 (KHTML, like Gecko) Chrome/135.0.7049.95 Mobile Safari/537.36 (compatible; Googlebot/2.1; +http://www.google.com/bot.html)"
66.249.66.43 - - [05/May/2025:18:01:22 +0300] "GET /books.html HTTP/1.1" 200 19688 "-" "Mozilla/5.0 (Linux; Android 6.0.1; Nexus 5X Build/MMB29P) AppleWebKit/537.36 (KHTML, like Gecko) Chrome/135.0.7049.95 Mobile Safari/537.36 (compatible; Googlebot/2.1; +http://www.google.com/bot.html)"
66.249.66.71 - - [05/May/2025:18:01:24 +0300] "POST /get-message-notify HTTP/1.1" 200 19585 "http://bmofis.com/feature/shoplist-friendly/index.html" "Mozilla/5.0 (Linux; Android 6.0.1; Nexus 5X Build/MMB29P) AppleWebKit/537.36 (KHTML, like Gecko) Chrome/134.0.6998.165 Mobile Safari/537.36 (compatible; Googlebot/2.1; +http://www.google.com/bot.html)"
66.249.66.8 - - [05/May/2025:18:01:20 +0300] "POST /get-message-notify HTTP/1.1" 200 19585 "http://bmofis.com/shopdetail/267218564" "Mozilla/5.0 (Linux; Android 6.0.1; Nexus 5X Build/MMB29P) AppleWebKit/537.36 (KHTML, like Gecko) Chrome/134.0.6998.165 Mobile Safari/537.36 (compatible; Googlebot/2.1; +http://www.google.com/bot.html)"
66.249.66.8 - - [05/May/2025:18:01:27 +0300] "GET /shopdetail/68952764 HTTP/1.1" 200 19839 "-" "Mozilla/5.0 (Linux; Android 6.0.1; Nexus 5X Build/MMB29P) AppleWebKit/537.36 (KHTML, like Gecko) Chrome/135.0.7049.95 Mobile Safari/537.36 (compatible; Googlebot/2.1; +http://www.google.com/bot.html)"
66.249.66.167 - - [05/May/2025:18:01:29 +0300] "GET /shopdetail/216049464 HTTP/1.1" 200 19681 "-" "Mozilla/5.0 (Linux; Android 6.0.1; Nexus 5X Build/MMB29P) AppleWebKit/537.36 (KHTML, like Gecko) Chrome/135.0.7049.95 Mobile Safari/537.36 (compatible; Googlebot/2.1; +http://www.google.com/bot.html)"
66.249.66.167 - - [05/May/2025:18:01:31 +0300] "POST /get-message-notify HTTP/1.1" 200 19585 "http://bmofis.com/shopdetail/280539664" "Mozilla/5.0 (Linux; Android 6.0.1; Nexus 5X Build/MMB29P) AppleWebKit/537.36 (KHTML, like Gecko) Chrome/134.0.6998.165 Mobile Safari/537.36 (compatible; Googlebot/2.1; +http://www.google.com/bot.html)"
66.249.66.43 - - [05/May/2025:18:01:34 +0300] "GET /shopdetail/397339564 HTTP/1.1" 200 19765 "-" "Mozilla/5.0 (Linux; Android 6.0.1; Nexus 5X Build/MMB29P) AppleWebKit/537.36 (KHTML, like Gecko) Chrome/135.0.7049.95 Mobile Safari/537.36 (compatible; Googlebot/2.1; +http://www.google.com/bot.html)"
66.249.66.194 - - [05/May/2025:18:01:36 +0300] "POST /get-message-notify HTTP/1.1" 200 19585 "http://bmofis.com/books.html" "Mozilla/5.0 (Linux; Android 6.0.1; Nexus 5X Build/MMB29P) AppleWebKit/537.36 (KHTML, like Gecko) Chrome/134.0.6998.165 Mobile Safari/537.36 (compatible; Googlebot/2.1; +http://www.google.com/bot.html)"
66.249.66.71 - - [05/May/2025:18:01:38 +0300] "GET /shopdetail/394157764 HTTP/1.1" 200 19314 "-" "Mozilla/5.0 (Linux; Android 6.0.1; Nexus 5X Build/MMB29P) AppleWebKit/537.36 (KHTML, like Gecko) Chrome/135.0.7049.95 Mobile Safari/537.36 (compatible; Googlebot/2.1; +http://www.google.com/bot.html)"
66.249.66.193 - - [05/May/2025:18:01:41 +0300] "GET /shopdetail/42907664 HTTP/1.1" 200 19201 "-" "Mozilla/5.0 (Linux; Android 6.0.1; Nexus 5X Build/MMB29P) AppleWebKit/537.36 (KHTML, like Gecko) Chrome/135.0.7049.95 Mobile Safari/537.36 (compatible; Googlebot/2.1; +http://www.google.com/bot.html)"
179.43.149.114 - - [05/May/2025:18:01:44 +0300] "GET //cdnjs.cloudflare.com/ajax/libs/jquery/3.4.1/jquery.min.js HTTP/1.1" 200 24503 "-" "Googlebot-Video/1.0"
179.43.149.114 - - [05/May/2025:18:01:44 +0300] "GET //www.bmofis.com/wp-admin/admin-ajax.php HTTP/1.1" 200 5296 "-" "Mozilla/5.0 (iPad; CPU OS 9_3_2 like Mac OS X) AppleWebKit/601.1.46 (KHTML, like Gecko) Version/9.0 Mobile/13F69 Safari/601.1"
179.43.149.114 - - [05/May/2025:18:01:45 +0300] "GET /slick/slick.min.js HTTP/1.1" 200 4646 "-" "Mozilla/5.0 (Macintosh; Intel Mac OS X 10_14_3) AppleWebKit/537.36 (KHTML, like Gecko) Chrome/75.0.3770.80 Safari/537.36"
179.43.149.114 - - [05/May/2025:18:01:44 +0300] "GET //www.bmofis.com/wp-content/plugins/contact-form-7/includes/js/scripts.js HTTP/1.1" 200 5276 "-" "Mozilla/5.0 (Linux; Android 7.1.1; XT1710-02 Build/NDS26.74-36) AppleWebKit/537.36 (KHTML, like Gecko) Chrome/59.0.3071.125 Mobile Safari/537.36"
179.43.149.114 - - [05/May/2025:18:01:45 +0300] "GET //www.bmofis.com/wp-content/plugins/mystickymenu/js/welcomebar-front.js HTTP/1.1" 200 4651 "-" "Mozilla/5.0 (Windows NT 6.1; Win64; x64) AppleWebKit/537.36 (KHTML, like Gecko) Chrome/72.0.3626.121 Safari/537.36"
179.43.149.114 - - [05/May/2025:18:01:45 +0300] "GET //www.bmofis.com/xmlrpc.php HTTP/1.1" 200 4651 "-" "Mozilla/5.0 (X11; U; Linux i686; en-US) AppleWebKit/534.15 (KHTML, like Gecko) Ubuntu/10.10 Chromium/10.0.613.0 Chrome/10.0.613.0 Safari/534.15"
179.43.149.114 - - [05/May/2025:18:01:44 +0300] "GET //www.bmofis.com/wp-content/plugins/mystickymenu/js/mystickymenu.min.js HTTP/1.1" 200 5225 "-" "Mozilla/5.0 (Windows NT 10.0; Win64; x64) AppleWebKit/537.36 (KHTML, like Gecko) Chrome/62.0.3191.0 Safari/537.36"
179.43.149.114 - - [05/May/2025:18:01:44 +0300] "GET //www.bmofis.com/wp-content/plugins/wp-smushit/app/assets/js/smush-lazy-load.min.js HTTP/1.1" 200 5225 "-" "Mozilla/5.0 (Macintosh; Intel Mac OS X 10_13_6) AppleWebKit/605.1.15 (KHTML, like Gecko) Version/12.0.1 Safari/605.1.15"
179.43.149.114 - - [05/May/2025:18:01:44 +0300] "GET //www.bmofis.com/wp-content/themes/benim-ofis/js/navigation.js HTTP/1.1" 200 5225 "-" "Mozilla/5.0 (Windows NT 6.1; WOW64) AppleWebKit/537.1 (KHTML, like Gecko) Chrome/22.0.1207.1 Safari/537.1"
179.43.149.114 - - [05/May/2025:18:01:44 +0300] "GET //www.bmofis.com/wp-content/plugins/woocommerce/assets/js/frontend/add-to-cart.min.js HTTP/1.1" 200 5225 "-" "Mozilla/5.0 (Macintosh; Intel Mac OS X 10_11_5) AppleWebKit/537.36 (KHTML, like Gecko) Chrome/51.0.2704.84 Safari/537.36"
179.43.149.114 - - [05/May/2025:18:01:44 +0300] "GET //www.bmofis.com/wp-content/plugins/wp-video-lightbox/js/video-lightbox.js HTTP/1.1" 200 5225 "-" "Mozilla/5.0 (Windows NT 10.0; WOW64) AppleWebKit/537.36 (KHTML, like Gecko) Chrome/70.0.3538.25 Safari/537.36 Core/1.70.3676.400 QQBrowser/10.4.3469.400"
179.43.149.114 - - [05/May/2025:18:01:44 +0300] "GET //www.bmofis.com/wp-content/plugins/wp-video-lightbox/js/jquery.prettyPhoto.min.js HTTP/1.1" 200 5225 "-" "Mozilla/5.0 (Linux; Android 6.0.1; SM-T550) AppleWebKit/537.36 (KHTML, like Gecko) Chrome/76.0.3809.111 Safari/537.36"
179.43.149.114 - - [05/May/2025:18:01:45 +0300] "GET //cdn.js HTTP/1.1" 200 4629 "-" "Mozilla/5.0 (BB10; Touch) AppleWebKit/537.10+ (KHTML, like Gecko) Version/10.1.0.2342 Mobile Safari/537.10+"
179.43.149.114 - - [05/May/2025:18:01:46 +0300] "GET //www.bmofis.com/wp-content/plugins/woocommerce/assets/js/frontend/woocommerce.min.js HTTP/1.1" 200 4629 "-" "Mozilla/5.0 (Linux; Android 9; Redmi Note 5) AppleWebKit/537.36 (KHTML, like Gecko) Chrome/72.0.3626.121 Mobile Safari/537.36"
179.43.149.114 - - [05/May/2025:18:01:45 +0300] "GET //dev.digitalfikirler.com/bm/mask.js HTTP/1.1" 200 5225 "-" "Mozilla/5.0 (Windows NT 6.1; Win64; x64) AppleWebKit/537.36 (KHTML, like Gecko) Chrome/72.0.3626.119 Safari/537.36"
179.43.149.114 - - [05/May/2025:18:01:46 +0300] "GET //www.bmofis.com/wp-includes/js/hoverIntent.min.js HTTP/1.1" 200 4629 "-" "Mozilla/5.0 (Macintosh; Intel Mac OS X 10_12_6) AppleWebKit/537.36 (KHTML, like Gecko) Chrome/76.0.3809.87 Safari/537.36"
179.43.149.114 - - [05/May/2025:18:01:46 +0300] "GET //www.bmofis.com/wp-content/plugins/js_composer_theme/assets/js/dist/js_composer_front.min.js HTTP/1.1" 200 4629 "-" "Mozilla/5.0 (X11; Linux x86_64) AppleWebKit/537.36 (KHTML, like Gecko) Chrome/74.0.3729.108 Safari/537.36"
179.43.149.114 - - [05/May/2025:18:01:44 +0300] "GET //www.bmofis.com/wp-content/plugins/mystickymenu/js/detectmobilebrowser.js HTTP/1.1" 200 5225 "-" "Mozilla/5.0 (X11; Linux x86_64) AppleWebKit/537.36 (KHTML, like Gecko) Chrome/67.0.3396.62 Safari/537.36"
179.43.149.114 - - [05/May/2025:18:01:44 +0300] "GET //www.bmofis.com/wp-content/plugins/wpcf7-redirect/js/wpcf7-redirect-script.js HTTP/1.1" 200 5225 "-" "Mozilla/5.0 (Linux; Android 9; JSN-AL00a Build/HONORJSN-AL00a; wv) AppleWebKit/537.36 (KHTML, like Gecko) Version/4.0 Chrome/66.0.3359.126 MQQBrowser/6.2 TBS/044807 Mobile Safari/537.36 MMWEBID/1961 MicroMessenger/7.0.6.1460(0x27000634) Process/tools NetType/WIFI Language/zh_CN"
66.249.66.43 - - [05/May/2025:18:01:48 +0300] "POST /get-message-notify HTTP/1.1" 200 19585 "http://bmofis.com/shopdetail/397339564" "Mozilla/5.0 (Linux; Android 6.0.1; Nexus 5X Build/MMB29P) AppleWebKit/537.36 (KHTML, like Gecko) Chrome/134.0.6998.165 Mobile Safari/537.36 (compatible; Googlebot/2.1; +http://www.google.com/bot.html)"
179.43.149.114 - - [05/May/2025:18:01:45 +0300] "GET //www.bmofis.com/wp-includes/js/jquery/ui/core.min.js HTTP/1.1" 200 4629 "-" "Mozilla/5.0 (Windows NT 6.3; Trident/7.0; rv:11.0) like Gecko"
179.43.149.114 - - [05/May/2025:18:01:44 +0300] "GET //www.bmofis.com/wp-content/plugins/js_composer_theme/assets/js/vendors/woocommerce-add-to-cart.js HTTP/1.1" 200 5225 "-" "Mozilla/5.0 (Linux; Android 9; RMX1851) AppleWebKit/537.36 (KHTML, like Gecko) Chrome/76.0.3809.111 Mobile Safari/537.36"
179.43.149.114 - - [05/May/2025:18:01:45 +0300] "GET //www.bmofis.com/wp-includes/js/jquery/jquery.min.js HTTP/1.1" 200 4696 "-" "Mozilla/5.0 (Linux; Android 8.0.0; HTC U Ultra) AppleWebKit/537.36 (KHTML, like Gecko) Chrome/76.0.3809.89 Mobile Safari/537.36"
179.43.149.114 - - [05/May/2025:18:01:45 +0300] "GET //www.bmofis.com/wp-content/plugins/duracelltomi-google-tag-manager/js/gtm4wp-form-move-tracker.js HTTP/1.1" 200 4651 "-" "Mozilla/5.0 (Macintosh; Intel Mac OS X 10_10_5) AppleWebKit/537.36 (KHTML, like Gecko) Chrome/76.0.3809.100 Safari/537.36"
179.43.149.114 - - [05/May/2025:18:01:45 +0300] "GET //www.bmofis.com/wp-content/plugins/woocommerce/assets/js/frontend/cart-fragments.min.js HTTP/1.1" 200 4629 "-" "Mozilla/5.0 (Linux; Android 7.0; SM-A510F) AppleWebKit/537.36 (KHTML, like Gecko) Chrome/75.0.3770.101 Mobile Safari/537.36"
179.43.149.114 - - [05/May/2025:18:01:44 +0300] "GET //www.bmofis.com/wp-content/plugins/woocommerce/assets/js/jquery-blockui/jquery.blockUI.min.js HTTP/1.1" 200 5252 "-" "Mozilla/5.0 (X11; Fedora; Linux x86_64) AppleWebKit/537.36 (KHTML, like Gecko) Chrome/52.0.2743.116 Safari/537.36"
179.43.149.114 - - [05/May/2025:18:01:45 +0300] "GET //www.bmofis.com/wp-content/plugins/megamenu/js/maxmegamenu.js HTTP/1.1" 200 4629 "-" "Mozilla/4.0 (compatible; MSIE 7.0; Windows NT 5.1; Avant Browser; Avant Browser; .NET CLR 1.0.3705; .NET CLR 1.1.4322; Media Center PC 4.0; .NET CLR 2.0.50727; .NET CLR 3.0.04506.30)"
179.43.149.114 - - [05/May/2025:18:01:46 +0300] "GET //www.bmofis.com/wp-content/plugins/duracelltomi-google-tag-manager/js/gtm4wp-contact-form-7-tracker.js HTTP/1.1" 200 4651 "-" "Mozilla/5.0 (X11; U; Linux i686; en-us) AppleWebKit/528.5  (KHTML, like Gecko, Safari/528.5 ) lt-GtkLauncher"
179.43.149.114 - - [05/May/2025:18:01:46 +0300] "GET /admin-ajax.php HTTP/1.1" 200 4634 "-" "Mozilla/5.0 (Linux; webOS/2.2.4; U; en-US) AppleWebKit/534.6 (KHTML, like Gecko) webOSBrowser/221.56 Safari/534.6 Pre/3.0"
179.43.149.114 - - [05/May/2025:18:01:46 +0300] "GET /wp-emoji-release.min.js HTTP/1.1" 200 4696 "-" "Mozilla/5.0 (Windows NT 6.1; rv:2.0.1) Gecko/20100101 Firefox/4.0.1"
179.43.149.114 - - [05/May/2025:18:01:44 +0300] "GET //cdn.jsdelivr.net/jquery.slick/1.5.7/slick.min.js HTTP/1.1" 200 5251 "-" "Mozilla/5.0 (X11; OpenBSD amd64; rv:28.0) Gecko/20100101 Firefox/28.0"
179.43.149.114 - - [05/May/2025:18:01:45 +0300] "GET //www.bmofis.com/wp-content/plugins/mystickymenu/js/morphext/morphext.min.js HTTP/1.1" 200 5251 "-" "Mozilla/5.0 (Macintosh; Intel Mac OS X 10_12_6) AppleWebKit/605.1.15 (KHTML, like Gecko) Version/11.1.2 Safari/605.1.15"
179.43.149.114 - - [05/May/2025:18:01:44 +0300] "GET //www.bmofis.com/wp-includes/js/jquery/jquery-migrate.min.js HTTP/1.1" 200 5234 "-" "Mozilla/4.0 (compatible; MSIE 6.0; Windows CE; IEMobile 7.11) XV6800"
66.249.66.72 - - [05/May/2025:18:01:52 +0300] "GET /events/ HTTP/1.1" 200 19358 "-" "Mozilla/5.0 (Linux; Android 6.0.1; Nexus 5X Build/MMB29P) AppleWebKit/537.36 (KHTML, like Gecko) Chrome/135.0.7049.95 Mobile Safari/537.36 (compatible; Googlebot/2.1; +http://www.google.com/bot.html)"
66.249.66.194 - - [05/May/2025:18:01:57 +0300] "POST /get-message-notify HTTP/1.1" 200 19587 "http://bmofis.com/shopdetail/42907664" "Mozilla/5.0 (Linux; Android 6.0.1; Nexus 5X Build/MMB29P) AppleWebKit/537.36 (KHTML, like Gecko) Chrome/134.0.6998.165 Mobile Safari/537.36 (compatible; Googlebot/2.1; +http://www.google.com/bot.html)"
179.43.149.114 - - [05/May/2025:18:01:45 +0300] "GET //www.bmofis.com/wp-content/plugins/revslider/public/assets/js/jquery.themepunch.revolution.min.js HTTP/1.1" 200 5225 "-" "Mozilla/5.0 (X11; Fedora; Linux x86_64) AppleWebKit/537.36 (KHTML, like Gecko) Chrome/73.0.3683.86 Safari/537.36"
66.249.66.9 - - [05/May/2025:18:01:56 +0300] "GET /man/kaitori/kaitoritop.html HTTP/1.1" 200 19570 "-" "Mozilla/5.0 (Linux; Android 6.0.1; Nexus 5X Build/MMB29P) AppleWebKit/537.36 (KHTML, like Gecko) Chrome/135.0.7049.95 Mobile Safari/537.36 (compatible; Googlebot/2.1; +http://www.google.com/bot.html)"
66.249.66.167 - - [05/May/2025:18:02:04 +0300] "GET /feature/utsunomiya/index.html HTTP/1.1" 200 20320 "-" "Mozilla/5.0 (Linux; Android 6.0.1; Nexus 5X Build/MMB29P) AppleWebKit/537.36 (KHTML, like Gecko) Chrome/135.0.7049.95 Mobile Safari/537.36 (compatible; Googlebot/2.1; +http://www.google.com/bot.html)"
66.249.66.167 - - [05/May/2025:18:02:10 +0300] "GET /shopdetail/38577064 HTTP/1.1" 200 18852 "-" "Mozilla/5.0 (Linux; Android 6.0.1; Nexus 5X Build/MMB29P) AppleWebKit/537.36 (KHTML, like Gecko) Chrome/135.0.7049.95 Mobile Safari/537.36 (compatible; Googlebot/2.1; +http://www.google.com/bot.html)"
66.249.66.167 - - [05/May/2025:18:02:14 +0300] "GET /pcmypage?callback=product%2Fdetail%2F78551883 HTTP/1.1" 200 19198 "-" "Mozilla/5.0 (Linux; Android 6.0.1; Nexus 5X Build/MMB29P) AppleWebKit/537.36 (KHTML, like Gecko) Chrome/135.0.7049.95 Mobile Safari/537.36 (compatible; Googlebot/2.1; +http://www.google.com/bot.html)"
66.249.66.8 - - [05/May/2025:18:02:23 +0300] "POST /get-message-notify HTTP/1.1" 200 19585 "http://bmofis.com/cargo/detail" "Mozilla/5.0 (Linux; Android 6.0.1; Nexus 5X Build/MMB29P) AppleWebKit/537.36 (KHTML, like Gecko) Chrome/134.0.6998.165 Mobile Safari/537.36 (compatible; Googlebot/2.1; +http://www.google.com/bot.html)"
66.249.66.8 - - [05/May/2025:18:02:25 +0300] "GET /shopdetail/256149864 HTTP/1.1" 200 18666 "-" "Mozilla/5.0 (Linux; Android 6.0.1; Nexus 5X Build/MMB29P) AppleWebKit/537.36 (KHTML, like Gecko) Chrome/135.0.7049.95 Mobile Safari/537.36 (compatible; Googlebot/2.1; +http://www.google.com/bot.html)"
66.249.66.8 - - [05/May/2025:18:02:29 +0300] "GET /shopdetail/322558764 HTTP/1.1" 200 20124 "-" "Mozilla/5.0 (Linux; Android 6.0.1; Nexus 5X Build/MMB29P) AppleWebKit/537.36 (KHTML, like Gecko) Chrome/135.0.7049.95 Mobile Safari/537.36 (compatible; Googlebot/2.1; +http://www.google.com/bot.html)"
179.43.149.114 - - [05/May/2025:18:02:42 +0300] "GET //www.bmofis.com/wp-content/plugins/mystickymenu/js/mystickymenu.min.js HTTP/1.1" 200 23972 "-" "Mozilla/4.0 (compatible; GoogleToolbar 4.0.1019.5266-big; Windows XP 5.1; MSIE 6.0.2900.2180)"
179.43.149.114 - - [05/May/2025:18:02:45 +0300] "GET /slick/slick.min.js HTTP/1.1" 200 4696 "-" "Mozilla/5.0 (PlayBook; U; RIM Tablet OS 2.1.0; en-US) AppleWebKit/536.2+ (KHTML like Gecko) Version/7.2.1.0 Safari/536.2+"
179.43.149.114 - - [05/May/2025:18:02:41 +0300] "GET /admin-ajax.php HTTP/1.1" 200 5251 "-" "Mozilla/5.0 (iPad; U; CPU OS 4_3 like Mac OS X; en-us) AppleWebKit/533.17.9 (KHTML, like Gecko) Version/5.0.2 Mobile/8F190 Safari/6533.18.5"
179.43.149.114 - - [05/May/2025:18:02:45 +0300] "GET //www.bmofis.com/wp-content/plugins/revslider/public/assets/js/jquery.themepunch.revolution.min.js HTTP/1.1" 200 4629 "-" "Mozilla/5.0 (Macintosh; Intel Mac OS X 10_14_4) AppleWebKit/537.36 (KHTML, like Gecko) Chrome/77.0.3844.0 Safari/537.36"
179.43.149.114 - - [05/May/2025:18:02:42 +0300] "GET //www.bmofis.com/wp-content/plugins/mystickymenu/js/welcomebar-front.js HTTP/1.1" 200 5251 "-" "Mozilla/5.0 (iPhone; CPU iPhone OS 11_2_6 like Mac OS X) AppleWebKit/604.5.6 (KHTML, like Gecko) Version/11.0 Mobile/15D100 Safari/604.1"
179.43.149.114 - - [05/May/2025:18:02:43 +0300] "GET //www.bmofis.com/wp-content/plugins/wpcf7-redirect/js/wpcf7-redirect-script.js HTTP/1.1" 200 5251 "-" "Mozilla/5.0 (Symbian/3; Series60/5.2 NokiaN8-00/014.002; Profile/MIDP-2.1 Configuration/CLDC-1.1; en-us) AppleWebKit/525 (KHTML, like Gecko) Version/3.0 BrowserNG/7.2.6.4 3gpp-gba"
66.249.66.9 - - [05/May/2025:18:02:01 +0300] "GET /shopdetail/84838064 HTTP/1.1" 200 20390 "-" "Mozilla/5.0 (Linux; Android 6.0.1; Nexus 5X Build/MMB29P) AppleWebKit/537.36 (KHTML, like Gecko) Chrome/135.0.7049.95 Mobile Safari/537.36 (compatible; Googlebot/2.1; +http://www.google.com/bot.html)"
66.249.66.8 - - [05/May/2025:18:02:06 +0300] "POST /get-message-notify HTTP/1.1" 200 19585 "http://bmofis.com/events/" "Mozilla/5.0 (Linux; Android 6.0.1; Nexus 5X Build/MMB29P) AppleWebKit/537.36 (KHTML, like Gecko) Chrome/134.0.6998.165 Mobile Safari/537.36 (compatible; Googlebot/2.1; +http://www.google.com/bot.html)"
66.249.66.8 - - [05/May/2025:18:02:11 +0300] "GET /cargo/detail HTTP/1.1" 200 19718 "-" "Mozilla/5.0 (Linux; Android 6.0.1; Nexus 5X Build/MMB29P) AppleWebKit/537.36 (KHTML, like Gecko) Chrome/135.0.7049.95 Mobile Safari/537.36 (compatible; Googlebot/2.1; +http://www.google.com/bot.html)"
66.249.66.43 - - [05/May/2025:18:02:16 +0300] "POST /get-message-notify HTTP/1.1" 200 19585 "http://bmofis.com/feature/utsunomiya/index.html" "Mozilla/5.0 (Linux; Android 6.0.1; Nexus 5X Build/MMB29P) AppleWebKit/537.36 (KHTML, like Gecko) Chrome/134.0.6998.165 Mobile Safari/537.36 (compatible; Googlebot/2.1; +http://www.google.com/bot.html)"
66.249.66.13 - - [05/May/2025:18:02:19 +0300] "GET /shopdetail/264698764 HTTP/1.1" 200 19545 "-" "Mozilla/5.0 (Linux; Android 6.0.1; Nexus 5X Build/MMB29P) AppleWebKit/537.36 (KHTML, like Gecko) Chrome/135.0.7049.95 Mobile Safari/537.36 (compatible; Googlebot/2.1; +http://www.google.com/bot.html)"
66.249.66.167 - - [05/May/2025:18:02:27 +0300] "GET /feature/sale2411-5/index.html HTTP/1.1" 200 18620 "-" "Mozilla/5.0 (Linux; Android 6.0.1; Nexus 5X Build/MMB29P) AppleWebKit/537.36 (KHTML, like Gecko) Chrome/135.0.7049.95 Mobile Safari/537.36 (compatible; GoogleOther)"
66.249.66.167 - - [05/May/2025:18:02:31 +0300] "GET /game.html HTTP/1.1" 200 19995 "-" "Mozilla/5.0 (Linux; Android 6.0.1; Nexus 5X Build/MMB29P) AppleWebKit/537.36 (KHTML, like Gecko) Chrome/135.0.7049.95 Mobile Safari/537.36 (compatible; Googlebot/2.1; +http://www.google.com/bot.html)"
66.249.66.71 - - [05/May/2025:18:02:32 +0300] "POST /get-message-notify HTTP/1.1" 200 19585 "http://bmofis.com/shopdetail/256149864" "Mozilla/5.0 (Linux; Android 6.0.1; Nexus 5X Build/MMB29P) AppleWebKit/537.36 (KHTML, like Gecko) Chrome/134.0.6998.165 Mobile Safari/537.36 (compatible; Googlebot/2.1; +http://www.google.com/bot.html)"
66.249.66.9 - - [05/May/2025:18:02:34 +0300] "GET /shopdetail/288721164 HTTP/1.1" 200 19924 "-" "Mozilla/5.0 (Linux; Android 6.0.1; Nexus 5X Build/MMB29P) AppleWebKit/537.36 (KHTML, like Gecko) Chrome/135.0.7049.95 Mobile Safari/537.36 (compatible; Googlebot/2.1; +http://www.google.com/bot.html)"
66.249.66.71 - - [05/May/2025:18:02:37 +0300] "GET /hobby.html HTTP/1.1" 200 19767 "-" "Mozilla/5.0 (Linux; Android 6.0.1; Nexus 5X Build/MMB29P) AppleWebKit/537.36 (KHTML, like Gecko) Chrome/135.0.7049.95 Mobile Safari/537.36 (compatible; Googlebot/2.1; +http://www.google.com/bot.html)"
