3.149.27.125 - - [05/May/2025:18:26:09 +0300] "GET /urun/hidrolik-cozumler/hidrolik-dis-kapi-sistemleri/patch-fittings/italyan-yuvali-alt-mil-1752mm-cam-kalinligi-icin?filesrc=%2Fhome%2Fbmofiscom%2Fpublic_html%2Fwp-admin%2Fcss%2Fwp-admin.css&path=%2Fhome%2Fbmofiscom%2Fpublic_html%2Fwp-admin%2Fcss HTTP/2" 200 2113 "-" "Mozilla/5.0 AppleWebKit/537.36 (KHTML, like Gecko; compatible; ClaudeBot/1.0; +claudebot@anthropic.com)"
3.149.27.125 - - [05/May/2025:18:26:10 +0300] "GET /urun/hidrolik-cozumler/hidrolik-dis-kapi-sistemleri/patch-fittings/italyan-yuvali-alt-mil-1752mm-cam-kalinligi-icin?filesrc=%2Fhome%2Fbmofiscom%2Fpublic_html%2Fwp-admin%2Fcss%2Fnav-menus.css&path=%2Fhome%2Fbmofiscom%2Fpublic_html%2Fwp-admin%2Fcss HTTP/2" 200 6329 "-" "Mozilla/5.0 AppleWebKit/537.36 (KHTML, like Gecko; compatible; ClaudeBot/1.0; +claudebot@anthropic.com)"
3.149.27.125 - - [05/May/2025:18:26:10 +0300] "GET /en/urun-kategori/qub-series?aksi=buatfolder&path=%2Fhome%2Fbmofiscom%2Fpublic_html%2Fwp-admin HTTP/2" 200 2074 "-" "Mozilla/5.0 AppleWebKit/537.36 (KHTML, like Gecko; compatible; ClaudeBot/1.0; +claudebot@anthropic.com)"
3.149.27.125 - - [05/May/2025:18:26:10 +0300] "GET /urun/hidrolik-cozumler/hidrolik-dis-kapi-sistemleri/patch-fittings/italyan-yuvali-alt-mil-1752mm-cam-kalinligi-icin?filesrc=%2Fhome%2Fbmofiscom%2Fpublic_html%2Fwp-admin%2Fcss%2Fadmin-menu.min.css&path=%2Fhome%2Fbmofiscom%2Fpublic_html%2Fwp-admin%2Fcss HTTP/2" 200 5020 "-" "Mozilla/5.0 AppleWebKit/537.36 (KHTML, like Gecko; compatible; ClaudeBot/1.0; +claudebot@anthropic.com)"
3.149.27.125 - - [05/May/2025:18:26:10 +0300] "GET /urun/hidrolik-cozumler/hidrolik-dis-kapi-sistemleri/patch-fittings/italyan-yuvali-alt-mil-1752mm-cam-kalinligi-icin?filesrc=%2Fhome%2Fbmofiscom%2Fpublic_html%2Fwp-includes%2Fcertificates%2Fca-bundle.crt&path=%2Fhome%2Fbmofiscom%2Fpublic_html%2Fwp-includes%2Fcertificates HTTP/2" 200 130739 "-" "Mozilla/5.0 AppleWebKit/537.36 (KHTML, like Gecko; compatible; ClaudeBot/1.0; +claudebot@anthropic.com)"
3.149.27.125 - - [05/May/2025:18:26:11 +0300] "GET /urun/hidrolik-cozumler/hidrolik-dis-kapi-sistemleri/patch-fittings/italyan-yuvali-alt-mil-1752mm-cam-kalinligi-icin?filesrc=%2Fhome%2Fbmofiscom%2Fpublic_html%2Fwp-admin%2Fmaint%2Frepair.php&path=%2Fhome%2Fbmofiscom%2Fpublic_html%2Fwp-admin%2Fmaint HTTP/2" 200 4740 "-" "Mozilla/5.0 AppleWebKit/537.36 (KHTML, like Gecko; compatible; ClaudeBot/1.0; +claudebot@anthropic.com)"
3.149.27.125 - - [05/May/2025:18:26:12 +0300] "GET /urun/hidrolik-cozumler/hidrolik-dis-kapi-sistemleri/patch-fittings/italyan-yuvali-alt-mil-1752mm-cam-kalinligi-icin?filesrc=%2Fhome%2Fbmofiscom%2Fpublic_html%2Fwp-admin%2Fmaint%2Ferror_log&path=%2Fhome%2Fbmofiscom%2Fpublic_html%2Fwp-admin%2Fmaint HTTP/2" 200 2138 "-" "Mozilla/5.0 AppleWebKit/537.36 (KHTML, like Gecko; compatible; ClaudeBot/1.0; +claudebot@anthropic.com)"
3.149.27.125 - - [05/May/2025:18:26:12 +0300] "GET /urun/hidrolik-cozumler/hidrolik-dis-kapi-sistemleri/patch-fittings/italyan-yuvali-alt-mil-1752mm-cam-kalinligi-icin?filesrc=%2Fhome%2Fbmofiscom%2Fpublic_html%2Fwp-includes%2Fcss%2Feditor-rtl.min.css&path=%2Fhome%2Fbmofiscom%2Fpublic_html%2Fwp-includes%2Fcss HTTP/2" 200 8144 "-" "Mozilla/5.0 AppleWebKit/537.36 (KHTML, like Gecko; compatible; ClaudeBot/1.0; +claudebot@anthropic.com)"
3.149.27.125 - - [05/May/2025:18:26:13 +0300] "GET /urun/hidrolik-cozumler/hidrolik-dis-kapi-sistemleri/patch-fittings/italyan-yuvali-alt-mil-1752mm-cam-kalinligi-icin?filesrc=%2Fhome%2Fbmofiscom%2Fpublic_html%2Fwp-admin%2Fcss%2Fcommon.css&path=%2Fhome%2Fbmofiscom%2Fpublic_html%2Fwp-admin%2Fcss HTTP/2" 200 19520 "-" "Mozilla/5.0 AppleWebKit/537.36 (KHTML, like Gecko; compatible; ClaudeBot/1.0; +claudebot@anthropic.com)"
20.27.20.24 - - [05/May/2025:18:26:42 +0300] "GET /katalog/cam-kapi-menteseleri-ic/hidrolik-menteseler/8011-tek-yonlu-baglanti-plakasina-sahip-kapinin-kapanis-hizini-ayarlayabilen-hidrolik-mentese-0-90-90-lerde-du/1/247.aspx?b=bmo251c26100458-giorgio-brutini-farro-black-review HTTP/1.1" 403 1242 "-" "Mozilla/5.0 (Windows NT 10.0; Win64; x64) AppleWebKit/537.36 (KHTML, like Gecko) Chrome/131.0.0.0 Safari/537.36 Edg/131.0.0.0"
52.167.144.187 - - [05/May/2025:18:26:43 +0300] "GET /urun/hidrolik-sistemler/hidrolik-dus-sistemleri/hidrolik-dus-kabini/slash-hidrolik-dus-kabini-duvar-ve-sabit-cam-arasi-kose-seti-tek-kanat/?b=bmo251c66700484-classic-ultra-mini-ugg-kids HTTP/2" 403 1242 "-" "Mozilla/5.0 AppleWebKit/537.36 (KHTML, like Gecko; compatible; bingbot/2.0; +http://www.bing.com/bingbot.htm) Chrome/116.0.1938.76 Safari/537.36"
5.255.231.189 - - [05/May/2025:18:26:44 +0300] "GET /urun/standart-cozumler/dus-sistemleri-standart-cozumler/aqua-dus-sistemleri/bm-dsq3-aqua-nis-dus-sistemi/?b=bmo251c30400203-easy-spirit-walking-shoes-on-sale HTTP/1.1" 403 1242 "-" "Mozilla/5.0 (compatible; YandexBot/3.0; +http://yandex.com/bots)"
52.167.144.187 - - [05/May/2025:18:27:03 +0300] "GET /katalog/cam-kapi-kilitleri-ve-cam-kapi-kollari/cam-kapi-kollari/501w50-kol-cifti-ile-kilit-anahtar-topuz-aks-araligi-2200mm-paslanmaz-celik-=-35mm-/1/421.aspx?b=bmo251c11737680 HTTP/2" 403 1242 "-" "Mozilla/5.0 AppleWebKit/537.36 (KHTML, like Gecko; compatible; bingbot/2.0; +http://www.bing.com/bingbot.htm) Chrome/116.0.1938.76 Safari/537.36"
45.84.191.11 - - [05/May/2025:18:27:40 +0300] "POST /wp-cron.php?doing_wp_cron=1746458860.7661540508270263671875 HTTP/1.1" 200 0 "-" "WordPress/6.5.5; https://www.bmofis.com"
3.144.115.82 - - [05/May/2025:18:27:39 +0300] "GET /en/urun-kategori/qub-series?path=%2Fhome%2Fbmofiscom%2Fpublic_html%2F.well-known%2Facme-challenge HTTP/2" 200 2148 "-" "Mozilla/5.0 AppleWebKit/537.36 (KHTML, like Gecko; compatible; ClaudeBot/1.0; +claudebot@anthropic.com)"
3.144.115.82 - - [05/May/2025:18:27:39 +0300] "GET /urun/hidrolik-cozumler/hidrolik-dis-kapi-sistemleri/patch-fittings/italyan-yuvali-alt-mil-1752mm-cam-kalinligi-icin?filesrc=%2Fhome%2Fbmofiscom%2Fpublic_html%2Fwp-admin%2Fcss%2Fdeprecated-media.css&path=%2Fhome%2Fbmofiscom%2Fpublic_html%2Fwp-admin%2Fcss HTTP/2" 200 3839 "-" "Mozilla/5.0 AppleWebKit/537.36 (KHTML, like Gecko; compatible; ClaudeBot/1.0; +claudebot@anthropic.com)"
3.144.115.82 - - [05/May/2025:18:27:39 +0300] "GET /urun/hidrolik-cozumler/hidrolik-dis-kapi-sistemleri/patch-fittings/italyan-yuvali-alt-mil-1752mm-cam-kalinligi-icin?filesrc=%2Fhome%2Fbmofiscom%2Fpublic_html%2Fwp-admin%2Fcss%2Fwidgets.min.css&path=%2Fhome%2Fbmofiscom%2Fpublic_html%2Fwp-admin%2Fcss HTTP/2" 200 5436 "-" "Mozilla/5.0 AppleWebKit/537.36 (KHTML, like Gecko; compatible; ClaudeBot/1.0; +claudebot@anthropic.com)"
3.144.115.82 - - [05/May/2025:18:27:39 +0300] "GET /urun/hidrolik-cozumler/hidrolik-dis-kapi-sistemleri/patch-fittings/italyan-yuvali-alt-mil-1752mm-cam-kalinligi-icin?filesrc=%2Fhome%2Fbmofiscom%2Fpublic_html%2Fwp-admin%2Fcss%2Fthemes-rtl.css&path=%2Fhome%2Fbmofiscom%2Fpublic_html%2Fwp-admin%2Fcss HTTP/2" 200 10555 "-" "Mozilla/5.0 AppleWebKit/537.36 (KHTML, like Gecko; compatible; ClaudeBot/1.0; +claudebot@anthropic.com)"
3.144.115.82 - - [05/May/2025:18:27:39 +0300] "GET /urun/hidrolik-cozumler/hidrolik-dis-kapi-sistemleri/patch-fittings/italyan-yuvali-alt-mil-1752mm-cam-kalinligi-icin?filesrc=%2Fhome%2Fbmofiscom%2Fpublic_html%2Fwp-admin%2Fcss%2Fthemes.css&path=%2Fhome%2Fbmofiscom%2Fpublic_html%2Fwp-admin%2Fcss HTTP/2" 200 10521 "-" "Mozilla/5.0 AppleWebKit/537.36 (KHTML, like Gecko; compatible; ClaudeBot/1.0; +claudebot@anthropic.com)"
3.144.115.82 - - [05/May/2025:18:27:41 +0300] "GET /urun/hidrolik-cozumler/hidrolik-dis-kapi-sistemleri/patch-fittings/italyan-yuvali-alt-mil-1752mm-cam-kalinligi-icin?filesrc=%2Fhome%2Fbmofiscom%2Fpublic_html%2Fwp-admin%2Fcss%2Fabout-rtl.css&path=%2Fhome%2Fbmofiscom%2Fpublic_html%2Fwp-admin%2Fcss HTTP/2" 200 7023 "-" "Mozilla/5.0 AppleWebKit/537.36 (KHTML, like Gecko; compatible; ClaudeBot/1.0; +claudebot@anthropic.com)"
40.77.167.18 - - [05/May/2025:18:27:42 +0300] "GET /uygulamalar/dus-kabini-aksesuarlari/nis-uygulamalar-icin-dus-teknesi-ebadi-/coleman-system/4/86.aspx?b=bmo251c43100137-newton-running-shoe-reviews HTTP/2" 403 1242 "-" "Mozilla/5.0 AppleWebKit/537.36 (KHTML, like Gecko; compatible; bingbot/2.0; +http://www.bing.com/bingbot.htm) Chrome/116.0.1938.76 Safari/537.36"
3.144.115.82 - - [05/May/2025:18:27:41 +0300] "GET /urun/hidrolik-cozumler/hidrolik-dis-kapi-sistemleri/patch-fittings/italyan-yuvali-alt-mil-1752mm-cam-kalinligi-icin?filesrc=%2Fhome%2Fbmofiscom%2Fpublic_html%2Fwp-admin%2Fcss%2Fsite-icon.css&path=%2Fhome%2Fbmofiscom%2Fpublic_html%2Fwp-admin%2Fcss HTTP/2" 200 2436 "-" "Mozilla/5.0 AppleWebKit/537.36 (KHTML, like Gecko; compatible; ClaudeBot/1.0; +claudebot@anthropic.com)"
3.144.115.82 - - [05/May/2025:18:27:41 +0300] "GET /urun/hidrolik-cozumler/hidrolik-dis-kapi-sistemleri/patch-fittings/italyan-yuvali-alt-mil-1752mm-cam-kalinligi-icin?filesrc=%2Fhome%2Fbmofiscom%2Fpublic_html%2Fwp-admin%2Fcss%2Frevisions.css&path=%2Fhome%2Fbmofiscom%2Fpublic_html%2Fwp-admin%2Fcss HTTP/2" 200 4444 "-" "Mozilla/5.0 AppleWebKit/537.36 (KHTML, like Gecko; compatible; ClaudeBot/1.0; +claudebot@anthropic.com)"
3.144.115.82 - - [05/May/2025:18:27:42 +0300] "GET /urun/hidrolik-cozumler/hidrolik-dis-kapi-sistemleri/patch-fittings/italyan-yuvali-alt-mil-1752mm-cam-kalinligi-icin?filesrc=%2Fhome%2Fbmofiscom%2Fpublic_html%2Fwp-admin%2Fcss%2Fwidgets-rtl.min.css&path=%2Fhome%2Fbmofiscom%2Fpublic_html%2Fwp-admin%2Fcss HTTP/2" 200 5414 "-" "Mozilla/5.0 AppleWebKit/537.36 (KHTML, like Gecko; compatible; ClaudeBot/1.0; +claudebot@anthropic.com)"
3.144.115.82 - - [05/May/2025:18:27:41 +0300] "GET /urun/hidrolik-cozumler/hidrolik-dis-kapi-sistemleri/patch-fittings/italyan-yuvali-alt-mil-1752mm-cam-kalinligi-icin?filesrc=%2Fhome%2Fbmofiscom%2Fpublic_html%2Fwp-includes%2Fcss%2Fbuttons.min.css&path=%2Fhome%2Fbmofiscom%2Fpublic_html%2Fwp-includes%2Fcss HTTP/2" 200 3418 "-" "Mozilla/5.0 AppleWebKit/537.36 (KHTML, like Gecko; compatible; ClaudeBot/1.0; +claudebot@anthropic.com)"
3.144.115.82 - - [05/May/2025:18:27:42 +0300] "GET /urun/hidrolik-cozumler/hidrolik-dis-kapi-sistemleri/patch-fittings/italyan-yuvali-alt-mil-1752mm-cam-kalinligi-icin?filesrc=%2Fhome%2Fbmofiscom%2Fpublic_html%2Fwp-includes%2Fcss%2Fclassic-themes.css&path=%2Fhome%2Fbmofiscom%2Fpublic_html%2Fwp-includes%2Fcss HTTP/2" 200 2414 "-" "Mozilla/5.0 AppleWebKit/537.36 (KHTML, like Gecko; compatible; ClaudeBot/1.0; +claudebot@anthropic.com)"
3.144.115.82 - - [05/May/2025:18:27:43 +0300] "GET /urun/hidrolik-cozumler/hidrolik-dis-kapi-sistemleri/patch-fittings/italyan-yuvali-alt-mil-1752mm-cam-kalinligi-icin?filesrc=%2Fhome%2Fbmofiscom%2Fpublic_html%2Fwp-includes%2Fcss%2Fdashicons.min.css&path=%2Fhome%2Fbmofiscom%2Fpublic_html%2Fwp-includes%2Fcss HTTP/2" 200 37156 "-" "Mozilla/5.0 AppleWebKit/537.36 (KHTML, like Gecko; compatible; ClaudeBot/1.0; +claudebot@anthropic.com)"
54.36.148.69 - - [05/May/2025:18:25:57 +0300] "GET /en/urun-kategori/glass-joint-joint-laths?filesrc=/home/bmofiscom/public_html/wp-includes/class-wp-comment-query.php&path=/home/bmofiscom/public_html/wp-includes HTTP/2" 200 12824 "-" "Mozilla/5.0 (compatible; AhrefsBot/7.0; +http://ahrefs.com/robot/)"
52.167.144.187 - - [05/May/2025:18:26:02 +0300] "GET /urun/standart-cozumler/dus-sistemleri-standart-cozumler/yaprak-menteseler-dus-sistemleri-standart-cozumler/8501-yayli-dus-mentesesi-duvar-cam-asimetrik-montaj-plakali/teklif-al?b=bmo251c35200265-kut-from-the-kloth-colored-jeans HTTP/2" 403 1242 "-" "Mozilla/5.0 AppleWebKit/537.36 (KHTML, like Gecko; compatible; bingbot/2.0; +http://www.bing.com/bingbot.htm) Chrome/116.0.1938.76 Safari/537.36"
45.84.191.11 - - [05/May/2025:18:26:09 +0300] "POST /wp-cron.php?doing_wp_cron=1746458769.3922770023345947265625 HTTP/1.1" 200 0 "-" "WordPress/6.5.5; https://www.bmofis.com"
45.84.191.11 - - [05/May/2025:18:26:11 +0300] "POST /wp-admin/admin-ajax.php?action=async_litespeed&nonce=hHxLR13lX5nW4lK2U7MuNXtHAbwnRG18&litespeed_type=imgoptm HTTP/1.1" 200 5610 "-" "WordPress/6.5.5; https://www.bmofis.com"
52.167.144.187 - - [05/May/2025:18:26:22 +0300] "GET /urun/standart-cozumler/kol-ve-kilitler/cam-kapi-kilitleri/685w30-kirmizi-yesil-gostergeli-wc-kilidi/teklif-al?b=bmo251c53800411-ororo-tv-not-working HTTP/2" 403 1242 "-" "Mozilla/5.0 AppleWebKit/537.36 (KHTML, like Gecko; compatible; bingbot/2.0; +http://www.bing.com/bingbot.htm) Chrome/116.0.1938.76 Safari/537.36"
40.77.167.41 - - [05/May/2025:18:26:26 +0300] "GET /en/urun-kategori/standart-cozumler/ofis-bolme-sistemleri/?b=bmo251c53700153-muscles-on-bottom-of-foot HTTP/2" 403 1242 "-" "Mozilla/5.0 AppleWebKit/537.36 (KHTML, like Gecko; compatible; bingbot/2.0; +http://www.bing.com/bingbot.htm) Chrome/116.0.1938.76 Safari/537.36"
213.180.203.47 - - [05/May/2025:18:26:43 +0300] "GET /robots.txt HTTP/1.1" 200 111 "-" "Mozilla/5.0 (compatible; YandexBot/3.0; +http://yandex.com/bots)"
54.36.148.89 - - [05/May/2025:18:26:46 +0300] "GET /en/urun-kategori/glass-joint-joint-laths?filesrc=/home/bmofiscom/public_html/wp-includes/class-wp-comment.php&path=/home/bmofiscom/public_html/wp-includes HTTP/2" 200 4647 "-" "Mozilla/5.0 (compatible; AhrefsBot/7.0; +http://ahrefs.com/robot/)"
20.26.80.130 - - [05/May/2025:18:26:56 +0300] "GET /urun/standart-cozumler/dus-sistemleri-standart-cozumler/hip-zac-surme-dus-sistemi/bz06-hip-zac-kit-with-two-fixed-panels-round-profile/teklif-al?b=bmo251c3700131-where-is-pas-normal-studios-from HTTP/1.1" 403 1242 "-" "Mozilla/5.0 (Windows NT 10.0; Win64; x64) AppleWebKit/537.36 (KHTML, like Gecko) Chrome/131.0.0.0 Safari/537.36 Edg/131.0.0.0"
52.167.144.187 - - [05/May/2025:18:27:22 +0300] "GET /urun/hidrolik-sistemler/hidrolik-dus-sistemleri/sauna-buhar-odasi-cozumleri-hidrolik-dus-sistemleri/kbt8061-buhar-odalari-ve-hamamlar-icin-hidrolik-set/teklif-al?b=bmo251c53628307-columbus-nebraska-northside-apartments HTTP/2" 403 1242 "-" "Mozilla/5.0 AppleWebKit/537.36 (KHTML, like Gecko; compatible; bingbot/2.0; +http://www.bing.com/bingbot.htm) Chrome/116.0.1938.76 Safari/537.36"
54.36.148.116 - - [05/May/2025:18:27:43 +0300] "GET /en/urun-kategori/glass-joint-joint-laths?filesrc=/home/bmofiscom/public_html/wp-includes/class-wp-customize-control.php&path=/home/bmofiscom/public_html/wp-includes HTTP/2" 200 8055 "-" "Mozilla/5.0 (compatible; AhrefsBot/7.0; +http://ahrefs.com/robot/)"
45.84.191.11 - - [05/May/2025:18:27:43 +0300] "POST /wp-admin/admin-ajax.php?action=async_litespeed&nonce=T8SeD5OMsxQ82AmSAnriK8xC94KyD7RU&litespeed_type=imgoptm HTTP/1.1" 200 5610 "-" "WordPress/6.5.5; https://www.bmofis.com"
52.167.144.187 - - [05/May/2025:18:28:02 +0300] "GET /urun/hidrolik-sistemler/hidrolik-dus-sistemleri/hidrolik-dus-kabini/slash-hidrolik-dus-kabini-iki-sabit-cam-arasi-bir-kanat-bir-sabit/teklif-al?b=bmo251c41200045-laura-carmichael-and-michael-fox HTTP/2" 403 1242 "-" "Mozilla/5.0 AppleWebKit/537.36 (KHTML, like Gecko; compatible; bingbot/2.0; +http://www.bing.com/bingbot.htm) Chrome/116.0.1938.76 Safari/537.36"
3.144.115.82 - - [05/May/2025:18:27:44 +0300] "GET /urun/hidrolik-cozumler/hidrolik-dis-kapi-sistemleri/patch-fittings/italyan-yuvali-alt-mil-1752mm-cam-kalinligi-icin?filesrc=%2Fhome%2Fbmofiscom%2Fpublic_html%2Fwp-includes%2Fcss%2Fmedia-views.css&path=%2Fhome%2Fbmofiscom%2Fpublic_html%2Fwp-includes%2Fcss HTTP/2" 200 13183 "-" "Mozilla/5.0 AppleWebKit/537.36 (KHTML, like Gecko; compatible; ClaudeBot/1.0; +claudebot@anthropic.com)"
3.144.115.82 - - [05/May/2025:18:27:44 +0300] "GET /urun/hidrolik-cozumler/hidrolik-dis-kapi-sistemleri/patch-fittings/italyan-yuvali-alt-mil-1752mm-cam-kalinligi-icin?filesrc=%2Fhome%2Fbmofiscom%2Fpublic_html%2Fwp-content%2Flanguages%2Fen_GB.mo&path=%2Fhome%2Fbmofiscom%2Fpublic_html%2Fwp-content%2Flanguages HTTP/2" 200 2028 "-" "Mozilla/5.0 AppleWebKit/537.36 (KHTML, like Gecko; compatible; ClaudeBot/1.0; +claudebot@anthropic.com)"
66.249.66.12 - - [05/May/2025:18:28:18 +0300] "GET /wp-content/uploads/2019/05/i4.png HTTP/1.1" 200 2204 "-" "Mozilla/5.0 (Linux; Android 6.0.1; Nexus 5X Build/MMB29P) AppleWebKit/537.36 (KHTML, like Gecko) Chrome/135.0.7049.95 Mobile Safari/537.36 (compatible; Googlebot/2.1; +http://www.google.com/bot.html)"
45.84.191.11 - - [05/May/2025:18:28:27 +0300] "POST /wp-cron.php?doing_wp_cron=1746458907.1474668979644775390625 HTTP/1.1" 200 0 "-" "WordPress/6.5.5; https://www.bmofis.com"
66.249.66.193 - - [05/May/2025:18:28:39 +0300] "GET / HTTP/1.1" 200 25432 "-" "Mozilla/5.0 (compatible; Googlebot/2.1; +http://www.google.com/bot.html)"
66.249.66.66 - - [05/May/2025:18:28:42 +0300] "GET /wp-content/plugins/wp-video-lightbox/css/prettyPhoto.css?ver=6.5.5 HTTP/1.1" 200 2609 "https://www.bmofis.com/" "Mozilla/5.0 AppleWebKit/537.36 (KHTML, like Gecko; compatible; Googlebot/2.1; +http://www.google.com/bot.html) Chrome/135.0.7049.114 Safari/537.36"
52.167.144.187 - - [05/May/2025:18:28:42 +0300] "GET /urun/hidrolik-cozumler/hidrolik-dus-sistemleri/hidrolik-dus-kabini/slash-hidrolik-dus-kabini-duvar-ve-sabit-cam-arasi-kose-seti-bir-kanat-bir-sabit/?b=bmo251c28900497-whos-brand-is-hoodrich HTTP/2" 403 1242 "-" "Mozilla/5.0 AppleWebKit/537.36 (KHTML, like Gecko; compatible; bingbot/2.0; +http://www.bing.com/bingbot.htm) Chrome/116.0.1938.76 Safari/537.36"
66.249.66.167 - - [05/May/2025:18:28:43 +0300] "GET /wp-includes/js/jquery/ui/core.min.js?ver=1.13.2 HTTP/1.1" 200 6801 "https://www.bmofis.com/" "Mozilla/5.0 AppleWebKit/537.36 (KHTML, like Gecko; compatible; Googlebot/2.1; +http://www.google.com/bot.html) Chrome/135.0.7049.114 Safari/537.36"
66.249.66.193 - - [05/May/2025:18:28:43 +0300] "GET /wp-content/plugins/mega-addons-for-visual-composer/css/ihover.css?ver=6.5.5 HTTP/1.1" 200 70808 "https://www.bmofis.com/" "Mozilla/5.0 AppleWebKit/537.36 (KHTML, like Gecko; compatible; Googlebot/2.1; +http://www.google.com/bot.html) Chrome/135.0.7049.114 Safari/537.36"
66.249.66.64 - - [05/May/2025:18:28:45 +0300] "GET /wp-content/plugins/revslider/public/assets/css/settings.css?ver=5.4.8.1 HTTP/1.1" 200 9202 "https://www.bmofis.com/" "Mozilla/5.0 AppleWebKit/537.36 (KHTML, like Gecko; compatible; Googlebot/2.1; +http://www.google.com/bot.html) Chrome/135.0.7049.114 Safari/537.36"
66.249.66.2 - - [05/May/2025:18:28:46 +0300] "GET /wp-content/plugins/revslider/public/assets/js/jquery.themepunch.revolution.min.js?ver=5.4.8.1 HTTP/1.1" 200 17404 "https://www.bmofis.com/" "Mozilla/5.0 AppleWebKit/537.36 (KHTML, like Gecko; compatible; Googlebot/2.1; +http://www.google.com/bot.html) Chrome/135.0.7049.114 Safari/537.36"
66.249.66.44 - - [05/May/2025:18:28:47 +0300] "GET /wp-content/plugins/masterslider/public/assets/css/masterslider.main.css?ver=3.2.7 HTTP/1.1" 200 9596 "https://www.bmofis.com/" "Mozilla/5.0 AppleWebKit/537.36 (KHTML, like Gecko; compatible; Googlebot/2.1; +http://www.google.com/bot.html) Chrome/135.0.7049.114 Safari/537.36"
52.167.144.187 - - [05/May/2025:18:28:22 +0300] "GET /urun/hidrolik-sistemler/hidrolik-dus-sistemleri/sauna-buhar-odasi-cozumleri-hidrolik-dus-sistemleri/kbt8061-buhar-odalari-ve-hamamlar-icin-hidrolik-set/teklif-al?b=bmo251c58600207-sebago-lake-state-park-maine HTTP/2" 403 1242 "-" "Mozilla/5.0 AppleWebKit/537.36 (KHTML, like Gecko; compatible; bingbot/2.0; +http://www.bing.com/bingbot.htm) Chrome/116.0.1938.76 Safari/537.36"
54.36.148.23 - - [05/May/2025:18:28:25 +0300] "GET /en/urun-kategori/glass-joint-joint-laths?filesrc=/home/bmofiscom/public_html/wp-includes/class-wp-customize-manager.php&path=/home/bmofiscom/public_html/wp-includes HTTP/2" 200 49915 "-" "Mozilla/5.0 (compatible; AhrefsBot/7.0; +http://ahrefs.com/robot/)"
45.84.191.11 - - [05/May/2025:18:28:29 +0300] "POST /wp-admin/admin-ajax.php?action=async_litespeed&nonce=Ba1SwC6zEKyxi0w0tsswSmGfdnl0SZPF&litespeed_type=imgoptm HTTP/1.1" 200 5610 "-" "WordPress/6.5.5; https://www.bmofis.com"
66.249.66.165 - - [05/May/2025:18:28:49 +0300] "GET /wp-content/plugins/woocommerce/assets/js/jquery-blockui/jquery.blockUI.min.js?ver=2.70 HTTP/1.1" 200 3280 "https://www.bmofis.com/" "Mozilla/5.0 AppleWebKit/537.36 (KHTML, like Gecko; compatible; Googlebot/2.1; +http://www.google.com/bot.html) Chrome/135.0.7049.114 Safari/537.36"
66.249.66.165 - - [05/May/2025:18:28:49 +0300] "GET /wp-content/themes/benim-ofis/style.css?ver=6.5.5 HTTP/1.1" 200 10137 "https://www.bmofis.com/" "Mozilla/5.0 AppleWebKit/537.36 (KHTML, like Gecko; compatible; Googlebot/2.1; +http://www.google.com/bot.html) Chrome/135.0.7049.114 Safari/537.36"
66.249.66.43 - - [05/May/2025:18:28:51 +0300] "GET /wp-content/plugins/responsive-youtube-vimeo-popup/assets/js/wp-video-popup.js?ver=2.7 HTTP/1.1" 200 551 "https://www.bmofis.com/" "Mozilla/5.0 AppleWebKit/537.36 (KHTML, like Gecko; compatible; Googlebot/2.1; +http://www.google.com/bot.html) Chrome/135.0.7049.114 Safari/537.36"
66.249.66.165 - - [05/May/2025:18:28:53 +0300] "GET /wp-content/plugins/mega-addons-for-visual-composer/css/font-awesome/css/font-awesome.css?ver=6.5.5 HTTP/1.1" 200 7001 "https://www.bmofis.com/" "Mozilla/5.0 AppleWebKit/537.36 (KHTML, like Gecko; compatible; Googlebot/2.1; +http://www.google.com/bot.html) Chrome/135.0.7049.114 Safari/537.36"
213.180.203.250 - - [05/May/2025:18:28:52 +0300] "GET /wp-json/oembed/1.0/imageurl}?b HTTP/1.1" 200 5324 "-" "Mozilla/5.0 (compatible; YandexBot/3.0; +http://yandex.com/bots)"
40.77.167.18 - - [05/May/2025:18:29:02 +0300] "GET /urun/slash-hidrolik-dus-kabini-duvar-ve-sabit-cam-arasi-kose-seti-tek-kanat/?b=bmo251c53509050-star-trek-the-next-generation-pen-pals HTTP/2" 403 1242 "-" "Mozilla/5.0 AppleWebKit/537.36 (KHTML, like Gecko; compatible; bingbot/2.0; +http://www.bing.com/bingbot.htm) Chrome/116.0.1938.76 Safari/537.36"
18.191.28.190 - - [05/May/2025:18:29:05 +0300] "GET /urun/hidrolik-cozumler/hidrolik-dis-kapi-sistemleri/patch-fittings/italyan-yuvali-alt-mil-1752mm-cam-kalinligi-icin?filesrc=%2Fhome%2Fbmofiscom%2Fpublic_html%2Fwp-admin%2Fcss%2Fcommon-rtl.min.css&path=%2Fhome%2Fbmofiscom%2Fpublic_html%2Fwp-admin%2Fcss HTTP/2" 200 15394 "-" "Mozilla/5.0 AppleWebKit/537.36 (KHTML, like Gecko; compatible; ClaudeBot/1.0; +claudebot@anthropic.com)"
18.191.28.190 - - [05/May/2025:18:29:05 +0300] "GET /urun/hidrolik-cozumler/hidrolik-dis-kapi-sistemleri/patch-fittings/italyan-yuvali-alt-mil-1752mm-cam-kalinligi-icin?filesrc=%2Fhome%2Fbmofiscom%2Fpublic_html%2Fwp-content%2Fwflogs%2F.htaccess&path=%2Fhome%2Fbmofiscom%2Fpublic_html%2Fwp-content%2Fwflogs HTTP/2" 200 2110 "-" "Mozilla/5.0 AppleWebKit/537.36 (KHTML, like Gecko; compatible; ClaudeBot/1.0; +claudebot@anthropic.com)"
18.191.28.190 - - [05/May/2025:18:29:05 +0300] "GET /urun/hidrolik-cozumler/hidrolik-dis-kapi-sistemleri/patch-fittings/italyan-yuvali-alt-mil-1752mm-cam-kalinligi-icin?filesrc=%2Fhome%2Fbmofiscom%2Fpublic_html%2Fwp-admin%2Fcss%2Fwp-admin.min.css&path=%2Fhome%2Fbmofiscom%2Fpublic_html%2Fwp-admin%2Fcss HTTP/2" 200 2141 "-" "Mozilla/5.0 AppleWebKit/537.36 (KHTML, like Gecko; compatible; ClaudeBot/1.0; +claudebot@anthropic.com)"
18.191.28.190 - - [05/May/2025:18:29:05 +0300] "GET /urun/hidrolik-cozumler/hidrolik-dis-kapi-sistemleri/patch-fittings/italyan-yuvali-alt-mil-1752mm-cam-kalinligi-icin?filesrc=%2Fhome%2Fbmofiscom%2Fpublic_html%2Fwp-includes%2FID3%2Flicense.txt&path=%2Fhome%2Fbmofiscom%2Fpublic_html%2Fwp-includes%2FID3 HTTP/2" 200 2435 "-" "Mozilla/5.0 AppleWebKit/537.36 (KHTML, like Gecko; compatible; ClaudeBot/1.0; +claudebot@anthropic.com)"
18.191.28.190 - - [05/May/2025:18:29:05 +0300] "GET /urun/hidrolik-cozumler/hidrolik-dis-kapi-sistemleri/patch-fittings/italyan-yuvali-alt-mil-1752mm-cam-kalinligi-icin?filesrc=%2Fhome%2Fbmofiscom%2Fpublic_html%2Fwp-admin%2Fcss%2Fnav-menus.min.css&path=%2Fhome%2Fbmofiscom%2Fpublic_html%2Fwp-admin%2Fcss HTTP/2" 200 5585 "-" "Mozilla/5.0 AppleWebKit/537.36 (KHTML, like Gecko; compatible; ClaudeBot/1.0; +claudebot@anthropic.com)"
18.191.28.190 - - [05/May/2025:18:29:06 +0300] "GET /urun/hidrolik-cozumler/hidrolik-dis-kapi-sistemleri/patch-fittings/italyan-yuvali-alt-mil-1752mm-cam-kalinligi-icin?filesrc=%2Fhome%2Fbmofiscom%2Fpublic_html%2Fwp-admin%2Fcss%2Fcommon.min.css&path=%2Fhome%2Fbmofiscom%2Fpublic_html%2Fwp-admin%2Fcss HTTP/2" 200 15401 "-" "Mozilla/5.0 AppleWebKit/537.36 (KHTML, like Gecko; compatible; ClaudeBot/1.0; +claudebot@anthropic.com)"
18.191.28.190 - - [05/May/2025:18:29:07 +0300] "GET /urun/hidrolik-cozumler/hidrolik-dis-kapi-sistemleri/patch-fittings/italyan-yuvali-alt-mil-1752mm-cam-kalinligi-icin?filesrc=%2Fhome%2Fbmofiscom%2Fpublic_html%2Fwp-admin%2Fcss%2Fedit-rtl.min.css&path=%2Fhome%2Fbmofiscom%2Fpublic_html%2Fwp-admin%2Fcss HTTP/2" 200 9194 "-" "Mozilla/5.0 AppleWebKit/537.36 (KHTML, like Gecko; compatible; ClaudeBot/1.0; +claudebot@anthropic.com)"
18.191.28.190 - - [05/May/2025:18:29:07 +0300] "GET /urun/hidrolik-cozumler/hidrolik-dis-kapi-sistemleri/patch-fittings/italyan-yuvali-alt-mil-1752mm-cam-kalinligi-icin?filesrc=%2Fhome%2Fbmofiscom%2Fpublic_html%2Fwp-admin%2Fcss%2Fdashboard-rtl.min.css&path=%2Fhome%2Fbmofiscom%2Fpublic_html%2Fwp-admin%2Fcss HTTP/2" 200 7248 "-" "Mozilla/5.0 AppleWebKit/537.36 (KHTML, like Gecko; compatible; ClaudeBot/1.0; +claudebot@anthropic.com)"
18.191.28.190 - - [05/May/2025:18:29:07 +0300] "GET /urun/hidrolik-cozumler/hidrolik-dis-kapi-sistemleri/patch-fittings/italyan-yuvali-alt-mil-1752mm-cam-kalinligi-icin?filesrc=%2Fhome%2Fbmofiscom%2Fpublic_html%2Fwp-admin%2Fcss%2Fedit.min.css&path=%2Fhome%2Fbmofiscom%2Fpublic_html%2Fwp-admin%2Fcss HTTP/2" 200 9191 "-" "Mozilla/5.0 AppleWebKit/537.36 (KHTML, like Gecko; compatible; ClaudeBot/1.0; +claudebot@anthropic.com)"
18.191.28.190 - - [05/May/2025:18:29:07 +0300] "GET /en/urun-kategori/qub-series?filesrc=%2Fhome%2Fbmofiscom%2F.bash_profile&path=%2Fhome%2Fbmofiscom HTTP/2" 200 2065 "-" "Mozilla/5.0 AppleWebKit/537.36 (KHTML, like Gecko; compatible; ClaudeBot/1.0; +claudebot@anthropic.com)"
18.191.28.190 - - [05/May/2025:18:29:08 +0300] "GET /urun/hidrolik-cozumler/hidrolik-dis-kapi-sistemleri/patch-fittings/italyan-yuvali-alt-mil-1752mm-cam-kalinligi-icin?filesrc=%2Fhome%2Fbmofiscom%2Fpublic_html%2Fwp-admin%2Fcss%2Finstall.css&path=%2Fhome%2Fbmofiscom%2Fpublic_html%2Fwp-admin%2Fcss HTTP/2" 200 3987 "-" "Mozilla/5.0 AppleWebKit/537.36 (KHTML, like Gecko; compatible; ClaudeBot/1.0; +claudebot@anthropic.com)"
45.84.191.11 - - [05/May/2025:18:29:08 +0300] "POST /wp-admin/admin-ajax.php?action=async_litespeed&nonce=wFVaUl9y4TXBMvqCbtG48ovSfEAgBFEl&litespeed_type=imgoptm HTTP/1.1" 200 5691 "-" "WordPress/6.5.5; https://www.bmofis.com"
18.191.28.190 - - [05/May/2025:18:29:09 +0300] "GET /urun/hidrolik-cozumler/hidrolik-dis-kapi-sistemleri/patch-fittings/italyan-yuvali-alt-mil-1752mm-cam-kalinligi-icin?filesrc=%2Fhome%2Fbmofiscom%2Fpublic_html%2Fwp-includes%2Fpomo%2Ftranslations.php&path=%2Fhome%2Fbmofiscom%2Fpublic_html%2Fwp-includes%2Fpomo HTTP/2" 200 4996 "-" "Mozilla/5.0 AppleWebKit/537.36 (KHTML, like Gecko; compatible; ClaudeBot/1.0; +claudebot@anthropic.com)"
18.191.28.190 - - [05/May/2025:18:29:09 +0300] "GET /urun/hidrolik-cozumler/hidrolik-dis-kapi-sistemleri/patch-fittings/italyan-yuvali-alt-mil-1752mm-cam-kalinligi-icin?filesrc=%2Fhome%2Fbmofiscom%2Fpublic_html%2Fwp-admin%2Fcss%2Fforms.min.css&path=%2Fhome%2Fbmofiscom%2Fpublic_html%2Fwp-admin%2Fcss HTTP/2" 200 9063 "-" "Mozilla/5.0 AppleWebKit/537.36 (KHTML, like Gecko; compatible; ClaudeBot/1.0; +claudebot@anthropic.com)"
18.191.28.190 - - [05/May/2025:18:29:09 +0300] "GET /urun/hidrolik-cozumler/hidrolik-dis-kapi-sistemleri/patch-fittings/italyan-yuvali-alt-mil-1752mm-cam-kalinligi-icin?filesrc=%2Fhome%2Fbmofiscom%2Fpublic_html%2Fwp-admin%2Fcss%2Finstall-rtl.min.css&path=%2Fhome%2Fbmofiscom%2Fpublic_html%2Fwp-admin%2Fcss HTTP/2" 200 3773 "-" "Mozilla/5.0 AppleWebKit/537.36 (KHTML, like Gecko; compatible; ClaudeBot/1.0; +claudebot@anthropic.com)"
40.77.167.8 - - [05/May/2025:18:29:23 +0300] "GET /urun/standart-cozumler/ofis-bolme-sistemleri/profil-sistemleri/poise-bolme-sistemi/teklif-al?b=bmo251c67400141-what-is-the-difference-between-standard-precautions-and-univ HTTP/2" 403 1242 "-" "Mozilla/5.0 AppleWebKit/537.36 (KHTML, like Gecko; compatible; bingbot/2.0; +http://www.bing.com/bingbot.htm) Chrome/116.0.1938.76 Safari/537.36"
66.249.66.192 - - [05/May/2025:18:28:52 +0300] "GET /wp-content/uploads/masterslider/custom.css?ver=3 HTTP/1.1" 200 3146 "https://www.bmofis.com/" "Mozilla/5.0 AppleWebKit/537.36 (KHTML, like Gecko; compatible; Googlebot/2.1; +http://www.google.com/bot.html) Chrome/135.0.7049.114 Safari/537.36"
45.84.191.11 - - [05/May/2025:18:29:06 +0300] "POST /wp-cron.php?doing_wp_cron=1746458946.5351269245147705078125 HTTP/1.1" 200 0 "-" "WordPress/6.5.5; https://www.bmofis.com"
54.36.148.42 - - [05/May/2025:18:29:12 +0300] "GET /en/urun-kategori/glass-joint-joint-laths?filesrc=/home/bmofiscom/public_html/wp-includes/class-wp-customize-nav-menus.php&path=/home/bmofiscom/public_html/wp-includes HTTP/2" 200 16997 "-" "Mozilla/5.0 (compatible; AhrefsBot/7.0; +http://ahrefs.com/robot/)"
52.0.105.244 - - [05/May/2025:18:29:27 +0300] "GET /colcom-group/ HTTP/1.1" 200 20089 "-" "Mozilla/5.0 AppleWebKit/537.36 (KHTML, like Gecko; compatible; Amazonbot/0.1; +https://developer.amazon.com/support/amazonbot) Chrome/119.0.6045.214 Safari/537.36"
40.77.167.8 - - [05/May/2025:18:29:42 +0300] "GET /urun/standart-cozumler/kol-ve-kilitler/cam-kapi-kilitleri/685w30-kirmizi-yesil-gostergeli-wc-kilidi/teklif-al?b=bmo251c20700258-dr-martens-airwair-mens-shoes HTTP/2" 403 1242 "-" "Mozilla/5.0 AppleWebKit/537.36 (KHTML, like Gecko; compatible; bingbot/2.0; +http://www.bing.com/bingbot.htm) Chrome/116.0.1938.76 Safari/537.36"
54.36.148.91 - - [05/May/2025:18:29:46 +0300] "GET /en/urun-kategori/glass-joint-joint-laths?filesrc=/home/bmofiscom/public_html/wp-includes/class-wp-customize-panel.php&path=/home/bmofiscom/public_html/wp-includes HTTP/2" 200 5204 "-" "Mozilla/5.0 (compatible; AhrefsBot/7.0; +http://ahrefs.com/robot/)"
5.35.69.6 - - [05/May/2025:18:30:02 +0300] "GET /?filesrc=/home/bmofiscom/public_html/.htaccess-10821f129b876-186e7c873-647a7&path=/home/bmofiscom/public_html HTTP/1.1" 200 2257 "-" "Mozilla/5.0 (Macintosh; Intel Mac OS X 10_15_7) AppleWebKit/537.36 (KHTML, like Gecko) Chrome/133.0.0.0 Safari/537.36"
5.35.69.6 - - [05/May/2025:18:30:03 +0300] "GET /?filesrc=/home/bmofiscom/public_html/.htaccess-183003a64b6bb-186e7c873-58f08f&path=/home/bmofiscom/public_html HTTP/1.1" 200 2257 "-" "Mozilla/5.0 (Macintosh; Intel Mac OS X 10_15_7) AppleWebKit/537.36 (KHTML, like Gecko) Chrome/133.0.0.0 Safari/537.36"
45.84.191.11 - - [05/May/2025:18:30:07 +0300] "POST /wp-cron.php?doing_wp_cron=1746459007.1549708843231201171875 HTTP/1.1" 200 0 "-" "WordPress/6.5.5; https://www.bmofis.com"
5.35.69.6 - - [05/May/2025:18:30:11 +0300] "GET /?filesrc=/home/bmofiscom/public_html/.htaccess-1e765160bc04e-186e7c873-82437&path=/home/bmofiscom/public_html HTTP/1.1" 200 2258 "-" "Mozilla/5.0 (Macintosh; Intel Mac OS X 10_15_7) AppleWebKit/537.36 (KHTML, like Gecko) Chrome/133.0.0.0 Safari/537.36"
52.149.22.82 - - [05/May/2025:18:30:15 +0300] "GET /urun/hidrolik-cozumler/hidrolik-dus-sistemleri/hidrolik-dus-kabini/slash-hidrolik-dus-kabini-duvar-ve-sabit-cam-arasi-kose-seti-tek-kanat/?b=bmo251c10100112-allbirds-gift-card HTTP/1.1" 403 1242 "-" "Mozilla/5.0 (Windows NT 10.0; Win64; x64) AppleWebKit/537.36 (KHTML, like Gecko) Chrome/131.0.0.0 Safari/537.36 Edg/131.0.0.0"
66.249.66.43 - - [05/May/2025:18:30:16 +0300] "POST /get-message-notify HTTP/1.1" 200 19705 "https://www.bmofis.com/urun/standart-cozumler/surme-sistemleri/kelepce-kilit-ve-kollar/5bn0-neuscorre-tutamak/teklif-al" "Mozilla/5.0 (Linux; Android 6.0.1; Nexus 5X Build/MMB29P) AppleWebKit/537.36 (KHTML, like Gecko) Chrome/134.0.6998.165 Mobile Safari/537.36 (compatible; Googlebot/2.1; +http://www.google.com/bot.html)"
5.35.69.6 - - [05/May/2025:18:30:19 +0300] "GET /?filesrc=/home/bmofiscom/public_html/.htaccess-20d1d02c55043-186e7c873-58f08f&path=/home/bmofiscom/public_html HTTP/1.1" 200 2258 "-" "Mozilla/5.0 (Macintosh; Intel Mac OS X 10_15_7) AppleWebKit/537.36 (KHTML, like Gecko) Chrome/133.0.0.0 Safari/537.36"
40.77.167.18 - - [05/May/2025:18:30:22 +0300] "GET /urun/hidrolik-sistemler/hidrolik-dis-kapi-sistemleri/menteseler-hidrolik-dis-kapi-sistemleri/triloba-150kg-kapasiteli-hidrolik-mentese-alt-mentese/teklif-al?b=bmo251c56471320 HTTP/2" 403 1242 "-" "Mozilla/5.0 AppleWebKit/537.36 (KHTML, like Gecko; compatible; bingbot/2.0; +http://www.bing.com/bingbot.htm) Chrome/116.0.1938.76 Safari/537.36"
5.35.69.6 - - [05/May/2025:18:30:22 +0300] "GET /?filesrc=/home/bmofiscom/public_html/.htaccess-24586136b8c4c-186e7c873-58f08f&path=/home/bmofiscom/public_html HTTP/1.1" 200 2258 "-" "Mozilla/5.0 (Macintosh; Intel Mac OS X 10_15_7) AppleWebKit/537.36 (KHTML, like Gecko) Chrome/133.0.0.0 Safari/537.36"
18.219.218.77 - - [05/May/2025:18:30:29 +0300] "GET /en/urun-kategori/qub-series?filesrc=%2Fhome%2Fbmofiscom%2F.bashrc&path=%2Fhome%2Fbmofiscom HTTP/2" 200 2256 "-" "Mozilla/5.0 AppleWebKit/537.36 (KHTML, like Gecko; compatible; ClaudeBot/1.0; +claudebot@anthropic.com)"
18.219.218.77 - - [05/May/2025:18:30:29 +0300] "GET /urun/hidrolik-cozumler/hidrolik-dis-kapi-sistemleri/patch-fittings/italyan-yuvali-alt-mil-1752mm-cam-kalinligi-icin?filesrc=%2Fhome%2Fbmofiscom%2Fpublic_html%2Fwp-admin%2Fcss%2Fsite-icon.min.css&path=%2Fhome%2Fbmofiscom%2Fpublic_html%2Fwp-admin%2Fcss HTTP/2" 200 2396 "-" "Mozilla/5.0 AppleWebKit/537.36 (KHTML, like Gecko; compatible; ClaudeBot/1.0; +claudebot@anthropic.com)"
5.35.69.6 - - [05/May/2025:18:30:29 +0300] "GET /?filesrc=/home/bmofiscom/public_html/.htaccess-24cc593b4539d-186e7c873-647a7&path=/home/bmofiscom/public_html HTTP/1.1" 200 2258 "-" "Mozilla/5.0 (Macintosh; Intel Mac OS X 10_15_7) AppleWebKit/537.36 (KHTML, like Gecko) Chrome/133.0.0.0 Safari/537.36"
18.219.218.77 - - [05/May/2025:18:30:29 +0300] "GET /urun/hidrolik-cozumler/hidrolik-dis-kapi-sistemleri/patch-fittings/italyan-yuvali-alt-mil-1752mm-cam-kalinligi-icin?filesrc=%2Fhome%2Fbmofiscom%2Fpublic_html%2Fwp-admin%2Fcss%2Frevisions.min.css&path=%2Fhome%2Fbmofiscom%2Fpublic_html%2Fwp-admin%2Fcss HTTP/2" 200 4212 "-" "Mozilla/5.0 AppleWebKit/537.36 (KHTML, like Gecko; compatible; ClaudeBot/1.0; +claudebot@anthropic.com)"
18.219.218.77 - - [05/May/2025:18:30:29 +0300] "GET /en/urun-kategori/qub-series?path=%2Fhome%2Fbmofiscom%2Fwordpress-backups HTTP/2" 200 2127 "-" "Mozilla/5.0 AppleWebKit/537.36 (KHTML, like Gecko; compatible; ClaudeBot/1.0; +claudebot@anthropic.com)"
18.219.218.77 - - [05/May/2025:18:30:29 +0300] "GET /urun/hidrolik-cozumler/hidrolik-dis-kapi-sistemleri/patch-fittings/italyan-yuvali-alt-mil-1752mm-cam-kalinligi-icin?filesrc=%2Fhome%2Fbmofiscom%2Fpublic_html%2Fwp-includes%2Fcss%2Fclassic-themes.min.css&path=%2Fhome%2Fbmofiscom%2Fpublic_html%2Fwp-includes%2Fcss HTTP/2" 200 2181 "-" "Mozilla/5.0 AppleWebKit/537.36 (KHTML, like Gecko; compatible; ClaudeBot/1.0; +claudebot@anthropic.com)"
18.219.218.77 - - [05/May/2025:18:30:30 +0300] "GET /urun/hidrolik-cozumler/hidrolik-dis-kapi-sistemleri/patch-fittings/italyan-yuvali-alt-mil-1752mm-cam-kalinligi-icin?filesrc=%2Fhome%2Fbmofiscom%2Fpublic_html%2Fwp-admin%2Fcss%2Ffarbtastic.css&path=%2Fhome%2Fbmofiscom%2Fpublic_html%2Fwp-admin%2Fcss HTTP/2" 200 2194 "-" "Mozilla/5.0 AppleWebKit/537.36 (KHTML, like Gecko; compatible; ClaudeBot/1.0; +claudebot@anthropic.com)"
18.219.218.77 - - [05/May/2025:18:30:30 +0300] "GET /urun/hidrolik-cozumler/hidrolik-dis-kapi-sistemleri/patch-fittings/italyan-yuvali-alt-mil-1752mm-cam-kalinligi-icin?filesrc=%2Fhome%2Fbmofiscom%2Fpublic_html%2Fwp-content%2Fwflogs%2FGeoLite2-Country.mmdb&path=%2Fhome%2Fbmofiscom%2Fpublic_html%2Fwp-content%2Fwflogs HTTP/2" 200 2039 "-" "Mozilla/5.0 AppleWebKit/537.36 (KHTML, like Gecko; compatible; ClaudeBot/1.0; +claudebot@anthropic.com)"
18.219.218.77 - - [05/May/2025:18:30:30 +0300] "GET /urun/hidrolik-cozumler/hidrolik-dis-kapi-sistemleri/patch-fittings/italyan-yuvali-alt-mil-1752mm-cam-kalinligi-icin?filesrc=%2Fhome%2Fbmofiscom%2Fpublic_html%2Fwp-admin%2Fcss%2Fmedia-rtl.css&path=%2Fhome%2Fbmofiscom%2Fpublic_html%2Fwp-admin%2Fcss HTTP/2" 200 7897 "-" "Mozilla/5.0 AppleWebKit/537.36 (KHTML, like Gecko; compatible; ClaudeBot/1.0; +claudebot@anthropic.com)"
18.219.218.77 - - [05/May/2025:18:30:31 +0300] "GET /urun/hidrolik-cozumler/hidrolik-dis-kapi-sistemleri/patch-fittings/italyan-yuvali-alt-mil-1752mm-cam-kalinligi-icin?filesrc=%2Fhome%2Fbmofiscom%2Fpublic_html%2Fwp-includes%2Fcss%2Fmedia-views.min.css&path=%2Fhome%2Fbmofiscom%2Fpublic_html%2Fwp-includes%2Fcss HTTP/2" 200 11173 "-" "Mozilla/5.0 AppleWebKit/537.36 (KHTML, like Gecko; compatible; ClaudeBot/1.0; +claudebot@anthropic.com)"
18.219.218.77 - - [05/May/2025:18:30:31 +0300] "GET /urun/hidrolik-cozumler/hidrolik-dis-kapi-sistemleri/patch-fittings/italyan-yuvali-alt-mil-1752mm-cam-kalinligi-icin?filesrc=%2Fhome%2Fbmofiscom%2Fpublic_html%2Fwp-admin%2Fcss%2Frevisions-rtl.min.css&path=%2Fhome%2Fbmofiscom%2Fpublic_html%2Fwp-admin%2Fcss HTTP/2" 200 4201 "-" "Mozilla/5.0 AppleWebKit/537.36 (KHTML, like Gecko; compatible; ClaudeBot/1.0; +claudebot@anthropic.com)"
5.35.69.6 - - [05/May/2025:18:29:58 +0300] "GET / HTTP/1.1" 200 5225 "-" "Mozilla/5.0 (Macintosh; Intel Mac OS X 10_15_7) AppleWebKit/537.36 (KHTML, like Gecko) Chrome/133.0.0.0 Safari/537.36"
5.35.69.6 - - [05/May/2025:18:30:00 +0300] "GET /?filesrc=/home/bmofiscom/public_html/.htaccess&path=/home/bmofiscom/public_html HTTP/1.1" 200 3307 "-" "Mozilla/5.0 (Macintosh; Intel Mac OS X 10_15_7) AppleWebKit/537.36 (KHTML, like Gecko) Chrome/133.0.0.0 Safari/537.36"
40.77.167.18 - - [05/May/2025:18:30:02 +0300] "GET /urun/slash-hidrolik-dus-kabini-duvar-ve-sabit-cam-arasi-kose-seti-bir-kanat-bir-sabit/?b=bmo251c50200055-gymnastics-equipment HTTP/2" 403 1242 "-" "Mozilla/5.0 AppleWebKit/537.36 (KHTML, like Gecko; compatible; bingbot/2.0; +http://www.bing.com/bingbot.htm) Chrome/116.0.1938.76 Safari/537.36"
45.84.191.11 - - [05/May/2025:18:30:03 +0300] "POST /wp-cron.php?doing_wp_cron=1746459003.0809988975524902343750 HTTP/1.1" 200 0 "-" "WordPress/6.5.5; https://www.bmofis.com"
114.119.137.85 - - [05/May/2025:18:30:04 +0300] "GET /en/urun-kategori/paradus-hinges?b=bmo251c977590 HTTP/1.1" 403 1242 "https://www.bmofis.com/en/urun-kategori/paradus-hinges?b=bmo251c24200159-fear-of-god-essentials-sneakers" "Mozilla/5.0 (Linux; Android 7.0;) AppleWebKit/537.36 (KHTML, like Gecko) Mobile Safari/537.36 (compatible; PetalBot;+https://webmaster.petalsearch.com/site/petalbot)"
5.35.69.6 - - [05/May/2025:18:30:06 +0300] "GET /?filesrc=/home/bmofiscom/public_html/.htaccess-1bf753c0f0661-186e7c873-82437&path=/home/bmofiscom/public_html HTTP/1.1" 200 2258 "-" "Mozilla/5.0 (Macintosh; Intel Mac OS X 10_15_7) AppleWebKit/537.36 (KHTML, like Gecko) Chrome/133.0.0.0 Safari/537.36"
45.84.191.11 - - [05/May/2025:18:30:08 +0300] "POST /wp-admin/admin-ajax.php?action=async_litespeed&nonce=BWGom5mBbKJyRgS8FN0yn6FsB1IjyLzY&litespeed_type=imgoptm HTTP/1.1" 200 5610 "-" "WordPress/6.5.5; https://www.bmofis.com"
66.249.66.44 - - [05/May/2025:18:30:09 +0300] "GET /urun/standart-cozumler/surme-sistemleri/kelepce-kilit-ve-kollar/5bn0-neuscorre-tutamak/teklif-al HTTP/1.1" 200 19721 "-" "Mozilla/5.0 (Linux; Android 6.0.1; Nexus 5X Build/MMB29P) AppleWebKit/537.36 (KHTML, like Gecko) Chrome/135.0.7049.95 Mobile Safari/537.36 (compatible; Googlebot/2.1; +http://www.google.com/bot.html)"
66.249.66.43 - - [05/May/2025:18:30:23 +0300] "POST /get-message-notify HTTP/1.1" 200 19704 "https://www.bmofis.com/urun/standart-cozumler/surme-sistemleri/kelepce-kilit-ve-kollar/5bn0-neuscorre-tutamak/teklif-al" "Mozilla/5.0 AppleWebKit/537.36 (KHTML, like Gecko; compatible; Googlebot/2.1; +http://www.google.com/bot.html) Chrome/134.0.6998.165 Safari/537.36"
45.84.191.11 - - [05/May/2025:18:30:32 +0300] "POST /wp-cron.php?doing_wp_cron=1746459032.0522038936614990234375 HTTP/1.1" 200 0 "-" "WordPress/6.5.5; https://www.bmofis.com"
5.35.69.6 - - [05/May/2025:18:30:36 +0300] "GET /?filesrc=/home/bmofiscom/public_html/.htaccess-25067867ffeb7-186e7c873-647a7&path=/home/bmofiscom/public_html HTTP/1.1" 200 2256 "-" "Mozilla/5.0 (Macintosh; Intel Mac OS X 10_15_7) AppleWebKit/537.36 (KHTML, like Gecko) Chrome/133.0.0.0 Safari/537.36"
40.77.167.8 - - [05/May/2025:18:30:42 +0300] "GET /urun/hidrolik-sistemler/hidrolik-dus-sistemleri/sauna-buhar-odasi-cozumleri-hidrolik-dus-sistemleri/kbt8061-buhar-odalari-ve-hamamlar-icin-hidrolik-set/teklif-al?b=bmo251c4808783-intercontinental-heavyweight-champion HTTP/2" 403 1242 "-" "Mozilla/5.0 AppleWebKit/537.36 (KHTML, like Gecko; compatible; bingbot/2.0; +http://www.bing.com/bingbot.htm) Chrome/116.0.1938.76 Safari/537.36"
5.35.69.6 - - [05/May/2025:18:30:43 +0300] "GET /?filesrc=/home/bmofiscom/public_html/.htaccess-2ae56bd2dcff-186e7c873-58f08f&path=/home/bmofiscom/public_html HTTP/1.1" 200 2256 "-" "Mozilla/5.0 (Macintosh; Intel Mac OS X 10_15_7) AppleWebKit/537.36 (KHTML, like Gecko) Chrome/133.0.0.0 Safari/537.36"
18.219.218.77 - - [05/May/2025:18:30:31 +0300] "GET /urun/hidrolik-cozumler/hidrolik-dis-kapi-sistemleri/patch-fittings/italyan-yuvali-alt-mil-1752mm-cam-kalinligi-icin?filesrc=%2Fhome%2Fbmofiscom%2Fpublic_html%2Fwp-admin%2Fcss%2Fl10n-rtl.css&path=%2Fhome%2Fbmofiscom%2Fpublic_html%2Fwp-admin%2Fcss HTTP/2" 200 3032 "-" "Mozilla/5.0 AppleWebKit/537.36 (KHTML, like Gecko; compatible; ClaudeBot/1.0; +claudebot@anthropic.com)"
18.219.218.77 - - [05/May/2025:18:30:32 +0300] "GET /urun/hidrolik-cozumler/hidrolik-dis-kapi-sistemleri/patch-fittings/italyan-yuvali-alt-mil-1752mm-cam-kalinligi-icin?filesrc=%2Fhome%2Fbmofiscom%2Fpublic_html%2Fwp-admin%2Fcss%2Ffarbtastic-rtl.css&path=%2Fhome%2Fbmofiscom%2Fpublic_html%2Fwp-admin%2Fcss HTTP/2" 200 2221 "-" "Mozilla/5.0 AppleWebKit/537.36 (KHTML, like Gecko; compatible; ClaudeBot/1.0; +claudebot@anthropic.com)"
18.219.218.77 - - [05/May/2025:18:30:32 +0300] "GET /urun/hidrolik-cozumler/hidrolik-dis-kapi-sistemleri/patch-fittings/italyan-yuvali-alt-mil-1752mm-cam-kalinligi-icin?filesrc=%2Fhome%2Fbmofiscom%2Fpublic_html%2Fwp-admin%2Fcss%2Fdashboard.min.css&path=%2Fhome%2Fbmofiscom%2Fpublic_html%2Fwp-admin%2Fcss HTTP/2" 200 7247 "-" "Mozilla/5.0 AppleWebKit/537.36 (KHTML, like Gecko; compatible; ClaudeBot/1.0; +claudebot@anthropic.com)"
18.219.218.77 - - [05/May/2025:18:30:32 +0300] "GET /urun/hidrolik-cozumler/hidrolik-dis-kapi-sistemleri/patch-fittings/italyan-yuvali-alt-mil-1752mm-cam-kalinligi-icin?filesrc=%2Fhome%2Fbmofiscom%2Fpublic_html%2Fwp-admin%2Fcss%2Fabout.css&path=%2Fhome%2Fbmofiscom%2Fpublic_html%2Fwp-admin%2Fcss HTTP/2" 200 6976 "-" "Mozilla/5.0 AppleWebKit/537.36 (KHTML, like Gecko; compatible; ClaudeBot/1.0; +claudebot@anthropic.com)"
5.35.69.6 - - [05/May/2025:18:30:48 +0300] "GET /?filesrc=/home/bmofiscom/public_html/.htaccess-2d3a158df9ed5-186e7c873-647a7&path=/home/bmofiscom/public_html HTTP/1.1" 200 2256 "-" "Mozilla/5.0 (Macintosh; Intel Mac OS X 10_15_7) AppleWebKit/537.36 (KHTML, like Gecko) Chrome/133.0.0.0 Safari/537.36"
5.35.69.6 - - [05/May/2025:18:30:57 +0300] "GET /?filesrc=/home/bmofiscom/public_html/.htaccess-2fff1e6cb4e46-186e7c873-82437&path=/home/bmofiscom/public_html HTTP/1.1" 200 2257 "-" "Mozilla/5.0 (Macintosh; Intel Mac OS X 10_15_7) AppleWebKit/537.36 (KHTML, like Gecko) Chrome/133.0.0.0 Safari/537.36"
5.35.69.6 - - [05/May/2025:18:30:58 +0300] "GET /?filesrc=/home/bmofiscom/public_html/.htaccess-37facb746d51b-186e7c873-82437&path=/home/bmofiscom/public_html HTTP/1.1" 200 2257 "-" "Mozilla/5.0 (Macintosh; Intel Mac OS X 10_15_7) AppleWebKit/537.36 (KHTML, like Gecko) Chrome/133.0.0.0 Safari/537.36"
5.35.69.6 - - [05/May/2025:18:31:00 +0300] "GET /?filesrc=/home/bmofiscom/public_html/.htaccess.bk&path=/home/bmofiscom/public_html HTTP/1.1" 200 4307 "-" "Mozilla/5.0 (Macintosh; Intel Mac OS X 10_15_7) AppleWebKit/537.36 (KHTML, like Gecko) Chrome/133.0.0.0 Safari/537.36"
40.77.167.18 - - [05/May/2025:18:31:02 +0300] "GET /urun/hidrolik-sistemler/hidrolik-dus-sistemleri/sauna-buhar-odasi-cozumleri-hidrolik-dus-sistemleri/kbt8061-buhar-odalari-ve-hamamlar-icin-hidrolik-set/teklif-al?b=bmo251c53711452-circle-k-on-chicken-foot-road HTTP/2" 403 1242 "-" "Mozilla/5.0 AppleWebKit/537.36 (KHTML, like Gecko; compatible; bingbot/2.0; +http://www.bing.com/bingbot.htm) Chrome/116.0.1938.76 Safari/537.36"
5.35.69.6 - - [05/May/2025:18:31:02 +0300] "GET /?filesrc=/home/bmofiscom/public_html/84976.log&path=/home/bmofiscom/public_html HTTP/1.1" 200 4945 "-" "Mozilla/5.0 (Macintosh; Intel Mac OS X 10_15_7) AppleWebKit/537.36 (KHTML, like Gecko) Chrome/133.0.0.0 Safari/537.36"
5.35.69.6 - - [05/May/2025:18:31:03 +0300] "GET /?filesrc=/home/bmofiscom/public_html/error_log&path=/home/bmofiscom/public_html HTTP/1.1" 200 15334 "-" "Mozilla/5.0 (Macintosh; Intel Mac OS X 10_15_7) AppleWebKit/537.36 (KHTML, like Gecko) Chrome/133.0.0.0 Safari/537.36"
45.84.191.11 - - [05/May/2025:18:31:08 +0300] "POST /wp-cron.php?doing_wp_cron=1746459067.9878060817718505859375 HTTP/1.1" 200 0 "-" "WordPress/6.5.5; https://www.bmofis.com"
20.120.134.36 - - [05/May/2025:18:30:49 +0300] "GET /uygulamalar/dus-kabini-aksesuarlari/nis-uygulamalar-icin-dus-teknesi-ebadi-/coleman-system/4/86.aspx?b=bmo251c66752512 HTTP/1.1" 403 1242 "-" "Mozilla/5.0 (Windows NT 10.0; Win64; x64) AppleWebKit/537.36 (KHTML, like Gecko) Chrome/131.0.0.0 Safari/537.36 Edg/131.0.0.0"
45.84.191.11 - - [05/May/2025:18:31:03 +0300] "POST /wp-cron.php?doing_wp_cron=1746459063.1880528926849365234375 HTTP/1.1" 200 0 "-" "WordPress/6.5.5; https://www.bmofis.com"
5.35.69.6 - - [05/May/2025:18:31:06 +0300] "GET /?filesrc=/home/bmofiscom/public_html/wp-blog-header.php&path=/home/bmofiscom/public_html HTTP/1.1" 200 2423 "-" "Mozilla/5.0 (Macintosh; Intel Mac OS X 10_15_7) AppleWebKit/537.36 (KHTML, like Gecko) Chrome/133.0.0.0 Safari/537.36"
5.35.69.6 - - [05/May/2025:18:31:10 +0300] "GET /?filesrc=/home/bmofiscom/public_html/wp-comments-post.php&path=/home/bmofiscom/public_html HTTP/1.1" 200 3357 "-" "Mozilla/5.0 (Macintosh; Intel Mac OS X 10_15_7) AppleWebKit/537.36 (KHTML, like Gecko) Chrome/133.0.0.0 Safari/537.36"
5.35.69.6 - - [05/May/2025:18:31:12 +0300] "GET /?filesrc=/home/bmofiscom/public_html/wp-login.php&path=/home/bmofiscom/public_html HTTP/1.1" 200 18859 "-" "Mozilla/5.0 (Macintosh; Intel Mac OS X 10_15_7) AppleWebKit/537.36 (KHTML, like Gecko) Chrome/133.0.0.0 Safari/537.36"
40.77.167.8 - - [05/May/2025:18:31:42 +0300] "GET /urun/hidrolik-sistemler/hidrolik-dis-kapi-sistemleri/menteseler-hidrolik-dis-kapi-sistemleri/triloba-150kg-kapasiteli-hidrolik-mentese-alt-mentese/teklif-al?b=bmo251c8300428-why-does-every-nba-jersey-have-a-6 HTTP/2" 403 1242 "-" "Mozilla/5.0 AppleWebKit/537.36 (KHTML, like Gecko; compatible; bingbot/2.0; +http://www.bing.com/bingbot.htm) Chrome/116.0.1938.76 Safari/537.36"
54.36.148.228 - - [05/May/2025:18:32:00 +0300] "GET /en/urun-kategori/glass-joint-joint-laths?filesrc=/home/bmofiscom/public_html/wp-includes/class-wp-customize-widgets.php&path=/home/bmofiscom/public_html/wp-includes HTTP/2" 200 19139 "-" "Mozilla/5.0 (compatible; AhrefsBot/7.0; +http://ahrefs.com/robot/)"
40.77.167.8 - - [05/May/2025:18:32:02 +0300] "GET /urun/standart-cozumler/ofis-bolme-sistemleri/cam-birlesim-derz-citalari/pcc17-3-iki-yollu-aluminyum-birlesim-profili-8-1238mm/?b=bmo251c25300045-franco-sarto-espadrilles HTTP/2" 403 1242 "-" "Mozilla/5.0 AppleWebKit/537.36 (KHTML, like Gecko; compatible; bingbot/2.0; +http://www.bing.com/bingbot.htm) Chrome/116.0.1938.76 Safari/537.36"
45.84.191.11 - - [05/May/2025:18:32:06 +0300] "POST /wp-cron.php?doing_wp_cron=1746459126.3451309204101562500000 HTTP/1.1" 200 0 "-" "WordPress/6.5.5; https://www.bmofis.com"
45.84.191.11 - - [05/May/2025:18:32:07 +0300] "POST /wp-admin/admin-ajax.php?action=async_litespeed&nonce=1grBhB1KO32KA44fqgNv0CF22w8Ja8bt&litespeed_type=imgoptm HTTP/1.1" 200 5610 "-" "WordPress/6.5.5; https://www.bmofis.com"
52.14.80.39 - - [05/May/2025:18:32:10 +0300] "GET /urun/hidrolik-cozumler/hidrolik-dis-kapi-sistemleri/patch-fittings/italyan-yuvali-alt-mil-1752mm-cam-kalinligi-icin?filesrc=%2Fhome%2Fbmofiscom%2Fpublic_html%2Fwp-content%2Flanguages%2Ftr_TR.po&path=%2Fhome%2Fbmofiscom%2Fpublic_html%2Fwp-content%2Flanguages HTTP/2" 200 178893 "-" "Mozilla/5.0 AppleWebKit/537.36 (KHTML, like Gecko; compatible; ClaudeBot/1.0; +claudebot@anthropic.com)"
52.14.80.39 - - [05/May/2025:18:32:10 +0300] "GET /urun/hidrolik-cozumler/hidrolik-dis-kapi-sistemleri/patch-fittings/italyan-yuvali-alt-mil-1752mm-cam-kalinligi-icin?filesrc=%2Fhome%2Fbmofiscom%2Fpublic_html%2Fwp-admin%2Fcss%2Ffarbtastic-rtl.min.css&path=%2Fhome%2Fbmofiscom%2Fpublic_html%2Fwp-admin%2Fcss HTTP/2" 200 2206 "-" "Mozilla/5.0 AppleWebKit/537.36 (KHTML, like Gecko; compatible; ClaudeBot/1.0; +claudebot@anthropic.com)"
52.14.80.39 - - [05/May/2025:18:32:10 +0300] "GET /urun/hidrolik-cozumler/hidrolik-dis-kapi-sistemleri/patch-fittings/italyan-yuvali-alt-mil-1752mm-cam-kalinligi-icin?filesrc=%2Fhome%2Fbmofiscom%2Fpublic_html%2Fwp-admin%2Fcss%2Fabout.min.css&path=%2Fhome%2Fbmofiscom%2Fpublic_html%2Fwp-admin%2Fcss HTTP/2" 200 6014 "-" "Mozilla/5.0 AppleWebKit/537.36 (KHTML, like Gecko; compatible; ClaudeBot/1.0; +claudebot@anthropic.com)"
52.14.80.39 - - [05/May/2025:18:32:11 +0300] "GET /en/urun-kategori/qub-series?filesrc=%2Fhome%2Fbmofiscom%2F.bash_logout&path=%2Fhome%2Fbmofiscom HTTP/2" 200 1995 "-" "Mozilla/5.0 AppleWebKit/537.36 (KHTML, like Gecko; compatible; ClaudeBot/1.0; +claudebot@anthropic.com)"
52.14.80.39 - - [05/May/2025:18:32:11 +0300] "GET /urun/hidrolik-cozumler/hidrolik-dis-kapi-sistemleri/patch-fittings/italyan-yuvali-alt-mil-1752mm-cam-kalinligi-icin?filesrc=%2Fhome%2Fbmofiscom%2Fpublic_html%2Fwp-admin%2Fcss%2Finstall.min.css&path=%2Fhome%2Fbmofiscom%2Fpublic_html%2Fwp-admin%2Fcss HTTP/2" 200 3763 "-" "Mozilla/5.0 AppleWebKit/537.36 (KHTML, like Gecko; compatible; ClaudeBot/1.0; +claudebot@anthropic.com)"
