40.77.167.36 - - [05/May/2025:15:54:42 +0300] "GET /urun/hidrolik-sistemler/hidrolik-dis-kapi-sistemleri/menteseler-hidrolik-dis-kapi-sistemleri/triloba-150kg-kapasiteli-hidrolik-mentese-alt-mentese/teklif-al?b=bmo251c56276159 HTTP/2" 403 1242 "-" "Mozilla/5.0 AppleWebKit/537.36 (KHTML, like Gecko; compatible; bingbot/2.0; +http://www.bing.com/bingbot.htm) Chrome/116.0.1938.76 Safari/537.36"
40.77.167.36 - - [05/May/2025:15:55:03 +0300] "GET /urun/standart-cozumler/dus-sistemleri-standart-cozumler/piuma-surme-dus-sistemi/piuma-cift-kanatli-surme-kose-dus-sistemi/teklif-al?b=bmo251c66500192-twisted-wonderland-malleus-x-reader HTTP/2" 403 1242 "-" "Mozilla/5.0 AppleWebKit/537.36 (KHTML, like Gecko; compatible; bingbot/2.0; +http://www.bing.com/bingbot.htm) Chrome/116.0.1938.76 Safari/537.36"
45.84.191.11 - - [05/May/2025:15:55:15 +0300] "POST /wp-cron.php?doing_wp_cron=1746449715.2689139842987060546875 HTTP/1.1" 200 0 "-" "WordPress/6.5.5; https://www.bmofis.com"
54.36.148.180 - - [05/May/2025:15:55:14 +0300] "GET /urun/hidrolik-cozumler/hidrolik-dis-kapi-sistemleri/menteseler-hidrolik-dis-kapi-sistemleri/biloba-evo-hidrolik-cam-kapi-mentesesi-cam-cama-90da-durmaz/teklif-al?filesrc=/home/bmofiscom/public_html/wp-includes/block-patterns.php&path=/home/bmofiscom/public_html/wp-includes HTTP/2" 200 5171 "-" "Mozilla/5.0 (compatible; AhrefsBot/7.0; +http://ahrefs.com/robot/)"
66.249.93.101 - - [05/May/2025:15:55:20 +0300] "GET /.well-known/traffic-advice HTTP/1.1" 200 5243 "-" "Chrome Privacy Preserving Prefetch Proxy"
52.167.144.19 - - [05/May/2025:15:55:22 +0300] "GET /urun/standart-cozumler/dus-sistemleri-standart-cozumler/piuma-surme-dus-sistemi/piuma-cift-kanatli-surme-kose-dus-sistemi/teklif-al?b=bmo251c20900071-dune-london-boots-mens HTTP/2" 403 1242 "-" "Mozilla/5.0 AppleWebKit/537.36 (KHTML, like Gecko; compatible; bingbot/2.0; +http://www.bing.com/bingbot.htm) Chrome/116.0.1938.76 Safari/537.36"
45.84.191.11 - - [05/May/2025:15:55:47 +0300] "POST /wp-cron.php?doing_wp_cron=1746449747.6622710227966308593750 HTTP/1.1" 200 0 "-" "WordPress/6.5.5; https://www.bmofis.com"
20.197.112.226 - - [05/May/2025:15:56:11 +0300] "GET /urun/standart-cozumler/dus-sistemleri-standart-cozumler/piuma-surme-dus-sistemi/piuma-cift-kanatli-surme-kose-dus-sistemi/teklif-al?b=bmo251c45300055-original-s.w.a.t-lightweight-uniform-boot-shoe-size-xhart HTTP/1.1" 403 1242 "-" "Mozilla/5.0 (Windows NT 10.0; Win64; x64) AppleWebKit/537.36 (KHTML, like Gecko) Chrome/131.0.0.0 Safari/537.36 Edg/131.0.0.0"
35.174.141.243 - - [05/May/2025:15:56:23 +0300] "GET /urun-kategori/standart-cozumler/kol-ve-kilitler/ HTTP/1.1" 200 18974 "-" "Mozilla/5.0 AppleWebKit/537.36 (KHTML, like Gecko; compatible; Amazonbot/0.1; +https://developer.amazon.com/support/amazonbot) Chrome/119.0.6045.214 Safari/537.36"
66.249.66.1 - - [05/May/2025:15:56:27 +0300] "GET /?b=466534015 HTTP/1.1" 403 1242 "-" "Mozilla/5.0 (Linux; Android 6.0.1; Nexus 5X Build/MMB29P) AppleWebKit/537.36 (KHTML, like Gecko) Chrome/136.0.7103.59 Mobile Safari/537.36 (compatible; Googlebot/2.1; +http://www.google.com/bot.html)"
45.84.191.11 - - [05/May/2025:15:56:31 +0300] "POST /wp-admin/admin-ajax.php?action=async_litespeed&nonce=IwZkSr8v13eEjvJPvTjsAnXoeUdnpYjb&litespeed_type=imgoptm HTTP/1.1" 200 5610 "-" "WordPress/6.5.5; https://www.bmofis.com"
40.77.167.36 - - [05/May/2025:15:55:42 +0300] "GET /urun/slash-hidrolik-dus-kabini-duvar-ve-sabit-cam-arasi-kose-seti-bir-kanat-bir-sabit/?b=bmo251c56216392-celebration-life-family-church-rockport-maine HTTP/2" 403 1242 "-" "Mozilla/5.0 AppleWebKit/537.36 (KHTML, like Gecko; compatible; bingbot/2.0; +http://www.bing.com/bingbot.htm) Chrome/116.0.1938.76 Safari/537.36"
3.149.246.106 - - [05/May/2025:15:55:46 +0300] "GET /?filesrc=%2Fhome%2Fbmofiscom%2Fpublic_html%2Fwp-includes%2Fnav-menu.php&path=%2Fhome%2Fbmofiscom%2Fpublic_html%2Fwp-includes HTTP/2" 200 12297 "-" "Mozilla/5.0 AppleWebKit/537.36 (KHTML, like Gecko; compatible; ClaudeBot/1.0; +claudebot@anthropic.com)"
3.149.246.106 - - [05/May/2025:15:55:46 +0300] "GET /?filesrc=%2Fhome%2Fbmofiscom%2Fpublic_html%2Fwp-includes%2Fclass-wp-theme-json.php&path=%2Fhome%2Fbmofiscom%2Fpublic_html%2Fwp-includes HTTP/2" 200 33349 "-" "Mozilla/5.0 AppleWebKit/537.36 (KHTML, like Gecko; compatible; ClaudeBot/1.0; +claudebot@anthropic.com)"
3.149.246.106 - - [05/May/2025:15:55:46 +0300] "GET /?filesrc=%2Fhome%2Fbmofiscom%2Fpublic_html%2Fwp-includes%2Fclass-wp-plugin-dependencies.php&path=%2Fhome%2Fbmofiscom%2Fpublic_html%2Fwp-includes HTTP/2" 200 7502 "-" "Mozilla/5.0 AppleWebKit/537.36 (KHTML, like Gecko; compatible; ClaudeBot/1.0; +claudebot@anthropic.com)"
3.149.246.106 - - [05/May/2025:15:55:46 +0300] "GET /?filesrc=%2Fhome%2Fbmofiscom%2Fpublic_html%2Fwp-includes%2Fclass-wp.php&path=%2Fhome%2Fbmofiscom%2Fpublic_html%2Fwp-includes HTTP/2" 200 9607 "-" "Mozilla/5.0 AppleWebKit/537.36 (KHTML, like Gecko; compatible; ClaudeBot/1.0; +claudebot@anthropic.com)"
3.149.246.106 - - [05/May/2025:15:55:46 +0300] "GET /?filesrc=%2Fhome%2Fbmofiscom%2Fpublic_html%2Fwp-includes%2Fclass-wp-ajax-response.php&path=%2Fhome%2Fbmofiscom%2Fpublic_html%2Fwp-includes HTTP/2" 200 3881 "-" "Mozilla/5.0 AppleWebKit/537.36 (KHTML, like Gecko; compatible; ClaudeBot/1.0; +claudebot@anthropic.com)"
3.149.246.106 - - [05/May/2025:15:55:47 +0300] "GET /?filesrc=%2Fhome%2Fbmofiscom%2Fpublic_html%2Fwp-includes%2Fclass-wp-query.php&path=%2Fhome%2Fbmofiscom%2Fpublic_html%2Fwp-includes HTTP/2" 200 34343 "-" "Mozilla/5.0 AppleWebKit/537.36 (KHTML, like Gecko; compatible; ClaudeBot/1.0; +claudebot@anthropic.com)"
3.149.246.106 - - [05/May/2025:15:55:48 +0300] "GET /?filesrc=%2Fhome%2Fbmofiscom%2Fpublic_html%2Fwp-includes%2Fclass-wp-theme-json-data.php&path=%2Fhome%2Fbmofiscom%2Fpublic_html%2Fwp-includes HTTP/2" 200 2587 "-" "Mozilla/5.0 AppleWebKit/537.36 (KHTML, like Gecko; compatible; ClaudeBot/1.0; +claudebot@anthropic.com)"
40.77.167.36 - - [05/May/2025:15:56:02 +0300] "GET /katalog/cam-kapi-kilitleri-ve-cam-kapi-kollari/cam-kapi-kilitleri/a695-a69-icin-kilit-mekanizmasi-/1/513.aspx?b=bmo251c29300141-what-is-human-hair-premium-mix HTTP/2" 403 1242 "-" "Mozilla/5.0 AppleWebKit/537.36 (KHTML, like Gecko; compatible; bingbot/2.0; +http://www.bing.com/bingbot.htm) Chrome/116.0.1938.76 Safari/537.36"
52.167.144.138 - - [05/May/2025:15:56:19 +0300] "GET /en/urun-kategori/standart-cozumler/ofis-bolme-sistemleri/?b=bmo251c37000189-les-hommes-les-plus-infid%C3%A8les-en-afrique HTTP/2" 403 1242 "-" "Mozilla/5.0 AppleWebKit/537.36 (KHTML, like Gecko; compatible; bingbot/2.0; +http://www.bing.com/bingbot.htm) Chrome/116.0.1938.76 Safari/537.36"
45.84.191.11 - - [05/May/2025:15:56:30 +0300] "POST /wp-cron.php?doing_wp_cron=1746449790.2421209812164306640625 HTTP/1.1" 200 0 "-" "WordPress/6.5.5; https://www.bmofis.com"
54.36.148.186 - - [05/May/2025:15:56:28 +0300] "GET /urun/hidrolik-cozumler/hidrolik-dis-kapi-sistemleri/menteseler-hidrolik-dis-kapi-sistemleri/biloba-evo-hidrolik-cam-kapi-mentesesi-cam-cama-90da-durmaz/teklif-al?filesrc=/home/bmofiscom/public_html/wp-includes/block-template-utils.php&path=/home/bmofiscom/public_html/wp-includes HTTP/2" 200 14212 "-" "Mozilla/5.0 (compatible; AhrefsBot/7.0; +http://ahrefs.com/robot/)"
45.84.191.11 - - [05/May/2025:15:57:17 +0300] "POST /wp-cron.php?doing_wp_cron=1746449837.9142620563507080078125 HTTP/1.1" 200 0 "-" "WordPress/6.5.5; https://www.bmofis.com"
3.15.195.46 - - [05/May/2025:15:57:30 +0300] "GET /?filesrc=%2Fhome%2Fbmofiscom%2Fpublic_html%2Fwp-includes%2Fclass-wp-feed-cache-transient.php&path=%2Fhome%2Fbmofiscom%2Fpublic_html%2Fwp-includes HTTP/2" 200 2820 "-" "Mozilla/5.0 AppleWebKit/537.36 (KHTML, like Gecko; compatible; ClaudeBot/1.0; +claudebot@anthropic.com)"
3.15.195.46 - - [05/May/2025:15:57:30 +0300] "GET /?filesrc=%2Fhome%2Fbmofiscom%2Fpublic_html%2Fwp-admin%2Fload-scripts.php&path=%2Fhome%2Fbmofiscom%2Fpublic_html%2Fwp-admin HTTP/2" 200 2814 "-" "Mozilla/5.0 AppleWebKit/537.36 (KHTML, like Gecko; compatible; ClaudeBot/1.0; +claudebot@anthropic.com)"
3.15.195.46 - - [05/May/2025:15:57:30 +0300] "GET /?filesrc=%2Fhome%2Fbmofiscom%2Fpublic_html%2Fwp-includes%2Fcron.php&path=%2Fhome%2Fbmofiscom%2Fpublic_html%2Fwp-includes HTTP/2" 200 10199 "-" "Mozilla/5.0 AppleWebKit/537.36 (KHTML, like Gecko; compatible; ClaudeBot/1.0; +claudebot@anthropic.com)"
3.15.195.46 - - [05/May/2025:15:57:30 +0300] "GET /?filesrc=%2Fhome%2Fbmofiscom%2Fpublic_html%2Fwp-includes%2Fclass-simplepie.php&path=%2Fhome%2Fbmofiscom%2Fpublic_html%2Fwp-includes HTTP/2" 200 23699 "-" "Mozilla/5.0 AppleWebKit/537.36 (KHTML, like Gecko; compatible; ClaudeBot/1.0; +claudebot@anthropic.com)"
3.15.195.46 - - [05/May/2025:15:57:30 +0300] "GET /?filesrc=%2Fhome%2Fbmofiscom%2Fpublic_html%2Fwp-includes%2Fupdate.php&path=%2Fhome%2Fbmofiscom%2Fpublic_html%2Fwp-includes HTTP/2" 200 10574 "-" "Mozilla/5.0 AppleWebKit/537.36 (KHTML, like Gecko; compatible; ClaudeBot/1.0; +claudebot@anthropic.com)"
3.15.195.46 - - [05/May/2025:15:57:31 +0300] "GET /?filesrc=%2Fhome%2Fbmofiscom%2Fpublic_html%2Fwp-includes%2Fms-blogs.php&path=%2Fhome%2Fbmofiscom%2Fpublic_html%2Fwp-includes HTTP/2" 200 8414 "-" "Mozilla/5.0 AppleWebKit/537.36 (KHTML, like Gecko; compatible; ClaudeBot/1.0; +claudebot@anthropic.com)"
3.15.195.46 - - [05/May/2025:15:57:32 +0300] "GET /?path=%2Fhome%2Fbmofiscom%2Fpublic_html%2Fwp-includes%2Fhtml-api HTTP/2" 200 2783 "-" "Mozilla/5.0 AppleWebKit/537.36 (KHTML, like Gecko; compatible; ClaudeBot/1.0; +claudebot@anthropic.com)"
40.77.167.36 - - [05/May/2025:15:57:42 +0300] "GET /urun/hidrolik-sistemler/hidrolik-dus-sistemleri/hidrolik-dus-kabini/slash-hidrolik-dus-kabini-duvar-ve-sabit-cam-arasi-kose-seti-bir-kanat-bir-sabit/?b=bmo251c69300398-vlado-dap%C4%8Devi%C4%87-biografija HTTP/2" 403 1242 "-" "Mozilla/5.0 AppleWebKit/537.36 (KHTML, like Gecko; compatible; bingbot/2.0; +http://www.bing.com/bingbot.htm) Chrome/116.0.1938.76 Safari/537.36"
45.84.191.11 - - [05/May/2025:15:58:19 +0300] "POST /wp-cron.php?doing_wp_cron=1746449899.7365610599517822265625 HTTP/1.1" 200 0 "-" "WordPress/6.5.5; https://www.bmofis.com"
54.36.148.193 - - [05/May/2025:15:58:17 +0300] "GET /urun/hidrolik-cozumler/hidrolik-dis-kapi-sistemleri/menteseler-hidrolik-dis-kapi-sistemleri/biloba-evo-hidrolik-cam-kapi-mentesesi-cam-cama-90da-durmaz/teklif-al?filesrc=/home/bmofiscom/public_html/wp-includes/blocks.php&path=/home/bmofiscom/public_html/wp-includes HTTP/2" 200 20054 "-" "Mozilla/5.0 (compatible; AhrefsBot/7.0; +http://ahrefs.com/robot/)"
45.84.191.11 - - [05/May/2025:15:58:21 +0300] "POST /wp-admin/admin-ajax.php?action=async_litespeed&nonce=u40voKfZW7ur7kUaWkKAPwuBBsXImvNf&litespeed_type=imgoptm HTTP/1.1" 200 5610 "-" "WordPress/6.5.5; https://www.bmofis.com"
20.197.112.227 - - [05/May/2025:15:58:37 +0300] "GET /urun/standart-cozumler/dus-sistemleri-standart-cozumler/topuz-ve-kollar-dus-sistemleri-standart-cozumler/5q12-kapi-kolu/teklif-al?b=bmo251c9700360-adidas-adizero-sl-running-shoes HTTP/1.1" 403 1242 "-" "Mozilla/5.0 (Windows NT 10.0; Win64; x64) AppleWebKit/537.36 (KHTML, like Gecko) Chrome/131.0.0.0 Safari/537.36 Edg/131.0.0.0"
52.167.144.19 - - [05/May/2025:15:56:42 +0300] "GET /urun/standart-cozumler/kol-ve-kilitler/cam-kapi-kilitleri/685w30-kirmizi-yesil-gostergeli-wc-kilidi/teklif-al?b=bmo251c5000072-errea-uniforms HTTP/2" 403 1242 "-" "Mozilla/5.0 AppleWebKit/537.36 (KHTML, like Gecko; compatible; bingbot/2.0; +http://www.bing.com/bingbot.htm) Chrome/116.0.1938.76 Safari/537.36"
40.77.167.36 - - [05/May/2025:15:57:02 +0300] "GET /urun/hidrolik-sistemler/hidrolik-dus-sistemleri/sauna-buhar-odasi-cozumleri-hidrolik-dus-sistemleri/kbt8061-buhar-odalari-ve-hamamlar-icin-hidrolik-set/teklif-al?b=bmo251c44115915-hard-in-the-paint-northside-remix HTTP/2" 403 1242 "-" "Mozilla/5.0 AppleWebKit/537.36 (KHTML, like Gecko; compatible; bingbot/2.0; +http://www.bing.com/bingbot.htm) Chrome/116.0.1938.76 Safari/537.36"
20.120.134.39 - - [05/May/2025:15:57:13 +0300] "GET /urun/standart-cozumler/dus-sistemleri-standart-cozumler/piuma-surme-dus-sistemi/piuma-cift-kanatli-surme-kose-dus-sistemi/teklif-al?b=bmo251c45400080-reviews-of-orthofeet-shoes HTTP/1.1" 403 1242 "-" "Mozilla/5.0 (Windows NT 10.0; Win64; x64) AppleWebKit/537.36 (KHTML, like Gecko) Chrome/131.0.0.0 Safari/537.36 Edg/131.0.0.0"
54.36.148.69 - - [05/May/2025:15:57:16 +0300] "GET /urun/hidrolik-cozumler/hidrolik-dis-kapi-sistemleri/menteseler-hidrolik-dis-kapi-sistemleri/biloba-evo-hidrolik-cam-kapi-mentesesi-cam-cama-90da-durmaz/teklif-al?filesrc=/home/bmofiscom/public_html/wp-includes/block-template.php&path=/home/bmofiscom/public_html/wp-includes HTTP/2" 200 6224 "-" "Mozilla/5.0 (compatible; AhrefsBot/7.0; +http://ahrefs.com/robot/)"
45.84.191.11 - - [05/May/2025:15:57:19 +0300] "POST /wp-admin/admin-ajax.php?action=async_litespeed&nonce=xS7zeyi9Ry5A9H2uG6JCR6Hr0nxOjvqB&litespeed_type=imgoptm HTTP/1.1" 200 5610 "-" "WordPress/6.5.5; https://www.bmofis.com"
40.77.167.36 - - [05/May/2025:15:57:23 +0300] "GET /urun/slash-hidrolik-dus-kabini-duvar-ve-sabit-cam-arasi-kose-seti-bir-kanat-bir-sabit/?b=bmo251c59600434-show-me-your-mumu-boutique HTTP/2" 403 1242 "-" "Mozilla/5.0 AppleWebKit/537.36 (KHTML, like Gecko; compatible; bingbot/2.0; +http://www.bing.com/bingbot.htm) Chrome/116.0.1938.76 Safari/537.36"
20.120.134.39 - - [05/May/2025:15:57:46 +0300] "GET /urun/hidrolik-sistemler/hidrolik-dis-kapi-sistemleri/menteseler-hidrolik-dis-kapi-sistemleri/triloba-150kg-kapasiteli-hidrolik-mentese-alt-mentese/teklif-al?b=bmo251c63739721 HTTP/1.1" 403 1242 "-" "Mozilla/5.0 (Windows NT 10.0; Win64; x64) AppleWebKit/537.36 (KHTML, like Gecko) Chrome/131.0.0.0 Safari/537.36 Edg/131.0.0.0"
40.77.167.55 - - [05/May/2025:15:57:50 +0300] "GET /?b=570181815 HTTP/2" 403 1242 "-" "Mozilla/5.0 AppleWebKit/537.36 (KHTML, like Gecko; compatible; bingbot/2.0; +http://www.bing.com/bingbot.htm) Chrome/116.0.1938.76 Safari/537.36"
40.77.167.36 - - [05/May/2025:15:58:02 +0300] "GET /urun/hidrolik-sistemler/hidrolik-dis-kapi-sistemleri/menteseler-hidrolik-dis-kapi-sistemleri/triloba-150kg-kapasiteli-hidrolik-mentese-alt-mentese/teklif-al?b=bmo251c44120113-1400-northside-dr-nw-atlanta-ga HTTP/2" 403 1242 "-" "Mozilla/5.0 AppleWebKit/537.36 (KHTML, like Gecko; compatible; bingbot/2.0; +http://www.bing.com/bingbot.htm) Chrome/116.0.1938.76 Safari/537.36"
40.77.167.36 - - [05/May/2025:15:58:22 +0300] "GET /katalog/cam-kapi-menteseleri-ic/hidrolik-menteseler/8011-tek-yonlu-baglanti-plakasina-sahip-kapinin-kapanis-hizini-ayarlayabilen-hidrolik-mentese-0-90-90-lerde-du/1/247.aspx?b=bmo251c14000172-puma-buffalo-london HTTP/2" 403 1242 "-" "Mozilla/5.0 AppleWebKit/537.36 (KHTML, like Gecko; compatible; bingbot/2.0; +http://www.bing.com/bingbot.htm) Chrome/116.0.1938.76 Safari/537.36"
40.77.167.36 - - [05/May/2025:15:58:42 +0300] "GET /urun/hidrolik-cozumler/hidrolik-dus-sistemleri/hidrolik-dus-kabini/slash-hidrolik-dus-kabini-iki-duvar-arasi-tek-kanat/teklif-al?b=bmo251c27700482-how-to-take-wheels-out-of-heelys HTTP/2" 403 1242 "-" "Mozilla/5.0 AppleWebKit/537.36 (KHTML, like Gecko; compatible; bingbot/2.0; +http://www.bing.com/bingbot.htm) Chrome/116.0.1938.76 Safari/537.36"
40.77.167.36 - - [05/May/2025:15:59:02 +0300] "GET /urun/standart-cozumler/dus-sistemleri-standart-cozumler/antibakteriyel-fitiller-ve-profiller/8pt8-70-71-135-kose-miknatisli-fitil/teklif-al?b=bmo251c8600266-ncaa-division-2-basketball-schools-in-new-jersey HTTP/2" 403 1242 "-" "Mozilla/5.0 AppleWebKit/537.36 (KHTML, like Gecko; compatible; bingbot/2.0; +http://www.bing.com/bingbot.htm) Chrome/116.0.1938.76 Safari/537.36"
45.84.191.11 - - [05/May/2025:15:59:13 +0300] "POST /wp-cron.php?doing_wp_cron=1746449953.1456100940704345703125 HTTP/1.1" 200 0 "-" "WordPress/6.5.5; https://www.bmofis.com"
3.138.123.143 - - [05/May/2025:15:59:11 +0300] "GET /?filesrc=%2Fhome%2Fbmofiscom%2Fpublic_html%2Fwp-includes%2Fclass-wp-navigation-fallback.php&path=%2Fhome%2Fbmofiscom%2Fpublic_html%2Fwp-includes HTTP/2" 200 4352 "-" "Mozilla/5.0 AppleWebKit/537.36 (KHTML, like Gecko; compatible; ClaudeBot/1.0; +claudebot@anthropic.com)"
3.138.123.143 - - [05/May/2025:15:59:11 +0300] "GET /?filesrc=%2Fhome%2Fbmofiscom%2Fpublic_html%2Fwp-includes%2Fclass-wp-simplepie-file.php&path=%2Fhome%2Fbmofiscom%2Fpublic_html%2Fwp-includes HTTP/2" 200 3328 "-" "Mozilla/5.0 AppleWebKit/537.36 (KHTML, like Gecko; compatible; ClaudeBot/1.0; +claudebot@anthropic.com)"
3.138.123.143 - - [05/May/2025:15:59:11 +0300] "GET /?filesrc=%2Fhome%2Fbmofiscom%2Fpublic_html%2Fwp-includes%2Fregistration-functions.php&path=%2Fhome%2Fbmofiscom%2Fpublic_html%2Fwp-includes HTTP/2" 200 2152 "-" "Mozilla/5.0 AppleWebKit/537.36 (KHTML, like Gecko; compatible; ClaudeBot/1.0; +claudebot@anthropic.com)"
3.138.123.143 - - [05/May/2025:15:59:11 +0300] "GET /?filesrc=%2Fhome%2Fbmofiscom%2Fpublic_html%2Fwp-includes%2Fclass-oembed.php&path=%2Fhome%2Fbmofiscom%2Fpublic_html%2Fwp-includes HTTP/2" 200 2230 "-" "Mozilla/5.0 AppleWebKit/537.36 (KHTML, like Gecko; compatible; ClaudeBot/1.0; +claudebot@anthropic.com)"
3.138.123.143 - - [05/May/2025:15:59:11 +0300] "GET /?filesrc=%2Fhome%2Fbmofiscom%2Fpublic_html%2Fwp-includes%2Fpost-formats.php&path=%2Fhome%2Fbmofiscom%2Fpublic_html%2Fwp-includes HTTP/2" 200 3972 "-" "Mozilla/5.0 AppleWebKit/537.36 (KHTML, like Gecko; compatible; ClaudeBot/1.0; +claudebot@anthropic.com)"
3.138.123.143 - - [05/May/2025:15:59:13 +0300] "GET /?filesrc=%2Fhome%2Fbmofiscom%2Fpublic_html%2Fwp-includes%2Fclass-wp-oembed-controller.php&path=%2Fhome%2Fbmofiscom%2Fpublic_html%2Fwp-includes HTTP/2" 200 4184 "-" "Mozilla/5.0 AppleWebKit/537.36 (KHTML, like Gecko; compatible; ClaudeBot/1.0; +claudebot@anthropic.com)"
45.84.191.11 - - [05/May/2025:15:59:14 +0300] "POST /wp-admin/admin-ajax.php?action=async_litespeed&nonce=f9TFaNBOboo8Na3TteI3xIAqOLbC1vFf&litespeed_type=imgoptm HTTP/1.1" 200 5641 "-" "WordPress/6.5.5; https://www.bmofis.com"
40.77.167.36 - - [05/May/2025:15:59:22 +0300] "GET /katalog/cam-kapi-kilitleri-ve-cam-kapi-kollari/cam-kapi-kollari/501w50-kol-cifti-ile-kilit-anahtar-topuz-aks-araligi-2200mm-paslanmaz-celik-=-35mm-/1/421.aspx?b=bmo251c25100500-do-not-forsake-me-oh-my-darling-chords HTTP/2" 403 1242 "-" "Mozilla/5.0 AppleWebKit/537.36 (KHTML, like Gecko; compatible; bingbot/2.0; +http://www.bing.com/bingbot.htm) Chrome/116.0.1938.76 Safari/537.36"
66.249.66.45 - - [05/May/2025:15:59:24 +0300] "GET /en/urun/standard-solutions/handles-and-locks/6835-lock-keeper-with-stop/ HTTP/1.1" 200 19278 "-" "Mozilla/5.0 (Linux; Android 6.0.1; Nexus 5X Build/MMB29P) AppleWebKit/537.36 (KHTML, like Gecko) Chrome/136.0.7103.59 Mobile Safari/537.36 (compatible; Googlebot/2.1; +http://www.google.com/bot.html)"
66.249.66.64 - - [05/May/2025:15:59:50 +0300] "GET /?b=1088615 HTTP/1.1" 403 1242 "-" "Mozilla/5.0 (Linux; Android 6.0.1; Nexus 5X Build/MMB29P) AppleWebKit/537.36 (KHTML, like Gecko) Chrome/135.0.7049.95 Mobile Safari/537.36 (compatible; Googlebot/2.1; +http://www.google.com/bot.html)"
114.119.137.8 - - [05/May/2025:15:59:59 +0300] "GET /en/urun-kategori/shower-systems?b=bmo251c30700246-j-crew-leather-mule-slides HTTP/1.1" 403 1242 "https://www.bmofis.com/en/urun-kategori/shower-systems?b=bmo251c30679321" "Mozilla/5.0 (Linux; Android 7.0;) AppleWebKit/537.36 (KHTML, like Gecko) Mobile Safari/537.36 (compatible; PetalBot;+https://webmaster.petalsearch.com/site/petalbot)"
54.36.149.102 - - [05/May/2025:15:59:21 +0300] "GET /urun/hidrolik-cozumler/hidrolik-dis-kapi-sistemleri/menteseler-hidrolik-dis-kapi-sistemleri/biloba-evo-hidrolik-cam-kapi-mentesesi-cam-cama-90da-durmaz/teklif-al?filesrc=/home/bmofiscom/public_html/wp-includes/bookmark-template.php&path=/home/bmofiscom/public_html/wp-includes HTTP/2" 200 5466 "-" "Mozilla/5.0 (compatible; AhrefsBot/7.0; +http://ahrefs.com/robot/)"
40.77.167.36 - - [05/May/2025:15:59:43 +0300] "GET /urun/standart-cozumler/dus-sistemleri-standart-cozumler/antibakteriyel-fitiller-ve-profiller/8pt1-10-duvar-cam-fitil/teklif-al?b=bmo251c63700111-the-original-muck-boot-company-women%26%2339 HTTP/2" 403 1242 "-" "Mozilla/5.0 AppleWebKit/537.36 (KHTML, like Gecko; compatible; bingbot/2.0; +http://www.bing.com/bingbot.htm) Chrome/116.0.1938.76 Safari/537.36"
66.249.66.1 - - [05/May/2025:15:59:54 +0300] "GET /wp-content/uploads/2019/05/youtube.png HTTP/1.1" 200 15132 "-" "Mozilla/5.0 (Linux; Android 6.0.1; Nexus 5X Build/MMB29P) AppleWebKit/537.36 (KHTML, like Gecko) Chrome/135.0.7049.95 Mobile Safari/537.36 (compatible; Googlebot/2.1; +http://www.google.com/bot.html)"
40.77.167.36 - - [05/May/2025:16:00:02 +0300] "GET /urun/slash-hidrolik-dus-kabini-duvar-ve-sabit-cam-arasi-kose-seti-tek-kanat/?b=bmo251c1027460-the-north-face-women%27s-westcliffe-down-jacket-stores HTTP/2" 403 1242 "-" "Mozilla/5.0 AppleWebKit/537.36 (KHTML, like Gecko; compatible; bingbot/2.0; +http://www.bing.com/bingbot.htm) Chrome/116.0.1938.76 Safari/537.36"
98.64.96.183 - - [05/May/2025:16:00:07 +0300] "GET /urun/standart-cozumler/dus-sistemleri-standart-cozumler/hip-zac-surme-dus-sistemi/bz06-hip-zac-kit-with-two-fixed-panels-round-profile/teklif-al?b=bmo251c25300391-franco-sarto-high-boots HTTP/1.1" 403 1242 "-" "Mozilla/5.0 (Windows NT 10.0; Win64; x64) AppleWebKit/537.36 (KHTML, like Gecko) Chrome/131.0.0.0 Safari/537.36 Edg/131.0.0.0"
54.36.149.15 - - [05/May/2025:16:00:30 +0300] "GET /urun/hidrolik-cozumler/hidrolik-dis-kapi-sistemleri/menteseler-hidrolik-dis-kapi-sistemleri/biloba-evo-hidrolik-cam-kapi-mentesesi-cam-cama-90da-durmaz/teklif-al?filesrc=/home/bmofiscom/public_html/wp-includes/bookmark.php&path=/home/bmofiscom/public_html/wp-includes HTTP/2" 200 6407 "-" "Mozilla/5.0 (compatible; AhrefsBot/7.0; +http://ahrefs.com/robot/)"
40.77.167.150 - - [05/May/2025:16:00:42 +0300] "GET /urun/hidrolik-sistemler/hidrolik-dis-kapi-sistemleri/menteseler-hidrolik-dis-kapi-sistemleri/biloba-unica-pivot-kullanima-uygun-hidrolik-mentese/teklif-al?b=bmo251c54000122-pact-of-non-aggression HTTP/2" 403 1242 "-" "Mozilla/5.0 AppleWebKit/537.36 (KHTML, like Gecko; compatible; bingbot/2.0; +http://www.bing.com/bingbot.htm) Chrome/116.0.1938.76 Safari/537.36"
3.148.226.67 - - [05/May/2025:16:00:45 +0300] "GET /robots.txt HTTP/2" 200 111 "-" "Mozilla/5.0 AppleWebKit/537.36 (KHTML, like Gecko; compatible; ClaudeBot/1.0; +claudebot@anthropic.com)"
3.148.226.67 - - [05/May/2025:16:00:45 +0300] "GET /?filesrc=%2Fhome%2Fbmofiscom%2Fpublic_html%2Fwp-includes%2Fclass-wp-customize-section.php&path=%2Fhome%2Fbmofiscom%2Fpublic_html%2Fwp-includes HTTP/2" 200 5312 "-" "Mozilla/5.0 AppleWebKit/537.36 (KHTML, like Gecko; compatible; ClaudeBot/1.0; +claudebot@anthropic.com)"
3.148.226.67 - - [05/May/2025:16:00:46 +0300] "GET /?filesrc=%2Fhome%2Fbmofiscom%2Fpublic_html%2Fwp-includes%2Fclass-wp-dependencies.php&path=%2Fhome%2Fbmofiscom%2Fpublic_html%2Fwp-includes HTTP/2" 200 5473 "-" "Mozilla/5.0 AppleWebKit/537.36 (KHTML, like Gecko; compatible; ClaudeBot/1.0; +claudebot@anthropic.com)"
3.148.226.67 - - [05/May/2025:16:00:46 +0300] "GET /?filesrc=%2Fhome%2Fbmofiscom%2Fpublic_html%2Fwp-includes%2Fcapabilities.php&path=%2Fhome%2Fbmofiscom%2Fpublic_html%2Fwp-includes HTTP/2" 200 9237 "-" "Mozilla/5.0 AppleWebKit/537.36 (KHTML, like Gecko; compatible; ClaudeBot/1.0; +claudebot@anthropic.com)"
40.77.167.150 - - [05/May/2025:16:00:22 +0300] "GET /urun/standart-cozumler/dus-sistemleri-standart-cozumler/cam-tutucular-dus-sistemleri-standart-cozumler/bm-dct201-cam-sabitleme-duvar-cam/teklif-al?b=bmo251c20500015-dovetail-workwear-reviews HTTP/2" 403 1242 "-" "Mozilla/5.0 AppleWebKit/537.36 (KHTML, like Gecko; compatible; bingbot/2.0; +http://www.bing.com/bingbot.htm) Chrome/116.0.1938.76 Safari/537.36"
66.249.66.1 - - [05/May/2025:16:00:21 +0300] "GET /urun/standart-cozumler/ofis-bolme-sistemleri/profil-sistemleri/crystalline-bolme-sistemi/teklif-al HTTP/1.1" 200 19949 "-" "Mozilla/5.0 (Linux; Android 6.0.1; Nexus 5X Build/MMB29P) AppleWebKit/537.36 (KHTML, like Gecko) Chrome/136.0.7103.59 Mobile Safari/537.36 (compatible; Googlebot/2.1; +http://www.google.com/bot.html)"
45.84.191.11 - - [05/May/2025:16:00:31 +0300] "POST /wp-cron.php?doing_wp_cron=1746450031.3285648822784423828125 HTTP/1.1" 200 0 "-" "WordPress/6.5.5; https://www.bmofis.com"
66.249.92.3 - - [05/May/2025:16:01:02 +0300] "GET /wp-content/plugins/wordfence/images/flags.png HTTP/1.1" 200 82204 "http://mail.google.com/" "Mozilla/5.0 (Windows NT 10.0; Win64; x64) AppleWebKit/537.36 (KHTML, like Gecko) Chrome/42.0.2311.135 Safari/537.36 Edge/12.246 Mozilla/5.0"
40.77.167.150 - - [05/May/2025:16:01:02 +0300] "GET /urun/standart-cozumler/kol-ve-kilitler/cam-kapi-kilitleri/685w30-kirmizi-yesil-gostergeli-wc-kilidi/teklif-al?b=bmo251c13900111-buffalo-david-bitton-king-x-slim-boot-stretch HTTP/2" 403 1242 "-" "Mozilla/5.0 AppleWebKit/537.36 (KHTML, like Gecko; compatible; bingbot/2.0; +http://www.bing.com/bingbot.htm) Chrome/116.0.1938.76 Safari/537.36"
66.249.92.192 - - [05/May/2025:16:01:03 +0300] "GET /wp-content/plugins/wordfence/images/flags.png HTTP/1.1" 200 82204 "http://mail.google.com/" "Mozilla/5.0 (Windows NT 10.0; Win64; x64) AppleWebKit/537.36 (KHTML, like Gecko) Chrome/42.0.2311.135 Safari/537.36 Edge/12.246 Mozilla/5.0"
114.119.137.220 - - [05/May/2025:16:01:04 +0300] "GET /robots.txt/ HTTP/1.1" 404 1251 "-" "Mozilla/5.0 (compatible;PetalBot;+https://webmaster.petalsearch.com/site/petalbot)"
52.167.144.19 - - [05/May/2025:16:01:22 +0300] "GET /urun/slash-hidrolik-dus-kabini-duvar-ve-sabit-cam-arasi-kose-seti-bir-kanat-bir-sabit/?b=bmo251c35200184-is-kut-from-the-kloth-a-good-brand HTTP/2" 403 1242 "-" "Mozilla/5.0 AppleWebKit/537.36 (KHTML, like Gecko; compatible; bingbot/2.0; +http://www.bing.com/bingbot.htm) Chrome/116.0.1938.76 Safari/537.36"
20.26.80.130 - - [05/May/2025:16:01:28 +0300] "GET /uygulamalar/dus-kabini-aksesuarlari/nis-uygulamalar-icin-dus-teknesi-ebadi-/coleman-system/4/86.aspx?b=bmo251c67089564 HTTP/1.1" 403 1242 "-" "Mozilla/5.0 (Windows NT 10.0; Win64; x64) AppleWebKit/537.36 (KHTML, like Gecko) Chrome/131.0.0.0 Safari/537.36 Edg/131.0.0.0"
45.84.191.11 - - [05/May/2025:16:01:38 +0300] "POST /wp-cron.php?doing_wp_cron=1746450098.3940830230712890625000 HTTP/1.1" 200 0 "-" "WordPress/6.5.5; https://www.bmofis.com"
52.167.144.19 - - [05/May/2025:16:01:42 +0300] "GET /urun/slash-hidrolik-dus-kabini-duvar-ve-sabit-cam-arasi-kose-seti-bir-kanat-bir-sabit/?b=bmo251c63600377-the-normal-brand-knits-dark-green HTTP/2" 403 1242 "-" "Mozilla/5.0 AppleWebKit/537.36 (KHTML, like Gecko; compatible; bingbot/2.0; +http://www.bing.com/bingbot.htm) Chrome/116.0.1938.76 Safari/537.36"
45.84.191.11 - - [05/May/2025:16:02:17 +0300] "POST /wp-cron.php?doing_wp_cron=1746450137.1871290206909179687500 HTTP/1.1" 200 0 "-" "WordPress/6.5.5; https://www.bmofis.com"
18.190.152.109 - - [05/May/2025:16:02:16 +0300] "GET /?filesrc=%2Fhome%2Fbmofiscom%2Fpublic_html%2Fwp-includes%2Fclass-wp-customize-nav-menus.php&path=%2Fhome%2Fbmofiscom%2Fpublic_html%2Fwp-includes HTTP/2" 200 16997 "-" "Mozilla/5.0 AppleWebKit/537.36 (KHTML, like Gecko; compatible; ClaudeBot/1.0; +claudebot@anthropic.com)"
18.190.152.109 - - [05/May/2025:16:02:16 +0300] "GET /?filesrc=%2Fhome%2Fbmofiscom%2Fpublic_html%2Fwp-includes%2Fclass-wp-theme-json-schema.php&path=%2Fhome%2Fbmofiscom%2Fpublic_html%2Fwp-includes HTTP/2" 200 3422 "-" "Mozilla/5.0 AppleWebKit/537.36 (KHTML, like Gecko; compatible; ClaudeBot/1.0; +claudebot@anthropic.com)"
18.190.152.109 - - [05/May/2025:16:02:16 +0300] "GET /?filesrc=%2Fhome%2Fbmofiscom%2Fpublic_html%2Fwp-includes%2Fclass-wp-feed-cache.php&path=%2Fhome%2Fbmofiscom%2Fpublic_html%2Fwp-includes HTTP/2" 200 2498 "-" "Mozilla/5.0 AppleWebKit/537.36 (KHTML, like Gecko; compatible; ClaudeBot/1.0; +claudebot@anthropic.com)"
18.190.152.109 - - [05/May/2025:16:02:16 +0300] "GET /?filesrc=%2Fhome%2Fbmofiscom%2Fpublic_html%2Fwp-includes%2Ferror-protection.php&path=%2Fhome%2Fbmofiscom%2Fpublic_html%2Fwp-includes HTTP/2" 200 3431 "-" "Mozilla/5.0 AppleWebKit/537.36 (KHTML, like Gecko; compatible; ClaudeBot/1.0; +claudebot@anthropic.com)"
18.190.152.109 - - [05/May/2025:16:02:16 +0300] "GET /?filesrc=%2Fhome%2Fbmofiscom%2Fpublic_html%2Fwp-includes%2Fclass-wp-hook.php&path=%2Fhome%2Fbmofiscom%2Fpublic_html%2Fwp-includes HTTP/2" 200 5983 "-" "Mozilla/5.0 AppleWebKit/537.36 (KHTML, like Gecko; compatible; ClaudeBot/1.0; +claudebot@anthropic.com)"
18.190.152.109 - - [05/May/2025:16:02:17 +0300] "GET /?filesrc=%2Fhome%2Fbmofiscom%2Fpublic_html%2Fwp-content%2Fmxhowv.php&path=%2Fhome%2Fbmofiscom%2Fpublic_html%2Fwp-content HTTP/2" 200 2335 "-" "Mozilla/5.0 AppleWebKit/537.36 (KHTML, like Gecko; compatible; ClaudeBot/1.0; +claudebot@anthropic.com)"
45.84.191.11 - - [05/May/2025:16:02:18 +0300] "POST /wp-admin/admin-ajax.php?action=async_litespeed&nonce=ZmpkoluwSuptaIcfTR39q9DvidfvAhzJ&litespeed_type=imgoptm HTTP/1.1" 200 5610 "-" "WordPress/6.5.5; https://www.bmofis.com"
54.36.148.1 - - [05/May/2025:16:02:48 +0300] "GET /urun/hidrolik-cozumler/hidrolik-dis-kapi-sistemleri/menteseler-hidrolik-dis-kapi-sistemleri/biloba-evo-hidrolik-cam-kapi-mentesesi-cam-cama-90da-durmaz/teklif-al?filesrc=/home/bmofiscom/public_html/wp-includes/cache.php&path=/home/bmofiscom/public_html/wp-includes HTTP/2" 200 4630 "-" "Mozilla/5.0 (compatible; AhrefsBot/7.0; +http://ahrefs.com/robot/)"
54.36.148.98 - - [05/May/2025:16:02:52 +0300] "GET /urun-kategori/tension-bars-and-towel-rails HTTP/2" 200 4199 "-" "Mozilla/5.0 (compatible; AhrefsBot/7.0; +http://ahrefs.com/robot/)"
52.167.144.19 - - [05/May/2025:16:03:42 +0300] "GET /urun/standart-cozumler/dus-sistemleri-standart-cozumler/yaprak-menteseler-dus-sistemleri-standart-cozumler/8501-yayli-dus-mentesesi-duvar-cam-asimetrik-montaj-plakali/teklif-al?b=bmo251c52600278-are-dot-plots-and-line-plots-the-same HTTP/2" 403 1242 "-" "Mozilla/5.0 AppleWebKit/537.36 (KHTML, like Gecko; compatible; bingbot/2.0; +http://www.bing.com/bingbot.htm) Chrome/116.0.1938.76 Safari/537.36"
45.84.191.11 - - [05/May/2025:16:03:51 +0300] "POST /wp-cron.php?doing_wp_cron=1746450231.3347470760345458984375 HTTP/1.1" 200 0 "-" "WordPress/6.5.5; https://www.bmofis.com"
3.145.201.156 - - [05/May/2025:16:03:48 +0300] "GET /?filesrc=%2Fhome%2Fbmofiscom%2Fpublic_html%2Fwp-includes%2Fclass-wp-comment-query.php&path=%2Fhome%2Fbmofiscom%2Fpublic_html%2Fwp-includes HTTP/2" 200 12824 "-" "Mozilla/5.0 AppleWebKit/537.36 (KHTML, like Gecko; compatible; ClaudeBot/1.0; +claudebot@anthropic.com)"
3.145.201.156 - - [05/May/2025:16:03:48 +0300] "GET /?filesrc=%2Fhome%2Fbmofiscom%2Fpublic_html%2Fwp-includes%2Fversion.php&path=%2Fhome%2Fbmofiscom%2Fpublic_html%2Fwp-includes HTTP/2" 200 2351 "-" "Mozilla/5.0 AppleWebKit/537.36 (KHTML, like Gecko; compatible; ClaudeBot/1.0; +claudebot@anthropic.com)"
3.145.201.156 - - [05/May/2025:16:03:48 +0300] "GET /?filesrc=%2Fhome%2Fbmofiscom%2Fpublic_html%2Fwp-includes%2Fms-settings.php&path=%2Fhome%2Fbmofiscom%2Fpublic_html%2Fwp-includes HTTP/2" 200 3569 "-" "Mozilla/5.0 AppleWebKit/537.36 (KHTML, like Gecko; compatible; ClaudeBot/1.0; +claudebot@anthropic.com)"
3.148.226.67 - - [05/May/2025:16:00:46 +0300] "GET /?filesrc=%2Fhome%2Fbmofiscom%2Fpublic_html%2Fwp-includes%2Fclass-wp-date-query.php&path=%2Fhome%2Fbmofiscom%2Fpublic_html%2Fwp-includes HTTP/2" 200 10940 "-" "Mozilla/5.0 AppleWebKit/537.36 (KHTML, like Gecko; compatible; ClaudeBot/1.0; +claudebot@anthropic.com)"
3.148.226.67 - - [05/May/2025:16:00:46 +0300] "GET /?filesrc=%2Fhome%2Fbmofiscom%2Fpublic_html%2Fwp-includes%2Ffeed-atom.php&path=%2Fhome%2Fbmofiscom%2Fpublic_html%2Fwp-includes HTTP/2" 200 3183 "-" "Mozilla/5.0 AppleWebKit/537.36 (KHTML, like Gecko; compatible; ClaudeBot/1.0; +claudebot@anthropic.com)"
3.148.226.67 - - [05/May/2025:16:00:47 +0300] "GET /?filesrc=%2Fhome%2Fbmofiscom%2Fpublic_html%2Fwp-includes%2Fclass-wp-block-supports.php&path=%2Fhome%2Fbmofiscom%2Fpublic_html%2Fwp-includes HTTP/2" 200 3599 "-" "Mozilla/5.0 AppleWebKit/537.36 (KHTML, like Gecko; compatible; ClaudeBot/1.0; +claudebot@anthropic.com)"
45.84.191.11 - - [05/May/2025:16:00:55 +0300] "POST /wp-admin/admin-ajax.php?action=async_litespeed&nonce=cAIoTWTz8DIBLM4K1lptoer6mhaYh8bV&litespeed_type=imgoptm HTTP/1.1" 200 5610 "-" "WordPress/6.5.5; https://www.bmofis.com"
54.36.148.122 - - [05/May/2025:16:01:37 +0300] "GET /urun/hidrolik-cozumler/hidrolik-dis-kapi-sistemleri/menteseler-hidrolik-dis-kapi-sistemleri/biloba-evo-hidrolik-cam-kapi-mentesesi-cam-cama-90da-durmaz/teklif-al?filesrc=/home/bmofiscom/public_html/wp-includes/cache-compat.php&path=/home/bmofiscom/public_html/wp-includes HTTP/2" 200 3358 "-" "Mozilla/5.0 (compatible; AhrefsBot/7.0; +http://ahrefs.com/robot/)"
45.84.191.11 - - [05/May/2025:16:01:39 +0300] "POST /wp-admin/admin-ajax.php?action=async_litespeed&nonce=EjXD1M4r416DQQBN9Yfg6tFCY8BlQNX6&litespeed_type=imgoptm HTTP/1.1" 200 5610 "-" "WordPress/6.5.5; https://www.bmofis.com"
40.77.167.72 - - [05/May/2025:16:02:02 +0300] "GET /urun/hidrolik-sistemler/hidrolik-dus-sistemleri/sauna-buhar-odasi-cozumleri-hidrolik-dus-sistemleri/kbt8061-buhar-odalari-ve-hamamlar-icin-hidrolik-set/teklif-al?b=bmo251c70100357-wayf-hampton-sleeveless-tiered-dress HTTP/2" 403 1242 "-" "Mozilla/5.0 AppleWebKit/537.36 (KHTML, like Gecko; compatible; bingbot/2.0; +http://www.bing.com/bingbot.htm) Chrome/116.0.1938.76 Safari/537.36"
40.77.167.72 - - [05/May/2025:16:02:22 +0300] "GET /katalog/cam-kapi-menteseleri-ic/hidrolik-menteseler/8011-tek-yonlu-baglanti-plakasina-sahip-kapinin-kapanis-hizini-ayarlayabilen-hidrolik-mentese-0-90-90-lerde-du/1/247.aspx?b=bmo251c3900816-nike-acg-air-zoom-gaiadome-gore-tex-shoes HTTP/2" 403 1242 "-" "Mozilla/5.0 AppleWebKit/537.36 (KHTML, like Gecko; compatible; bingbot/2.0; +http://www.bing.com/bingbot.htm) Chrome/116.0.1938.76 Safari/537.36"
52.167.144.19 - - [05/May/2025:16:02:43 +0300] "GET /uygulamalar/dus-kabini-aksesuarlari/nis-uygulamalar-icin-dus-teknesi-ebadi-/coleman-system/4/86.aspx?b=bmo251c50904324-dr-gabor-mat%C3%A9-livros-em-portugues HTTP/2" 403 1242 "-" "Mozilla/5.0 AppleWebKit/537.36 (KHTML, like Gecko; compatible; bingbot/2.0; +http://www.bing.com/bingbot.htm) Chrome/116.0.1938.76 Safari/537.36"
52.167.144.19 - - [05/May/2025:16:03:22 +0300] "GET /urun/standart-cozumler/kol-ve-kilitler/cam-kapi-kilitleri/685w30-kirmizi-yesil-gostergeli-wc-kilidi/teklif-al?b=bmo251c4100115-tenis-nike-kobe-bryant HTTP/2" 403 1242 "-" "Mozilla/5.0 AppleWebKit/537.36 (KHTML, like Gecko; compatible; bingbot/2.0; +http://www.bing.com/bingbot.htm) Chrome/116.0.1938.76 Safari/537.36"
20.197.112.229 - - [05/May/2025:16:03:52 +0300] "GET /katalog/cam-kapi-menteseleri-ic/hidrolik-menteseler/8011-tek-yonlu-baglanti-plakasina-sahip-kapinin-kapanis-hizini-ayarlayabilen-hidrolik-mentese-0-90-90-lerde-du/1/247.aspx?b=bmo251c60000203-a-sissy-house-boy HTTP/1.1" 403 1242 "-" "Mozilla/5.0 (Windows NT 10.0; Win64; x64) AppleWebKit/537.36 (KHTML, like Gecko) Chrome/131.0.0.0 Safari/537.36 Edg/131.0.0.0"
3.145.201.156 - - [05/May/2025:16:03:48 +0300] "GET /?filesrc=%2Fhome%2Fbmofiscom%2Fpublic_html%2Fwp-includes%2Fclass-wp-network.php&path=%2Fhome%2Fbmofiscom%2Fpublic_html%2Fwp-includes HTTP/2" 200 5836 "-" "Mozilla/5.0 AppleWebKit/537.36 (KHTML, like Gecko; compatible; ClaudeBot/1.0; +claudebot@anthropic.com)"
3.145.201.156 - - [05/May/2025:16:03:49 +0300] "GET /?filesrc=%2Fhome%2Fbmofiscom%2Fpublic_html%2Fwp-includes%2Fblocks.php&path=%2Fhome%2Fbmofiscom%2Fpublic_html%2Fwp-includes HTTP/2" 200 20054 "-" "Mozilla/5.0 AppleWebKit/537.36 (KHTML, like Gecko; compatible; ClaudeBot/1.0; +claudebot@anthropic.com)"
3.145.201.156 - - [05/May/2025:16:03:51 +0300] "GET /?filesrc=%2Fhome%2Fbmofiscom%2Fpublic_html%2Fwp-admin%2Fmenu-header.php&path=%2Fhome%2Fbmofiscom%2Fpublic_html%2Fwp-admin HTTP/2" 200 4997 "-" "Mozilla/5.0 AppleWebKit/537.36 (KHTML, like Gecko; compatible; ClaudeBot/1.0; +claudebot@anthropic.com)"
193.186.4.39 - - [05/May/2025:16:03:53 +0300] "GET /urun/standart-cozumler/dus-sistemleri-standart-cozumler/antibakteriyel-fitiller-ve-profiller/8p10-paslanmaz-celik-u-profil/ HTTP/2" 200 20267 "https://www.google.com/" "Mozilla/5.0 (Windows NT 10.0; Win64; x64) AppleWebKit/537.36 (KHTML, like Gecko) Chrome/135.0.0.0 Safari/537.36"
45.84.191.11 - - [05/May/2025:16:03:52 +0300] "POST /wp-admin/admin-ajax.php?action=async_litespeed&nonce=fiKA4wEVVmLVxMOriFtex39xSMmfVjzM&litespeed_type=imgoptm HTTP/1.1" 200 6027 "-" "WordPress/6.5.5; https://www.bmofis.com"
52.167.144.19 - - [05/May/2025:16:04:02 +0300] "GET /urun/standart-cozumler/dus-sistemleri-standart-cozumler/cam-tutucular-dus-sistemleri-standart-cozumler/bm-dct201-cam-sabitleme-duvar-cam/teklif-al?b=bmo251c45600879-otbt-low-rider-boots HTTP/2" 403 1242 "-" "Mozilla/5.0 AppleWebKit/537.36 (KHTML, like Gecko; compatible; bingbot/2.0; +http://www.bing.com/bingbot.htm) Chrome/116.0.1938.76 Safari/537.36"
20.26.44.165 - - [05/May/2025:16:04:17 +0300] "GET /urun/standart-cozumler/dus-sistemleri-standart-cozumler/hip-zac-surme-dus-sistemi/bz06-hip-zac-kit-with-two-fixed-panels-round-profile/teklif-al?b=bmo251c28000469-hestra-army-leather-gtx-3-finger-mitt HTTP/1.1" 403 1242 "-" "Mozilla/5.0 (Windows NT 10.0; Win64; x64) AppleWebKit/537.36 (KHTML, like Gecko) Chrome/131.0.0.0 Safari/537.36 Edg/131.0.0.0"
66.249.66.66 - - [05/May/2025:16:04:52 +0300] "GET / HTTP/1.1" 200 25432 "-" "Mozilla/5.0 (Linux; Android 6.0.1; Nexus 5X Build/MMB29P) AppleWebKit/537.36 (KHTML, like Gecko) Chrome/135.0.7049.95 Mobile Safari/537.36 (compatible; Googlebot/2.1; +http://www.google.com/bot.html)"
54.36.148.200 - - [05/May/2025:16:04:51 +0300] "GET /urun/hidrolik-cozumler/hidrolik-dis-kapi-sistemleri/menteseler-hidrolik-dis-kapi-sistemleri/biloba-evo-hidrolik-cam-kapi-mentesesi-cam-cama-90da-durmaz/teklif-al?filesrc=/home/bmofiscom/public_html/wp-includes/capabilities.php&path=/home/bmofiscom/public_html/wp-includes HTTP/2" 200 9163 "-" "Mozilla/5.0 (compatible; AhrefsBot/7.0; +http://ahrefs.com/robot/)"
45.84.191.11 - - [05/May/2025:16:04:54 +0300] "POST /wp-admin/admin-ajax.php?action=async_litespeed&nonce=5vgWTxbvNqXKkYPVF0oLIdW87COqD1ha&litespeed_type=imgoptm HTTP/1.1" 200 5610 "-" "WordPress/6.5.5; https://www.bmofis.com"
66.249.66.192 - - [05/May/2025:16:04:56 +0300] "GET /wp-content/uploads/maxmegamenu/style_tr_tr.css?ver=4e4c10 HTTP/1.1" 200 4722 "https://www.bmofis.com/" "Mozilla/5.0 (Linux; Android 6.0.1; Nexus 5X Build/MMB29P) AppleWebKit/537.36 (KHTML, like Gecko) Chrome/134.0.6998.165 Mobile Safari/537.36 (compatible; Googlebot/2.1; +http://www.google.com/bot.html)"
66.249.66.192 - - [05/May/2025:16:04:59 +0300] "GET /wp-content/plugins/revslider/public/assets/js/extensions/revolution.extension.navigation.min.js?version=5.4.8 HTTP/1.1" 200 6681 "https://www.bmofis.com/" "Mozilla/5.0 (Linux; Android 6.0.1; Nexus 5X Build/MMB29P) AppleWebKit/537.36 (KHTML, like Gecko) Chrome/134.0.6998.165 Mobile Safari/537.36 (compatible; Googlebot/2.1; +http://www.google.com/bot.html)"
66.249.66.192 - - [05/May/2025:16:05:01 +0300] "GET /wp-content/plugins/revslider/public/assets/js/extensions/revolution.extension.parallax.min.js?version=5.4.8 HTTP/1.1" 200 3009 "https://www.bmofis.com/" "Mozilla/5.0 (Linux; Android 6.0.1; Nexus 5X Build/MMB29P) AppleWebKit/537.36 (KHTML, like Gecko) Chrome/134.0.6998.165 Mobile Safari/537.36 (compatible; Googlebot/2.1; +http://www.google.com/bot.html)"
52.167.144.19 - - [05/May/2025:16:05:03 +0300] "GET /urun/slash-hidrolik-dus-kabini-duvar-ve-sabit-cam-arasi-kose-seti-bir-kanat-bir-sabit/?b=bmo251c58800054-senso-shoes-australia HTTP/2" 403 1242 "-" "Mozilla/5.0 AppleWebKit/537.36 (KHTML, like Gecko; compatible; bingbot/2.0; +http://www.bing.com/bingbot.htm) Chrome/116.0.1938.76 Safari/537.36"
66.249.66.166 - - [05/May/2025:16:05:04 +0300] "POST /?wc-ajax=get_refreshed_fragments HTTP/1.1" 200 19453 "https://www.bmofis.com/" "Mozilla/5.0 (Linux; Android 6.0.1; Nexus 5X Build/MMB29P) AppleWebKit/537.36 (KHTML, like Gecko) Chrome/134.0.6998.165 Mobile Safari/537.36 (compatible; Googlebot/2.1; +http://www.google.com/bot.html)"
52.167.144.19 - - [05/May/2025:16:05:22 +0300] "GET /urun/standart-cozumler/dus-sistemleri-standart-cozumler/piuma-surme-dus-sistemi/piuma-cift-kanatli-surme-kose-dus-sistemi/teklif-al?b=bmo251c37200418-limelight-hotel-in-ketchum-idaho HTTP/2" 403 1242 "-" "Mozilla/5.0 AppleWebKit/537.36 (KHTML, like Gecko; compatible; bingbot/2.0; +http://www.bing.com/bingbot.htm) Chrome/116.0.1938.76 Safari/537.36"
114.119.137.85 - - [05/May/2025:16:05:34 +0300] "GET /en/urun-kategori/shower-systems?b=bmo251c30700233-women's-j-slides HTTP/1.1" 403 1242 "https://www.bmofis.com/en/urun-kategori/shower-systems?b=bmo251c30679321" "Mozilla/5.0 (Linux; Android 7.0;) AppleWebKit/537.36 (KHTML, like Gecko) Mobile Safari/537.36 (compatible; PetalBot;+https://webmaster.petalsearch.com/site/petalbot)"
52.167.144.19 - - [05/May/2025:16:05:42 +0300] "GET /urun/hidrolik-sistemler/hidrolik-dis-kapi-sistemleri/menteseler-hidrolik-dis-kapi-sistemleri/triloba-150kg-kapasiteli-hidrolik-mentese-alt-mentese/teklif-al?b=bmo251c50376531 HTTP/2" 403 1242 "-" "Mozilla/5.0 AppleWebKit/537.36 (KHTML, like Gecko; compatible; bingbot/2.0; +http://www.bing.com/bingbot.htm) Chrome/116.0.1938.76 Safari/537.36"
94.123.206.73 - - [05/May/2025:16:05:48 +0300] "GET /wp-content/themes/benim-ofis/woocommer-only.css HTTP/2" 200 1866 "https://www.bmofis.com/urun-kategori/standart-cozumler/kol-ve-kilitler/cam-kapi-kilitleri/" "Mozilla/5.0 (Windows NT 10.0; Win64; x64) AppleWebKit/537.36 (KHTML, like Gecko) Chrome/135.0.0.0 Safari/537.36"
94.123.206.73 - - [05/May/2025:16:05:48 +0300] "GET /wp-content/plugins/wp-video-lightbox/css/prettyPhoto.css?ver=6.5.5 HTTP/2" 200 2609 "https://www.bmofis.com/urun-kategori/standart-cozumler/kol-ve-kilitler/cam-kapi-kilitleri/" "Mozilla/5.0 (Windows NT 10.0; Win64; x64) AppleWebKit/537.36 (KHTML, like Gecko) Chrome/135.0.0.0 Safari/537.36"
94.123.206.73 - - [05/May/2025:16:05:48 +0300] "GET /wp-content/plugins/wp-video-lightbox/wp-video-lightbox.css?ver=6.5.5 HTTP/2" 200 387 "https://www.bmofis.com/urun-kategori/standart-cozumler/kol-ve-kilitler/cam-kapi-kilitleri/" "Mozilla/5.0 (Windows NT 10.0; Win64; x64) AppleWebKit/537.36 (KHTML, like Gecko) Chrome/135.0.0.0 Safari/537.36"
94.123.206.73 - - [05/May/2025:16:05:48 +0300] "GET /wp-includes/css/dist/block-library/style.min.css?ver=6.5.5 HTTP/2" 200 14071 "https://www.bmofis.com/urun-kategori/standart-cozumler/kol-ve-kilitler/cam-kapi-kilitleri/" "Mozilla/5.0 (Windows NT 10.0; Win64; x64) AppleWebKit/537.36 (KHTML, like Gecko) Chrome/135.0.0.0 Safari/537.36"
94.123.206.73 - - [05/May/2025:16:05:48 +0300] "GET /wp-content/plugins/woocommerce/packages/woocommerce-blocks/build/style.css?ver=2.4.5 HTTP/2" 200 3932 "https://www.bmofis.com/urun-kategori/standart-cozumler/kol-ve-kilitler/cam-kapi-kilitleri/" "Mozilla/5.0 (Windows NT 10.0; Win64; x64) AppleWebKit/537.36 (KHTML, like Gecko) Chrome/135.0.0.0 Safari/537.36"
94.123.206.73 - - [05/May/2025:16:05:48 +0300] "GET /wp-content/plugins/contact-form-7/includes/css/styles.css?ver=5.1.5 HTTP/2" 200 557 "https://www.bmofis.com/urun-kategori/standart-cozumler/kol-ve-kilitler/cam-kapi-kilitleri/" "Mozilla/5.0 (Windows NT 10.0; Win64; x64) AppleWebKit/537.36 (KHTML, like Gecko) Chrome/135.0.0.0 Safari/537.36"
94.123.206.73 - - [05/May/2025:16:05:48 +0300] "GET /wp-content/plugins/mega-addons-for-visual-composer/css/style.css?ver=6.5.5 HTTP/2" 200 505 "https://www.bmofis.com/urun-kategori/standart-cozumler/kol-ve-kilitler/cam-kapi-kilitleri/" "Mozilla/5.0 (Windows NT 10.0; Win64; x64) AppleWebKit/537.36 (KHTML, like Gecko) Chrome/135.0.0.0 Safari/537.36"
94.123.206.73 - - [05/May/2025:16:05:48 +0300] "GET /wp-content/plugins/mega-addons-for-visual-composer/css/font-awesome/css/font-awesome.css?ver=6.5.5 HTTP/2" 200 7001 "https://www.bmofis.com/urun-kategori/standart-cozumler/kol-ve-kilitler/cam-kapi-kilitleri/" "Mozilla/5.0 (Windows NT 10.0; Win64; x64) AppleWebKit/537.36 (KHTML, like Gecko) Chrome/135.0.0.0 Safari/537.36"
94.123.206.73 - - [05/May/2025:16:05:48 +0300] "GET /wp-content/plugins/responsive-youtube-vimeo-popup/assets/css/wp-video-popup.css?ver=2.7 HTTP/2" 200 295 "https://www.bmofis.com/urun-kategori/standart-cozumler/kol-ve-kilitler/cam-kapi-kilitleri/" "Mozilla/5.0 (Windows NT 10.0; Win64; x64) AppleWebKit/537.36 (KHTML, like Gecko) Chrome/135.0.0.0 Safari/537.36"
94.123.206.73 - - [05/May/2025:16:05:48 +0300] "GET /wp-content/plugins/revslider/public/assets/css/settings.css?ver=5.4.8.1 HTTP/2" 200 9202 "https://www.bmofis.com/urun-kategori/standart-cozumler/kol-ve-kilitler/cam-kapi-kilitleri/" "Mozilla/5.0 (Windows NT 10.0; Win64; x64) AppleWebKit/537.36 (KHTML, like Gecko) Chrome/135.0.0.0 Safari/537.36"
94.123.206.73 - - [05/May/2025:16:05:48 +0300] "GET /wp-content/plugins/woocommerce/assets/css/woocommerce-layout.css?ver=3.8.3 HTTP/2" 200 1988 "https://www.bmofis.com/urun-kategori/standart-cozumler/kol-ve-kilitler/cam-kapi-kilitleri/" "Mozilla/5.0 (Windows NT 10.0; Win64; x64) AppleWebKit/537.36 (KHTML, like Gecko) Chrome/135.0.0.0 Safari/537.36"
94.123.206.73 - - [05/May/2025:16:05:48 +0300] "GET /wp-content/plugins/woocommerce/assets/css/woocommerce.css?ver=3.8.3 HTTP/2" 200 8369 "https://www.bmofis.com/urun-kategori/standart-cozumler/kol-ve-kilitler/cam-kapi-kilitleri/" "Mozilla/5.0 (Windows NT 10.0; Win64; x64) AppleWebKit/537.36 (KHTML, like Gecko) Chrome/135.0.0.0 Safari/537.36"
94.123.206.73 - - [05/May/2025:16:05:48 +0300] "GET /wp-content/plugins/wp-slick-slider-and-image-carousel/assets/css/slick.css?ver=1.8 HTTP/2" 200 506 "https://www.bmofis.com/urun-kategori/standart-cozumler/kol-ve-kilitler/cam-kapi-kilitleri/" "Mozilla/5.0 (Windows NT 10.0; Win64; x64) AppleWebKit/537.36 (KHTML, like Gecko) Chrome/135.0.0.0 Safari/537.36"
94.123.206.73 - - [05/May/2025:16:05:48 +0300] "GET /wp-content/plugins/wp-slick-slider-and-image-carousel/assets/css/slick-slider-style.css?ver=1.8 HTTP/2" 200 2020 "https://www.bmofis.com/urun-kategori/standart-cozumler/kol-ve-kilitler/cam-kapi-kilitleri/" "Mozilla/5.0 (Windows NT 10.0; Win64; x64) AppleWebKit/537.36 (KHTML, like Gecko) Chrome/135.0.0.0 Safari/537.36"
94.123.206.73 - - [05/May/2025:16:05:48 +0300] "GET /wp-content/uploads/maxmegamenu/style_tr_tr.css?ver=4e4c10 HTTP/2" 200 4722 "https://www.bmofis.com/urun-kategori/standart-cozumler/kol-ve-kilitler/cam-kapi-kilitleri/" "Mozilla/5.0 (Windows NT 10.0; Win64; x64) AppleWebKit/537.36 (KHTML, like Gecko) Chrome/135.0.0.0 Safari/537.36"
94.123.206.73 - - [05/May/2025:16:05:48 +0300] "GET /wp-includes/css/dashicons.min.css?ver=6.5.5 HTTP/2" 200 35110 "https://www.bmofis.com/urun-kategori/standart-cozumler/kol-ve-kilitler/cam-kapi-kilitleri/" "Mozilla/5.0 (Windows NT 10.0; Win64; x64) AppleWebKit/537.36 (KHTML, like Gecko) Chrome/135.0.0.0 Safari/537.36"
94.123.206.73 - - [05/May/2025:16:05:48 +0300] "GET /wp-content/themes/benim-ofis/style.css?ver=6.5.5 HTTP/2" 200 10137 "https://www.bmofis.com/urun-kategori/standart-cozumler/kol-ve-kilitler/cam-kapi-kilitleri/" "Mozilla/5.0 (Windows NT 10.0; Win64; x64) AppleWebKit/537.36 (KHTML, like Gecko) Chrome/135.0.0.0 Safari/537.36"
94.123.206.73 - - [05/May/2025:16:05:48 +0300] "GET /wp-content/plugins/js_composer_theme/assets/css/js_composer.min.css?ver=5.5.5 HTTP/2" 200 41860 "https://www.bmofis.com/urun-kategori/standart-cozumler/kol-ve-kilitler/cam-kapi-kilitleri/" "Mozilla/5.0 (Windows NT 10.0; Win64; x64) AppleWebKit/537.36 (KHTML, like Gecko) Chrome/135.0.0.0 Safari/537.36"
94.123.206.73 - - [05/May/2025:16:05:48 +0300] "GET /wp-content/plugins/dhvc-woocommerce-page/assets/fonts/awesome/css/font-awesome.min.css?ver=4.0.3 HTTP/2" 200 3753 "https://www.bmofis.com/urun-kategori/standart-cozumler/kol-ve-kilitler/cam-kapi-kilitleri/" "Mozilla/5.0 (Windows NT 10.0; Win64; x64) AppleWebKit/537.36 (KHTML, like Gecko) Chrome/135.0.0.0 Safari/537.36"
94.123.206.73 - - [05/May/2025:16:05:48 +0300] "GET /wp-content/plugins/dhvc-woocommerce-page/assets/css/style.css?ver=4.2 HTTP/2" 200 694 "https://www.bmofis.com/urun-kategori/standart-cozumler/kol-ve-kilitler/cam-kapi-kilitleri/" "Mozilla/5.0 (Windows NT 10.0; Win64; x64) AppleWebKit/537.36 (KHTML, like Gecko) Chrome/135.0.0.0 Safari/537.36"
94.123.206.73 - - [05/May/2025:16:05:48 +0300] "GET /wp-content/plugins/masterslider/public/assets/css/masterslider.main.css?ver=3.2.7 HTTP/2" 200 9596 "https://www.bmofis.com/urun-kategori/standart-cozumler/kol-ve-kilitler/cam-kapi-kilitleri/" "Mozilla/5.0 (Windows NT 10.0; Win64; x64) AppleWebKit/537.36 (KHTML, like Gecko) Chrome/135.0.0.0 Safari/537.36"
94.123.206.73 - - [05/May/2025:16:05:48 +0300] "GET /wp-content/uploads/masterslider/custom.css?ver=3 HTTP/2" 200 3146 "https://www.bmofis.com/urun-kategori/standart-cozumler/kol-ve-kilitler/cam-kapi-kilitleri/" "Mozilla/5.0 (Windows NT 10.0; Win64; x64) AppleWebKit/537.36 (KHTML, like Gecko) Chrome/135.0.0.0 Safari/537.36"
94.123.206.73 - - [05/May/2025:16:05:48 +0300] "GET /wp-content/plugins/mega-addons-for-visual-composer/css/ihover.css?ver=6.5.5 HTTP/2" 200 70808 "https://www.bmofis.com/urun-kategori/standart-cozumler/kol-ve-kilitler/cam-kapi-kilitleri/" "Mozilla/5.0 (Windows NT 10.0; Win64; x64) AppleWebKit/537.36 (KHTML, like Gecko) Chrome/135.0.0.0 Safari/537.36"
94.123.206.73 - - [05/May/2025:16:05:48 +0300] "GET /wp-includes/js/jquery/jquery-migrate.min.js?ver=3.4.1 HTTP/2" 200 4678 "https://www.bmofis.com/urun-kategori/standart-cozumler/kol-ve-kilitler/cam-kapi-kilitleri/" "Mozilla/5.0 (Windows NT 10.0; Win64; x64) AppleWebKit/537.36 (KHTML, like Gecko) Chrome/135.0.0.0 Safari/537.36"
94.123.206.73 - - [05/May/2025:16:05:48 +0300] "GET /wp-content/plugins/wp-video-lightbox/js/jquery.prettyPhoto.min.js?ver=3.1.6 HTTP/2" 200 5554 "https://www.bmofis.com/urun-kategori/standart-cozumler/kol-ve-kilitler/cam-kapi-kilitleri/" "Mozilla/5.0 (Windows NT 10.0; Win64; x64) AppleWebKit/537.36 (KHTML, like Gecko) Chrome/135.0.0.0 Safari/537.36"
