88.240.187.25 - - [05/May/2025:18:20:28 +0300] "POST /?wc-ajax=get_refreshed_fragments HTTP/2" 200 4359 "https://www.bmofis.com/urun/standart-cozumler/ofis-bolme-sistemleri/profil-sistemleri/crystalline-bolme-sistemi/" "Mozilla/5.0 (Windows NT 10.0; Win64; x64) AppleWebKit/537.36 (KHTML, like Gecko) Chrome/136.0.0.0 Safari/537.36"
40.77.167.72 - - [05/May/2025:18:20:31 +0300] "GET /en/urun-kategori/standart-cozumler/ofis-bolme-sistemleri/?b=bmo251c68755096 HTTP/2" 403 1242 "-" "Mozilla/5.0 AppleWebKit/537.36 (KHTML, like Gecko; compatible; bingbot/2.0; +http://www.bing.com/bingbot.htm) Chrome/116.0.1938.76 Safari/537.36"
45.84.191.11 - - [05/May/2025:18:20:39 +0300] "POST /wp-cron.php?doing_wp_cron=1746458439.0081949234008789062500 HTTP/1.1" 200 0 "-" "WordPress/6.5.5; https://www.bmofis.com"
88.240.187.25 - - [05/May/2025:18:20:37 +0300] "POST /?wc-ajax=get_refreshed_fragments HTTP/2" 200 4331 "https://www.bmofis.com/urun-kategori/profil-sistemleri/" "Mozilla/5.0 (Windows NT 10.0; Win64; x64) AppleWebKit/537.36 (KHTML, like Gecko) Chrome/136.0.0.0 Safari/537.36"
88.240.187.25 - - [05/May/2025:18:20:38 +0300] "POST /?wc-ajax=get_refreshed_fragments HTTP/2" 200 4374 "https://www.bmofis.com/urun-kategori/standart-cozumler/ofis-bolme-sistemleri/" "Mozilla/5.0 (Windows NT 10.0; Win64; x64) AppleWebKit/537.36 (KHTML, like Gecko) Chrome/136.0.0.0 Safari/537.36"
88.240.187.25 - - [05/May/2025:18:20:39 +0300] "POST /?wc-ajax=get_refreshed_fragments HTTP/2" 200 4477 "https://www.bmofis.com/" "Mozilla/5.0 (Windows NT 10.0; Win64; x64) AppleWebKit/537.36 (KHTML, like Gecko) Chrome/136.0.0.0 Safari/537.36"
88.240.187.25 - - [05/May/2025:18:20:41 +0300] "GET /dokumanlar/ HTTP/2" 200 22302 "https://www.google.com/" "Mozilla/5.0 (Windows NT 10.0; Win64; x64) AppleWebKit/537.36 (KHTML, like Gecko) Chrome/136.0.0.0 Safari/537.36"
88.240.187.25 - - [05/May/2025:18:20:41 +0300] "GET /wp-content/plugins/js_composer_theme/assets/css/js_composer_tta.min.css?ver=5.5.5 HTTP/2" 200 15081 "https://www.bmofis.com/dokumanlar/" "Mozilla/5.0 (Windows NT 10.0; Win64; x64) AppleWebKit/537.36 (KHTML, like Gecko) Chrome/136.0.0.0 Safari/537.36"
88.240.187.25 - - [05/May/2025:18:20:41 +0300] "GET /wp-content/plugins/js_composer_theme/assets/lib/bower/font-awesome/css/font-awesome.min.css?ver=5.5.5 HTTP/2" 200 6584 "https://www.bmofis.com/dokumanlar/" "Mozilla/5.0 (Windows NT 10.0; Win64; x64) AppleWebKit/537.36 (KHTML, like Gecko) Chrome/136.0.0.0 Safari/537.36"
88.240.187.25 - - [05/May/2025:18:20:41 +0300] "GET /wp-content/plugins/js_composer_theme/assets/lib/vc_accordion/vc-accordion.min.js?ver=5.5.5 HTTP/2" 200 2437 "https://www.bmofis.com/dokumanlar/" "Mozilla/5.0 (Windows NT 10.0; Win64; x64) AppleWebKit/537.36 (KHTML, like Gecko) Chrome/136.0.0.0 Safari/537.36"
88.240.187.25 - - [05/May/2025:18:20:41 +0300] "GET /wp-content/plugins/js_composer_theme/assets/lib/vc-tta-autoplay/vc-tta-autoplay.min.js?ver=5.5.5 HTTP/2" 200 752 "https://www.bmofis.com/dokumanlar/" "Mozilla/5.0 (Windows NT 10.0; Win64; x64) AppleWebKit/537.36 (KHTML, like Gecko) Chrome/136.0.0.0 Safari/537.36"
88.240.187.25 - - [05/May/2025:18:20:41 +0300] "GET /wp-content/plugins/js_composer_theme/assets/lib/vc_tabs/vc-tabs.min.js?ver=5.5.5 HTTP/2" 200 1095 "https://www.bmofis.com/dokumanlar/" "Mozilla/5.0 (Windows NT 10.0; Win64; x64) AppleWebKit/537.36 (KHTML, like Gecko) Chrome/136.0.0.0 Safari/537.36"
88.240.187.25 - - [05/May/2025:18:20:41 +0300] "GET /wp-content/uploads/2019/09/0103_archi-1.jpg HTTP/2" 200 102410 "https://www.bmofis.com/dokumanlar/" "Mozilla/5.0 (Windows NT 10.0; Win64; x64) AppleWebKit/537.36 (KHTML, like Gecko) Chrome/136.0.0.0 Safari/537.36"
88.240.187.25 - - [05/May/2025:18:20:41 +0300] "GET /wp-content/uploads/2019/06/14_unica.jpg HTTP/2" 200 23926 "https://www.bmofis.com/dokumanlar/" "Mozilla/5.0 (Windows NT 10.0; Win64; x64) AppleWebKit/537.36 (KHTML, like Gecko) Chrome/136.0.0.0 Safari/537.36"
88.240.187.25 - - [05/May/2025:18:20:41 +0300] "GET /wp-content/uploads/2019/06/slak_t.jpg HTTP/2" 200 31922 "https://www.bmofis.com/dokumanlar/" "Mozilla/5.0 (Windows NT 10.0; Win64; x64) AppleWebKit/537.36 (KHTML, like Gecko) Chrome/136.0.0.0 Safari/537.36"
88.240.187.25 - - [05/May/2025:18:20:41 +0300] "GET /wp-content/uploads/2019/06/flu110.jpg HTTP/2" 200 27171 "https://www.bmofis.com/dokumanlar/" "Mozilla/5.0 (Windows NT 10.0; Win64; x64) AppleWebKit/537.36 (KHTML, like Gecko) Chrome/136.0.0.0 Safari/537.36"
88.240.187.25 - - [05/May/2025:18:20:41 +0300] "GET /wp-content/uploads/2019/06/flu_150.jpg HTTP/2" 200 29532 "https://www.bmofis.com/dokumanlar/" "Mozilla/5.0 (Windows NT 10.0; Win64; x64) AppleWebKit/537.36 (KHTML, like Gecko) Chrome/136.0.0.0 Safari/537.36"
88.240.187.25 - - [05/May/2025:18:20:41 +0300] "GET /wp-content/uploads/2019/06/slak.jpg HTTP/2" 200 25405 "https://www.bmofis.com/dokumanlar/" "Mozilla/5.0 (Windows NT 10.0; Win64; x64) AppleWebKit/537.36 (KHTML, like Gecko) Chrome/136.0.0.0 Safari/537.36"
88.240.187.25 - - [05/May/2025:18:20:41 +0300] "GET /wp-content/uploads/2019/06/p20e.jpg HTTP/2" 200 30410 "https://www.bmofis.com/dokumanlar/" "Mozilla/5.0 (Windows NT 10.0; Win64; x64) AppleWebKit/537.36 (KHTML, like Gecko) Chrome/136.0.0.0 Safari/537.36"
88.240.187.25 - - [05/May/2025:18:20:41 +0300] "GET /wp-content/uploads/2019/06/flexa.jpg HTTP/2" 200 21527 "https://www.bmofis.com/dokumanlar/" "Mozilla/5.0 (Windows NT 10.0; Win64; x64) AppleWebKit/537.36 (KHTML, like Gecko) Chrome/136.0.0.0 Safari/537.36"
88.240.187.25 - - [05/May/2025:18:20:41 +0300] "GET /wp-content/uploads/2019/06/zemin.jpg HTTP/2" 200 20043 "https://www.bmofis.com/dokumanlar/" "Mozilla/5.0 (Windows NT 10.0; Win64; x64) AppleWebKit/537.36 (KHTML, like Gecko) Chrome/136.0.0.0 Safari/537.36"
88.240.187.25 - - [05/May/2025:18:20:41 +0300] "GET /wp-content/uploads/2019/06/duseykilit.jpg HTTP/2" 200 24643 "https://www.bmofis.com/dokumanlar/" "Mozilla/5.0 (Windows NT 10.0; Win64; x64) AppleWebKit/537.36 (KHTML, like Gecko) Chrome/136.0.0.0 Safari/537.36"
88.240.187.25 - - [05/May/2025:18:20:41 +0300] "GET /wp-content/uploads/2019/06/borukollar.jpg HTTP/2" 200 24360 "https://www.bmofis.com/dokumanlar/" "Mozilla/5.0 (Windows NT 10.0; Win64; x64) AppleWebKit/537.36 (KHTML, like Gecko) Chrome/136.0.0.0 Safari/537.36"
88.240.187.25 - - [05/May/2025:18:20:41 +0300] "GET /wp-content/uploads/2019/06/loq.jpg HTTP/2" 200 19356 "https://www.bmofis.com/dokumanlar/" "Mozilla/5.0 (Windows NT 10.0; Win64; x64) AppleWebKit/537.36 (KHTML, like Gecko) Chrome/136.0.0.0 Safari/537.36"
88.240.187.25 - - [05/May/2025:18:20:41 +0300] "GET /wp-content/uploads/2019/06/manyetik.jpg HTTP/2" 200 27102 "https://www.bmofis.com/dokumanlar/" "Mozilla/5.0 (Windows NT 10.0; Win64; x64) AppleWebKit/537.36 (KHTML, like Gecko) Chrome/136.0.0.0 Safari/537.36"
88.240.187.25 - - [05/May/2025:18:20:41 +0300] "GET /wp-content/uploads/2019/09/0403_8060.jpg HTTP/2" 200 44861 "https://www.bmofis.com/dokumanlar/" "Mozilla/5.0 (Windows NT 10.0; Win64; x64) AppleWebKit/537.36 (KHTML, like Gecko) Chrome/136.0.0.0 Safari/537.36"
88.240.187.25 - - [05/May/2025:18:20:41 +0300] "GET /wp-content/uploads/2019/06/nt_flu_279259.jpg HTTP/2" 200 39542 "https://www.bmofis.com/dokumanlar/" "Mozilla/5.0 (Windows NT 10.0; Win64; x64) AppleWebKit/537.36 (KHTML, like Gecko) Chrome/136.0.0.0 Safari/537.36"
88.240.187.25 - - [05/May/2025:18:20:41 +0300] "GET /wp-content/uploads/2019/06/bmprofil.jpg HTTP/2" 200 35671 "https://www.bmofis.com/dokumanlar/" "Mozilla/5.0 (Windows NT 10.0; Win64; x64) AppleWebKit/537.36 (KHTML, like Gecko) Chrome/136.0.0.0 Safari/537.36"
88.240.187.25 - - [05/May/2025:18:20:41 +0300] "GET /wp-content/uploads/2019/06/nt_pol279259_.jpg HTTP/2" 200 43974 "https://www.bmofis.com/dokumanlar/" "Mozilla/5.0 (Windows NT 10.0; Win64; x64) AppleWebKit/537.36 (KHTML, like Gecko) Chrome/136.0.0.0 Safari/537.36"
88.240.187.25 - - [05/May/2025:18:20:41 +0300] "GET /wp-content/uploads/2019/07/99_balust.jpg HTTP/2" 200 44182 "https://www.bmofis.com/dokumanlar/" "Mozilla/5.0 (Windows NT 10.0; Win64; x64) AppleWebKit/537.36 (KHTML, like Gecko) Chrome/136.0.0.0 Safari/537.36"
88.240.187.25 - - [05/May/2025:18:20:41 +0300] "GET /wp-content/uploads/2019/07/99_sacak.jpg HTTP/2" 200 42267 "https://www.bmofis.com/dokumanlar/" "Mozilla/5.0 (Windows NT 10.0; Win64; x64) AppleWebKit/537.36 (KHTML, like Gecko) Chrome/136.0.0.0 Safari/537.36"
88.240.187.25 - - [05/May/2025:18:20:41 +0300] "GET /wp-content/uploads/2020/01/02_bmkat.jpg HTTP/2" 200 107675 "https://www.bmofis.com/dokumanlar/" "Mozilla/5.0 (Windows NT 10.0; Win64; x64) AppleWebKit/537.36 (KHTML, like Gecko) Chrome/136.0.0.0 Safari/537.36"
88.240.187.25 - - [05/May/2025:18:20:41 +0300] "GET /wp-content/plugins/js_composer_theme/assets/lib/bower/font-awesome/fonts/fontawesome-webfont.woff2?v=4.7.0 HTTP/2" 200 77160 "https://www.bmofis.com/wp-content/plugins/js_composer_theme/assets/lib/bower/font-awesome/css/font-awesome.min.css?ver=5.5.5" "Mozilla/5.0 (Windows NT 10.0; Win64; x64) AppleWebKit/537.36 (KHTML, like Gecko) Chrome/136.0.0.0 Safari/537.36"
88.240.187.25 - - [05/May/2025:18:20:41 +0300] "GET /wp-content/uploads/2019/09/01_05_blck.jpg HTTP/2" 200 63482 "https://www.bmofis.com/dokumanlar/" "Mozilla/5.0 (Windows NT 10.0; Win64; x64) AppleWebKit/537.36 (KHTML, like Gecko) Chrome/136.0.0.0 Safari/537.36"
88.240.187.25 - - [05/May/2025:18:20:41 +0300] "GET /wp-content/uploads/2019/09/08_sau.jpg HTTP/2" 200 59368 "https://www.bmofis.com/dokumanlar/" "Mozilla/5.0 (Windows NT 10.0; Win64; x64) AppleWebKit/537.36 (KHTML, like Gecko) Chrome/136.0.0.0 Safari/537.36"
88.240.187.25 - - [05/May/2025:18:20:41 +0300] "GET /wp-content/uploads/2019/09/09_hipzac.jpg HTTP/2" 200 55352 "https://www.bmofis.com/dokumanlar/" "Mozilla/5.0 (Windows NT 10.0; Win64; x64) AppleWebKit/537.36 (KHTML, like Gecko) Chrome/136.0.0.0 Safari/537.36"
88.240.187.25 - - [05/May/2025:18:20:41 +0300] "GET /wp-content/uploads/2019/09/bilobajc.jpg HTTP/2" 200 58894 "https://www.bmofis.com/dokumanlar/" "Mozilla/5.0 (Windows NT 10.0; Win64; x64) AppleWebKit/537.36 (KHTML, like Gecko) Chrome/136.0.0.0 Safari/537.36"
88.240.187.25 - - [05/May/2025:18:20:41 +0300] "GET /wp-content/uploads/2019/09/unicaslim.jpg HTTP/2" 200 76062 "https://www.bmofis.com/dokumanlar/" "Mozilla/5.0 (Windows NT 10.0; Win64; x64) AppleWebKit/537.36 (KHTML, like Gecko) Chrome/136.0.0.0 Safari/537.36"
45.84.191.11 - - [05/May/2025:18:19:22 +0300] "POST /wp-cron.php?doing_wp_cron=1746458362.2341349124908447265625 HTTP/1.1" 200 0 "-" "WordPress/6.5.5; https://www.bmofis.com"
40.77.167.59 - - [05/May/2025:18:19:42 +0300] "GET /uygulamalar/dus-kabini-aksesuarlari/nis-uygulamalar-icin-dus-teknesi-ebadi-/coleman-system/4/86.aspx?b=bmo251c8300260-what-does-6-mean-on-nba-jersey HTTP/2" 403 1242 "-" "Mozilla/5.0 AppleWebKit/537.36 (KHTML, like Gecko; compatible; bingbot/2.0; +http://www.bing.com/bingbot.htm) Chrome/116.0.1938.76 Safari/537.36"
162.120.188.222 - - [05/May/2025:18:19:55 +0300] "GET / HTTP/2" 200 25432 "https://www.google.com/" "Mozilla/5.0 (Windows NT 10.0; Win64; x64) AppleWebKit/537.36 (KHTML, like Gecko) Chrome/136.0.0.0 Safari/537.36"
40.77.167.59 - - [05/May/2025:18:20:02 +0300] "GET /urun/slash-hidrolik-dus-kabini-duvar-ve-sabit-cam-arasi-kose-seti-bir-kanat-bir-sabit/?b=bmo251c7000057-ecco-promo-code HTTP/2" 403 1242 "-" "Mozilla/5.0 AppleWebKit/537.36 (KHTML, like Gecko; compatible; bingbot/2.0; +http://www.bing.com/bingbot.htm) Chrome/116.0.1938.76 Safari/537.36"
45.84.191.11 - - [05/May/2025:18:20:08 +0300] "POST /wp-cron.php?doing_wp_cron=1746458408.2837231159210205078125 HTTP/1.1" 200 0 "-" "WordPress/6.5.5; https://www.bmofis.com"
40.77.167.8 - - [05/May/2025:18:20:23 +0300] "GET /urun/hidrolik-sistemler/hidrolik-dus-sistemleri/hidrolik-dus-kabini/slash-hidrolik-dus-kabini-duvar-ve-sabit-cam-arasi-kose-seti-bir-kanat-bir-sabit/?b=bmo251c15500238-carve-designs-swim-skirt HTTP/2" 403 1242 "-" "Mozilla/5.0 AppleWebKit/537.36 (KHTML, like Gecko; compatible; bingbot/2.0; +http://www.bing.com/bingbot.htm) Chrome/116.0.1938.76 Safari/537.36"
87.242.123.219 - - [05/May/2025:18:20:28 +0300] "GET /wp-content/uploads/2019/04/KSN8060_A.jpg HTTP/1.1" 200 1206760 "-" "Mozilla/5.0 (Windows NT 10.0; Win64; x64) AppleWebKit/537.36 (KHTML, like Gecko) Chrome/120.0.0.0 Safari/537.36"
20.240.18.45 - - [05/May/2025:18:20:33 +0300] "GET /urun/slash-hidrolik-dus-kabini-duvar-ve-sabit-cam-arasi-kose-seti-bir-kanat-bir-sabit/?b=bmo251c58800054-senso-shoes-australia HTTP/1.1" 403 1242 "-" "Mozilla/5.0 (Windows NT 10.0; Win64; x64) AppleWebKit/537.36 (KHTML, like Gecko) Chrome/131.0.0.0 Safari/537.36 Edg/131.0.0.0"
66.249.66.164 - - [05/May/2025:18:20:34 +0300] "GET /wp-content/uploads/2019/05/i7.png HTTP/1.1" 200 1852 "-" "Mozilla/5.0 (Linux; Android 6.0.1; Nexus 5X Build/MMB29P) AppleWebKit/537.36 (KHTML, like Gecko) Chrome/135.0.7049.95 Mobile Safari/537.36 (compatible; Googlebot/2.1; +http://www.google.com/bot.html)"
52.167.144.187 - - [05/May/2025:18:20:42 +0300] "GET /uygulamalar/dus-kabini-aksesuarlari/nis-uygulamalar-icin-dus-teknesi-ebadi-/coleman-system/4/86.aspx?b=bmo251c66900134-ultracor-on-sale HTTP/2" 403 1242 "-" "Mozilla/5.0 AppleWebKit/537.36 (KHTML, like Gecko; compatible; bingbot/2.0; +http://www.bing.com/bingbot.htm) Chrome/116.0.1938.76 Safari/537.36"
20.27.20.30 - - [05/May/2025:18:21:00 +0300] "GET /urun/hidrolik-sistemler/hidrolik-dus-sistemleri/sauna-buhar-odasi-cozumleri-hidrolik-dus-sistemleri/kbt8061-buhar-odalari-ve-hamamlar-icin-hidrolik-set/teklif-al?b=bmo251c28100416-hi-tec-hiking-boots-big-5 HTTP/1.1" 403 1242 "-" "Mozilla/5.0 (Windows NT 10.0; Win64; x64) AppleWebKit/537.36 (KHTML, like Gecko) Chrome/131.0.0.0 Safari/537.36 Edg/131.0.0.0"
52.167.144.187 - - [05/May/2025:18:21:02 +0300] "GET /urun/slash-hidrolik-dus-kabini-duvar-ve-sabit-cam-arasi-kose-seti-tek-kanat/?b=bmo251c41200402-michael-woods-feat-lauren-dyson-in-your-arms HTTP/2" 403 1242 "-" "Mozilla/5.0 AppleWebKit/537.36 (KHTML, like Gecko; compatible; bingbot/2.0; +http://www.bing.com/bingbot.htm) Chrome/116.0.1938.76 Safari/537.36"
88.240.187.25 - - [05/May/2025:18:20:41 +0300] "GET /wp-content/uploads/2019/09/flu70.jpg HTTP/2" 200 71669 "https://www.bmofis.com/dokumanlar/" "Mozilla/5.0 (Windows NT 10.0; Win64; x64) AppleWebKit/537.36 (KHTML, like Gecko) Chrome/136.0.0.0 Safari/537.36"
88.240.187.25 - - [05/May/2025:18:20:41 +0300] "GET /wp-content/uploads/2020/08/rd1.jpg HTTP/2" 200 34931 "https://www.bmofis.com/dokumanlar/" "Mozilla/5.0 (Windows NT 10.0; Win64; x64) AppleWebKit/537.36 (KHTML, like Gecko) Chrome/136.0.0.0 Safari/537.36"
88.240.187.25 - - [05/May/2025:18:20:41 +0300] "GET /wp-content/uploads/2019/09/0201_slash.jpg HTTP/2" 200 85942 "https://www.bmofis.com/dokumanlar/" "Mozilla/5.0 (Windows NT 10.0; Win64; x64) AppleWebKit/537.36 (KHTML, like Gecko) Chrome/136.0.0.0 Safari/537.36"
88.240.187.25 - - [05/May/2025:18:20:41 +0300] "GET /wp-content/uploads/2019/09/10_vela.jpg HTTP/2" 200 103031 "https://www.bmofis.com/dokumanlar/" "Mozilla/5.0 (Windows NT 10.0; Win64; x64) AppleWebKit/537.36 (KHTML, like Gecko) Chrome/136.0.0.0 Safari/537.36"
88.240.187.25 - - [05/May/2025:18:20:41 +0300] "GET /wp-content/uploads/2019/09/0402_evo.jpg HTTP/2" 200 81953 "https://www.bmofis.com/dokumanlar/" "Mozilla/5.0 (Windows NT 10.0; Win64; x64) AppleWebKit/537.36 (KHTML, like Gecko) Chrome/136.0.0.0 Safari/537.36"
88.240.187.25 - - [05/May/2025:18:20:41 +0300] "GET /wp-content/uploads/2019/09/evoframe_a1-1.jpg HTTP/2" 200 88979 "https://www.bmofis.com/dokumanlar/" "Mozilla/5.0 (Windows NT 10.0; Win64; x64) AppleWebKit/537.36 (KHTML, like Gecko) Chrome/136.0.0.0 Safari/537.36"
88.240.187.25 - - [05/May/2025:18:20:41 +0300] "GET /wp-content/uploads/2019/09/biloba.jpg HTTP/2" 200 104237 "https://www.bmofis.com/dokumanlar/" "Mozilla/5.0 (Windows NT 10.0; Win64; x64) AppleWebKit/537.36 (KHTML, like Gecko) Chrome/136.0.0.0 Safari/537.36"
88.240.187.25 - - [05/May/2025:18:20:41 +0300] "GET /wp-content/uploads/2019/09/01_ENG.jpg HTTP/2" 200 127329 "https://www.bmofis.com/dokumanlar/" "Mozilla/5.0 (Windows NT 10.0; Win64; x64) AppleWebKit/537.36 (KHTML, like Gecko) Chrome/136.0.0.0 Safari/537.36"
88.240.187.25 - - [05/May/2025:18:20:41 +0300] "GET /wp-content/uploads/2019/09/0201_piu.jpg HTTP/2" 200 173214 "https://www.bmofis.com/dokumanlar/" "Mozilla/5.0 (Windows NT 10.0; Win64; x64) AppleWebKit/537.36 (KHTML, like Gecko) Chrome/136.0.0.0 Safari/537.36"
88.240.187.25 - - [05/May/2025:18:20:41 +0300] "GET /wp-content/uploads/2019/09/0301_centrale.jpg HTTP/2" 200 122969 "https://www.bmofis.com/dokumanlar/" "Mozilla/5.0 (Windows NT 10.0; Win64; x64) AppleWebKit/537.36 (KHTML, like Gecko) Chrome/136.0.0.0 Safari/537.36"
88.240.187.25 - - [05/May/2025:18:20:41 +0300] "GET /wp-content/uploads/2019/09/triloba.jpg HTTP/2" 200 118136 "https://www.bmofis.com/dokumanlar/" "Mozilla/5.0 (Windows NT 10.0; Win64; x64) AppleWebKit/537.36 (KHTML, like Gecko) Chrome/136.0.0.0 Safari/537.36"
88.240.187.25 - - [05/May/2025:18:20:41 +0300] "POST /?wc-ajax=get_refreshed_fragments HTTP/2" 200 4331 "https://www.bmofis.com/dokumanlar/" "Mozilla/5.0 (Windows NT 10.0; Win64; x64) AppleWebKit/537.36 (KHTML, like Gecko) Chrome/136.0.0.0 Safari/537.36"
54.36.148.199 - - [05/May/2025:18:20:54 +0300] "GET /en/urun-kategori/glass-joint-joint-laths?filesrc=/home/bmofiscom/public_html/wp-includes/class-wp-block-supports.php&path=/home/bmofiscom/public_html/wp-includes HTTP/2" 200 3599 "-" "Mozilla/5.0 (compatible; AhrefsBot/7.0; +http://ahrefs.com/robot/)"
66.249.66.1 - - [05/May/2025:18:20:58 +0300] "GET /?b=112627615 HTTP/1.1" 403 1242 "-" "Mozilla/5.0 (Linux; Android 6.0.1; Nexus 5X Build/MMB29P) AppleWebKit/537.36 (KHTML, like Gecko) Chrome/135.0.7049.95 Mobile Safari/537.36 (compatible; Googlebot/2.1; +http://www.google.com/bot.html)"
20.240.18.38 - - [05/May/2025:18:21:09 +0300] "GET /en/urun-kategori/standart-cozumler/ofis-bolme-sistemleri/?b=bmo251c37000196-les-hommes-les-plus-riches-du-monde-2023 HTTP/1.1" 403 1242 "-" "Mozilla/5.0 (Windows NT 10.0; Win64; x64) AppleWebKit/537.36 (KHTML, like Gecko) Chrome/131.0.0.0 Safari/537.36 Edg/131.0.0.0"
52.167.144.187 - - [05/May/2025:18:21:22 +0300] "GET /katalog/ofis-bolme-sistemleri-ve-cam-aksesuarlari/sikilastirma-ve-tutturma-braketleri/4076-810-mm-cam-icin-kucuk-kelepce-farkli-kalinliklari-belirtiniz-yaricap-ile-/1/298.aspx?b=bmo251c69800061-vssl-compact-adventure-kit HTTP/2" 403 1242 "-" "Mozilla/5.0 AppleWebKit/537.36 (KHTML, like Gecko; compatible; bingbot/2.0; +http://www.bing.com/bingbot.htm) Chrome/116.0.1938.76 Safari/537.36"
3.15.7.195 - - [05/May/2025:18:21:27 +0300] "GET /urun/hidrolik-cozumler/hidrolik-dis-kapi-sistemleri/patch-fittings/italyan-yuvali-alt-mil-1752mm-cam-kalinligi-icin?filesrc=%2Fhome%2Fbmofiscom%2Fpublic_html%2Fwp-content%2Fbmofi%2Findex.php&path=%2Fhome%2Fbmofiscom%2Fpublic_html%2Fwp-content%2Fbmofi HTTP/2" 200 4034 "-" "Mozilla/5.0 AppleWebKit/537.36 (KHTML, like Gecko; compatible; ClaudeBot/1.0; +claudebot@anthropic.com)"
3.15.7.195 - - [05/May/2025:18:21:27 +0300] "GET /urun/hidrolik-cozumler/hidrolik-dis-kapi-sistemleri/patch-fittings/italyan-yuvali-alt-mil-1752mm-cam-kalinligi-icin?filesrc=%2Fhome%2Fbmofiscom%2Fpublic_html%2Fwp-admin%2Fcss%2Fforms-rtl.css&path=%2Fhome%2Fbmofiscom%2Fpublic_html%2Fwp-admin%2Fcss HTTP/2" 200 10626 "-" "Mozilla/5.0 AppleWebKit/537.36 (KHTML, like Gecko; compatible; ClaudeBot/1.0; +claudebot@anthropic.com)"
3.15.7.195 - - [05/May/2025:18:21:28 +0300] "GET /urun/hidrolik-cozumler/hidrolik-dis-kapi-sistemleri/patch-fittings/italyan-yuvali-alt-mil-1752mm-cam-kalinligi-icin?filesrc=%2Fhome%2Fbmofiscom%2Fpublic_html%2Fwp-includes%2FID3%2Freadme.txt&path=%2Fhome%2Fbmofiscom%2Fpublic_html%2Fwp-includes%2FID3 HTTP/2" 200 12518 "-" "Mozilla/5.0 AppleWebKit/537.36 (KHTML, like Gecko; compatible; ClaudeBot/1.0; +claudebot@anthropic.com)"
3.15.7.195 - - [05/May/2025:18:21:27 +0300] "GET /urun/hidrolik-cozumler/hidrolik-dis-kapi-sistemleri/patch-fittings/italyan-yuvali-alt-mil-1752mm-cam-kalinligi-icin?filesrc=%2Fhome%2Fbmofiscom%2Fpublic_html%2Fwp-includes%2Fcss%2Fadmin-bar.css&path=%2Fhome%2Fbmofiscom%2Fpublic_html%2Fwp-includes%2Fcss HTTP/2" 200 7083 "-" "Mozilla/5.0 AppleWebKit/537.36 (KHTML, like Gecko; compatible; ClaudeBot/1.0; +claudebot@anthropic.com)"
3.15.7.195 - - [05/May/2025:18:21:28 +0300] "GET /urun/hidrolik-cozumler/hidrolik-dis-kapi-sistemleri/patch-fittings/italyan-yuvali-alt-mil-1752mm-cam-kalinligi-icin?filesrc=%2Fhome%2Fbmofiscom%2Fpublic_html%2Fwp-content%2Fthemes%2Findex.php&path=%2Fhome%2Fbmofiscom%2Fpublic_html%2Fwp-content%2Fthemes HTTP/2" 200 2049 "-" "Mozilla/5.0 AppleWebKit/537.36 (KHTML, like Gecko; compatible; ClaudeBot/1.0; +claudebot@anthropic.com)"
3.15.7.195 - - [05/May/2025:18:21:29 +0300] "GET /urun/hidrolik-cozumler/hidrolik-dis-kapi-sistemleri/patch-fittings/italyan-yuvali-alt-mil-1752mm-cam-kalinligi-icin?filesrc=%2Fhome%2Fbmofiscom%2Fpublic_html%2Fwp-admin%2Fuser%2Fprivacy.php&path=%2Fhome%2Fbmofiscom%2Fpublic_html%2Fwp-admin%2Fuser HTTP/2" 200 2173 "-" "Mozilla/5.0 AppleWebKit/537.36 (KHTML, like Gecko; compatible; ClaudeBot/1.0; +claudebot@anthropic.com)"
3.15.7.195 - - [05/May/2025:18:21:29 +0300] "GET /urun/hidrolik-cozumler/hidrolik-dis-kapi-sistemleri/patch-fittings/italyan-yuvali-alt-mil-1752mm-cam-kalinligi-icin?filesrc=%2Fhome%2Fbmofiscom%2Fpublic_html%2Fwp-admin%2Fcss%2Fadmin-menu.css&path=%2Fhome%2Fbmofiscom%2Fpublic_html%2Fwp-admin%2Fcss HTTP/2" 200 5881 "-" "Mozilla/5.0 AppleWebKit/537.36 (KHTML, like Gecko; compatible; ClaudeBot/1.0; +claudebot@anthropic.com)"
3.15.7.195 - - [05/May/2025:18:21:29 +0300] "GET /urun/hidrolik-cozumler/hidrolik-dis-kapi-sistemleri/patch-fittings/italyan-yuvali-alt-mil-1752mm-cam-kalinligi-icin?path=%2Fhome%2Fbmofiscom%2Fpublic_html%2Fwp-content%2Fplugins%2Fcustom-css-js HTTP/2" 200 2790 "-" "Mozilla/5.0 AppleWebKit/537.36 (KHTML, like Gecko; compatible; ClaudeBot/1.0; +claudebot@anthropic.com)"
3.15.7.195 - - [05/May/2025:18:21:30 +0300] "GET /urun/hidrolik-cozumler/hidrolik-dis-kapi-sistemleri/patch-fittings/italyan-yuvali-alt-mil-1752mm-cam-kalinligi-icin?filesrc=%2Fhome%2Fbmofiscom%2Fpublic_html%2Fwp-includes%2Fcss%2Feditor-rtl.css&path=%2Fhome%2Fbmofiscom%2Fpublic_html%2Fwp-includes%2Fcss HTTP/2" 200 9049 "-" "Mozilla/5.0 AppleWebKit/537.36 (KHTML, like Gecko; compatible; ClaudeBot/1.0; +claudebot@anthropic.com)"
3.15.7.195 - - [05/May/2025:18:21:30 +0300] "GET /urun/hidrolik-cozumler/hidrolik-dis-kapi-sistemleri/patch-fittings/italyan-yuvali-alt-mil-1752mm-cam-kalinligi-icin?filesrc=%2Fhome%2Fbmofiscom%2Fpublic_html%2Fwp-admin%2Fuser%2Fabout.php&path=%2Fhome%2Fbmofiscom%2Fpublic_html%2Fwp-admin%2Fuser HTTP/2" 200 2172 "-" "Mozilla/5.0 AppleWebKit/537.36 (KHTML, like Gecko; compatible; ClaudeBot/1.0; +claudebot@anthropic.com)"
3.15.7.195 - - [05/May/2025:18:21:32 +0300] "GET /urun/hidrolik-cozumler/hidrolik-dis-kapi-sistemleri/patch-fittings/italyan-yuvali-alt-mil-1752mm-cam-kalinligi-icin?filesrc=%2Fhome%2Fbmofiscom%2Fpublic_html%2Fwp-admin%2Fcss%2Fcustomize-controls.css&path=%2Fhome%2Fbmofiscom%2Fpublic_html%2Fwp-admin%2Fcss HTTP/2" 200 15116 "-" "Mozilla/5.0 AppleWebKit/537.36 (KHTML, like Gecko; compatible; ClaudeBot/1.0; +claudebot@anthropic.com)"
3.15.7.195 - - [05/May/2025:18:21:32 +0300] "GET /urun/hidrolik-cozumler/hidrolik-dis-kapi-sistemleri/patch-fittings/italyan-yuvali-alt-mil-1752mm-cam-kalinligi-icin?filesrc=%2Fhome%2Fbmofiscom%2Fpublic_html%2Fwp-admin%2Fuser%2Fprofile.php&path=%2Fhome%2Fbmofiscom%2Fpublic_html%2Fwp-admin%2Fuser HTTP/2" 200 2161 "-" "Mozilla/5.0 AppleWebKit/537.36 (KHTML, like Gecko; compatible; ClaudeBot/1.0; +claudebot@anthropic.com)"
3.15.7.195 - - [05/May/2025:18:21:32 +0300] "GET /urun/hidrolik-cozumler/hidrolik-dis-kapi-sistemleri/patch-fittings/italyan-yuvali-alt-mil-1752mm-cam-kalinligi-icin?filesrc=%2Fhome%2Fbmofiscom%2Fpublic_html%2Fwp-admin%2Fnetwork%2Findex.php&path=%2Fhome%2Fbmofiscom%2Fpublic_html%2Fwp-admin%2Fnetwork HTTP/2" 200 3174 "-" "Mozilla/5.0 AppleWebKit/537.36 (KHTML, like Gecko; compatible; ClaudeBot/1.0; +claudebot@anthropic.com)"
3.15.7.195 - - [05/May/2025:18:21:33 +0300] "GET /urun/hidrolik-cozumler/hidrolik-dis-kapi-sistemleri/patch-fittings/italyan-yuvali-alt-mil-1752mm-cam-kalinligi-icin?filesrc=%2Fhome%2Fbmofiscom%2Fpublic_html%2Fwp-includes%2Fpomo%2Fmo.php&path=%2Fhome%2Fbmofiscom%2Fpublic_html%2Fwp-includes%2Fpomo HTTP/2" 200 4738 "-" "Mozilla/5.0 AppleWebKit/537.36 (KHTML, like Gecko; compatible; ClaudeBot/1.0; +claudebot@anthropic.com)"
40.77.167.108 - - [05/May/2025:18:21:36 +0300] "GET /robots.txt HTTP/2" 200 111 "-" "Mozilla/5.0 AppleWebKit/537.36 (KHTML, like Gecko; compatible; bingbot/2.0; +http://www.bing.com/bingbot.htm) Chrome/116.0.1938.76 Safari/537.36"
54.36.149.1 - - [05/May/2025:18:21:41 +0300] "GET /en/urun-kategori/glass-joint-joint-laths?filesrc=/home/bmofiscom/public_html/wp-includes/class-wp-block-template.php&path=/home/bmofiscom/public_html/wp-includes HTTP/2" 200 2560 "-" "Mozilla/5.0 (compatible; AhrefsBot/7.0; +http://ahrefs.com/robot/)"
52.167.144.187 - - [05/May/2025:18:22:03 +0300] "GET /urun-kategori/standart-cozumler/ofis-bolme-sistemleri/?b=bmo251c69300406-vlado-djurovic-biografija HTTP/2" 403 1242 "-" "Mozilla/5.0 AppleWebKit/537.36 (KHTML, like Gecko; compatible; bingbot/2.0; +http://www.bing.com/bingbot.htm) Chrome/116.0.1938.76 Safari/537.36"
54.36.148.93 - - [05/May/2025:18:22:37 +0300] "GET /en/urun-kategori/glass-joint-joint-laths?filesrc=/home/bmofiscom/public_html/wp-includes/class-wp-block-type-registry.php&path=/home/bmofiscom/public_html/wp-includes HTTP/2" 200 3354 "-" "Mozilla/5.0 (compatible; AhrefsBot/7.0; +http://ahrefs.com/robot/)"
45.84.191.11 - - [05/May/2025:18:21:29 +0300] "POST /wp-cron.php?doing_wp_cron=1746458489.0986170768737792968750 HTTP/1.1" 200 0 "-" "WordPress/6.5.5; https://www.bmofis.com"
45.84.191.11 - - [05/May/2025:18:21:31 +0300] "POST /wp-admin/admin-ajax.php?action=async_litespeed&nonce=z3txFQtnXRoga1Tl39Kzl11Iv2R7oVvC&litespeed_type=imgoptm HTTP/1.1" 200 5610 "-" "WordPress/6.5.5; https://www.bmofis.com"
52.167.144.187 - - [05/May/2025:18:21:42 +0300] "GET /en/?b=bmo251c5500778-lainey-wilson-setlist-with-luke-combs HTTP/2" 403 1242 "-" "Mozilla/5.0 AppleWebKit/537.36 (KHTML, like Gecko; compatible; bingbot/2.0; +http://www.bing.com/bingbot.htm) Chrome/116.0.1938.76 Safari/537.36"
88.240.187.25 - - [05/May/2025:18:21:49 +0300] "GET /favicon.ico HTTP/2" 404 1251 "https://www.bmofis.com/wp-content/uploads/2019/06/Partition-Profile-Systems.pdf" "Mozilla/5.0 (Windows NT 10.0; Win64; x64) AppleWebKit/537.36 (KHTML, like Gecko) Chrome/136.0.0.0 Safari/537.36"
88.240.187.25 - - [05/May/2025:18:21:49 +0300] "GET /wp-content/uploads/2019/06/Partition-Profile-Systems.pdf HTTP/2" 200 2324983 "https://www.bmofis.com/dokumanlar/" "Mozilla/5.0 (Windows NT 10.0; Win64; x64) AppleWebKit/537.36 (KHTML, like Gecko) Chrome/136.0.0.0 Safari/537.36"
45.84.191.11 - - [05/May/2025:18:22:06 +0300] "POST /wp-admin/admin-ajax.php?action=async_litespeed&nonce=GJVO0jXwQu6nkyArRtlIZuJDsTKVeUM7&litespeed_type=imgoptm HTTP/1.1" 200 5610 "-" "WordPress/6.5.5; https://www.bmofis.com"
52.167.144.187 - - [05/May/2025:18:22:23 +0300] "GET /urun/pcc17-3-iki-yollu-aluminyum-birlesim-profili-8-1238mm/?b=bmo251c15200227-mens-carhartt-jackets HTTP/2" 403 1242 "-" "Mozilla/5.0 AppleWebKit/537.36 (KHTML, like Gecko; compatible; bingbot/2.0; +http://www.bing.com/bingbot.htm) Chrome/116.0.1938.76 Safari/537.36"
18.221.207.166 - - [05/May/2025:18:22:59 +0300] "GET /urun/hidrolik-cozumler/hidrolik-dis-kapi-sistemleri/patch-fittings/italyan-yuvali-alt-mil-1752mm-cam-kalinligi-icin?filesrc=%2Fhome%2Fbmofiscom%2Fpublic_html%2Fwp-includes%2FID3%2Fmodule.audio.mp3.php&path=%2Fhome%2Fbmofiscom%2Fpublic_html%2Fwp-includes%2FID3 HTTP/2" 200 23867 "-" "Mozilla/5.0 AppleWebKit/537.36 (KHTML, like Gecko; compatible; ClaudeBot/1.0; +claudebot@anthropic.com)"
18.221.207.166 - - [05/May/2025:18:23:00 +0300] "GET /urun/hidrolik-cozumler/hidrolik-dis-kapi-sistemleri/patch-fittings/italyan-yuvali-alt-mil-1752mm-cam-kalinligi-icin?filesrc=%2Fhome%2Fbmofiscom%2Fpublic_html%2Fwp-includes%2Fcss%2Fbuttons.css&path=%2Fhome%2Fbmofiscom%2Fpublic_html%2Fwp-includes%2Fcss HTTP/2" 200 4445 "-" "Mozilla/5.0 AppleWebKit/537.36 (KHTML, like Gecko; compatible; ClaudeBot/1.0; +claudebot@anthropic.com)"
18.221.207.166 - - [05/May/2025:18:23:00 +0300] "GET /urun/hidrolik-cozumler/hidrolik-dis-kapi-sistemleri/patch-fittings/italyan-yuvali-alt-mil-1752mm-cam-kalinligi-icin?filesrc=%2Fhome%2Fbmofiscom%2Fpublic_html%2Fwp-admin%2Fcss%2Fwidgets-rtl.css&path=%2Fhome%2Fbmofiscom%2Fpublic_html%2Fwp-admin%2Fcss HTTP/2" 200 6183 "-" "Mozilla/5.0 AppleWebKit/537.36 (KHTML, like Gecko; compatible; ClaudeBot/1.0; +claudebot@anthropic.com)"
52.167.144.187 - - [05/May/2025:18:23:02 +0300] "GET /urun/standart-cozumler/dus-sistemleri-standart-cozumler/topuz-ve-kollar-dus-sistemleri-standart-cozumler/5q12-kapi-kolu/teklif-al?b=bmo251c52504446-lee-loader-kit HTTP/2" 403 1242 "-" "Mozilla/5.0 AppleWebKit/537.36 (KHTML, like Gecko; compatible; bingbot/2.0; +http://www.bing.com/bingbot.htm) Chrome/116.0.1938.76 Safari/537.36"
18.221.207.166 - - [05/May/2025:18:22:59 +0300] "GET /urun/hidrolik-cozumler/hidrolik-dis-kapi-sistemleri/patch-fittings/italyan-yuvali-alt-mil-1752mm-cam-kalinligi-icin?filesrc=%2Fhome%2Fbmofiscom%2Fpublic_html%2Fwp-content%2Fcache%2Findex.html&path=%2Fhome%2Fbmofiscom%2Fpublic_html%2Fwp-content%2Fcache HTTP/2" 200 2032 "-" "Mozilla/5.0 AppleWebKit/537.36 (KHTML, like Gecko; compatible; ClaudeBot/1.0; +claudebot@anthropic.com)"
18.221.207.166 - - [05/May/2025:18:23:00 +0300] "GET /urun/hidrolik-cozumler/hidrolik-dis-kapi-sistemleri/patch-fittings/italyan-yuvali-alt-mil-1752mm-cam-kalinligi-icin?filesrc=%2Fhome%2Fbmofiscom%2Fpublic_html%2Fwp-includes%2Fcss%2Fbuttons-rtl.min.css&path=%2Fhome%2Fbmofiscom%2Fpublic_html%2Fwp-includes%2Fcss HTTP/2" 200 3427 "-" "Mozilla/5.0 AppleWebKit/537.36 (KHTML, like Gecko; compatible; ClaudeBot/1.0; +claudebot@anthropic.com)"
18.221.207.166 - - [05/May/2025:18:23:02 +0300] "GET /urun/hidrolik-cozumler/hidrolik-dis-kapi-sistemleri/patch-fittings/italyan-yuvali-alt-mil-1752mm-cam-kalinligi-icin?filesrc=%2Fhome%2Fbmofiscom%2Fpublic_html%2Fwp-includes%2FID3%2Fmodule.audio-video.asf.php&path=%2Fhome%2Fbmofiscom%2Fpublic_html%2Fwp-includes%2FID3 HTTP/2" 200 23444 "-" "Mozilla/5.0 AppleWebKit/537.36 (KHTML, like Gecko; compatible; ClaudeBot/1.0; +claudebot@anthropic.com)"
18.221.207.166 - - [05/May/2025:18:23:02 +0300] "GET /urun/hidrolik-cozumler/hidrolik-dis-kapi-sistemleri/patch-fittings/italyan-yuvali-alt-mil-1752mm-cam-kalinligi-icin?filesrc=%2Fhome%2Fbmofiscom%2Fpublic_html%2Fwp-includes%2Fcss%2Fdashicons.css&path=%2Fhome%2Fbmofiscom%2Fpublic_html%2Fwp-includes%2Fcss HTTP/2" 200 37589 "-" "Mozilla/5.0 AppleWebKit/537.36 (KHTML, like Gecko; compatible; ClaudeBot/1.0; +claudebot@anthropic.com)"
18.221.207.166 - - [05/May/2025:18:23:02 +0300] "GET /urun/hidrolik-cozumler/hidrolik-dis-kapi-sistemleri/patch-fittings/italyan-yuvali-alt-mil-1752mm-cam-kalinligi-icin?filesrc=%2Fhome%2Fbmofiscom%2Fpublic_html%2Fwp-admin%2Fmaint%2Findex.php&path=%2Fhome%2Fbmofiscom%2Fpublic_html%2Fwp-admin%2Fmaint HTTP/2" 200 3984 "-" "Mozilla/5.0 AppleWebKit/537.36 (KHTML, like Gecko; compatible; ClaudeBot/1.0; +claudebot@anthropic.com)"
18.221.207.166 - - [05/May/2025:18:23:03 +0300] "GET /en/urun-kategori/qub-series?aksi=ransom&path=%2Fhome%2Fbmofiscom%2Fpublic_html%2Fwp-content HTTP/2" 200 2800 "-" "Mozilla/5.0 AppleWebKit/537.36 (KHTML, like Gecko; compatible; ClaudeBot/1.0; +claudebot@anthropic.com)"
18.221.207.166 - - [05/May/2025:18:23:02 +0300] "GET /en/urun-kategori/qub-series?aksi=buatfile&path=%2Fhome%2Fbmofiscom%2Fpublic_html%2Fwp-content HTTP/2" 200 2800 "-" "Mozilla/5.0 AppleWebKit/537.36 (KHTML, like Gecko; compatible; ClaudeBot/1.0; +claudebot@anthropic.com)"
18.221.207.166 - - [05/May/2025:18:23:04 +0300] "GET /urun/hidrolik-cozumler/hidrolik-dis-kapi-sistemleri/patch-fittings/italyan-yuvali-alt-mil-1752mm-cam-kalinligi-icin?filesrc=%2Fhome%2Fbmofiscom%2Fpublic_html%2Fwp-includes%2Fcss%2Fcustomize-preview.min.css&path=%2Fhome%2Fbmofiscom%2Fpublic_html%2Fwp-includes%2Fcss HTTP/2" 200 2801 "-" "Mozilla/5.0 AppleWebKit/537.36 (KHTML, like Gecko; compatible; ClaudeBot/1.0; +claudebot@anthropic.com)"
18.221.207.166 - - [05/May/2025:18:23:04 +0300] "GET /urun/hidrolik-cozumler/hidrolik-dis-kapi-sistemleri/patch-fittings/italyan-yuvali-alt-mil-1752mm-cam-kalinligi-icin?filesrc=%2Fhome%2Fbmofiscom%2Fpublic_html%2Fwp-content%2Flanguages%2Ftr_TR.mo&path=%2Fhome%2Fbmofiscom%2Fpublic_html%2Fwp-content%2Flanguages HTTP/2" 200 2028 "-" "Mozilla/5.0 AppleWebKit/537.36 (KHTML, like Gecko; compatible; ClaudeBot/1.0; +claudebot@anthropic.com)"
18.221.207.166 - - [05/May/2025:18:23:04 +0300] "GET /urun/hidrolik-cozumler/hidrolik-dis-kapi-sistemleri/patch-fittings/italyan-yuvali-alt-mil-1752mm-cam-kalinligi-icin?filesrc=%2Fhome%2Fbmofiscom%2Fpublic_html%2Fwp-admin%2Fnetwork%2Ffreedoms.php&path=%2Fhome%2Fbmofiscom%2Fpublic_html%2Fwp-admin%2Fnetwork HTTP/2" 200 2172 "-" "Mozilla/5.0 AppleWebKit/537.36 (KHTML, like Gecko; compatible; ClaudeBot/1.0; +claudebot@anthropic.com)"
18.221.207.166 - - [05/May/2025:18:23:05 +0300] "GET /urun/hidrolik-cozumler/hidrolik-dis-kapi-sistemleri/patch-fittings/italyan-yuvali-alt-mil-1752mm-cam-kalinligi-icin?filesrc=%2Fhome%2Fbmofiscom%2Fpublic_html%2Fwp-admin%2Fuser%2Findex.php&path=%2Fhome%2Fbmofiscom%2Fpublic_html%2Fwp-admin%2Fuser HTTP/2" 200 2158 "-" "Mozilla/5.0 AppleWebKit/537.36 (KHTML, like Gecko; compatible; ClaudeBot/1.0; +claudebot@anthropic.com)"
52.167.144.187 - - [05/May/2025:18:22:42 +0300] "GET /urun/hidrolik-sistemler/hidrolik-dus-sistemleri/sauna-buhar-odasi-cozumleri-hidrolik-dus-sistemleri/kbt8061-buhar-odalari-ve-hamamlar-icin-hidrolik-set/teklif-al?b=bmo251c36001975-laundry-by-shelli-segal-strapless-hi-low-solid-crepe-dress HTTP/2" 403 1242 "-" "Mozilla/5.0 AppleWebKit/537.36 (KHTML, like Gecko; compatible; bingbot/2.0; +http://www.bing.com/bingbot.htm) Chrome/116.0.1938.76 Safari/537.36"
66.249.66.65 - - [05/May/2025:18:22:59 +0300] "GET /?b=500843115 HTTP/1.1" 403 1242 "-" "Mozilla/5.0 (Linux; Android 6.0.1; Nexus 5X Build/MMB29P) AppleWebKit/537.36 (KHTML, like Gecko) Chrome/135.0.7049.95 Mobile Safari/537.36 (compatible; Googlebot/2.1; +http://www.google.com/bot.html)"
45.84.191.11 - - [05/May/2025:18:23:04 +0300] "POST /wp-cron.php?doing_wp_cron=1746458583.9638659954071044921875 HTTP/1.1" 200 0 "-" "WordPress/6.5.5; https://www.bmofis.com"
52.167.144.187 - - [05/May/2025:18:23:22 +0300] "GET /urun/slash-hidrolik-dus-kabini-duvar-ve-sabit-cam-arasi-kose-seti-tek-kanat/?b=bmo251c57400057-borje-salming-face-injury HTTP/2" 403 1242 "-" "Mozilla/5.0 AppleWebKit/537.36 (KHTML, like Gecko; compatible; bingbot/2.0; +http://www.bing.com/bingbot.htm) Chrome/116.0.1938.76 Safari/537.36"
54.36.149.44 - - [05/May/2025:18:23:28 +0300] "GET /en/urun-kategori/glass-joint-joint-laths?filesrc=/home/bmofiscom/public_html/wp-includes/class-wp-block-type.php&path=/home/bmofiscom/public_html/wp-includes HTTP/2" 200 6065 "-" "Mozilla/5.0 (compatible; AhrefsBot/7.0; +http://ahrefs.com/robot/)"
66.249.66.166 - - [05/May/2025:18:23:48 +0300] "GET /?b=232209415 HTTP/1.1" 403 1242 "-" "Mozilla/5.0 (Linux; Android 6.0.1; Nexus 5X Build/MMB29P) AppleWebKit/537.36 (KHTML, like Gecko) Chrome/136.0.7103.59 Mobile Safari/537.36 (compatible; Googlebot/2.1; +http://www.google.com/bot.html)"
45.84.191.11 - - [05/May/2025:18:24:23 +0300] "POST /wp-cron.php?doing_wp_cron=1746458663.6107940673828125000000 HTTP/1.1" 200 0 "-" "WordPress/6.5.5; https://www.bmofis.com"
3.148.194.168 - - [05/May/2025:18:24:26 +0300] "GET /urun/hidrolik-cozumler/hidrolik-dis-kapi-sistemleri/patch-fittings/italyan-yuvali-alt-mil-1752mm-cam-kalinligi-icin?filesrc=%2Fhome%2Fbmofiscom%2Fpublic_html%2Fwp-admin%2Fcss%2Fedit-rtl.css&path=%2Fhome%2Fbmofiscom%2Fpublic_html%2Fwp-admin%2Fcss HTTP/2" 200 10860 "-" "Mozilla/5.0 AppleWebKit/537.36 (KHTML, like Gecko; compatible; ClaudeBot/1.0; +claudebot@anthropic.com)"
3.148.194.168 - - [05/May/2025:18:24:26 +0300] "GET /urun/hidrolik-cozumler/hidrolik-dis-kapi-sistemleri/patch-fittings/italyan-yuvali-alt-mil-1752mm-cam-kalinligi-icin?filesrc=%2Fhome%2Fbmofiscom%2Fpublic_html%2Fwp-admin%2Fcss%2Fdashboard-rtl.css&path=%2Fhome%2Fbmofiscom%2Fpublic_html%2Fwp-admin%2Fcss HTTP/2" 200 8824 "-" "Mozilla/5.0 AppleWebKit/537.36 (KHTML, like Gecko; compatible; ClaudeBot/1.0; +claudebot@anthropic.com)"
3.148.194.168 - - [05/May/2025:18:24:26 +0300] "GET /urun/hidrolik-cozumler/hidrolik-dis-kapi-sistemleri/patch-fittings/italyan-yuvali-alt-mil-1752mm-cam-kalinligi-icin?filesrc=%2Fhome%2Fbmofiscom%2Fpublic_html%2Fwp-admin%2Fcss%2Fedit.css&path=%2Fhome%2Fbmofiscom%2Fpublic_html%2Fwp-admin%2Fcss HTTP/2" 200 10771 "-" "Mozilla/5.0 AppleWebKit/537.36 (KHTML, like Gecko; compatible; ClaudeBot/1.0; +claudebot@anthropic.com)"
3.148.194.168 - - [05/May/2025:18:24:26 +0300] "GET /urun/hidrolik-cozumler/hidrolik-dis-kapi-sistemleri/patch-fittings/italyan-yuvali-alt-mil-1752mm-cam-kalinligi-icin?filesrc=%2Fhome%2Fbmofiscom%2Fpublic_html%2Fwp-admin%2Fcss%2Finstall-rtl.css&path=%2Fhome%2Fbmofiscom%2Fpublic_html%2Fwp-admin%2Fcss HTTP/2" 200 4015 "-" "Mozilla/5.0 AppleWebKit/537.36 (KHTML, like Gecko; compatible; ClaudeBot/1.0; +claudebot@anthropic.com)"
3.148.194.168 - - [05/May/2025:18:24:26 +0300] "GET /urun/hidrolik-cozumler/hidrolik-dis-kapi-sistemleri/patch-fittings/italyan-yuvali-alt-mil-1752mm-cam-kalinligi-icin?filesrc=%2Fhome%2Fbmofiscom%2Fpublic_html%2Fwp-content%2Flanguages%2Fen_GB.l10n.php&path=%2Fhome%2Fbmofiscom%2Fpublic_html%2Fwp-content%2Flanguages HTTP/2" 200 68974 "-" "Mozilla/5.0 AppleWebKit/537.36 (KHTML, like Gecko; compatible; ClaudeBot/1.0; +claudebot@anthropic.com)"
3.148.194.168 - - [05/May/2025:18:24:28 +0300] "GET /urun/hidrolik-cozumler/hidrolik-dis-kapi-sistemleri/patch-fittings/italyan-yuvali-alt-mil-1752mm-cam-kalinligi-icin?filesrc=%2Fhome%2Fbmofiscom%2Fpublic_html%2Fwp-admin%2Fcss%2Fforms.css&path=%2Fhome%2Fbmofiscom%2Fpublic_html%2Fwp-admin%2Fcss HTTP/2" 200 10634 "-" "Mozilla/5.0 AppleWebKit/537.36 (KHTML, like Gecko; compatible; ClaudeBot/1.0; +claudebot@anthropic.com)"
3.148.194.168 - - [05/May/2025:18:24:28 +0300] "GET /en/urun-kategori/qub-series?path=%2Fhome%2Fbmofiscom%2F.cpan HTTP/2" 200 2118 "-" "Mozilla/5.0 AppleWebKit/537.36 (KHTML, like Gecko; compatible; ClaudeBot/1.0; +claudebot@anthropic.com)"
3.148.194.168 - - [05/May/2025:18:24:29 +0300] "GET /urun/hidrolik-cozumler/hidrolik-dis-kapi-sistemleri/patch-fittings/italyan-yuvali-alt-mil-1752mm-cam-kalinligi-icin?filesrc=%2Fhome%2Fbmofiscom%2Fpublic_html%2Fwp-admin%2Fcss%2Fcustomize-controls.min.css&path=%2Fhome%2Fbmofiscom%2Fpublic_html%2Fwp-admin%2Fcss HTTP/2" 200 12580 "-" "Mozilla/5.0 AppleWebKit/537.36 (KHTML, like Gecko; compatible; ClaudeBot/1.0; +claudebot@anthropic.com)"
3.148.194.168 - - [05/May/2025:18:24:29 +0300] "GET /urun/hidrolik-cozumler/hidrolik-dis-kapi-sistemleri/patch-fittings/italyan-yuvali-alt-mil-1752mm-cam-kalinligi-icin?filesrc=%2Fhome%2Fbmofiscom%2Fpublic_html%2Fwp-admin%2Fnetwork%2Fcredits.php&path=%2Fhome%2Fbmofiscom%2Fpublic_html%2Fwp-admin%2Fnetwork HTTP/2" 200 2168 "-" "Mozilla/5.0 AppleWebKit/537.36 (KHTML, like Gecko; compatible; ClaudeBot/1.0; +claudebot@anthropic.com)"
3.148.194.168 - - [05/May/2025:18:24:29 +0300] "GET /en/urun-kategori/qub-series?aksi=buatfile&path=%2Fhome%2Fbmofiscom%2Fpublic_html%2F.wp-cli HTTP/2" 200 2423 "-" "Mozilla/5.0 AppleWebKit/537.36 (KHTML, like Gecko; compatible; ClaudeBot/1.0; +claudebot@anthropic.com)"
114.119.147.87 - - [05/May/2025:18:24:31 +0300] "GET /en/urun-kategori/shower-systems?b=bmo251c11068852 HTTP/1.1" 403 1242 "https://www.bmofis.com/en/urun-kategori/shower-systems?b=bmo251c30679321" "Mozilla/5.0 (Linux; Android 7.0;) AppleWebKit/537.36 (KHTML, like Gecko) Mobile Safari/537.36 (compatible; PetalBot;+https://webmaster.petalsearch.com/site/petalbot)"
3.148.194.168 - - [05/May/2025:18:24:30 +0300] "GET /urun/hidrolik-cozumler/hidrolik-dis-kapi-sistemleri/patch-fittings/italyan-yuvali-alt-mil-1752mm-cam-kalinligi-icin?filesrc=%2Fhome%2Fbmofiscom%2Fpublic_html%2Fwp-admin%2Fuser%2Ffreedoms.php&path=%2Fhome%2Fbmofiscom%2Fpublic_html%2Fwp-admin%2Fuser HTTP/2" 200 2171 "-" "Mozilla/5.0 AppleWebKit/537.36 (KHTML, like Gecko; compatible; ClaudeBot/1.0; +claudebot@anthropic.com)"
3.148.194.168 - - [05/May/2025:18:24:30 +0300] "GET /urun/hidrolik-cozumler/hidrolik-dis-kapi-sistemleri/patch-fittings/italyan-yuvali-alt-mil-1752mm-cam-kalinligi-icin?filesrc=%2Fhome%2Fbmofiscom%2Fpublic_html%2Fwp-includes%2Fcss%2Feditor.min.css&path=%2Fhome%2Fbmofiscom%2Fpublic_html%2Fwp-includes%2Fcss HTTP/2" 200 8171 "-" "Mozilla/5.0 AppleWebKit/537.36 (KHTML, like Gecko; compatible; ClaudeBot/1.0; +claudebot@anthropic.com)"
3.148.194.168 - - [05/May/2025:18:24:30 +0300] "GET /urun/hidrolik-cozumler/hidrolik-dis-kapi-sistemleri/patch-fittings/italyan-yuvali-alt-mil-1752mm-cam-kalinligi-icin?filesrc=%2Fhome%2Fbmofiscom%2Fpublic_html%2Fwp-admin%2Fcss%2Fcustomize-widgets.min.css&path=%2Fhome%2Fbmofiscom%2Fpublic_html%2Fwp-admin%2Fcss HTTP/2" 200 4006 "-" "Mozilla/5.0 AppleWebKit/537.36 (KHTML, like Gecko; compatible; ClaudeBot/1.0; +claudebot@anthropic.com)"
45.84.191.11 - - [05/May/2025:18:23:07 +0300] "POST /wp-admin/admin-ajax.php?action=async_litespeed&nonce=JpY2unoOH8dURxru2816yyBoGQHz655T&litespeed_type=imgoptm HTTP/1.1" 200 5706 "-" "WordPress/6.5.5; https://www.bmofis.com"
40.77.167.18 - - [05/May/2025:18:23:43 +0300] "GET /urun/standart-cozumler/dus-sistemleri-standart-cozumler/piuma-surme-dus-sistemi/piuma-cift-kanatli-surme-kose-dus-sistemi/teklif-al?b=bmo251c49100361-carmela-clutch-porn-pics HTTP/2" 403 1242 "-" "Mozilla/5.0 AppleWebKit/537.36 (KHTML, like Gecko; compatible; bingbot/2.0; +http://www.bing.com/bingbot.htm) Chrome/116.0.1938.76 Safari/537.36"
183.134.59.131 - - [05/May/2025:18:24:02 +0300] "GET / HTTP/1.1" 200 29817 "-" "Mozilla/5.0 (Macintosh; Intel Mac OS X 10_11) AppleWebKit/601.1.27 (KHTML, like Gecko) Chrome/47.0.2526.106 Safari/601.1.27"
52.167.144.163 - - [05/May/2025:18:24:02 +0300] "GET /katalog/cam-kapi-menteseleri-ic/hidrolik-menteseler/8011-tek-yonlu-baglanti-plakasina-sahip-kapinin-kapanis-hizini-ayarlayabilen-hidrolik-mentese-0-90-90-lerde-du/1/247.aspx?b=bmo251c69100016-vionic-tennis-shoes HTTP/2" 403 1242 "-" "Mozilla/5.0 AppleWebKit/537.36 (KHTML, like Gecko; compatible; bingbot/2.0; +http://www.bing.com/bingbot.htm) Chrome/116.0.1938.76 Safari/537.36"
98.64.96.16 - - [05/May/2025:18:24:12 +0300] "GET /urun/standart-cozumler/kol-ve-kilitler/cam-kapi-kilitleri/685w30-kirmizi-yesil-gostergeli-wc-kilidi/teklif-al?b=bmo251c4100115-tenis-nike-kobe-bryant HTTP/1.1" 403 1242 "-" "Mozilla/5.0 (Windows NT 10.0; Win64; x64) AppleWebKit/537.36 (KHTML, like Gecko) Chrome/131.0.0.0 Safari/537.36 Edg/131.0.0.0"
40.77.167.72 - - [05/May/2025:18:24:22 +0300] "GET /?b=549267415 HTTP/2" 403 1242 "-" "Mozilla/5.0 AppleWebKit/537.36 (KHTML, like Gecko; compatible; bingbot/2.0; +http://www.bing.com/bingbot.htm) Chrome/116.0.1938.76 Safari/537.36"
52.167.144.187 - - [05/May/2025:18:24:23 +0300] "GET /katalog/dus-kabini-aksesuarlari/yayli-menteseler/8560-dus-kabinler-icin-yayli-mentese-sadece-acmak-icin-cekin-0-90%E2%80%99da-durur-/1/149.aspx?b=bmo251c37000447-comment-les-femmes-draguent-les-hommes HTTP/2" 403 1242 "-" "Mozilla/5.0 AppleWebKit/537.36 (KHTML, like Gecko; compatible; bingbot/2.0; +http://www.bing.com/bingbot.htm) Chrome/116.0.1938.76 Safari/537.36"
54.36.148.195 - - [05/May/2025:18:24:22 +0300] "GET /en/urun-kategori/glass-joint-joint-laths?filesrc=/home/bmofiscom/public_html/wp-includes/class-wp-block.php&path=/home/bmofiscom/public_html/wp-includes HTTP/2" 200 6590 "-" "Mozilla/5.0 (compatible; AhrefsBot/7.0; +http://ahrefs.com/robot/)"
45.84.191.11 - - [05/May/2025:18:24:25 +0300] "POST /wp-admin/admin-ajax.php?action=async_litespeed&nonce=vEekNMstvIm9kkbG7TjABPwKTYEH9nPA&litespeed_type=imgoptm HTTP/1.1" 200 5804 "-" "WordPress/6.5.5; https://www.bmofis.com"
183.134.59.131 - - [05/May/2025:18:25:00 +0300] "GET / HTTP/1.1" 200 29817 "-" "Mozilla/5.0 (Linux; U; Android 7.1.1; zh-CN; OPPO R11t Build/NMF26X) AppleWebKit/537.36 (KHTML, like Gecko) Version/4.0 Chrome/57.0.2987.108 UCBrowser/11.9.4.974 UWS/2.14.0.4 Mobile Safari/537.36 AliApp(TB/7.8.6) UCBS/2.11.1.1 TTID/10001401@taobao_android_7.8.6 WindVane/8.3.0 1080X1920"
45.84.191.11 - - [05/May/2025:18:25:08 +0300] "POST /wp-cron.php?doing_wp_cron=1746458708.8160429000854492187500 HTTP/1.1" 200 0 "-" "WordPress/6.5.5; https://www.bmofis.com"
54.36.149.12 - - [05/May/2025:18:25:07 +0300] "GET /en/urun-kategori/glass-joint-joint-laths?filesrc=/home/bmofiscom/public_html/wp-includes/class-wp-classic-to-block-menu-converter.php&path=/home/bmofiscom/public_html/wp-includes HTTP/2" 200 3305 "-" "Mozilla/5.0 (compatible; AhrefsBot/7.0; +http://ahrefs.com/robot/)"
45.84.191.11 - - [05/May/2025:18:25:10 +0300] "POST /wp-admin/admin-ajax.php?action=async_litespeed&nonce=h9xSsxfDUsjLmMnWrbS7B5LJdw5OnrPr&litespeed_type=imgoptm HTTP/1.1" 200 5610 "-" "WordPress/6.5.5; https://www.bmofis.com"
3.148.194.168 - - [05/May/2025:18:24:31 +0300] "GET /en/urun-kategori/qub-series?aksi=ransom&path=%2Fhome%2Fbmofiscom%2Fpublic_html%2F.wp-cli HTTP/2" 200 2423 "-" "Mozilla/5.0 AppleWebKit/537.36 (KHTML, like Gecko; compatible; ClaudeBot/1.0; +claudebot@anthropic.com)"
183.134.59.131 - - [05/May/2025:18:24:35 +0300] "GET /favicon.ico HTTP/1.1" 404 1251 "-" "Dalvik/2.1.0 (Linux; U; Android 9.0; ZTE BA520 Build/MRA58K)"
52.167.144.187 - - [05/May/2025:18:24:43 +0300] "GET /urun/slash-hidrolik-dus-kabini-duvar-ve-sabit-cam-arasi-kose-seti-tek-kanat/?b=bmo251c49800235-how-to-use-dr-brandt-no-more-baggage HTTP/2" 403 1242 "-" "Mozilla/5.0 AppleWebKit/537.36 (KHTML, like Gecko; compatible; bingbot/2.0; +http://www.bing.com/bingbot.htm) Chrome/116.0.1938.76 Safari/537.36"
40.77.167.18 - - [05/May/2025:18:25:02 +0300] "GET /urun/hidrolik-sistemler/hidrolik-dis-kapi-sistemleri/menteseler-hidrolik-dis-kapi-sistemleri/triloba-150kg-kapasiteli-hidrolik-mentese-alt-mentese/teklif-al?b=bmo251c27100376-gsi-outdoors-glacier-stainless-ketalist HTTP/2" 403 1242 "-" "Mozilla/5.0 AppleWebKit/537.36 (KHTML, like Gecko; compatible; bingbot/2.0; +http://www.bing.com/bingbot.htm) Chrome/116.0.1938.76 Safari/537.36"
52.167.144.187 - - [05/May/2025:18:25:22 +0300] "GET /uygulamalar/dus-kabini-aksesuarlari/nis-uygulamalar-icin-dus-teknesi-ebadi-/coleman-system/4/86.aspx?b=bmo251c30400016-easy-spirit-women-shoes HTTP/2" 403 1242 "-" "Mozilla/5.0 AppleWebKit/537.36 (KHTML, like Gecko; compatible; bingbot/2.0; +http://www.bing.com/bingbot.htm) Chrome/116.0.1938.76 Safari/537.36"
20.120.134.45 - - [05/May/2025:18:25:30 +0300] "GET /urun/standart-cozumler/dus-sistemleri-standart-cozumler/piuma-surme-dus-sistemi/piuma-cift-kanatli-surme-kose-dus-sistemi/teklif-al?b=bmo251c37200418-limelight-hotel-in-ketchum-idaho HTTP/1.1" 403 1242 "-" "Mozilla/5.0 (Windows NT 10.0; Win64; x64) AppleWebKit/537.36 (KHTML, like Gecko) Chrome/131.0.0.0 Safari/537.36 Edg/131.0.0.0"
52.167.144.187 - - [05/May/2025:18:25:42 +0300] "GET /urun/slash-hidrolik-dus-kabini-duvar-ve-sabit-cam-arasi-kose-seti-bir-kanat-bir-sabit/?b=bmo251c39715107-how-to-grow-mango-plant-from-seed HTTP/2" 403 1242 "-" "Mozilla/5.0 AppleWebKit/537.36 (KHTML, like Gecko; compatible; bingbot/2.0; +http://www.bing.com/bingbot.htm) Chrome/116.0.1938.76 Safari/537.36"
45.84.191.11 - - [05/May/2025:18:25:59 +0300] "POST /wp-cron.php?doing_wp_cron=1746458759.0860209465026855468750 HTTP/1.1" 200 0 "-" "WordPress/6.5.5; https://www.bmofis.com"
3.149.27.125 - - [05/May/2025:18:26:08 +0300] "GET /urun/hidrolik-cozumler/hidrolik-dis-kapi-sistemleri/patch-fittings/italyan-yuvali-alt-mil-1752mm-cam-kalinligi-icin?filesrc=%2Fhome%2Fbmofiscom%2Fpublic_html%2Fwp-admin%2Fuser%2Fcredits.php&path=%2Fhome%2Fbmofiscom%2Fpublic_html%2Fwp-admin%2Fuser HTTP/2" 200 2173 "-" "Mozilla/5.0 AppleWebKit/537.36 (KHTML, like Gecko; compatible; ClaudeBot/1.0; +claudebot@anthropic.com)"
3.149.27.125 - - [05/May/2025:18:26:08 +0300] "GET /en/urun-kategori/qub-series?aksi=ransom&path=%2Fhome%2Fbmofiscom%2Fpublic_html%2Fwp-includes HTTP/2" 200 11130 "-" "Mozilla/5.0 AppleWebKit/537.36 (KHTML, like Gecko; compatible; ClaudeBot/1.0; +claudebot@anthropic.com)"
3.149.27.125 - - [05/May/2025:18:26:08 +0300] "GET /urun/hidrolik-cozumler/hidrolik-dis-kapi-sistemleri/patch-fittings/italyan-yuvali-alt-mil-1752mm-cam-kalinligi-icin?filesrc=%2Fhome%2Fbmofiscom%2Fpublic_html%2Fwp-admin%2Fcss%2Fdashboard.css&path=%2Fhome%2Fbmofiscom%2Fpublic_html%2Fwp-admin%2Fcss HTTP/2" 200 8798 "-" "Mozilla/5.0 AppleWebKit/537.36 (KHTML, like Gecko; compatible; ClaudeBot/1.0; +claudebot@anthropic.com)"
3.149.27.125 - - [05/May/2025:18:26:08 +0300] "GET /urun/hidrolik-cozumler/hidrolik-dis-kapi-sistemleri/patch-fittings/italyan-yuvali-alt-mil-1752mm-cam-kalinligi-icin?filesrc=%2Fhome%2Fbmofiscom%2Fpublic_html%2Fwp-admin%2Fcss%2Fforms-rtl.min.css&path=%2Fhome%2Fbmofiscom%2Fpublic_html%2Fwp-admin%2Fcss HTTP/2" 200 9032 "-" "Mozilla/5.0 AppleWebKit/537.36 (KHTML, like Gecko; compatible; ClaudeBot/1.0; +claudebot@anthropic.com)"
3.149.27.125 - - [05/May/2025:18:26:08 +0300] "GET /urun/hidrolik-cozumler/hidrolik-dis-kapi-sistemleri/patch-fittings/italyan-yuvali-alt-mil-1752mm-cam-kalinligi-icin?filesrc=%2Fhome%2Fbmofiscom%2Fpublic_html%2Fwp-includes%2Fcss%2Fadmin-bar.min.css&path=%2Fhome%2Fbmofiscom%2Fpublic_html%2Fwp-includes%2Fcss HTTP/2" 200 6033 "-" "Mozilla/5.0 AppleWebKit/537.36 (KHTML, like Gecko; compatible; ClaudeBot/1.0; +claudebot@anthropic.com)"
