179.43.149.114 - - [05/May/2025:18:02:37 +0300] "GET //cdn.jsdelivr.net/jquery.slick/1.5.7/slick.min.js HTTP/1.1" 200 5225 "-" "Mozilla/5.0 (iPhone; CPU iPhone OS 10_0 like Mac OS X) AppleWebKit/600.1.4 (KHTML, like Gecko) GSA/18.0.130791545 Mobile/14A5345a Safari/600.1.4"
179.43.149.114 - - [05/May/2025:18:01:40 +0300] "GET //www.bmofis.com/wp-includes/js/jquery/ui/core.min.js HTTP/1.1" 200 4629 "-" "Mozilla/5.0 (X11; U; Linux i586; en-US; rv:1.7.3) Gecko/20040924 Epiphany/1.4.4 (Ubuntu)"
179.43.149.114 - - [05/May/2025:18:01:43 +0300] "GET //www.bmofis.com/wp-content/plugins/woocommerce/assets/js/js-cookie/js.cookie.min.js HTTP/1.1" 200 4629 "-" "Opera/9.60 (J2ME/MIDP; Opera Mini/4.2.14320/554; U; cs) Presto/2.2.0"
179.43.149.114 - - [05/May/2025:18:01:40 +0300] "GET //www.bmofis.com/wp-content/plugins/mystickymenu/js/welcomebar-front.js HTTP/1.1" 200 5225 "-" "Mozilla/4.0 (compatible; MSIE 5.0; Series80/2.0 Nokia9500/4.51 Profile/MIDP-2.0 Configuration/CLDC-1.1)"
179.43.149.114 - - [05/May/2025:18:01:40 +0300] "GET //www.bmofis.com/wp-content/plugins/js_composer_theme/assets/js/dist/js_composer_front.min.js HTTP/1.1" 200 5225 "-" "Mozilla/4.0 (compatible; MSIE 6.0; j2me) ReqwirelessWeb/3.5"
45.84.191.11 - - [05/May/2025:18:01:52 +0300] "POST /wp-admin/admin-ajax.php?action=async_litespeed&nonce=0yZdnFbvZfPFsgNFXFk43quLsXstfYx4&litespeed_type=imgoptm HTTP/1.1" 200 5610 "-" "WordPress/6.5.5; https://www.bmofis.com"
66.249.66.10 - - [05/May/2025:18:02:03 +0300] "GET /?b=356864515 HTTP/1.1" 403 1242 "-" "Mozilla/5.0 (Linux; Android 6.0.1; Nexus 5X Build/MMB29P) AppleWebKit/537.36 (KHTML, like Gecko) Chrome/135.0.7049.95 Mobile Safari/537.36 (compatible; Googlebot/2.1; +http://www.google.com/bot.html)"
57.141.0.27 - - [05/May/2025:18:02:10 +0300] "GET /index.html HTTP/2" 200 693 "-" "meta-externalagent/1.1 (+https://developers.facebook.com/docs/sharing/webmasters/crawler)"
114.119.153.212 - - [05/May/2025:18:02:20 +0300] "GET /en/urun-kategori/shower-systems?b=bmo251c26100045-giorgio-brutini-alligator-shoes HTTP/1.1" 403 1242 "https://www.bmofis.com/en/urun-kategori/shower-systems" "Mozilla/5.0 (Linux; Android 7.0;) AppleWebKit/537.36 (KHTML, like Gecko) Mobile Safari/537.36 (compatible; PetalBot;+https://webmaster.petalsearch.com/site/petalbot)"
66.249.66.10 - - [05/May/2025:18:02:21 +0300] "GET /?b=375706215 HTTP/1.1" 403 1242 "-" "Mozilla/5.0 (Linux; Android 6.0.1; Nexus 5X Build/MMB29P) AppleWebKit/537.36 (KHTML, like Gecko) Chrome/135.0.7049.95 Mobile Safari/537.36 (compatible; Googlebot/2.1; +http://www.google.com/bot.html)"
40.77.167.150 - - [05/May/2025:18:02:22 +0300] "GET /urun/standart-cozumler/kol-ve-kilitler/cam-kapi-kilitleri/685w30-kirmizi-yesil-gostergeli-wc-kilidi/teklif-al?b=bmo251c40900083-mellow-walk-jessica-women%26-39 HTTP/2" 403 1242 "-" "Mozilla/5.0 AppleWebKit/537.36 (KHTML, like Gecko; compatible; bingbot/2.0; +http://www.bing.com/bingbot.htm) Chrome/116.0.1938.76 Safari/537.36"
179.43.149.114 - - [05/May/2025:18:02:37 +0300] "GET //www.bmofis.com/wp-content/plugins/megamenu/js/maxmegamenu.js HTTP/1.1" 200 5225 "-" "Mozilla/4.0 (compatible; MSIE 6.0; Windows 98; PalmSource/hspr-H102; Blazer/4.0) 16;320x320"
179.43.149.114 - - [05/May/2025:18:02:37 +0300] "GET //www.bmofis.com/wp-content/plugins/revslider/public/assets/js/jquery.themepunch.tools.min.js HTTP/1.1" 200 5225 "-" "Mozilla/5.0 (Macintosh; Intel Mac OS X 10_14_5) AppleWebKit/537.36 (KHTML, like Gecko) Chrome/78.0.3880.4 Safari/537.36"
179.43.149.114 - - [05/May/2025:18:02:38 +0300] "GET //www.bmofis.com/wp-content/plugins/woocommerce/assets/js/jquery-blockui/jquery.blockUI.min.js HTTP/1.1" 200 5225 "-" "Mozilla/5.0 (Windows NT 10.0) AppleWebKit/537.36 (KHTML, like Gecko) Chrome/74.0.3729.157 Safari/537.36"
179.43.149.114 - - [05/May/2025:18:02:38 +0300] "GET //www.bmofis.com/wp-content/plugins/woocommerce/assets/js/frontend/cart-fragments.min.js HTTP/1.1" 200 5251 "-" "Mozilla/5.0 (Linux; Android 9; SM-G960U1) AppleWebKit/537.36 (KHTML, like Gecko) Chrome/76.0.3809.111 Mobile Safari/537.36"
179.43.149.114 - - [05/May/2025:18:02:38 +0300] "GET //www.bmofis.com/wp-content/plugins/js_composer_theme/assets/js/dist/js_composer_front.min.js HTTP/1.1" 200 5225 "-" "Mozilla/5.0 (Linux; Android 9; ONEPLUS 6) AppleWebKit/537.36 (KHTML, like Gecko) Chrome/76.0.3809.89 Mobile Safari/537.36"
179.43.149.114 - - [05/May/2025:18:02:37 +0300] "GET //www.bmofis.com/wp-content/themes/benim-ofis/js/skip-link-focus-fix.js HTTP/1.1" 200 5296 "-" "Mozilla/5.0 (Linux; Android 9; SAMSUNG SM-N950F Build/PPR1.180610.011) AppleWebKit/537.36 (KHTML, like Gecko) SamsungBrowser/9.4 Chrome/67.0.3396.87 Mobile Safari/537.36"
179.43.149.114 - - [05/May/2025:18:02:38 +0300] "GET /wp-emoji-release.min.js HTTP/1.1" 200 5251 "-" "Mozilla/5.0 (Windows NT 10.0; WOW64) AppleWebKit/537.36 (KHTML, like Gecko) Chrome/64.0.3282.186 YaBrowser/18.3.1.1220 Yowser/2.5 Safari/537.36"
179.43.149.114 - - [05/May/2025:18:02:37 +0300] "GET //dev.digitalfikirler.com/bm/payment.php HTTP/1.1" 200 5225 "-" "Mozilla/5.0 (X11; Linux i686) AppleWebKit/537.36 (KHTML, like Gecko) Chrome/39.0.2166.2 Safari/537.36"
179.43.149.114 - - [05/May/2025:18:02:37 +0300] "GET //www.bmofis.com/wp-content/themes/benim-ofis/js/navigation.js HTTP/1.1" 200 5234 "-" "Mozilla/5.0 (Windows NT 10.0; WOW64) AppleWebKit/537.36 (KHTML, like Gecko) Chrome/64.0.3282.186 YaBrowser/18.3.1.1220 Yowser/2.5 Safari/537.36"
179.43.149.114 - - [05/May/2025:18:02:38 +0300] "GET //www.bmofis.com/wp-content/plugins/contact-form-7/includes/js/scripts.js HTTP/1.1" 200 5225 "-" "Mozilla/5.0 (X11; Linux x86_64) AppleWebKit/537.36 (KHTML, like Gecko) Chrome/73.0.3683.103 Safari/537.36 OPR/60.0.3255.70"
179.43.149.114 - - [05/May/2025:18:02:38 +0300] "GET //cdnjs.cloudflare.com/ajax/libs/sweetalert/2.1.2/sweetalert.min.js HTTP/1.1" 200 5296 "-" "Mozilla/5.0 (Linux; Android 9; Mi A1) AppleWebKit/537.36 (KHTML, like Gecko) Chrome/72.0.3626.121 Mobile Safari/537.36"
179.43.149.114 - - [05/May/2025:18:02:37 +0300] "GET //www.bmofis.com/wp-content/plugins/duracelltomi-google-tag-manager/js/gtm4wp-contact-form-7-tracker.js HTTP/1.1" 200 5251 "-" "Mozilla/5.0 (X11; U; NetBSD amd64; en-US; rv:1.9.2.15) Gecko/20110308 Namoroka/3.6.15"
179.43.149.114 - - [05/May/2025:18:02:38 +0300] "GET //cdn.js HTTP/1.1" 200 4586 "-" "Mozilla/5.0 (Linux; Android 7.1.1; Z971) AppleWebKit/537.36 (KHTML, like Gecko) Chrome/76.0.3809.89 Mobile Safari/537.36"
179.43.149.114 - - [05/May/2025:18:02:38 +0300] "GET //www.googletagmanager.com/gtm.js HTTP/1.1" 200 5252 "-" "Mozilla/5.0 (Linux; Android 9; Pixel XL) AppleWebKit/537.36 (KHTML, like Gecko) Chrome/76.0.3809.111 Mobile Safari/537.36"
179.43.149.114 - - [05/May/2025:18:02:38 +0300] "GET //www.bmofis.com/wp-content/plugins/mystickymenu/js/morphext/morphext.min.js HTTP/1.1" 200 4651 "-" "Mozilla/5.0 (Linux; Android 9; ASUS_X01BDA) AppleWebKit/537.36 (KHTML, like Gecko) Chrome/76.0.3809.111 Mobile Safari/537.36"
179.43.149.114 - - [05/May/2025:18:02:38 +0300] "GET //www.bmofis.com/wp-content/plugins/woocommerce/assets/js/frontend/add-to-cart.min.js HTTP/1.1" 200 4629 "-" "Mozilla/5.0 (Macintosh; Intel Mac OS X 10_10_1) AppleWebKit/537.36 (KHTML, like Gecko) Chrome/60.0.3112.90 Safari/537.36"
179.43.149.114 - - [05/May/2025:18:02:38 +0300] "GET //www.bmofis.com/xmlrpc.php HTTP/1.1" 200 4629 "-" "Mozilla/5.0 (iPhone; CPU iPhone OS 11_4 like Mac OS X) AppleWebKit/605.1.15 (KHTML, like Gecko) Version/11.0 Mobile/15E148 Safari/604.1"
179.43.149.114 - - [05/May/2025:18:02:38 +0300] "GET //www.bmofis.com/wp-content/plugins/mystickymenu/js/welcomebar-front.js HTTP/1.1" 200 4654 "-" "Mozilla/5.0 (PLAYSTATION 3; 2.00)"
179.43.149.114 - - [05/May/2025:18:02:38 +0300] "GET //cdnjs.cloudflare.com/ajax/libs/popper.js/1.14.7/umd/popper.min.js HTTP/1.1" 200 4629 "-" "Mozilla/5.0 (X11; U; Linux x86_64; en-US; rv:1.9.1.17) Gecko/20110123 SeaMonkey/2.0.12"
179.43.149.114 - - [05/May/2025:18:02:38 +0300] "GET //www.bmofis.com/wp-content/plugins/mega-addons-for-visual-composer/js/script.js HTTP/1.1" 200 5296 "-" "Mozilla/5.0 (X11; Linux i686) AppleWebKit/537.36 (KHTML, like Gecko) Ubuntu Chromium/60.0.3112.78 Chrome/60.0.3112.78 Safari/537.36"
45.84.191.11 - - [05/May/2025:18:02:40 +0300] "POST /wp-cron.php?doing_wp_cron=1746457360.6347880363464355468750 HTTP/1.1" 200 0 "-" "WordPress/6.5.5; https://www.bmofis.com"
179.43.149.114 - - [05/May/2025:18:02:39 +0300] "GET /slick/slick.min.js HTTP/1.1" 200 4681 "-" "Mozilla/5.0 (iPad; U; CPU iPad OS 5_0_1 like Mac OS X; en-us) AppleWebKit/535.1+ (KHTML like Gecko) Version/7.2.0.0 Safari/6533.18.5"
179.43.149.114 - - [05/May/2025:18:02:39 +0300] "GET //www.bmofis.com/wp-admin/admin-ajax.php HTTP/1.1" 200 4629 "-" "Mozilla/5.0 (X11; Linux x86_64; rv:5.0) Gecko/20100101 Firefox/5.0 Iceweasel/5.0"
179.43.149.114 - - [05/May/2025:18:02:39 +0300] "GET //www.bmofis.com/wp-includes/js/jquery/ui/core.min.js HTTP/1.1" 200 4634 "-" "Mozilla/5.0 (Windows; U; Windows NT 6.0; en-GB; rv:1.9.0.11) Gecko/2009060215 Firefox/3.0.11 (.NET CLR 3.5.30729)"
179.43.149.114 - - [05/May/2025:18:02:40 +0300] "GET //www.bmofis.com/wp-content/plugins/wp-video-lightbox/js/video-lightbox.js HTTP/1.1" 200 4691 "-" "Mozilla/5.0 (X11; Ubuntu; Linux x86_64; rv:49.0) Gecko/20100101 Firefox/49.0"
179.43.149.114 - - [05/May/2025:18:02:39 +0300] "GET //www.bmofis.com/wp-content/plugins/duracelltomi-google-tag-manager/js/gtm4wp-form-move-tracker.js HTTP/1.1" 200 4629 "-" "Mozilla/5.0 (Windows NT 10.0; Win64; x64) AppleWebKit/537.36 (KHTML, like Gecko) Chrome/69.0.3497.100 Safari/537.36"
179.43.149.114 - - [05/May/2025:18:02:40 +0300] "GET //www.bmofis.com/wp-content/plugins/woocommerce/assets/js/frontend/woocommerce.min.js HTTP/1.1" 200 4696 "-" "Mozilla/5.0 (Linux; Android 9; LLD-AL10) AppleWebKit/537.36 (KHTML, like Gecko) Chrome/76.0.3809.111 Mobile Safari/537.36"
179.43.149.114 - - [05/May/2025:18:02:40 +0300] "GET //www.bmofis.com/wp-content/plugins/responsive-youtube-vimeo-popup/assets/js/wp-video-popup.js HTTP/1.1" 200 4629 "-" "Mozilla/4.0 (compatible; MSIE 5.5; Windows 98; Win 9x 4.90)"
179.43.149.114 - - [05/May/2025:18:02:41 +0300] "GET /admin-ajax.php HTTP/1.1" 200 4629 "-" "Mozilla/5.0 (Linux; Android 9; POT-LX1) AppleWebKit/537.36 (KHTML, like Gecko) Chrome/76.0.3809.89 Mobile Safari/537.36"
179.43.149.114 - - [05/May/2025:18:02:41 +0300] "GET //stackpath.bootstrapcdn.com/bootstrap/4.3.1/js/bootstrap.min.js HTTP/1.1" 200 4696 "-" "Mozilla/5.0 (Linux; U; Android 8.1.0; en-US; Infinix X624B Build/O11019) AppleWebKit/537.36 (KHTML, like Gecko) Version/4.0 Chrome/57.0.2987.108 UCBrowser/12.13.0.1207 Mobile Safari/537.36"
179.43.149.114 - - [05/May/2025:18:02:38 +0300] "GET //www.bmofis.com/wp-content/plugins/js_composer_theme/assets/js/vendors/woocommerce-add-to-cart.js HTTP/1.1" 200 5243 "-" "Mozilla/5.0 (Windows NT 6.1) AppleWebKit/535.2 (KHTML, like Gecko) Chrome/18.6.872.0 Safari/535.2 UNTRUSTED/1.0 3gpp-gba UNTRUSTED/1.0"
179.43.149.114 - - [05/May/2025:18:02:38 +0300] "GET //www.bmofis.com/wp-content/plugins/wp-video-lightbox/js/jquery.prettyPhoto.min.js HTTP/1.1" 200 5225 "-" "Mozilla/5.0 (Macintosh; Intel Mac OS X 10_14_6) AppleWebKit/537.36 (KHTML, like Gecko) Chrome/74.0.3729.169 Safari/537.36"
179.43.149.114 - - [05/May/2025:18:02:38 +0300] "GET //www.bmofis.com/wp-content/plugins/mystickymenu/js/detectmobilebrowser.js HTTP/1.1" 200 5252 "-" "Mozilla/5.0 (X11; U; Linux x86_64; en-US; rv:1.9.1.17) Gecko/20110123 SeaMonkey/2.0.12"
45.84.191.11 - - [05/May/2025:18:02:49 +0300] "POST /wp-admin/admin-ajax.php?action=async_litespeed&nonce=ehtgPuktamK3BhepgQdfjALfbf0okvpe&litespeed_type=imgoptm HTTP/1.1" 200 5610 "-" "WordPress/6.5.5; https://www.bmofis.com"
66.249.66.195 - - [05/May/2025:18:02:56 +0300] "GET /?b=100298615 HTTP/1.1" 403 1242 "-" "Mozilla/5.0 (Linux; Android 6.0.1; Nexus 5X Build/MMB29P) AppleWebKit/537.36 (KHTML, like Gecko) Chrome/135.0.7049.95 Mobile Safari/537.36 (compatible; Googlebot/2.1; +http://www.google.com/bot.html)"
40.77.167.150 - - [05/May/2025:18:03:02 +0300] "GET /urun/hidrolik-sistemler/hidrolik-dis-kapi-sistemleri/menteseler-hidrolik-dis-kapi-sistemleri/biloba-unica-pivot-kullanima-uygun-hidrolik-mentese/teklif-al?b=bmo251c13500002-brandblack-shoes HTTP/2" 403 1242 "-" "Mozilla/5.0 AppleWebKit/537.36 (KHTML, like Gecko; compatible; bingbot/2.0; +http://www.bing.com/bingbot.htm) Chrome/116.0.1938.76 Safari/537.36"
179.43.149.114 - - [05/May/2025:18:02:38 +0300] "GET //www.bmofis.com/wp-content/plugins/wpcf7-redirect/js/wpcf7-redirect-script.js HTTP/1.1" 200 5225 "-" "Mozilla/5.0 (iPhone; CPU iPhone OS 8_3 like Mac OS X) AppleWebKit/600.1.4 (KHTML, like Gecko) Version/8.0 Mobile/12F70 Safari/600.1.4"
40.77.167.150 - - [05/May/2025:18:02:42 +0300] "GET /urun/standart-cozumler/dus-sistemleri-standart-cozumler/piuma-surme-dus-sistemi/piuma-cift-kanatli-surme-kose-dus-sistemi/teklif-al?b=bmo251c49000039-bosca-trifold-wallet HTTP/2" 403 1242 "-" "Mozilla/5.0 AppleWebKit/537.36 (KHTML, like Gecko; compatible; bingbot/2.0; +http://www.bing.com/bingbot.htm) Chrome/116.0.1938.76 Safari/537.36"
179.43.149.114 - - [05/May/2025:18:02:38 +0300] "GET //dev.digitalfikirler.com/bm/mask.js HTTP/1.1" 200 4696 "-" "Mozilla/5.0 (Linux; U; Android 2.1; en-us; HTC Legend Build/cupcake) AppleWebKit/530.17 (KHTML, like Gecko) Version/4.0 Mobile Safari/530.17"
179.43.149.114 - - [05/May/2025:18:02:39 +0300] "GET //www.bmofis.com/wp-includes/js/hoverIntent.min.js HTTP/1.1" 200 4681 "-" "Mozilla/5.0 (Windows NT 6.1; Win64; x64) AppleWebKit/537.36 (KHTML, like Gecko) Chrome/78.0.3879.0 Safari/537.36 Edg/78.0.249.0"
179.43.149.114 - - [05/May/2025:18:02:39 +0300] "GET //www.bmofis.com/wp-includes/js/jquery/jquery.min.js HTTP/1.1" 200 4696 "-" "Mozilla/5.0 (iPhone; CPU iPhone OS 12_3 like Mac OS X) AppleWebKit/605.1.15 (KHTML, like Gecko) CriOS/75.0.3770.103 Mobile/15E148 Safari/605.1"
179.43.149.114 - - [05/May/2025:18:02:38 +0300] "GET //www.bmofis.com/wp-includes/js/jquery/jquery-migrate.min.js HTTP/1.1" 200 5196 "-" "Mozilla/5.0 (X11; Linux x86_64) AppleWebKit/537.36 (KHTML, like Gecko) Chrome/64.0.3269.3 Safari/537.36"
179.43.149.114 - - [05/May/2025:18:02:38 +0300] "GET //www.bmofis.com/wp-content/plugins/revslider/public/assets/js/jquery.themepunch.revolution.min.js HTTP/1.1" 200 5225 "-" "Mozilla/5.0 (Windows NT 6.1; WOW64; rv:2.0b4pre) Gecko/20100815 Minefield/4.0b4pre"
179.43.149.114 - - [05/May/2025:18:02:38 +0300] "GET //www.bmofis.com/wp-content/plugins/wp-smushit/app/assets/js/smush-lazy-load.min.js HTTP/1.1" 200 5289 "-" "Mozilla/5.0 Slackware/13.37 (X11; U; Linux x86_64; en-US) AppleWebKit/535.1 (KHTML, like Gecko) Chrome/13.0.782.41"
179.43.149.114 - - [05/May/2025:18:02:38 +0300] "GET //www.bmofis.com/wp-content/plugins/woocommerce/assets/js/js-cookie/js.cookie.min.js HTTP/1.1" 200 5225 "-" "Mozilla/5.0 (X11; Linux x86_64) AppleWebKit/537.36 (KHTML, like Gecko) Falkon/3.0.0 Chrome/65.0.3325.230 Safari/537.36"
179.43.149.114 - - [05/May/2025:18:02:38 +0300] "GET //www.bmofis.com/wp-content/plugins/mystickymenu/js/mystickymenu.min.js HTTP/1.1" 200 5225 "-" "Mozilla/5.0 (Windows NT 10.0; Win64; x64) AppleWebKit/537.36 (KHTML, like Gecko) Chrome/75.0.3770.145 Safari/537.36 Vivaldi/2.6.1566.49"
179.43.149.114 - - [05/May/2025:18:02:38 +0300] "GET //cdnjs.cloudflare.com/ajax/libs/jquery/3.4.1/jquery.min.js HTTP/1.1" 200 5316 "-" "Mozilla/5.0 (Windows NT 6.1; Win64; x64) AppleWebKit/537.36 (KHTML, like Gecko) Chrome/69.0.3497.100 Safari/537.36"
52.167.144.138 - - [05/May/2025:18:02:49 +0300] "GET /en/urun-kategori/standart-cozumler/ofis-bolme-sistemleri/?b=bmo251c5500331-no-escape-owen-wilson HTTP/2" 403 1242 "-" "Mozilla/5.0 AppleWebKit/537.36 (KHTML, like Gecko; compatible; bingbot/2.0; +http://www.bing.com/bingbot.htm) Chrome/116.0.1938.76 Safari/537.36"
20.26.44.167 - - [05/May/2025:18:03:03 +0300] "GET /uygulamalar/dus-kabini-aksesuarlari/nis-uygulamalar-icin-dus-teknesi-ebadi-/coleman-system/4/86.aspx?b=bmo251c43100319-newton-running-shoes-logo HTTP/1.1" 403 1242 "-" "Mozilla/5.0 (Windows NT 10.0; Win64; x64) AppleWebKit/537.36 (KHTML, like Gecko) Chrome/131.0.0.0 Safari/537.36 Edg/131.0.0.0"
66.249.66.73 - - [05/May/2025:18:03:04 +0300] "GET /?b=70917315 HTTP/1.1" 403 1242 "-" "Mozilla/5.0 (Linux; Android 6.0.1; Nexus 5X Build/MMB29P) AppleWebKit/537.36 (KHTML, like Gecko) Chrome/135.0.7049.95 Mobile Safari/537.36 (compatible; Googlebot/2.1; +http://www.google.com/bot.html)"
18.191.132.143 - - [05/May/2025:18:03:09 +0300] "GET /robots.txt HTTP/2" 200 111 "-" "Mozilla/5.0 AppleWebKit/537.36 (KHTML, like Gecko; compatible; ClaudeBot/1.0; +claudebot@anthropic.com)"
18.191.132.143 - - [05/May/2025:18:03:09 +0300] "GET /urun/hidrolik-cozumler/hidrolik-dis-kapi-sistemleri/patch-fittings/italyan-yuvali-alt-mil-1752mm-cam-kalinligi-icin?filesrc=%2Fhome%2Fbmofiscom%2Fpublic_html%2Fwp-includes%2Fjs%2Ftwemoji.min.js&path=%2Fhome%2Fbmofiscom%2Fpublic_html%2Fwp-includes%2Fjs HTTP/2" 200 5909 "-" "Mozilla/5.0 AppleWebKit/537.36 (KHTML, like Gecko; compatible; ClaudeBot/1.0; +claudebot@anthropic.com)"
18.191.132.143 - - [05/May/2025:18:03:10 +0300] "GET /urun/hidrolik-cozumler/hidrolik-dis-kapi-sistemleri/patch-fittings/italyan-yuvali-alt-mil-1752mm-cam-kalinligi-icin?filesrc=%2Fhome%2Fbmofiscom%2Fpublic_html%2Fwp-includes%2Fjs%2Fwp-emoji.min.js&path=%2Fhome%2Fbmofiscom%2Fpublic_html%2Fwp-includes%2Fjs HTTP/2" 200 3513 "-" "Mozilla/5.0 AppleWebKit/537.36 (KHTML, like Gecko; compatible; ClaudeBot/1.0; +claudebot@anthropic.com)"
18.191.132.143 - - [05/May/2025:18:03:11 +0300] "GET /urun/hidrolik-cozumler/hidrolik-dis-kapi-sistemleri/patch-fittings/italyan-yuvali-alt-mil-1752mm-cam-kalinligi-icin?filesrc=%2Fhome%2Fbmofiscom%2Fpublic_html%2Fwp-includes%2Fblocks%2Fcomment-date.php&path=%2Fhome%2Fbmofiscom%2Fpublic_html%2Fwp-includes%2Fblocks HTTP/2" 200 2687 "-" "Mozilla/5.0 AppleWebKit/537.36 (KHTML, like Gecko; compatible; ClaudeBot/1.0; +claudebot@anthropic.com)"
18.191.132.143 - - [05/May/2025:18:03:12 +0300] "GET /urun/hidrolik-cozumler/hidrolik-dis-kapi-sistemleri/patch-fittings/italyan-yuvali-alt-mil-1752mm-cam-kalinligi-icin?filesrc=%2Fhome%2Fbmofiscom%2Fpublic_html%2Fwp-admin%2Fjs%2Fxfn.min.js&path=%2Fhome%2Fbmofiscom%2Fpublic_html%2Fwp-admin%2Fjs HTTP/2" 200 2279 "-" "Mozilla/5.0 AppleWebKit/537.36 (KHTML, like Gecko; compatible; ClaudeBot/1.0; +claudebot@anthropic.com)"
45.84.191.11 - - [05/May/2025:18:03:12 +0300] "POST /wp-admin/admin-ajax.php?action=async_litespeed&nonce=Rm4v2fhg9WhE9XKjhGC7vLTjkxbkxqaA&litespeed_type=imgoptm HTTP/1.1" 200 5610 "-" "WordPress/6.5.5; https://www.bmofis.com"
18.191.132.143 - - [05/May/2025:18:03:12 +0300] "GET /urun/hidrolik-cozumler/hidrolik-dis-kapi-sistemleri/patch-fittings/italyan-yuvali-alt-mil-1752mm-cam-kalinligi-icin?filesrc=%2Fhome%2Fbmofiscom%2Fpublic_html%2Fwp-admin%2Fjs%2Fsvg-painter.js&path=%2Fhome%2Fbmofiscom%2Fpublic_html%2Fwp-admin%2Fjs HTTP/2" 200 4178 "-" "Mozilla/5.0 AppleWebKit/537.36 (KHTML, like Gecko; compatible; ClaudeBot/1.0; +claudebot@anthropic.com)"
18.191.132.143 - - [05/May/2025:18:03:13 +0300] "GET /urun/hidrolik-cozumler/hidrolik-dis-kapi-sistemleri/patch-fittings/italyan-yuvali-alt-mil-1752mm-cam-kalinligi-icin?filesrc=%2Fhome%2Fbmofiscom%2Fpublic_html%2Fwp-admin%2Fincludes%2Fschema.php&path=%2Fhome%2Fbmofiscom%2Fpublic_html%2Fwp-admin%2Fincludes HTTP/2" 200 12779 "-" "Mozilla/5.0 AppleWebKit/537.36 (KHTML, like Gecko; compatible; ClaudeBot/1.0; +claudebot@anthropic.com)"
18.191.132.143 - - [05/May/2025:18:03:14 +0300] "GET /urun/hidrolik-cozumler/hidrolik-dis-kapi-sistemleri/patch-fittings/italyan-yuvali-alt-mil-1752mm-cam-kalinligi-icin?filesrc=%2Fhome%2Fbmofiscom%2Fpublic_html%2Fwp-includes%2FSimplePie%2FAuthor.php&path=%2Fhome%2Fbmofiscom%2Fpublic_html%2Fwp-includes%2FSimplePie HTTP/2" 200 3495 "-" "Mozilla/5.0 AppleWebKit/537.36 (KHTML, like Gecko; compatible; ClaudeBot/1.0; +claudebot@anthropic.com)"
18.191.132.143 - - [05/May/2025:18:03:14 +0300] "GET /urun/hidrolik-cozumler/hidrolik-dis-kapi-sistemleri/patch-fittings/italyan-yuvali-alt-mil-1752mm-cam-kalinligi-icin?filesrc=%2Fhome%2Fbmofiscom%2Fpublic_html%2Fwp-admin%2Fincludes%2Fnav-menu.php&path=%2Fhome%2Fbmofiscom%2Fpublic_html%2Fwp-admin%2Fincludes HTTP/2" 200 13151 "-" "Mozilla/5.0 AppleWebKit/537.36 (KHTML, like Gecko; compatible; ClaudeBot/1.0; +claudebot@anthropic.com)"
18.191.132.143 - - [05/May/2025:18:03:15 +0300] "GET /urun/hidrolik-cozumler/hidrolik-dis-kapi-sistemleri/patch-fittings/italyan-yuvali-alt-mil-1752mm-cam-kalinligi-icin?filesrc=%2Fhome%2Fbmofiscom%2Fpublic_html%2Fwp-admin%2Fincludes%2Fuser.php&path=%2Fhome%2Fbmofiscom%2Fpublic_html%2Fwp-admin%2Fincludes HTTP/2" 200 8987 "-" "Mozilla/5.0 AppleWebKit/537.36 (KHTML, like Gecko; compatible; ClaudeBot/1.0; +claudebot@anthropic.com)"
18.191.132.143 - - [05/May/2025:18:03:16 +0300] "GET /urun/hidrolik-cozumler/hidrolik-dis-kapi-sistemleri/patch-fittings/italyan-yuvali-alt-mil-1752mm-cam-kalinligi-icin?filesrc=%2Fhome%2Fbmofiscom%2Fpublic_html%2Fwp-admin%2Fincludes%2Fdashboard.php&path=%2Fhome%2Fbmofiscom%2Fpublic_html%2Fwp-admin%2Fincludes HTTP/2" 200 21174 "-" "Mozilla/5.0 AppleWebKit/537.36 (KHTML, like Gecko; compatible; ClaudeBot/1.0; +claudebot@anthropic.com)"
18.191.132.143 - - [05/May/2025:18:03:17 +0300] "GET /urun/hidrolik-cozumler/hidrolik-dis-kapi-sistemleri/patch-fittings/italyan-yuvali-alt-mil-1752mm-cam-kalinligi-icin?filesrc=%2Fhome%2Fbmofiscom%2Fpublic_html%2Fwp-includes%2Fblocks%2Fcomments-pagination.php&path=%2Fhome%2Fbmofiscom%2Fpublic_html%2Fwp-includes%2Fblocks HTTP/2" 200 2492 "-" "Mozilla/5.0 AppleWebKit/537.36 (KHTML, like Gecko; compatible; ClaudeBot/1.0; +claudebot@anthropic.com)"
18.191.132.143 - - [05/May/2025:18:03:17 +0300] "GET /urun/hidrolik-cozumler/hidrolik-dis-kapi-sistemleri/patch-fittings/italyan-yuvali-alt-mil-1752mm-cam-kalinligi-icin?filesrc=%2Fhome%2Fbmofiscom%2Fpublic_html%2Fwp-admin%2Fnetwork%2Ftheme-editor.php&path=%2Fhome%2Fbmofiscom%2Fpublic_html%2Fwp-admin%2Fnetwork HTTP/2" 200 2176 "-" "Mozilla/5.0 AppleWebKit/537.36 (KHTML, like Gecko; compatible; ClaudeBot/1.0; +claudebot@anthropic.com)"
18.191.132.143 - - [05/May/2025:18:03:18 +0300] "GET /urun/hidrolik-cozumler/hidrolik-dis-kapi-sistemleri/patch-fittings/italyan-yuvali-alt-mil-1752mm-cam-kalinligi-icin?filesrc=%2Fhome%2Fbmofiscom%2Fpublic_html%2Fwp-admin%2Fincludes%2Fplugin-install.php&path=%2Fhome%2Fbmofiscom%2Fpublic_html%2Fwp-admin%2Fincludes HTTP/2" 200 12717 "-" "Mozilla/5.0 AppleWebKit/537.36 (KHTML, like Gecko; compatible; ClaudeBot/1.0; +claudebot@anthropic.com)"
18.191.132.143 - - [05/May/2025:18:03:18 +0300] "GET /en/urun-kategori/qub-series?path=%2Fhome%2Fbmofiscom%2Fpublic_html%2Fwp-includes%2Fl10n HTTP/2" 200 2591 "-" "Mozilla/5.0 AppleWebKit/537.36 (KHTML, like Gecko; compatible; ClaudeBot/1.0; +claudebot@anthropic.com)"
179.43.149.114 - - [05/May/2025:18:03:39 +0300] "GET //cdnjs.cloudflare.com/ajax/libs/jquery/3.4.1/jquery.min.js HTTP/1.1" 200 5234 "-" "BlackBerry8300/4.2.2 Profile/MIDP-2.0 Configuration/CLDC-1.1 VendorID/107 UP.Link/6.2.3.15.0"
179.43.149.114 - - [05/May/2025:18:03:40 +0300] "GET //cdnjs.cloudflare.com/ajax/libs/sweetalert/2.1.2/sweetalert.min.js HTTP/1.1" 200 5234 "-" "SonyEricssonW850i/R1ED Browser/NetFront/3.3 Profile/MIDP-2.0 Configuration/CLDC-1.1"
179.43.149.114 - - [05/May/2025:18:03:40 +0300] "GET //www.bmofis.com/wp-admin/admin-ajax.php HTTP/1.1" 200 5225 "-" "Mozilla/5.0 (Windows NT 10.0; Win64; x64) AppleWebKit/537.36 (KHTML, like Gecko) Chrome/75.0.3770.100 Safari/537.36 OPR/62.0.3331.99"
179.43.149.114 - - [05/May/2025:18:03:40 +0300] "GET //www.bmofis.com/wp-content/plugins/mystickymenu/js/morphext/morphext.min.js HTTP/1.1" 200 5251 "-" "Mozilla/5.0 (OS/2; Warp 4.5; rv:45.0) Gecko/20100101 Firefox/45.0"
179.43.149.114 - - [05/May/2025:18:03:40 +0300] "GET //www.bmofis.com/wp-content/plugins/woocommerce/assets/js/frontend/add-to-cart.min.js HTTP/1.1" 200 5252 "-" "Web Downloader/6.9"
179.43.149.114 - - [05/May/2025:18:03:40 +0300] "GET //dev.digitalfikirler.com/bm/payment.php HTTP/1.1" 200 5251 "-" "Nokia6100/1.0 (04.01) Profile/MIDP-1.0 Configuration/CLDC-1.0"
179.43.149.114 - - [05/May/2025:18:03:40 +0300] "GET //www.bmofis.com/wp-content/plugins/mystickymenu/js/welcomebar-front.js HTTP/1.1" 200 5252 "-" "Opera/9.20 (Macintosh; Intel Mac OS X; U; en)"
45.84.191.11 - - [05/May/2025:18:03:11 +0300] "POST /wp-cron.php?doing_wp_cron=1746457390.9529960155487060546875 HTTP/1.1" 200 0 "-" "WordPress/6.5.5; https://www.bmofis.com"
66.249.66.195 - - [05/May/2025:18:03:14 +0300] "GET /?b=191793815 HTTP/1.1" 403 1242 "-" "Mozilla/5.0 (Linux; Android 6.0.1; Nexus 5X Build/MMB29P) AppleWebKit/537.36 (KHTML, like Gecko) Chrome/135.0.7049.95 Mobile Safari/537.36 (compatible; Googlebot/2.1; +http://www.google.com/bot.html)"
40.77.167.150 - - [05/May/2025:18:03:23 +0300] "GET /urun/hidrolik-sistemler/hidrolik-dus-sistemleri/sauna-buhar-odasi-cozumleri-hidrolik-dus-sistemleri/kbt8061-buhar-odalari-ve-hamamlar-icin-hidrolik-set/teklif-al?b=bmo251c14800285-camelbak-quick-stow-flask HTTP/2" 403 1242 "-" "Mozilla/5.0 AppleWebKit/537.36 (KHTML, like Gecko; compatible; bingbot/2.0; +http://www.bing.com/bingbot.htm) Chrome/116.0.1938.76 Safari/537.36"
40.77.167.150 - - [05/May/2025:18:03:43 +0300] "GET /urun/standart-cozumler/dus-sistemleri-standart-cozumler/cam-tutucular-dus-sistemleri-standart-cozumler/bm-dct201-cam-sabitleme-duvar-cam/teklif-al?b=bmo251c55200276-gencive-qui-remonte-sur-les-dents HTTP/2" 403 1242 "-" "Mozilla/5.0 AppleWebKit/537.36 (KHTML, like Gecko; compatible; bingbot/2.0; +http://www.bing.com/bingbot.htm) Chrome/116.0.1938.76 Safari/537.36"
179.43.149.114 - - [05/May/2025:18:03:40 +0300] "GET //cdnjs.cloudflare.com/ajax/libs/popper.js/1.14.7/umd/popper.min.js HTTP/1.1" 200 5225 "-" "Mozilla/5.0 (Windows NT 10.0; WOW64) AppleWebKit/537.36 (KHTML, like Gecko) Chrome/70.0.3538.25 Safari/537.36 Core/1.70.3676.400 QQBrowser/10.4.3469.400"
179.43.149.114 - - [05/May/2025:18:03:40 +0300] "GET //www.bmofis.com/wp-content/plugins/revslider/public/assets/js/jquery.themepunch.tools.min.js HTTP/1.1" 200 5251 "-" "Mozilla/5.0 (X11; Linux x86_64) AppleWebKit/537.36 (KHTML, like Gecko) Chrome/76.0.3809.87 Safari/537.36"
179.43.149.114 - - [05/May/2025:18:03:40 +0300] "GET //www.bmofis.com/wp-content/plugins/wp-smushit/app/assets/js/smush-lazy-load.min.js HTTP/1.1" 200 5225 "-" "Mozilla/5.0 (SymbianOS/9.4; U; Series60/5.0 SonyEricssonP100/01; Profile/MIDP-2.1 Configuration/CLDC-1.1) AppleWebKit/525 (KHTML, like Gecko) Version/3.0 Safari/525"
179.43.149.114 - - [05/May/2025:18:03:40 +0300] "GET //dev.digitalfikirler.com/bm/mask.js HTTP/1.1" 200 5225 "-" "Mozilla/5.0 (compatible; Konqueror/3.3; Linux 2.6.8-gentoo-r3; X11;"
179.43.149.114 - - [05/May/2025:18:03:40 +0300] "GET //www.bmofis.com/wp-content/plugins/woocommerce/assets/js/jquery-blockui/jquery.blockUI.min.js HTTP/1.1" 200 5258 "-" "Mozilla/5.0 (Macintosh; Intel Mac OS X 10_11_5) AppleWebKit/537.36 (KHTML, like Gecko) Chrome/51.0.2704.84 Safari/537.36"
179.43.149.114 - - [05/May/2025:18:03:41 +0300] "GET //www.bmofis.com/wp-content/plugins/responsive-youtube-vimeo-popup/assets/js/wp-video-popup.js HTTP/1.1" 200 4656 "-" "Mozilla/5.0 (Symbian/3; Series60/5.2 NokiaC6-01/011.010; Profile/MIDP-2.1 Configuration/CLDC-1.1 ) AppleWebKit/525 (KHTML, like Gecko) Version/3.0 BrowserNG/7.2.7.2 3gpp-gba"
179.43.149.114 - - [05/May/2025:18:03:40 +0300] "GET //www.bmofis.com/wp-content/themes/benim-ofis/js/skip-link-focus-fix.js HTTP/1.1" 200 5234 "-" "Gulper Web Bot 0.2.4 (www.ecsl.cs.sunysb.edu/~maxim/cgi-bin/Link/GulperBot)"
179.43.149.114 - - [05/May/2025:18:03:41 +0300] "GET //www.bmofis.com/wp-includes/js/hoverIntent.min.js HTTP/1.1" 200 5251 "-" "Mozilla/5.0 (X11; U; Linux x86_64; en-US) AppleWebKit/534.7 (KHTML, like Gecko) Chrome/7.0.514.0 Safari/534.7"
179.43.149.114 - - [05/May/2025:18:03:40 +0300] "GET //www.bmofis.com/wp-content/plugins/wp-video-lightbox/js/video-lightbox.js HTTP/1.1" 200 5296 "-" "Mozilla/5.0 (Linux; Android 8.0.0; RNE-L21) AppleWebKit/537.36 (KHTML, like Gecko) Chrome/76.0.3809.89 Mobile Safari/537.36"
179.43.149.114 - - [05/May/2025:18:03:41 +0300] "GET //www.bmofis.com/wp-content/plugins/wp-video-lightbox/js/jquery.prettyPhoto.min.js HTTP/1.1" 200 5296 "-" "Mozilla/5.0 (compatible; MSIE 10.0; Windows Phone 8.0; Trident/6.0; IEMobile/10.0; ARM; Touch; NOKIA; Lumia 920)"
179.43.149.114 - - [05/May/2025:18:03:40 +0300] "GET //www.bmofis.com/wp-content/plugins/woocommerce/assets/js/frontend/woocommerce.min.js HTTP/1.1" 200 5225 "-" "Mozilla/5.0 (Linux; Android 8.1.0; Mi Note 3 Build/OPM1.171019.019; wv) AppleWebKit/537.36 (KHTML, like Gecko) Version/4.0 Chrome/67.0.3396.87 XWEB/882 MMWEBSDK/190505 Mobile Safari/537.36 MMWEBID/358 MicroMessenger/7.0.5.1440(0x27000537) Process/tools NetType/4G Language/zh_CN"
179.43.149.114 - - [05/May/2025:18:03:40 +0300] "GET //www.bmofis.com/wp-content/plugins/js_composer_theme/assets/js/dist/js_composer_front.min.js HTTP/1.1" 200 5225 "-" "Mozilla/5.0 (X11; Linux x86_64) AppleWebKit/537.36 (KHTML, like Gecko) Falkon/3.0.0 Chrome/65.0.3325.230 Safari/537.36"
179.43.149.114 - - [05/May/2025:18:03:41 +0300] "GET //www.bmofis.com/wp-content/plugins/js_composer_theme/assets/js/vendors/woocommerce-add-to-cart.js HTTP/1.1" 200 4629 "-" "Mozilla/5.0 (X11; Linux x86_64) AppleWebKit/537.36 (KHTML, like Gecko) Chrome/77.0.3844.0 Safari/537.36"
179.43.149.114 - - [05/May/2025:18:03:40 +0300] "GET //www.bmofis.com/wp-content/plugins/revslider/public/assets/js/jquery.themepunch.revolution.min.js HTTP/1.1" 200 5225 "-" "iTunes/9.0.2 (Windows; N)"
179.43.149.114 - - [05/May/2025:18:03:41 +0300] "GET //www.bmofis.com/wp-content/plugins/duracelltomi-google-tag-manager/js/gtm4wp-contact-form-7-tracker.js HTTP/1.1" 200 4629 "-" "Mozilla/5.0 (Windows NT 10.0; Win64; x64) AppleWebKit/537.36 (KHTML, like Gecko) Chrome/78.0.3879.0 Safari/537.36 Edg/78.0.249.1"
179.43.149.114 - - [05/May/2025:18:03:41 +0300] "GET /wp-emoji-release.min.js HTTP/1.1" 200 4651 "-" "Mozilla/5.0 (Linux; U; Android 2.2; en-ca; GT-P1000M Build/FROYO) AppleWebKit/533.1 (KHTML, like Gecko) Version/4.0 Mobile Safari/533.1"
179.43.149.114 - - [05/May/2025:18:03:41 +0300] "GET //www.bmofis.com/wp-includes/js/jquery/ui/core.min.js HTTP/1.1" 200 4696 "-" "Mozilla/5.0 (iPad; CPU OS 13_0 like Mac OS X) AppleWebKit/605.1.15 (KHTML, like Gecko) CriOS/76.0.3809.81 Mobile/15E148 Safari/605.1"
179.43.149.114 - - [05/May/2025:18:03:43 +0300] "GET //stackpath.bootstrapcdn.com/bootstrap/4.3.1/js/bootstrap.min.js HTTP/1.1" 200 4696 "-" "Mozilla/5.0 (Windows NT 6.1; WOW64; Trident/7.0; rv:11.0) like Gecko"
179.43.149.114 - - [05/May/2025:18:03:43 +0300] "GET //www.bmofis.com/wp-content/themes/benim-ofis/js/navigation.js HTTP/1.1" 200 4629 "-" "Mozilla/5.0 (Macintosh; Intel Mac OS X 10.6; rv:5.0) Gecko/20100101 Firefox/5.0"
179.43.149.114 - - [05/May/2025:18:03:43 +0300] "GET //www.bmofis.com/wp-content/plugins/mystickymenu/js/mystickymenu.min.js HTTP/1.1" 200 4681 "-" "Mozilla/5.0 (Windows NT 6.2; WOW64) AppleWebKit/537.36 (KHTML, like Gecko) Chrome/59.0.3068.0 Safari/537.36"
179.43.149.114 - - [05/May/2025:18:03:41 +0300] "GET //www.bmofis.com/wp-content/plugins/contact-form-7/includes/js/scripts.js HTTP/1.1" 200 5281 "-" "Mozilla/5.0 (X11; Linux x86_64) AppleWebKit/537.21 (KHTML, like Gecko) konqueror/4.14.10 Safari/537.21"
179.43.149.114 - - [05/May/2025:18:03:41 +0300] "GET //www.googletagmanager.com/gtm.js HTTP/1.1" 200 5177 "-" "Mozilla/5.0 (Android; Mobile; rv:35.0) Gecko/35.0 Firefox/35.0"
179.43.149.114 - - [05/May/2025:18:03:40 +0300] "GET //www.bmofis.com/wp-includes/js/jquery/jquery.min.js HTTP/1.1" 200 5252 "-" "Mozilla/5.0 (X11; CrOS x86_64 11647.154.0) AppleWebKit/537.36 (KHTML, like Gecko) Chrome/73.0.3683.114 Safari/537.36"
179.43.149.114 - - [05/May/2025:18:03:41 +0300] "GET //www.bmofis.com/wp-content/plugins/woocommerce/assets/js/js-cookie/js.cookie.min.js HTTP/1.1" 200 5289 "-" "SEC-SGHX210/1.0 UP.Link/6.3.1.13.0"
179.43.149.114 - - [05/May/2025:18:03:41 +0300] "GET //www.bmofis.com/wp-content/plugins/wpcf7-redirect/js/wpcf7-redirect-script.js HTTP/1.1" 200 5225 "-" "Mozilla/5.0 (Windows; U; Windows CE 5.1; rv:1.8.1a3) Gecko/20060610 Minimo/0.016"
179.43.149.114 - - [05/May/2025:18:03:41 +0300] "GET /slick/slick.min.js HTTP/1.1" 200 5234 "-" "Mozilla/5.0 (Linux; Android 9; Pixel) AppleWebKit/537.36 (KHTML, like Gecko) Chrome/76.0.3809.111 Mobile Safari/537.36"
179.43.149.114 - - [05/May/2025:18:03:41 +0300] "GET //www.bmofis.com/wp-content/plugins/duracelltomi-google-tag-manager/js/gtm4wp-form-move-tracker.js HTTP/1.1" 200 5234 "-" "Mozilla/5.0 (Linux; U; Android 4.1; en-us; sdk Build/MR1) AppleWebKit/534.30 (KHTML, like Gecko) Version/4.1 Safari/534.30"
179.43.149.114 - - [05/May/2025:18:03:41 +0300] "GET /admin-ajax.php HTTP/1.1" 200 4634 "-" "Mozilla/5.0 (Linux; Android 9; SM-G955F) AppleWebKit/537.36 (KHTML, like Gecko) Chrome/76.0.3809.111 Mobile Safari/537.36"
179.43.149.114 - - [05/May/2025:18:03:41 +0300] "GET //www.bmofis.com/wp-content/plugins/megamenu/js/maxmegamenu.js HTTP/1.1" 200 4629 "-" "Mozilla/5.0 (webOS/1.3; U; en-US) AppleWebKit/525.27.1 (KHTML, like Gecko) Version/1.0 Safari/525.27.1 Desktop/1.0"
179.43.149.114 - - [05/May/2025:18:03:42 +0300] "GET //www.bmofis.com/xmlrpc.php HTTP/1.1" 200 4629 "-" "Mozilla/5.0 (X11; NetBSD) AppleWebKit/537.36 (KHTML, like Gecko) Chrome/27.0.1453.116 Safari/537.36"
179.43.149.114 - - [05/May/2025:18:03:42 +0300] "GET //cdn.jsdelivr.net/jquery.slick/1.5.7/slick.min.js HTTP/1.1" 200 4676 "-" "Mozilla/5.0 (Macintosh; Intel Mac OS X 10_10_5) AppleWebKit/600.8.9 (KHTML, like Gecko) Maxthon/4.5.2"
179.43.149.114 - - [05/May/2025:18:03:41 +0300] "GET //www.bmofis.com/wp-content/plugins/mega-addons-for-visual-composer/js/script.js HTTP/1.1" 200 4656 "-" "Mozilla/5.0 (compatible; Konqueror/4.1; OpenBSD) KHTML/4.1.4 (like Gecko)"
179.43.149.114 - - [05/May/2025:18:03:41 +0300] "GET //www.bmofis.com/wp-content/plugins/mystickymenu/js/detectmobilebrowser.js HTTP/1.1" 200 5296 "-" "Mozilla/5.0 (compatible; MSIE 10.0; Windows Phone 8.0; Trident/6.0; IEMobile/10.0; ARM; Touch; NOKIA; Lumia 920)"
179.43.149.114 - - [05/May/2025:18:03:42 +0300] "GET //cdn.js HTTP/1.1" 200 5296 "-" "Mozilla/5.0 (Windows NT 6.3; WOW64) AppleWebKit/537.36 (KHTML, like Gecko) Chrome/75.0.3770.142 Safari/537.36"
40.77.167.150 - - [05/May/2025:18:04:02 +0300] "GET /urun/hidrolik-sistemler/hidrolik-dus-sistemleri/hidrolik-dus-kabini/slash-hidrolik-dus-kabini-iki-sabit-cam-arasi-bir-kanat-bir-sabit/teklif-al?b=bmo251c11800060-bates-footwear-discount-codes HTTP/2" 403 1242 "-" "Mozilla/5.0 AppleWebKit/537.36 (KHTML, like Gecko; compatible; bingbot/2.0; +http://www.bing.com/bingbot.htm) Chrome/116.0.1938.76 Safari/537.36"
66.249.66.73 - - [05/May/2025:18:04:08 +0300] "GET /?b=10093015 HTTP/1.1" 403 1242 "-" "Mozilla/5.0 (Linux; Android 6.0.1; Nexus 5X Build/MMB29P) AppleWebKit/537.36 (KHTML, like Gecko) Chrome/135.0.7049.95 Mobile Safari/537.36 (compatible; Googlebot/2.1; +http://www.google.com/bot.html)"
66.249.66.195 - - [05/May/2025:18:04:18 +0300] "GET /?b=302827215 HTTP/1.1" 403 1242 "-" "Mozilla/5.0 (Linux; Android 6.0.1; Nexus 5X Build/MMB29P) AppleWebKit/537.36 (KHTML, like Gecko) Chrome/135.0.7049.95 Mobile Safari/537.36 (compatible; Googlebot/2.1; +http://www.google.com/bot.html)"
54.36.148.217 - - [05/May/2025:18:03:43 +0300] "GET /en/urun-kategori/glass-joint-joint-laths?filesrc=/home/bmofiscom/public_html/wp-includes/class-snoopy.php&path=/home/bmofiscom/public_html/wp-includes HTTP/2" 200 10647 "-" "Mozilla/5.0 (compatible; AhrefsBot/7.0; +http://ahrefs.com/robot/)"
66.249.66.73 - - [05/May/2025:18:03:53 +0300] "GET /?b=575263715 HTTP/1.1" 403 1242 "-" "Mozilla/5.0 (Linux; Android 6.0.1; Nexus 5X Build/MMB29P) AppleWebKit/537.36 (KHTML, like Gecko) Chrome/135.0.7049.95 Mobile Safari/537.36 (compatible; Googlebot/2.1; +http://www.google.com/bot.html)"
66.249.66.166 - - [05/May/2025:18:04:25 +0300] "GET /?b=119203315 HTTP/1.1" 403 1242 "-" "Mozilla/5.0 (Linux; Android 6.0.1; Nexus 5X Build/MMB29P) AppleWebKit/537.36 (KHTML, like Gecko) Chrome/135.0.7049.95 Mobile Safari/537.36 (compatible; Googlebot/2.1; +http://www.google.com/bot.html)"
3.135.64.200 - - [05/May/2025:18:04:34 +0300] "GET /urun/hidrolik-cozumler/hidrolik-dis-kapi-sistemleri/patch-fittings/italyan-yuvali-alt-mil-1752mm-cam-kalinligi-icin?filesrc=%2Fhome%2Fbmofiscom%2Fpublic_html%2Fwp-includes%2Fwidgets%2Ferror_log&path=%2Fhome%2Fbmofiscom%2Fpublic_html%2Fwp-includes%2Fwidgets HTTP/2" 200 2941 "-" "Mozilla/5.0 AppleWebKit/537.36 (KHTML, like Gecko; compatible; ClaudeBot/1.0; +claudebot@anthropic.com)"
3.135.64.200 - - [05/May/2025:18:04:34 +0300] "GET /urun/hidrolik-cozumler/hidrolik-dis-kapi-sistemleri/patch-fittings/italyan-yuvali-alt-mil-1752mm-cam-kalinligi-icin?filesrc=%2Fhome%2Fbmofiscom%2Fpublic_html%2Fwp-admin%2Fjs%2Fsite-health.min.js&path=%2Fhome%2Fbmofiscom%2Fpublic_html%2Fwp-admin%2Fjs HTTP/2" 200 4322 "-" "Mozilla/5.0 AppleWebKit/537.36 (KHTML, like Gecko; compatible; ClaudeBot/1.0; +claudebot@anthropic.com)"
3.135.64.200 - - [05/May/2025:18:04:34 +0300] "GET /urun/hidrolik-cozumler/hidrolik-dis-kapi-sistemleri/patch-fittings/italyan-yuvali-alt-mil-1752mm-cam-kalinligi-icin?filesrc=%2Fhome%2Fbmofiscom%2Fpublic_html%2Fwp-includes%2Fblocks%2Ffootnotes.php&path=%2Fhome%2Fbmofiscom%2Fpublic_html%2Fwp-includes%2Fblocks HTTP/2" 200 3368 "-" "Mozilla/5.0 AppleWebKit/537.36 (KHTML, like Gecko; compatible; ClaudeBot/1.0; +claudebot@anthropic.com)"
3.135.64.200 - - [05/May/2025:18:04:35 +0300] "GET /urun/hidrolik-cozumler/hidrolik-dis-kapi-sistemleri/patch-fittings/italyan-yuvali-alt-mil-1752mm-cam-kalinligi-icin?filesrc=%2Fhome%2Fbmofiscom%2Fpublic_html%2Fwp-admin%2Fincludes%2Fmeta-boxes.php&path=%2Fhome%2Fbmofiscom%2Fpublic_html%2Fwp-admin%2Fincludes HTTP/2" 200 17495 "-" "Mozilla/5.0 AppleWebKit/537.36 (KHTML, like Gecko; compatible; ClaudeBot/1.0; +claudebot@anthropic.com)"
3.135.64.200 - - [05/May/2025:18:04:36 +0300] "GET /urun/hidrolik-cozumler/hidrolik-dis-kapi-sistemleri/patch-fittings/italyan-yuvali-alt-mil-1752mm-cam-kalinligi-icin?filesrc=%2Fhome%2Fbmofiscom%2Fpublic_html%2Fwp-includes%2Fblocks%2Fcomments.php&path=%2Fhome%2Fbmofiscom%2Fpublic_html%2Fwp-includes%2Fblocks HTTP/2" 200 4456 "-" "Mozilla/5.0 AppleWebKit/537.36 (KHTML, like Gecko; compatible; ClaudeBot/1.0; +claudebot@anthropic.com)"
3.135.64.200 - - [05/May/2025:18:04:36 +0300] "GET /urun/hidrolik-cozumler/hidrolik-dis-kapi-sistemleri/patch-fittings/italyan-yuvali-alt-mil-1752mm-cam-kalinligi-icin?filesrc=%2Fhome%2Fbmofiscom%2Fpublic_html%2Fwp-admin%2Fjs%2Fmedia-gallery.min.js&path=%2Fhome%2Fbmofiscom%2Fpublic_html%2Fwp-admin%2Fjs HTTP/2" 200 2355 "-" "Mozilla/5.0 AppleWebKit/537.36 (KHTML, like Gecko; compatible; ClaudeBot/1.0; +claudebot@anthropic.com)"
45.84.191.11 - - [05/May/2025:18:04:36 +0300] "POST /wp-admin/admin-ajax.php?action=async_litespeed&nonce=op4TCXoNDAgasNytBze4WzllS6gSLLdy&litespeed_type=imgoptm HTTP/1.1" 200 5610 "-" "WordPress/6.5.5; https://www.bmofis.com"
3.135.64.200 - - [05/May/2025:18:04:37 +0300] "GET /urun/hidrolik-cozumler/hidrolik-dis-kapi-sistemleri/patch-fittings/italyan-yuvali-alt-mil-1752mm-cam-kalinligi-icin?filesrc=%2Fhome%2Fbmofiscom%2Fpublic_html%2Fwp-admin%2Fincludes%2Fscreen.php&path=%2Fhome%2Fbmofiscom%2Fpublic_html%2Fwp-admin%2Fincludes HTTP/2" 200 3792 "-" "Mozilla/5.0 AppleWebKit/537.36 (KHTML, like Gecko; compatible; ClaudeBot/1.0; +claudebot@anthropic.com)"
3.135.64.200 - - [05/May/2025:18:04:37 +0300] "GET /urun/hidrolik-cozumler/hidrolik-dis-kapi-sistemleri/patch-fittings/italyan-yuvali-alt-mil-1752mm-cam-kalinligi-icin?filesrc=%2Fhome%2Fbmofiscom%2Fpublic_html%2Fwp-admin%2Fjs%2Fupdates.min.js&path=%2Fhome%2Fbmofiscom%2Fpublic_html%2Fwp-admin%2Fjs HTTP/2" 200 13534 "-" "Mozilla/5.0 AppleWebKit/537.36 (KHTML, like Gecko; compatible; ClaudeBot/1.0; +claudebot@anthropic.com)"
3.135.64.200 - - [05/May/2025:18:04:38 +0300] "GET /urun/hidrolik-cozumler/hidrolik-dis-kapi-sistemleri/patch-fittings/italyan-yuvali-alt-mil-1752mm-cam-kalinligi-icin?filesrc=%2Fhome%2Fbmofiscom%2Fpublic_html%2Fwp-admin%2Fincludes%2Foptions.php&path=%2Fhome%2Fbmofiscom%2Fpublic_html%2Fwp-admin%2Fincludes HTTP/2" 200 3558 "-" "Mozilla/5.0 AppleWebKit/537.36 (KHTML, like Gecko; compatible; ClaudeBot/1.0; +claudebot@anthropic.com)"
3.135.64.200 - - [05/May/2025:18:04:39 +0300] "GET /urun/hidrolik-cozumler/hidrolik-dis-kapi-sistemleri/patch-fittings/italyan-yuvali-alt-mil-1752mm-cam-kalinligi-icin?filesrc=%2Fhome%2Fbmofiscom%2Fpublic_html%2Fwp-includes%2FSimplePie%2FEnclosure.php&path=%2Fhome%2Fbmofiscom%2Fpublic_html%2Fwp-includes%2FSimplePie HTTP/2" 200 9040 "-" "Mozilla/5.0 AppleWebKit/537.36 (KHTML, like Gecko; compatible; ClaudeBot/1.0; +claudebot@anthropic.com)"
3.135.64.200 - - [05/May/2025:18:04:39 +0300] "GET /urun/hidrolik-cozumler/hidrolik-dis-kapi-sistemleri/patch-fittings/italyan-yuvali-alt-mil-1752mm-cam-kalinligi-icin?filesrc=%2Fhome%2Fbmofiscom%2Fpublic_html%2Fwp-includes%2FID3%2Fgetid3.lib.php&path=%2Fhome%2Fbmofiscom%2Fpublic_html%2Fwp-includes%2FID3 HTTP/2" 200 14985 "-" "Mozilla/5.0 AppleWebKit/537.36 (KHTML, like Gecko; compatible; ClaudeBot/1.0; +claudebot@anthropic.com)"
3.135.64.200 - - [05/May/2025:18:04:39 +0300] "GET /en/urun-kategori/qub-series?path=%2Fhome%2Fbmofiscom%2Fpublic_html%2Fwp-includes%2Ffonts HTTP/2" 200 2790 "-" "Mozilla/5.0 AppleWebKit/537.36 (KHTML, like Gecko; compatible; ClaudeBot/1.0; +claudebot@anthropic.com)"
3.135.64.200 - - [05/May/2025:18:04:40 +0300] "GET /urun/hidrolik-cozumler/hidrolik-dis-kapi-sistemleri/patch-fittings/italyan-yuvali-alt-mil-1752mm-cam-kalinligi-icin?filesrc=%2Fhome%2Fbmofiscom%2Fpublic_html%2Fwp-admin%2Fjs%2Fpost.min.js&path=%2Fhome%2Fbmofiscom%2Fpublic_html%2Fwp-admin%2Fjs HTTP/2" 200 8919 "-" "Mozilla/5.0 AppleWebKit/537.36 (KHTML, like Gecko; compatible; ClaudeBot/1.0; +claudebot@anthropic.com)"
3.135.64.200 - - [05/May/2025:18:04:41 +0300] "GET /urun/hidrolik-cozumler/hidrolik-dis-kapi-sistemleri/patch-fittings/italyan-yuvali-alt-mil-1752mm-cam-kalinligi-icin?filesrc=%2Fhome%2Fbmofiscom%2Fpublic_html%2Fwp-admin%2Fincludes%2Fdeprecated.php&path=%2Fhome%2Fbmofiscom%2Fpublic_html%2Fwp-admin%2Fincludes HTTP/2" 200 11880 "-" "Mozilla/5.0 AppleWebKit/537.36 (KHTML, like Gecko; compatible; ClaudeBot/1.0; +claudebot@anthropic.com)"
179.43.149.114 - - [05/May/2025:18:04:42 +0300] "GET //www.bmofis.com/wp-content/plugins/woocommerce/assets/js/js-cookie/js.cookie.min.js HTTP/1.1" 200 5234 "-" "Mozilla/5.0 (X11; Linux x86_64) AppleWebKit/537.36 (KHTML, like Gecko) Chrome/62.0.3202.94 Safari/537.36"
179.43.149.114 - - [05/May/2025:18:04:42 +0300] "GET //www.bmofis.com/wp-includes/js/hoverIntent.min.js HTTP/1.1" 200 5225 "-" "NokiaN73-1/3.0649.0.0.1 Series60/3.0 Profile/MIDP2.0 Configuration/CLDC-1.1"
179.43.149.114 - - [05/May/2025:18:04:42 +0300] "GET /admin-ajax.php HTTP/1.1" 200 5225 "-" "Mozilla/5.0 (Windows NT 6.1; WOW64) AppleWebKit/534.27 (KHTML, like Gecko) Chrome/12.0.712.0 Safari/534.27"
179.43.149.114 - - [05/May/2025:18:04:42 +0300] "GET //www.bmofis.com/wp-content/themes/benim-ofis/js/navigation.js HTTP/1.1" 200 5225 "-" "Mozilla/5.0 (X11; U; Linux x86_64; sv-SE; rv:1.8.1.12) Gecko/20080207 Ubuntu/7.10 (gutsy) Firefox/2.0.0.12"
179.43.149.114 - - [05/May/2025:18:04:42 +0300] "GET //www.bmofis.com/wp-content/plugins/wp-smushit/app/assets/js/smush-lazy-load.min.js HTTP/1.1" 200 5258 "-" "Mozilla/5.0 (Macintosh; Intel Mac OS X 10.5; rv:10.0.1) Gecko/20100101 Firefox/10.0.1 SeaMonkey/2.7.1"
179.43.149.114 - - [05/May/2025:18:04:43 +0300] "GET //stackpath.bootstrapcdn.com/bootstrap/4.3.1/js/bootstrap.min.js HTTP/1.1" 200 4629 "-" "Mozilla/5.0 (Windows NT 10.0; Win64; x64) AppleWebKit/537.36 (KHTML, like Gecko) Chrome/71.0.3578.80 Safari/537.36"
20.240.18.38 - - [05/May/2025:18:04:22 +0300] "GET /katalog/cam-kapi-menteseleri-ic/hidrolik-menteseler/8011-tek-yonlu-baglanti-plakasina-sahip-kapinin-kapanis-hizini-ayarlayabilen-hidrolik-mentese-0-90-90-lerde-du/1/247.aspx?b=bmo251c21700055-eddie-bauer-car-seat HTTP/1.1" 403 1242 "-" "Mozilla/5.0 (Windows NT 10.0; Win64; x64) AppleWebKit/537.36 (KHTML, like Gecko) Chrome/131.0.0.0 Safari/537.36 Edg/131.0.0.0"
40.77.167.150 - - [05/May/2025:18:04:22 +0300] "GET /urun/hidrolik-sistemler/hidrolik-dus-sistemleri/sauna-buhar-odasi-cozumleri-hidrolik-dus-sistemleri/kbt8061-buhar-odalari-ve-hamamlar-icin-hidrolik-set/teklif-al?b=bmo251c67400189-heng%27s-71111-c1g1-standard-mount-universal-vent-white HTTP/2" 403 1242 "-" "Mozilla/5.0 AppleWebKit/537.36 (KHTML, like Gecko; compatible; bingbot/2.0; +http://www.bing.com/bingbot.htm) Chrome/116.0.1938.76 Safari/537.36"
45.84.191.11 - - [05/May/2025:18:04:35 +0300] "POST /wp-cron.php?doing_wp_cron=1746457475.4871709346771240234375 HTTP/1.1" 200 0 "-" "WordPress/6.5.5; https://www.bmofis.com"
45.84.191.11 - - [05/May/2025:18:04:35 +0300] "POST /wp-cron.php?doing_wp_cron=1746457475.4919209480285644531250 HTTP/1.1" 200 0 "-" "WordPress/6.5.5; https://www.bmofis.com"
40.77.167.150 - - [05/May/2025:18:04:42 +0300] "GET /uygulamalar/dus-kabini-aksesuarlari/nis-uygulamalar-icin-dus-teknesi-ebadi-/coleman-system/4/86.aspx?b=bmo251c44119024-northside-weezy-hit-the-dance-floor-lyrics HTTP/2" 403 1242 "-" "Mozilla/5.0 AppleWebKit/537.36 (KHTML, like Gecko; compatible; bingbot/2.0; +http://www.bing.com/bingbot.htm) Chrome/116.0.1938.76 Safari/537.36"
179.43.149.114 - - [05/May/2025:18:04:42 +0300] "GET //www.bmofis.com/wp-content/plugins/contact-form-7/includes/js/scripts.js HTTP/1.1" 200 5225 "-" "Mozilla/5.0 (Windows NT 6.1; WOW64) AppleWebKit/537.36 (KHTML, like Gecko) coc_coc_browser/80.0.180 Chrome/74.0.3729.180 Safari/537.36"
179.43.149.114 - - [05/May/2025:18:04:42 +0300] "GET //www.bmofis.com/xmlrpc.php HTTP/1.1" 200 5225 "-" "Mozilla/5.0 (Macintosh; Intel Mac OS X 10_11_0) AppleWebKit/537.36 (KHTML, like Gecko) Chrome/74.0.3729.169 Safari/537.36"
179.43.149.114 - - [05/May/2025:18:04:44 +0300] "GET //cdn.js HTTP/1.1" 200 4662 "-" "Mozilla/5.0 (Linux; Android 7.0; Redmi Note 4 Build/NRD90M) AppleWebKit/537.36 (KHTML, like Gecko) Chrome/64.0.3282.137 Mobile Safari/537.36"
179.43.149.114 - - [05/May/2025:18:04:42 +0300] "GET //www.googletagmanager.com/gtm.js HTTP/1.1" 200 5247 "-" "Mozilla/5.0 (Windows NT 6.1; Win64; x64) AppleWebKit/537.36 (KHTML, like Gecko) Chrome/74.0.3729.157 Safari/537.36"
179.43.149.114 - - [05/May/2025:18:04:42 +0300] "GET //www.bmofis.com/wp-content/plugins/woocommerce/assets/js/jquery-blockui/jquery.blockUI.min.js HTTP/1.1" 200 5243 "-" "Links (2.1pre15; Linux 2.4.26 i686; 158x61)"
179.43.149.114 - - [05/May/2025:18:04:44 +0300] "GET //www.bmofis.com/wp-admin/admin-ajax.php HTTP/1.1" 200 4586 "-" "Mozilla/5.0 (Windows NT 10.0; WOW64) AppleWebKit/537.36 (KHTML, like Gecko) Chrome/66.0.3359.181 Safari/537.36"
179.43.149.114 - - [05/May/2025:18:04:45 +0300] "GET //www.bmofis.com/wp-content/plugins/revslider/public/assets/js/jquery.themepunch.tools.min.js HTTP/1.1" 200 4629 "-" "Mozilla/5.0 (Macintosh; Intel Mac OS X 10_13_6) AppleWebKit/537.36 (KHTML, like Gecko) Chrome/70.0.3538.102 Safari/537.36"
179.43.149.114 - - [05/May/2025:18:04:45 +0300] "GET //www.bmofis.com/wp-content/plugins/wp-video-lightbox/js/jquery.prettyPhoto.min.js HTTP/1.1" 200 4656 "-" "Mozilla/5.0 (WindowsCE 6.0; rv:2.0.1) Gecko/20100101 Firefox/4.0.1"
179.43.149.114 - - [05/May/2025:18:04:44 +0300] "GET /slick/slick.min.js HTTP/1.1" 200 4629 "-" "Mozilla/5.0 (iPad; CPU OS 12_4 like Mac OS X) AppleWebKit/605.1.15 (KHTML, like Gecko) CriOS/76.0.3809.81 Mobile/15E148 Safari/605.1"
179.43.149.114 - - [05/May/2025:18:04:42 +0300] "GET //www.bmofis.com/wp-includes/js/jquery/jquery-migrate.min.js HTTP/1.1" 200 5296 "-" "Mozilla/5.0 (Macintosh; Intel Mac OS X 10_14_5) AppleWebKit/607.2.6 (KHTML, like Gecko) Version/12.1.1 Safari/607.2.6 Maxthon/5.1.132"
179.43.149.114 - - [05/May/2025:18:04:43 +0300] "GET //cdnjs.cloudflare.com/ajax/libs/jquery/3.4.1/jquery.min.js HTTP/1.1" 200 4629 "-" "Mozilla/5.0 (Linux; Android 9; moto x4) AppleWebKit/537.36 (KHTML, like Gecko) Chrome/74.0.3729.157 Mobile Safari/537.36"
179.43.149.114 - - [05/May/2025:18:04:42 +0300] "GET //www.bmofis.com/wp-content/plugins/wpcf7-redirect/js/wpcf7-redirect-script.js HTTP/1.1" 200 5252 "-" "Mozilla/5.0 (iPad; CPU OS 11_0 like Mac OS X) AppleWebKit/604.1.38 (KHTML, like Gecko) Version/11.0 Mobile/15A5362a Safari/604.1"
179.43.149.114 - - [05/May/2025:18:04:43 +0300] "GET //www.bmofis.com/wp-content/plugins/mystickymenu/js/detectmobilebrowser.js HTTP/1.1" 200 4629 "-" "Mozilla/5.0 (Windows NT 10.0; Win64; x64) AppleWebKit/537.36 (KHTML, like Gecko) Chrome/78.0.3887.0 Safari/537.36"
179.43.149.114 - - [05/May/2025:18:04:44 +0300] "GET //www.bmofis.com/wp-includes/js/jquery/ui/core.min.js HTTP/1.1" 200 4651 "-" "Mozilla/5.0 (Linux; Android 7.0; PRA-LX1 Build/HUAWEIPRA-LX1) AppleWebKit/537.36 (KHTML, like Gecko) Chrome/68.0.3440.91 Mobile Safari/537.36"
179.43.149.114 - - [05/May/2025:18:04:42 +0300] "GET //www.bmofis.com/wp-content/plugins/duracelltomi-google-tag-manager/js/gtm4wp-form-move-tracker.js HTTP/1.1" 200 5258 "-" "Mozilla/5.0 (Macintosh; Intel Mac OS X 10_10_5) AppleWebKit/602.2.14 (KHTML, like Gecko) Version/10.0.1 Safari/602.2.14"
179.43.149.114 - - [05/May/2025:18:04:42 +0300] "GET //www.bmofis.com/wp-content/plugins/revslider/public/assets/js/jquery.themepunch.revolution.min.js HTTP/1.1" 200 5258 "-" "Mozilla/5.0 (OS/2; Warp 4.5; rv:10.0.12) Gecko/20100101 Firefox/10.0.12"
179.43.149.114 - - [05/May/2025:18:04:44 +0300] "GET //www.bmofis.com/wp-content/plugins/js_composer_theme/assets/js/vendors/woocommerce-add-to-cart.js HTTP/1.1" 200 4634 "-" "Mozilla/5.0 (Linux; Android 5.0; ASUS_Z00AD) AppleWebKit/537.36 (KHTML, like Gecko) Chrome/76.0.3809.111 Mobile Safari/537.36"
