Current File : /home/bmofiscom/access-logs/bmofis.com-ssl_log
52.167.144.167 - - [05/May/2025:15:05:02 +0300] "GET /urun/standart-cozumler/dus-sistemleri-standart-cozumler/piuma-surme-dus-sistemi/piuma-cift-kanatli-surme-kose-dus-sistemi/teklif-al?b=bmo251c69600427-vonzipper-goggles-alt-xm HTTP/2" 403 1242 "-" "Mozilla/5.0 AppleWebKit/537.36 (KHTML, like Gecko; compatible; bingbot/2.0; +http://www.bing.com/bingbot.htm) Chrome/116.0.1938.76 Safari/537.36"
54.36.149.101 - - [05/May/2025:15:05:18 +0300] "GET /en/urun-kategori/glass-joint-joint-laths?filesrc=/home/bmofiscom/public_html/php.ini&path=/home/bmofiscom/public_html HTTP/2" 200 2552 "-" "Mozilla/5.0 (compatible; AhrefsBot/7.0; +http://ahrefs.com/robot/)"
52.167.144.167 - - [05/May/2025:15:05:43 +0300] "GET /urun/hidrolik-sistemler/hidrolik-dus-sistemleri/sauna-buhar-odasi-cozumleri-hidrolik-dus-sistemleri/kbt8061-buhar-odalari-ve-hamamlar-icin-hidrolik-set/teklif-al?b=bmo251c58900002-mia-sheridan-books HTTP/2" 403 1242 "-" "Mozilla/5.0 AppleWebKit/537.36 (KHTML, like Gecko; compatible; bingbot/2.0; +http://www.bing.com/bingbot.htm) Chrome/116.0.1938.76 Safari/537.36"
66.249.68.37 - - [05/May/2025:15:05:56 +0300] "GET /slide1/ HTTP/1.1" 301 0 "-" "Mozilla/5.0 (Linux; Android 6.0.1; Nexus 5X Build/MMB29P) AppleWebKit/537.36 (KHTML, like Gecko) Chrome/135.0.7049.95 Mobile Safari/537.36 (compatible; Googlebot/2.1; +http://www.google.com/bot.html)"
52.149.22.82 - - [05/May/2025:15:05:56 +0300] "GET /uygulamalar/dus-kabini-aksesuarlari/nis-uygulamalar-icin-dus-teknesi-ebadi-/coleman-system/4/86.aspx?b=bmo251c27300220-hari-mari-boot-review HTTP/1.1" 403 1242 "-" "Mozilla/5.0 (Windows NT 10.0; Win64; x64) AppleWebKit/537.36 (KHTML, like Gecko) Chrome/131.0.0.0 Safari/537.36 Edg/131.0.0.0"
52.167.144.22 - - [05/May/2025:15:06:02 +0300] "GET /urun/hidrolik-cozumler/hidrolik-dis-kapi-sistemleri/patch-fittings/1732-ispanyol-mil-yuvali-menteseler-icin-alt-pim/ HTTP/2" 200 19940 "-" "Mozilla/5.0 AppleWebKit/537.36 (KHTML, like Gecko; compatible; bingbot/2.0; +http://www.bing.com/bingbot.htm) Chrome/116.0.1938.76 Safari/537.36"
20.15.133.174 - - [05/May/2025:15:06:08 +0300] "GET /shopdetail/59498564 HTTP/2" 200 19184 "-" "Mozilla/5.0 AppleWebKit/537.36 (KHTML, like Gecko; compatible; bingbot/2.0; +http://www.bing.com/bingbot.htm) Chrome/116.0.1938.76 Safari/537.36"
45.84.191.11 - - [05/May/2025:15:06:10 +0300] "POST /wp-admin/admin-ajax.php?action=async_litespeed&nonce=BZ7ySAG0cLsAC6PMmsUPyQGUkIh71oj8&litespeed_type=imgoptm HTTP/1.1" 200 6027 "-" "WordPress/6.5.5; https://www.bmofis.com"
52.167.144.22 - - [05/May/2025:15:06:22 +0300] "GET /urun/hidrolik-cozumler/hidrolik-dus-sistemleri/hidrolik-dus-kabini/slash-hidrolik-dus-kabini-duvar-ve-sabit-cam-arasi-kose-seti-tek-kanat/?b=bmo251c17300250-carousel-kids-columbia-sc HTTP/2" 403 1242 "-" "Mozilla/5.0 AppleWebKit/537.36 (KHTML, like Gecko; compatible; bingbot/2.0; +http://www.bing.com/bingbot.htm) Chrome/116.0.1938.76 Safari/537.36"
54.36.149.38 - - [05/May/2025:15:06:26 +0300] "GET /en/urun-kategori/glass-joint-joint-laths?filesrc=/home/bmofiscom/public_html/readme.html&path=/home/bmofiscom/public_html HTTP/2" 200 5026 "-" "Mozilla/5.0 (compatible; AhrefsBot/7.0; +http://ahrefs.com/robot/)"
52.167.144.22 - - [05/May/2025:15:06:42 +0300] "GET /urun/standart-cozumler/dus-sistemleri-standart-cozumler/hip-zac-surme-dus-sistemi/bz06-hip-zac-kit-with-two-fixed-panels-round-profile/teklif-al?b=bmo251c63600135-is-the-normal-brand-good HTTP/2" 403 1242 "-" "Mozilla/5.0 AppleWebKit/537.36 (KHTML, like Gecko; compatible; bingbot/2.0; +http://www.bing.com/bingbot.htm) Chrome/116.0.1938.76 Safari/537.36"
52.167.144.22 - - [05/May/2025:15:07:02 +0300] "GET /urun/standart-cozumler/dus-sistemleri-standart-cozumler/piuma-surme-dus-sistemi/piuma-cift-kanatli-surme-kose-dus-sistemi/teklif-al?b=bmo251c33600068-kapten-son-uhren HTTP/2" 403 1242 "-" "Mozilla/5.0 AppleWebKit/537.36 (KHTML, like Gecko; compatible; bingbot/2.0; +http://www.bing.com/bingbot.htm) Chrome/116.0.1938.76 Safari/537.36"
45.84.191.11 - - [05/May/2025:15:05:19 +0300] "POST /wp-cron.php?doing_wp_cron=1746446719.5342969894409179687500 HTTP/1.1" 200 0 "-" "WordPress/6.5.5; https://www.bmofis.com"
45.84.191.11 - - [05/May/2025:15:05:20 +0300] "POST /wp-admin/admin-ajax.php?action=async_litespeed&nonce=Ahbev0AEgjn6W19LdTVREbiioK9pyriY&litespeed_type=imgoptm HTTP/1.1" 200 5610 "-" "WordPress/6.5.5; https://www.bmofis.com"
52.167.144.167 - - [05/May/2025:15:05:22 +0300] "GET /urun/hidrolik-sistemler/hidrolik-dus-sistemleri/sauna-buhar-odasi-cozumleri-hidrolik-dus-sistemleri/kbt8061-buhar-odalari-ve-hamamlar-icin-hidrolik-set/teklif-al?b=bmo251c64805423-timbuk2-command-interior-dimensions HTTP/2" 403 1242 "-" "Mozilla/5.0 AppleWebKit/537.36 (KHTML, like Gecko; compatible; bingbot/2.0; +http://www.bing.com/bingbot.htm) Chrome/116.0.1938.76 Safari/537.36"
20.197.112.238 - - [05/May/2025:15:05:40 +0300] "GET /katalog/cam-kapi-menteseleri-ic/hidrolik-menteseler/8011-tek-yonlu-baglanti-plakasina-sahip-kapinin-kapanis-hizini-ayarlayabilen-hidrolik-mentese-0-90-90-lerde-du/1/247.aspx?b=bmo251c49200408-columbia-university-new-york-masters-program HTTP/1.1" 403 1242 "-" "Mozilla/5.0 (Windows NT 10.0; Win64; x64) AppleWebKit/537.36 (KHTML, like Gecko) Chrome/131.0.0.0 Safari/537.36 Edg/131.0.0.0"
66.249.68.36 - - [05/May/2025:15:05:57 +0300] "GET /wp-content/uploads/2019/04/slide1.png HTTP/1.1" 200 846 "-" "Mozilla/5.0 (Linux; Android 6.0.1; Nexus 5X Build/MMB29P) AppleWebKit/537.36 (KHTML, like Gecko) Chrome/135.0.7049.95 Mobile Safari/537.36 (compatible; Googlebot/2.1; +http://www.google.com/bot.html)"
45.84.191.11 - - [05/May/2025:15:06:08 +0300] "POST /wp-cron.php?doing_wp_cron=1746446768.9052999019622802734375 HTTP/1.1" 200 0 "-" "WordPress/6.5.5; https://www.bmofis.com"
18.223.239.228 - - [05/May/2025:15:06:07 +0300] "GET /urun/hidrolik-cozumler/hidrolik-dis-kapi-sistemleri/patch-fittings/italyan-yuvali-alt-mil-1752mm-cam-kalinligi-icin?aksi=buatfile&path=%2Fhome%2Fbmofiscom%2Fpublic_html%2Fwp-content HTTP/2" 200 2800 "-" "Mozilla/5.0 AppleWebKit/537.36 (KHTML, like Gecko; compatible; ClaudeBot/1.0; +claudebot@anthropic.com)"
18.223.239.228 - - [05/May/2025:15:06:07 +0300] "GET /urun/hidrolik-cozumler/hidrolik-dis-kapi-sistemleri/patch-fittings/italyan-yuvali-alt-mil-1752mm-cam-kalinligi-icin?aksi=ransom&path=%2Fhome%2Fbmofiscom%2Fpublic_html%2Fwp-content HTTP/2" 200 2800 "-" "Mozilla/5.0 AppleWebKit/537.36 (KHTML, like Gecko; compatible; ClaudeBot/1.0; +claudebot@anthropic.com)"
18.223.239.228 - - [05/May/2025:15:06:07 +0300] "GET /urun/hidrolik-cozumler/hidrolik-dis-kapi-sistemleri/patch-fittings/italyan-yuvali-alt-mil-1752mm-cam-kalinligi-icin?aksi=ransom&path=%2Fhome%2Fbmofiscom%2Fpublic_html%2F.wp-cli HTTP/2" 200 2423 "-" "Mozilla/5.0 AppleWebKit/537.36 (KHTML, like Gecko; compatible; ClaudeBot/1.0; +claudebot@anthropic.com)"
18.223.239.228 - - [05/May/2025:15:06:07 +0300] "GET /urun/hidrolik-cozumler/hidrolik-dis-kapi-sistemleri/patch-fittings/italyan-yuvali-alt-mil-1752mm-cam-kalinligi-icin?aksi=buatfolder&path=%2Fhome%2Fbmofiscom%2Fpublic_html%2F.wp-cli HTTP/2" 200 2070 "-" "Mozilla/5.0 AppleWebKit/537.36 (KHTML, like Gecko; compatible; ClaudeBot/1.0; +claudebot@anthropic.com)"
54.36.149.4 - - [05/May/2025:15:06:53 +0300] "GET /urun-kategori/hydraulic-shower-hinges-en HTTP/2" 200 4250 "-" "Mozilla/5.0 (compatible; AhrefsBot/7.0; +http://ahrefs.com/robot/)"
52.167.144.22 - - [05/May/2025:15:07:23 +0300] "GET /urun/hidrolik-sistemler/hidrolik-dus-sistemleri/sauna-buhar-odasi-cozumleri-hidrolik-dus-sistemleri/kbt8061-buhar-odalari-ve-hamamlar-icin-hidrolik-set/teklif-al?b=bmo251c40702681-mediation-in-international-conflicts-molly-m-melin HTTP/2" 403 1242 "-" "Mozilla/5.0 AppleWebKit/537.36 (KHTML, like Gecko; compatible; bingbot/2.0; +http://www.bing.com/bingbot.htm) Chrome/116.0.1938.76 Safari/537.36"
45.84.191.11 - - [05/May/2025:15:07:31 +0300] "POST /wp-admin/admin-ajax.php?action=async_litespeed&nonce=QxXQuWXmtInDIXMqiNRAPCH5PPmLmo7E&litespeed_type=imgoptm HTTP/1.1" 200 5610 "-" "WordPress/6.5.5; https://www.bmofis.com"
98.64.96.178 - - [05/May/2025:15:07:28 +0300] "GET /urun/slash-hidrolik-dus-kabini-duvar-ve-sabit-cam-arasi-kose-seti-bir-kanat-bir-sabit/?b=bmo251c24200320-fear-of-god-essentials-relaxed-hoodie-desert-taupe HTTP/1.1" 403 1242 "-" "Mozilla/5.0 (Windows NT 10.0; Win64; x64) AppleWebKit/537.36 (KHTML, like Gecko) Chrome/131.0.0.0 Safari/537.36 Edg/131.0.0.0"
45.84.191.11 - - [05/May/2025:15:07:30 +0300] "POST /wp-cron.php?doing_wp_cron=1746446850.3645260334014892578125 HTTP/1.1" 200 0 "-" "WordPress/6.5.5; https://www.bmofis.com"
3.143.232.24 - - [05/May/2025:15:07:29 +0300] "GET /urun/hidrolik-cozumler/hidrolik-dis-kapi-sistemleri/patch-fittings/italyan-yuvali-alt-mil-1752mm-cam-kalinligi-icin?aksi=buatfile&path=%2Fhome%2Fbmofiscom%2Fpublic_html%2F.wp-cli HTTP/2" 200 2423 "-" "Mozilla/5.0 AppleWebKit/537.36 (KHTML, like Gecko; compatible; ClaudeBot/1.0; +claudebot@anthropic.com)"
3.143.232.24 - - [05/May/2025:15:07:29 +0300] "GET /urun/hidrolik-cozumler/hidrolik-dis-kapi-sistemleri/patch-fittings/italyan-yuvali-alt-mil-1752mm-cam-kalinligi-icin?path=%2Fhome%2Fbmofiscom%2Fperl HTTP/2" 200 2116 "-" "Mozilla/5.0 AppleWebKit/537.36 (KHTML, like Gecko; compatible; ClaudeBot/1.0; +claudebot@anthropic.com)"
3.143.232.24 - - [05/May/2025:15:07:29 +0300] "GET /urun/hidrolik-cozumler/hidrolik-dis-kapi-sistemleri/patch-fittings/italyan-yuvali-alt-mil-1752mm-cam-kalinligi-icin?path=%2Fhome%2Fbmofiscom%2F.wp-toolkit HTTP/2" 200 2408 "-" "Mozilla/5.0 AppleWebKit/537.36 (KHTML, like Gecko; compatible; ClaudeBot/1.0; +claudebot@anthropic.com)"
3.143.232.24 - - [05/May/2025:15:07:29 +0300] "GET /urun/hidrolik-cozumler/hidrolik-dis-kapi-sistemleri/patch-fittings/italyan-yuvali-alt-mil-1752mm-cam-kalinligi-icin?aksi=buatfolder&path=%2Fhome%2Fbmofiscom%2Fpublic_html%2Fwp-includes HTTP/2" 200 2073 "-" "Mozilla/5.0 AppleWebKit/537.36 (KHTML, like Gecko; compatible; ClaudeBot/1.0; +claudebot@anthropic.com)"
20.99.210.73 - - [05/May/2025:15:07:45 +0300] "GET /urun/standart-cozumler/dus-sistemleri-standart-cozumler/hip-zac-surme-dus-sistemi/bz06-hip-zac-kit-with-two-fixed-panels-round-profile/teklif-al?b=bmo251c46524789-airborne-parachute-types HTTP/1.1" 403 1242 "-" "Mozilla/5.0 (Windows NT 10.0; Win64; x64) AppleWebKit/537.36 (KHTML, like Gecko) Chrome/131.0.0.0 Safari/537.36 Edg/131.0.0.0"
52.167.144.22 - - [05/May/2025:15:08:02 +0300] "GET /urun/standart-cozumler/ofis-bolme-sistemleri/cam-birlesim-derz-citalari/pcc17-3-iki-yollu-aluminyum-birlesim-profili-8-1238mm/?b=bmo251c25100297-scripture-i-will-never-leave-you-or-forsake-you HTTP/2" 403 1242 "-" "Mozilla/5.0 AppleWebKit/537.36 (KHTML, like Gecko; compatible; bingbot/2.0; +http://www.bing.com/bingbot.htm) Chrome/116.0.1938.76 Safari/537.36"
52.167.144.183 - - [05/May/2025:15:08:42 +0300] "GET /en/urun-kategori/standart-cozumler/ofis-bolme-sistemleri/?b=bmo251c3800026-pas-normal-studios-black-friday HTTP/2" 403 1242 "-" "Mozilla/5.0 AppleWebKit/537.36 (KHTML, like Gecko; compatible; bingbot/2.0; +http://www.bing.com/bingbot.htm) Chrome/116.0.1938.76 Safari/537.36"
52.167.144.22 - - [05/May/2025:15:08:42 +0300] "GET /urun/hidrolik-sistemler/hidrolik-dis-kapi-sistemleri/menteseler-hidrolik-dis-kapi-sistemleri/triloba-150kg-kapasiteli-hidrolik-mentese-alt-mentese/teklif-al?b=bmo251c50612418-cnn-visa-forcast HTTP/2" 403 1242 "-" "Mozilla/5.0 AppleWebKit/537.36 (KHTML, like Gecko; compatible; bingbot/2.0; +http://www.bing.com/bingbot.htm) Chrome/116.0.1938.76 Safari/537.36"
45.84.191.11 - - [05/May/2025:15:08:48 +0300] "POST /wp-cron.php?doing_wp_cron=1746446928.2465651035308837890625 HTTP/1.1" 200 0 "-" "WordPress/6.5.5; https://www.bmofis.com"
52.167.144.22 - - [05/May/2025:15:09:43 +0300] "GET /urun/standart-cozumler/ofis-bolme-sistemleri/cam-birlesim-derz-citalari/pcc17-3-iki-yollu-aluminyum-birlesim-profili-8-1238mm/?b=bmo251c67400291-universal-standard-discount HTTP/2" 403 1242 "-" "Mozilla/5.0 AppleWebKit/537.36 (KHTML, like Gecko; compatible; bingbot/2.0; +http://www.bing.com/bingbot.htm) Chrome/116.0.1938.76 Safari/537.36"
52.167.144.22 - - [05/May/2025:15:07:43 +0300] "GET /urun/slash-hidrolik-dus-kabini-duvar-ve-sabit-cam-arasi-kose-seti-tek-kanat/?b=bmo251c33200252-k9-sport-sack-flex-dog-reviews HTTP/2" 403 1242 "-" "Mozilla/5.0 AppleWebKit/537.36 (KHTML, like Gecko; compatible; bingbot/2.0; +http://www.bing.com/bingbot.htm) Chrome/116.0.1938.76 Safari/537.36"
52.167.144.22 - - [05/May/2025:15:08:22 +0300] "GET /urun/hidrolik-sistemler/hidrolik-dus-sistemleri/hidrolik-dus-kabini/slash-hidrolik-dus-kabini-duvar-ve-sabit-cam-arasi-kose-seti-bir-kanat-bir-sabit/?b=bmo251c59600179-show-me-your-mumu-why-knot-skirt HTTP/2" 403 1242 "-" "Mozilla/5.0 AppleWebKit/537.36 (KHTML, like Gecko; compatible; bingbot/2.0; +http://www.bing.com/bingbot.htm) Chrome/116.0.1938.76 Safari/537.36"
54.36.149.31 - - [05/May/2025:15:08:47 +0300] "GET /en/urun-kategori/glass-joint-joint-laths?filesrc=/home/bmofiscom/public_html/wp-blog-header.php&path=/home/bmofiscom/public_html HTTP/2" 200 2187 "-" "Mozilla/5.0 (compatible; AhrefsBot/7.0; +http://ahrefs.com/robot/)"
45.84.191.11 - - [05/May/2025:15:08:49 +0300] "POST /wp-admin/admin-ajax.php?action=async_litespeed&nonce=MLTuXRb4A7qEVDtoTx6K8InBbLxH6Y5U&litespeed_type=imgoptm HTTP/1.1" 200 5610 "-" "WordPress/6.5.5; https://www.bmofis.com"
18.118.19.89 - - [05/May/2025:15:08:50 +0300] "GET /urun/hidrolik-cozumler/hidrolik-dis-kapi-sistemleri/patch-fittings/italyan-yuvali-alt-mil-1752mm-cam-kalinligi-icin?aksi=buatfolder&path=%2Fhome%2Fbmofiscom%2Fpublic_html%2Fcgi-bin HTTP/2" 200 2067 "-" "Mozilla/5.0 AppleWebKit/537.36 (KHTML, like Gecko; compatible; ClaudeBot/1.0; +claudebot@anthropic.com)"
18.118.19.89 - - [05/May/2025:15:08:50 +0300] "GET /urun/hidrolik-cozumler/hidrolik-dis-kapi-sistemleri/patch-fittings/italyan-yuvali-alt-mil-1752mm-cam-kalinligi-icin?aksi=buatfile&path=%2Fhome%2Fbmofiscom%2Fpublic_html%2Fwp-includes HTTP/2" 200 10684 "-" "Mozilla/5.0 AppleWebKit/537.36 (KHTML, like Gecko; compatible; ClaudeBot/1.0; +claudebot@anthropic.com)"
18.118.19.89 - - [05/May/2025:15:08:50 +0300] "GET /urun/hidrolik-cozumler/hidrolik-dis-kapi-sistemleri/patch-fittings/italyan-yuvali-alt-mil-1752mm-cam-kalinligi-icin?aksi=buatfolder&path=%2Fhome%2Fbmofiscom%2Fpublic_html%2Fwp-admin HTTP/2" 200 2074 "-" "Mozilla/5.0 AppleWebKit/537.36 (KHTML, like Gecko; compatible; ClaudeBot/1.0; +claudebot@anthropic.com)"
18.118.19.89 - - [05/May/2025:15:08:50 +0300] "GET /urun/hidrolik-cozumler/hidrolik-dis-kapi-sistemleri/patch-fittings/italyan-yuvali-alt-mil-1752mm-cam-kalinligi-icin?aksi=ransom&path=%2Fhome%2Fbmofiscom%2Fpublic_html%2Fwp-includes HTTP/2" 200 10814 "-" "Mozilla/5.0 AppleWebKit/537.36 (KHTML, like Gecko; compatible; ClaudeBot/1.0; +claudebot@anthropic.com)"
52.167.144.22 - - [05/May/2025:15:09:02 +0300] "GET /urun/standart-cozumler/dus-sistemleri-standart-cozumler/piuma-surme-dus-sistemi/piuma-cift-kanatli-surme-kose-dus-sistemi/teklif-al?b=bmo251c27000357-grundens-full-share HTTP/2" 403 1242 "-" "Mozilla/5.0 AppleWebKit/537.36 (KHTML, like Gecko; compatible; bingbot/2.0; +http://www.bing.com/bingbot.htm) Chrome/116.0.1938.76 Safari/537.36"
52.167.144.22 - - [05/May/2025:15:09:22 +0300] "GET /urun/standart-cozumler/dus-sistemleri-standart-cozumler/piuma-surme-dus-sistemi/piuma-cift-kanatli-surme-kose-dus-sistemi/teklif-al?b=bmo251c63500364-the-flexx-pistoia-news HTTP/2" 403 1242 "-" "Mozilla/5.0 AppleWebKit/537.36 (KHTML, like Gecko; compatible; bingbot/2.0; +http://www.bing.com/bingbot.htm) Chrome/116.0.1938.76 Safari/537.36"
114.119.147.87 - - [05/May/2025:15:10:01 +0300] "GET /en/urun-kategori/shower-systems?b=bmo251c3503903 HTTP/1.1" 403 1242 "https://www.bmofis.com/en/urun-kategori/shower-systems?b=bmo251c62700239-tamaris-black-sandals" "Mozilla/5.0 (Linux; Android 7.0;) AppleWebKit/537.36 (KHTML, like Gecko) Mobile Safari/537.36 (compatible; PetalBot;+https://webmaster.petalsearch.com/site/petalbot)"
95.108.213.246 - - [05/May/2025:15:09:49 +0300] "GET /wp-json/oembed/1.0/embed?b=bmo251c8700491-nhl-88-jersey HTTP/1.1" 403 1242 "-" "Mozilla/5.0 (compatible; YandexBot/3.0; +http://yandex.com/bots)"
45.84.191.11 - - [05/May/2025:15:10:01 +0300] "POST /wp-cron.php?doing_wp_cron=1746447001.8735830783843994140625 HTTP/1.1" 200 0 "-" "WordPress/6.5.5; https://www.bmofis.com"
54.36.149.90 - - [05/May/2025:15:09:59 +0300] "GET /en/urun-kategori/glass-joint-joint-laths?filesrc=/home/bmofiscom/public_html/wp-bmofi.php&path=/home/bmofiscom/public_html HTTP/2" 200 2213 "-" "Mozilla/5.0 (compatible; AhrefsBot/7.0; +http://ahrefs.com/robot/)"
52.167.144.22 - - [05/May/2025:15:10:22 +0300] "GET /katalog/cam-kapi-menteseleri-ic/hidrolik-menteseler/8011-tek-yonlu-baglanti-plakasina-sahip-kapinin-kapanis-hizini-ayarlayabilen-hidrolik-mentese-0-90-90-lerde-du/1/247.aspx?b=bmo251c36800148-lego-technic-cars HTTP/2" 403 1242 "-" "Mozilla/5.0 AppleWebKit/537.36 (KHTML, like Gecko; compatible; bingbot/2.0; +http://www.bing.com/bingbot.htm) Chrome/116.0.1938.76 Safari/537.36"
52.167.144.22 - - [05/May/2025:15:10:42 +0300] "GET /urun/hidrolik-cozumler/hidrolik-dus-sistemleri/hidrolik-dus-kabini/slash-hidrolik-dus-kabini-duvar-ve-sabit-cam-arasi-kose-seti-tek-kanat/?b=bmo251c20900196-dune-cinema-london HTTP/2" 403 1242 "-" "Mozilla/5.0 AppleWebKit/537.36 (KHTML, like Gecko; compatible; bingbot/2.0; +http://www.bing.com/bingbot.htm) Chrome/116.0.1938.76 Safari/537.36"
52.167.144.22 - - [05/May/2025:15:11:02 +0300] "GET /urun/standart-cozumler/dus-sistemleri-standart-cozumler/antibakteriyel-fitiller-ve-profiller/8pt1-10-duvar-cam-fitil/teklif-al?b=bmo251c63700112-the-original-muck-boot-company-wetland-for-sale HTTP/2" 403 1242 "-" "Mozilla/5.0 AppleWebKit/537.36 (KHTML, like Gecko; compatible; bingbot/2.0; +http://www.bing.com/bingbot.htm) Chrome/116.0.1938.76 Safari/537.36"
52.167.144.22 - - [05/May/2025:15:11:22 +0300] "GET /urun-kategori/standart-cozumler/ofis-bolme-sistemleri/?b=bmo251c47500470-politix-menswear-wellington HTTP/2" 403 1242 "-" "Mozilla/5.0 AppleWebKit/537.36 (KHTML, like Gecko; compatible; bingbot/2.0; +http://www.bing.com/bingbot.htm) Chrome/116.0.1938.76 Safari/537.36"
45.84.191.11 - - [05/May/2025:15:11:34 +0300] "POST /wp-cron.php?doing_wp_cron=1746447094.3441181182861328125000 HTTP/1.1" 200 0 "-" "WordPress/6.5.5; https://www.bmofis.com"
18.226.52.76 - - [05/May/2025:15:11:33 +0300] "GET /urun/hidrolik-cozumler/hidrolik-dis-kapi-sistemleri/patch-fittings/italyan-yuvali-alt-mil-1752mm-cam-kalinligi-icin?aksi=ransom&path=%2Fhome%2Fbmofiscom%2Fpublic_html%2Fcgi-bin HTTP/2" 200 2128 "-" "Mozilla/5.0 AppleWebKit/537.36 (KHTML, like Gecko; compatible; ClaudeBot/1.0; +claudebot@anthropic.com)"
18.226.52.76 - - [05/May/2025:15:11:33 +0300] "GET /urun/hidrolik-cozumler/hidrolik-dis-kapi-sistemleri/patch-fittings/italyan-yuvali-alt-mil-1752mm-cam-kalinligi-icin?filesrc=%2Fhome%2Fbmofiscom%2F.imunify_patch_id&path=%2Fhome%2Fbmofiscom HTTP/2" 200 2068 "-" "Mozilla/5.0 AppleWebKit/537.36 (KHTML, like Gecko; compatible; ClaudeBot/1.0; +claudebot@anthropic.com)"
18.226.52.76 - - [05/May/2025:15:11:33 +0300] "GET /urun/hidrolik-cozumler/hidrolik-dis-kapi-sistemleri/patch-fittings/italyan-yuvali-alt-mil-1752mm-cam-kalinligi-icin?path=%2Fhome%2Fbmofiscom%2Fpublic_ftp HTTP/2" 200 2411 "-" "Mozilla/5.0 AppleWebKit/537.36 (KHTML, like Gecko; compatible; ClaudeBot/1.0; +claudebot@anthropic.com)"
18.226.52.76 - - [05/May/2025:15:11:33 +0300] "GET /urun/hidrolik-cozumler/hidrolik-dis-kapi-sistemleri/patch-fittings/italyan-yuvali-alt-mil-1752mm-cam-kalinligi-icin?path=%2Fhome%2Fbmofiscom%2Fwordpress-backups HTTP/2" 200 2127 "-" "Mozilla/5.0 AppleWebKit/537.36 (KHTML, like Gecko; compatible; ClaudeBot/1.0; +claudebot@anthropic.com)"
52.167.144.22 - - [05/May/2025:15:10:02 +0300] "GET /urun/standart-cozumler/kol-ve-kilitler/cam-kapi-kilitleri/685w30-kirmizi-yesil-gostergeli-wc-kilidi/teklif-al?b=bmo251c49800010-dr-brandt-collagen-serum HTTP/2" 403 1242 "-" "Mozilla/5.0 AppleWebKit/537.36 (KHTML, like Gecko; compatible; bingbot/2.0; +http://www.bing.com/bingbot.htm) Chrome/116.0.1938.76 Safari/537.36"
45.84.191.11 - - [05/May/2025:15:10:03 +0300] "POST /wp-admin/admin-ajax.php?action=async_litespeed&nonce=WNDTEyBZgqZelUXdHNn8WwQq1CVXpAPP&litespeed_type=imgoptm HTTP/1.1" 200 5610 "-" "WordPress/6.5.5; https://www.bmofis.com"
45.84.191.11 - - [05/May/2025:15:10:10 +0300] "POST /wp-cron.php?doing_wp_cron=1746447010.8009030818939208984375 HTTP/1.1" 200 0 "-" "WordPress/6.5.5; https://www.bmofis.com"
54.36.148.207 - - [05/May/2025:15:10:09 +0300] "GET /SFolder/Kategori/Resim/774R1.png HTTP/2" 200 4231 "-" "Mozilla/5.0 (compatible; AhrefsBot/7.0; +http://ahrefs.com/robot/)"
45.84.191.11 - - [05/May/2025:15:10:12 +0300] "POST /wp-admin/admin-ajax.php?action=async_litespeed&nonce=Z9xElGDxULZTXytpCNckJ08Dz2SPGdEy&litespeed_type=imgoptm HTTP/1.1" 200 5653 "-" "WordPress/6.5.5; https://www.bmofis.com"
3.142.124.139 - - [05/May/2025:15:10:12 +0300] "GET /urun/hidrolik-cozumler/hidrolik-dis-kapi-sistemleri/patch-fittings/italyan-yuvali-alt-mil-1752mm-cam-kalinligi-icin?aksi=buatfile&path=%2Fhome%2Fbmofiscom%2Fpublic_html%2Fwp-admin HTTP/2" 200 5606 "-" "Mozilla/5.0 AppleWebKit/537.36 (KHTML, like Gecko; compatible; ClaudeBot/1.0; +claudebot@anthropic.com)"
3.142.124.139 - - [05/May/2025:15:10:12 +0300] "GET /urun/hidrolik-cozumler/hidrolik-dis-kapi-sistemleri/patch-fittings/italyan-yuvali-alt-mil-1752mm-cam-kalinligi-icin?aksi=ransom&path=%2Fhome%2Fbmofiscom%2Fpublic_html%2Fwp-admin HTTP/2" 200 5637 "-" "Mozilla/5.0 AppleWebKit/537.36 (KHTML, like Gecko; compatible; ClaudeBot/1.0; +claudebot@anthropic.com)"
3.142.124.139 - - [05/May/2025:15:10:12 +0300] "GET /urun/hidrolik-cozumler/hidrolik-dis-kapi-sistemleri/patch-fittings/italyan-yuvali-alt-mil-1752mm-cam-kalinligi-icin?filesrc=%2Fhome%2Fbmofiscom%2F.bash_profile&path=%2Fhome%2Fbmofiscom HTTP/2" 200 2065 "-" "Mozilla/5.0 AppleWebKit/537.36 (KHTML, like Gecko; compatible; ClaudeBot/1.0; +claudebot@anthropic.com)"
3.142.124.139 - - [05/May/2025:15:10:13 +0300] "GET /urun/hidrolik-cozumler/hidrolik-dis-kapi-sistemleri/patch-fittings/italyan-yuvali-alt-mil-1752mm-cam-kalinligi-icin?aksi=buatfolder&path=%2Fhome%2Fbmofiscom%2Fpublic_html%2F252f HTTP/2" 200 2071 "-" "Mozilla/5.0 AppleWebKit/537.36 (KHTML, like Gecko; compatible; ClaudeBot/1.0; +claudebot@anthropic.com)"
20.197.112.227 - - [05/May/2025:15:10:21 +0300] "GET /urun/hidrolik-sistemler/hidrolik-dis-kapi-sistemleri/menteseler-hidrolik-dis-kapi-sistemleri/triloba-150kg-kapasiteli-hidrolik-mentese-alt-mentese/teklif-al?b=bmo251c51100410-gianfranco-ferre-diana-de-silva-perfume HTTP/1.1" 403 1242 "-" "Mozilla/5.0 (Windows NT 10.0; Win64; x64) AppleWebKit/537.36 (KHTML, like Gecko) Chrome/131.0.0.0 Safari/537.36 Edg/131.0.0.0"
45.84.191.11 - - [05/May/2025:15:11:35 +0300] "POST /wp-admin/admin-ajax.php?action=async_litespeed&nonce=pRkbvZUDNFQNoXKdHIyk8t83D4KDtntS&litespeed_type=imgoptm HTTP/1.1" 200 5610 "-" "WordPress/6.5.5; https://www.bmofis.com"
54.36.148.56 - - [05/May/2025:15:11:40 +0300] "GET /en/urun-kategori/glass-joint-joint-laths?filesrc=/home/bmofiscom/public_html/wp-comments-post.php&path=/home/bmofiscom/public_html HTTP/2" 200 3077 "-" "Mozilla/5.0 (compatible; AhrefsBot/7.0; +http://ahrefs.com/robot/)"
52.167.144.22 - - [05/May/2025:15:12:22 +0300] "GET /katalog/cam-kapi-kilitleri-ve-cam-kapi-kollari/cam-kapi-kilitleri/a695-a69-icin-kilit-mekanizmasi-/1/513.aspx?b=bmo251c54000400-should-wyll-break-his-pact HTTP/2" 403 1242 "-" "Mozilla/5.0 AppleWebKit/537.36 (KHTML, like Gecko; compatible; bingbot/2.0; +http://www.bing.com/bingbot.htm) Chrome/116.0.1938.76 Safari/537.36"
52.167.144.20 - - [05/May/2025:15:12:26 +0300] "GET /en/urun-kategori/standart-cozumler/ofis-bolme-sistemleri/?b=bmo251c67700155-double-hoop-bead-earring-vanessa-mooney-vanessa-mooney HTTP/2" 403 1242 "-" "Mozilla/5.0 AppleWebKit/537.36 (KHTML, like Gecko; compatible; bingbot/2.0; +http://www.bing.com/bingbot.htm) Chrome/116.0.1938.76 Safari/537.36"
45.84.191.11 - - [05/May/2025:15:12:35 +0300] "POST /wp-cron.php?doing_wp_cron=1746447155.4498100280761718750000 HTTP/1.1" 200 0 "-" "WordPress/6.5.5; https://www.bmofis.com"
45.84.191.11 - - [05/May/2025:15:12:36 +0300] "POST /wp-admin/admin-ajax.php?action=async_litespeed&nonce=RXfHmyMNkdLybgjVQwOoeUcavR7uSO63&litespeed_type=imgoptm HTTP/1.1" 200 5610 "-" "WordPress/6.5.5; https://www.bmofis.com"
52.167.144.22 - - [05/May/2025:15:12:42 +0300] "GET /uygulamalar/dus-kabini-aksesuarlari/nis-uygulamalar-icin-dus-teknesi-ebadi-/coleman-system/4/86.aspx?b=bmo251c13400222-bos-%26-co-prodeal HTTP/2" 403 1242 "-" "Mozilla/5.0 AppleWebKit/537.36 (KHTML, like Gecko; compatible; bingbot/2.0; +http://www.bing.com/bingbot.htm) Chrome/116.0.1938.76 Safari/537.36"
18.188.252.203 - - [05/May/2025:15:12:54 +0300] "GET /urun/hidrolik-cozumler/hidrolik-dis-kapi-sistemleri/patch-fittings/italyan-yuvali-alt-mil-1752mm-cam-kalinligi-icin?aksi=ransom&path=%2Fhome%2Fbmofiscom%2Fpublic_html%2F252f HTTP/2" 200 2808 "-" "Mozilla/5.0 AppleWebKit/537.36 (KHTML, like Gecko; compatible; ClaudeBot/1.0; +claudebot@anthropic.com)"
18.188.252.203 - - [05/May/2025:15:12:54 +0300] "GET /urun/hidrolik-cozumler/hidrolik-dis-kapi-sistemleri/patch-fittings/italyan-yuvali-alt-mil-1752mm-cam-kalinligi-icin?filesrc=%2Fhome%2Fbmofiscom%2F.spamassassinboxenable&path=%2Fhome%2Fbmofiscom HTTP/2" 200 1994 "-" "Mozilla/5.0 AppleWebKit/537.36 (KHTML, like Gecko; compatible; ClaudeBot/1.0; +claudebot@anthropic.com)"
18.188.252.203 - - [05/May/2025:15:12:54 +0300] "GET /urun/hidrolik-cozumler/hidrolik-dis-kapi-sistemleri/patch-fittings/italyan-yuvali-alt-mil-1752mm-cam-kalinligi-icin?aksi=buatfile&path=%2Fhome%2Fbmofiscom%2Fpublic_html%2Fcgi-bin HTTP/2" 200 2128 "-" "Mozilla/5.0 AppleWebKit/537.36 (KHTML, like Gecko; compatible; ClaudeBot/1.0; +claudebot@anthropic.com)"
18.188.252.203 - - [05/May/2025:15:12:54 +0300] "GET /urun/hidrolik-cozumler/hidrolik-dis-kapi-sistemleri/patch-fittings/italyan-yuvali-alt-mil-1752mm-cam-kalinligi-icin?filesrc=%2Fhome%2Fbmofiscom%2F.bash_logout&path=%2Fhome%2Fbmofiscom HTTP/2" 200 1995 "-" "Mozilla/5.0 AppleWebKit/537.36 (KHTML, like Gecko; compatible; ClaudeBot/1.0; +claudebot@anthropic.com)"
52.167.144.22 - - [05/May/2025:15:13:02 +0300] "GET /uygulamalar/dus-kabini-aksesuarlari/nis-uygulamalar-icin-dus-teknesi-ebadi-/coleman-system/4/86.aspx?b=bmo251c52519961-gee-lee-mahim HTTP/2" 403 1242 "-" "Mozilla/5.0 AppleWebKit/537.36 (KHTML, like Gecko; compatible; bingbot/2.0; +http://www.bing.com/bingbot.htm) Chrome/116.0.1938.76 Safari/537.36"
45.84.191.11 - - [05/May/2025:15:13:36 +0300] "POST /wp-admin/admin-ajax.php?action=async_litespeed&nonce=0egwDH1rxcMdlWsmjwslw4g8UpkG8sQj&litespeed_type=imgoptm HTTP/1.1" 200 5610 "-" "WordPress/6.5.5; https://www.bmofis.com"
52.167.144.22 - - [05/May/2025:15:13:42 +0300] "GET /urun/hidrolik-sistemler/hidrolik-dus-sistemleri/hidrolik-dus-kabini/slash-hidrolik-dus-kabini-iki-sabit-cam-arasi-bir-kanat-bir-sabit/teklif-al?b=bmo251c60000336-asian-sissy-boy-raw-hd-uncensored HTTP/2" 403 1242 "-" "Mozilla/5.0 AppleWebKit/537.36 (KHTML, like Gecko; compatible; bingbot/2.0; +http://www.bing.com/bingbot.htm) Chrome/116.0.1938.76 Safari/537.36"
52.167.144.173 - - [05/May/2025:15:13:54 +0300] "GET /?b=442824215 HTTP/2" 403 1242 "-" "Mozilla/5.0 AppleWebKit/537.36 (KHTML, like Gecko; compatible; bingbot/2.0; +http://www.bing.com/bingbot.htm) Chrome/116.0.1938.76 Safari/537.36"
20.26.44.167 - - [05/May/2025:15:13:56 +0300] "GET /urun/standart-cozumler/ofis-bolme-sistemleri/sabitleme-kelepceleri/4040-sikma-kolu-cam-deliksiz-6-15mm/teklif-al?b=bmo251c17300007-things-to-do-with-kids-in-columbia-sc HTTP/1.1" 403 1242 "-" "Mozilla/5.0 (Windows NT 10.0; Win64; x64) AppleWebKit/537.36 (KHTML, like Gecko) Chrome/131.0.0.0 Safari/537.36 Edg/131.0.0.0"
20.15.133.191 - - [05/May/2025:15:14:01 +0300] "GET /shopdetail/170010464 HTTP/2" 200 19762 "-" "Mozilla/5.0 AppleWebKit/537.36 (KHTML, like Gecko; compatible; bingbot/2.0; +http://www.bing.com/bingbot.htm) Chrome/116.0.1938.76 Safari/537.36"
52.167.144.22 - - [05/May/2025:15:14:02 +0300] "GET /urun/standart-cozumler/dus-sistemleri-standart-cozumler/topuz-ve-kollar-dus-sistemleri-standart-cozumler/5q12-kapi-kolu/teklif-al?b=bmo251c8400224-what-does-the-c-mean-on-a-nfl-jersey HTTP/2" 403 1242 "-" "Mozilla/5.0 AppleWebKit/537.36 (KHTML, like Gecko; compatible; bingbot/2.0; +http://www.bing.com/bingbot.htm) Chrome/116.0.1938.76 Safari/537.36"
45.84.191.11 - - [05/May/2025:15:14:19 +0300] "POST /wp-cron.php?doing_wp_cron=1746447259.1348829269409179687500 HTTP/1.1" 200 0 "-" "WordPress/6.5.5; https://www.bmofis.com"
45.84.191.11 - - [05/May/2025:15:14:19 +0300] "POST /wp-cron.php?doing_wp_cron=1746447259.1357500553131103515625 HTTP/1.1" 200 0 "-" "WordPress/6.5.5; https://www.bmofis.com"
3.143.17.164 - - [05/May/2025:15:14:17 +0300] "GET /urun/hidrolik-cozumler/hidrolik-dis-kapi-sistemleri/patch-fittings/italyan-yuvali-alt-mil-1752mm-cam-kalinligi-icin?filesrc=%2Fhome%2Fbmofiscom%2F.spamassassinenable&path=%2Fhome%2Fbmofiscom HTTP/2" 200 1990 "-" "Mozilla/5.0 AppleWebKit/537.36 (KHTML, like Gecko; compatible; ClaudeBot/1.0; +claudebot@anthropic.com)"
3.143.17.164 - - [05/May/2025:15:14:17 +0300] "GET /urun/hidrolik-cozumler/hidrolik-dis-kapi-sistemleri/patch-fittings/italyan-yuvali-alt-mil-1752mm-cam-kalinligi-icin?path=%2Fhome%2Fbmofiscom%2Ftmp HTTP/2" 200 2724 "-" "Mozilla/5.0 AppleWebKit/537.36 (KHTML, like Gecko; compatible; ClaudeBot/1.0; +claudebot@anthropic.com)"
3.143.17.164 - - [05/May/2025:15:14:17 +0300] "GET /urun/hidrolik-cozumler/hidrolik-dis-kapi-sistemleri/patch-fittings/italyan-yuvali-alt-mil-1752mm-cam-kalinligi-icin?aksi=buatfile&path=%2Fhome%2Fbmofiscom%2Fpublic_html%2F252f HTTP/2" 200 2808 "-" "Mozilla/5.0 AppleWebKit/537.36 (KHTML, like Gecko; compatible; ClaudeBot/1.0; +claudebot@anthropic.com)"
3.143.17.164 - - [05/May/2025:15:14:18 +0300] "GET /urun/hidrolik-cozumler/hidrolik-dis-kapi-sistemleri/patch-fittings/italyan-yuvali-alt-mil-1752mm-cam-kalinligi-icin?path=%2Fhome%2Fbmofiscom%2F.cpan HTTP/2" 200 2118 "-" "Mozilla/5.0 AppleWebKit/537.36 (KHTML, like Gecko; compatible; ClaudeBot/1.0; +claudebot@anthropic.com)"
45.84.191.11 - - [05/May/2025:15:14:20 +0300] "POST /wp-admin/admin-ajax.php?action=async_litespeed&nonce=NmioQYRBDSYJwmRw8iBX6G0HatFoBIDI&litespeed_type=imgoptm HTTP/1.1" 200 5610 "-" "WordPress/6.5.5; https://www.bmofis.com"
54.36.148.55 - - [05/May/2025:15:14:44 +0300] "GET /en/urun-kategori/glass-joint-joint-laths?filesrc=/home/bmofiscom/public_html/wp-cron.php&path=/home/bmofiscom/public_html HTTP/2" 200 4157 "-" "Mozilla/5.0 (compatible; AhrefsBot/7.0; +http://ahrefs.com/robot/)"
52.167.144.138 - - [05/May/2025:15:15:02 +0300] "GET /urun/standart-cozumler/dus-sistemleri-standart-cozumler/yayli-menteseler/8566-kesintisiz-fitil-kullanilabilen-dus-mentesesi-cam-cama-90/teklif-al?b=bmo251c51900265-sarah-j-maas-books-a-court-of-frost-and-starlight HTTP/2" 403 1242 "-" "Mozilla/5.0 AppleWebKit/537.36 (KHTML, like Gecko; compatible; bingbot/2.0; +http://www.bing.com/bingbot.htm) Chrome/116.0.1938.76 Safari/537.36"
66.249.68.35 - - [05/May/2025:15:15:03 +0300] "GET /wp-content/uploads/2019/05/6610.jpg HTTP/1.1" 200 33572 "-" "Googlebot-Image/1.0"
52.167.144.22 - - [05/May/2025:15:11:43 +0300] "GET /urun/hidrolik-sistemler/hidrolik-dus-sistemleri/sauna-buhar-odasi-cozumleri-hidrolik-dus-sistemleri/kbt8061-buhar-odalari-ve-hamamlar-icin-hidrolik-set/teklif-al?b=bmo251c62000358-basilica-superga-turin HTTP/2" 403 1242 "-" "Mozilla/5.0 AppleWebKit/537.36 (KHTML, like Gecko; compatible; bingbot/2.0; +http://www.bing.com/bingbot.htm) Chrome/116.0.1938.76 Safari/537.36"
52.167.144.22 - - [05/May/2025:15:12:03 +0300] "GET /katalog/cam-kapi-menteseleri-ic/hidrolik-menteseler/8011-tek-yonlu-baglanti-plakasina-sahip-kapinin-kapanis-hizini-ayarlayabilen-hidrolik-mentese-0-90-90-lerde-du/1/247.aspx?b=bmo251c44300170-nurse-mates-pantyhose-size-chart HTTP/2" 403 1242 "-" "Mozilla/5.0 AppleWebKit/537.36 (KHTML, like Gecko; compatible; bingbot/2.0; +http://www.bing.com/bingbot.htm) Chrome/116.0.1938.76 Safari/537.36"
54.36.148.15 - - [05/May/2025:15:12:34 +0300] "GET /en/urun-kategori/glass-joint-joint-laths?filesrc=/home/bmofiscom/public_html/wp-config-sample.php&path=/home/bmofiscom/public_html HTTP/2" 200 3410 "-" "Mozilla/5.0 (compatible; AhrefsBot/7.0; +http://ahrefs.com/robot/)"
52.167.144.22 - - [05/May/2025:15:13:22 +0300] "GET /katalog/cam-kapi-menteseleri-ic/hidrolik-menteseler/8011-tek-yonlu-baglanti-plakasina-sahip-kapinin-kapanis-hizini-ayarlayabilen-hidrolik-mentese-0-90-90-lerde-du/1/247.aspx?b=bmo251c67000210-ultraspire-2-liter-reservoir HTTP/2" 403 1242 "-" "Mozilla/5.0 AppleWebKit/537.36 (KHTML, like Gecko; compatible; bingbot/2.0; +http://www.bing.com/bingbot.htm) Chrome/116.0.1938.76 Safari/537.36"
45.84.191.11 - - [05/May/2025:15:13:35 +0300] "POST /wp-cron.php?doing_wp_cron=1746447215.1492700576782226562500 HTTP/1.1" 200 0 "-" "WordPress/6.5.5; https://www.bmofis.com"
54.36.148.10 - - [05/May/2025:15:13:34 +0300] "GET /en/urun-kategori/glass-joint-joint-laths?filesrc=/home/bmofiscom/public_html/wp-config.php&path=/home/bmofiscom/public_html HTTP/2" 200 4036 "-" "Mozilla/5.0 (compatible; AhrefsBot/7.0; +http://ahrefs.com/robot/)"
52.167.144.209 - - [05/May/2025:15:14:23 +0300] "GET /urun/standart-cozumler/dus-sistemleri-standart-cozumler/cam-tutucular-dus-sistemleri-standart-cozumler/bm-dct201-cam-sabitleme-duvar-cam/teklif-al?b=bmo251c28100494-hi-tec-men%27s-logan-waterproof-hiking-boot HTTP/2" 403 1242 "-" "Mozilla/5.0 AppleWebKit/537.36 (KHTML, like Gecko; compatible; bingbot/2.0; +http://www.bing.com/bingbot.htm) Chrome/116.0.1938.76 Safari/537.36"
52.167.144.138 - - [05/May/2025:15:15:22 +0300] "GET /urun/slash-hidrolik-dus-kabini-duvar-ve-sabit-cam-arasi-kose-seti-bir-kanat-bir-sabit/?b=bmo251c39715049-how-long-does-a-mango-take-to-grow HTTP/2" 403 1242 "-" "Mozilla/5.0 AppleWebKit/537.36 (KHTML, like Gecko; compatible; bingbot/2.0; +http://www.bing.com/bingbot.htm) Chrome/116.0.1938.76 Safari/537.36"
114.119.139.104 - - [05/May/2025:15:15:33 +0300] "GET /en/urun-kategori/shower-systems?b=bmo251c30700454-j-crew-pointed-slides HTTP/1.1" 403 1242 "https://www.bmofis.com/en/urun-kategori/shower-systems?b=bmo251c30679321" "Mozilla/5.0 (Linux; Android 7.0;) AppleWebKit/537.36 (KHTML, like Gecko) Mobile Safari/537.36 (compatible; PetalBot;+https://webmaster.petalsearch.com/site/petalbot)"
45.84.191.11 - - [05/May/2025:15:15:39 +0300] "POST /wp-cron.php?doing_wp_cron=1746447339.7438158988952636718750 HTTP/1.1" 200 0 "-" "WordPress/6.5.5; https://www.bmofis.com"
45.84.191.11 - - [05/May/2025:15:15:41 +0300] "POST /wp-admin/admin-ajax.php?action=async_litespeed&nonce=YO5VN2j78LoUDQAGaO0qZ0pnXfff6T4A&litespeed_type=imgoptm HTTP/1.1" 200 5610 "-" "WordPress/6.5.5; https://www.bmofis.com"
52.167.144.138 - - [05/May/2025:15:16:03 +0300] "GET /urun/hidrolik-sistemler/hidrolik-dus-sistemleri/sauna-buhar-odasi-cozumleri-hidrolik-dus-sistemleri/kbt8061-buhar-odalari-ve-hamamlar-icin-hidrolik-set/teklif-al?b=bmo251c54000018-va-pact-act HTTP/2" 403 1242 "-" "Mozilla/5.0 AppleWebKit/537.36 (KHTML, like Gecko; compatible; bingbot/2.0; +http://www.bing.com/bingbot.htm) Chrome/116.0.1938.76 Safari/537.36"
3.21.114.165 - - [05/May/2025:15:15:37 +0300] "GET /urun/hidrolik-cozumler/hidrolik-dis-kapi-sistemleri/patch-fittings/italyan-yuvali-alt-mil-1752mm-cam-kalinligi-icin?path=%2Fhome%2Fbmofiscom%2F.cl.selector HTTP/2" 200 2487 "-" "Mozilla/5.0 AppleWebKit/537.36 (KHTML, like Gecko; compatible; ClaudeBot/1.0; +claudebot@anthropic.com)"
3.21.114.165 - - [05/May/2025:15:15:37 +0300] "GET /urun/hidrolik-cozumler/hidrolik-dis-kapi-sistemleri/patch-fittings/italyan-yuvali-alt-mil-1752mm-cam-kalinligi-icin?path=%2Fhome%2Fbmofiscom%2F.cpanel HTTP/2" 200 2713 "-" "Mozilla/5.0 AppleWebKit/537.36 (KHTML, like Gecko; compatible; ClaudeBot/1.0; +claudebot@anthropic.com)"
3.21.114.165 - - [05/May/2025:15:15:37 +0300] "GET /urun/hidrolik-cozumler/hidrolik-dis-kapi-sistemleri/patch-fittings/italyan-yuvali-alt-mil-1752mm-cam-kalinligi-icin?path=%2Fhome%2Fbmofiscom%2Flscache HTTP/2" 200 2778 "-" "Mozilla/5.0 AppleWebKit/537.36 (KHTML, like Gecko; compatible; ClaudeBot/1.0; +claudebot@anthropic.com)"
3.21.114.165 - - [05/May/2025:15:15:37 +0300] "GET /urun/hidrolik-cozumler/hidrolik-dis-kapi-sistemleri/patch-fittings/italyan-yuvali-alt-mil-1752mm-cam-kalinligi-icin?path=%2Fhome%2Fbmofiscom%2Fssl HTTP/2" 200 2647 "-" "Mozilla/5.0 AppleWebKit/537.36 (KHTML, like Gecko; compatible; ClaudeBot/1.0; +claudebot@anthropic.com)"
52.167.144.138 - - [05/May/2025:15:15:42 +0300] "GET /uygulamalar/dus-kabini-aksesuarlari/nis-uygulamalar-icin-dus-teknesi-ebadi-/coleman-system/4/86.aspx?b=bmo251c3305315-nike-dunk-low-retro-qs-flash-white-argon-blue-flash HTTP/2" 403 1242 "-" "Mozilla/5.0 AppleWebKit/537.36 (KHTML, like Gecko; compatible; bingbot/2.0; +http://www.bing.com/bingbot.htm) Chrome/116.0.1938.76 Safari/537.36"
54.36.149.61 - - [05/May/2025:15:15:49 +0300] "GET /SFolder/Galeri/2039R4.png HTTP/2" 200 4231 "-" "Mozilla/5.0 (compatible; AhrefsBot/7.0; +http://ahrefs.com/robot/)"
54.36.149.72 - - [05/May/2025:15:15:56 +0300] "GET /en/urun-kategori/glass-joint-joint-laths?filesrc=/home/bmofiscom/public_html/wp-crons.php&path=/home/bmofiscom/public_html HTTP/2" 200 2551 "-" "Mozilla/5.0 (compatible; AhrefsBot/7.0; +http://ahrefs.com/robot/)"
66.249.68.36 - - [05/May/2025:15:16:11 +0300] "GET /?b=344087015 HTTP/1.1" 403 1242 "-" "Mozilla/5.0 (Linux; Android 6.0.1; Nexus 5X Build/MMB29P) AppleWebKit/537.36 (KHTML, like Gecko) Chrome/136.0.7103.59 Mobile Safari/537.36 (compatible; Googlebot/2.1; +http://www.google.com/bot.html)"
52.167.144.166 - - [05/May/2025:15:16:22 +0300] "GET /katalog/cam-kapi-kilitleri-ve-cam-kapi-kollari/cam-kapi-kilitleri/0023a-6623-icin-acili-plaka-karsilik-kalinligi-10mm-/1/434.aspx?b=bmo251c44800372-running-on-empty-song-lyrics HTTP/2" 403 1242 "-" "Mozilla/5.0 AppleWebKit/537.36 (KHTML, like Gecko; compatible; bingbot/2.0; +http://www.bing.com/bingbot.htm) Chrome/116.0.1938.76 Safari/537.36"
45.84.191.11 - - [05/May/2025:15:17:01 +0300] "POST /wp-cron.php?doing_wp_cron=1746447421.6404099464416503906250 HTTP/1.1" 200 0 "-" "WordPress/6.5.5; https://www.bmofis.com"
52.167.144.166 - - [05/May/2025:15:17:02 +0300] "GET /urun/standart-cozumler/dus-sistemleri-standart-cozumler/topuz-ve-kollar-dus-sistemleri-standart-cozumler/5h03-h-tip-boru-kol/teklif-al?b=bmo251c16172748 HTTP/2" 403 1242 "-" "Mozilla/5.0 AppleWebKit/537.36 (KHTML, like Gecko; compatible; bingbot/2.0; +http://www.bing.com/bingbot.htm) Chrome/116.0.1938.76 Safari/537.36"
45.84.191.11 - - [05/May/2025:15:17:03 +0300] "POST /wp-admin/admin-ajax.php?action=async_litespeed&nonce=t4IP25UNI8ukQqdCiYfGHdxZNsmPsmTU&litespeed_type=imgoptm HTTP/1.1" 200 5610 "-" "WordPress/6.5.5; https://www.bmofis.com"
54.36.148.185 - - [05/May/2025:15:17:11 +0300] "GET /en/urun-kategori/glass-joint-joint-laths?filesrc=/home/bmofiscom/public_html/wp-links-opml.php&path=/home/bmofiscom/public_html HTTP/2" 200 3161 "-" "Mozilla/5.0 (compatible; AhrefsBot/7.0; +http://ahrefs.com/robot/)"
45.84.191.11 - - [05/May/2025:15:17:14 +0300] "POST /wp-admin/admin-ajax.php?action=async_litespeed&nonce=Mzjdtv4f141kXO4xb1UhfEb42WmnNBVJ&litespeed_type=imgoptm HTTP/1.1" 200 5610 "-" "WordPress/6.5.5; https://www.bmofis.com"
52.167.144.166 - - [05/May/2025:15:17:22 +0300] "GET /katalog/dus-kabini-aksesuarlari/yayli-menteseler/8560-dus-kabinler-icin-yayli-mentese-sadece-acmak-icin-cekin-0-90%E2%80%99da-durur-/1/149.aspx?b=bmo251c65200426-toms-salt-and-vinegar-chips HTTP/2" 403 1242 "-" "Mozilla/5.0 AppleWebKit/537.36 (KHTML, like Gecko; compatible; bingbot/2.0; +http://www.bing.com/bingbot.htm) Chrome/116.0.1938.76 Safari/537.36"
52.167.144.166 - - [05/May/2025:15:17:42 +0300] "GET /urun/hidrolik-sistemler/hidrolik-dus-sistemleri/hidrolik-dus-kabini/slash-hidrolik-dus-kabini-duvar-ve-sabit-cam-arasi-kose-seti-tek-kanat/teklif-al?b=bmo251c60500480-soludos-sizing-reddit HTTP/2" 403 1242 "-" "Mozilla/5.0 AppleWebKit/537.36 (KHTML, like Gecko; compatible; bingbot/2.0; +http://www.bing.com/bingbot.htm) Chrome/116.0.1938.76 Safari/537.36"
52.167.144.166 - - [05/May/2025:15:18:03 +0300] "GET /urun/standart-cozumler/dus-sistemleri-standart-cozumler/piuma-surme-dus-sistemi/piuma-cift-kanatli-surme-kose-dus-sistemi/teklif-al?b=bmo251c6700421-what-are-supra-shoes HTTP/2" 403 1242 "-" "Mozilla/5.0 AppleWebKit/537.36 (KHTML, like Gecko; compatible; bingbot/2.0; +http://www.bing.com/bingbot.htm) Chrome/116.0.1938.76 Safari/537.36"
3.17.68.195 - - [05/May/2025:15:18:20 +0300] "GET /urun/hidrolik-cozumler/hidrolik-dis-kapi-sistemleri/patch-fittings/italyan-yuvali-alt-mil-1752mm-cam-kalinligi-icin?filesrc=%2Fhome%2Fbmofiscom%2F.myimunify_id&path=%2Fhome%2Fbmofiscom HTTP/2" 200 2064 "-" "Mozilla/5.0 AppleWebKit/537.36 (KHTML, like Gecko; compatible; ClaudeBot/1.0; +claudebot@anthropic.com)"
3.17.68.195 - - [05/May/2025:15:18:20 +0300] "GET /urun/hidrolik-cozumler/hidrolik-dis-kapi-sistemleri/patch-fittings/italyan-yuvali-alt-mil-1752mm-cam-kalinligi-icin?aksi=buatfolder&path=%2Fhome%2Fbmofiscom%2Fpublic_html%2F.well-known HTTP/2" 200 2074 "-" "Mozilla/5.0 AppleWebKit/537.36 (KHTML, like Gecko; compatible; ClaudeBot/1.0; +claudebot@anthropic.com)"
3.17.68.195 - - [05/May/2025:15:18:20 +0300] "GET /urun/hidrolik-cozumler/hidrolik-dis-kapi-sistemleri/patch-fittings/italyan-yuvali-alt-mil-1752mm-cam-kalinligi-icin?path=%2Fhome%2Fbmofiscom%2Fmail HTTP/2" 200 3117 "-" "Mozilla/5.0 AppleWebKit/537.36 (KHTML, like Gecko; compatible; ClaudeBot/1.0; +claudebot@anthropic.com)"
3.17.68.195 - - [05/May/2025:15:18:20 +0300] "GET /urun/hidrolik-cozumler/hidrolik-dis-kapi-sistemleri/patch-fittings/italyan-yuvali-alt-mil-1752mm-cam-kalinligi-icin?path=%2Fhome%2Fbmofiscom%2F.razor HTTP/2" 200 2621 "-" "Mozilla/5.0 AppleWebKit/537.36 (KHTML, like Gecko; compatible; ClaudeBot/1.0; +claudebot@anthropic.com)"
52.167.144.166 - - [05/May/2025:15:18:22 +0300] "GET /urun/hidrolik-sistemler/hidrolik-dis-kapi-sistemleri/menteseler-hidrolik-dis-kapi-sistemleri/triloba-150kg-kapasiteli-hidrolik-mentese-alt-mentese/teklif-al?b=bmo251c34100492-kelty-down-blanket HTTP/2" 403 1242 "-" "Mozilla/5.0 AppleWebKit/537.36 (KHTML, like Gecko; compatible; bingbot/2.0; +http://www.bing.com/bingbot.htm) Chrome/116.0.1938.76 Safari/537.36"
54.36.148.29 - - [05/May/2025:15:18:30 +0300] "GET /en/urun-kategori/glass-joint-joint-laths?filesrc=/home/bmofiscom/public_html/wp-load.php&path=/home/bmofiscom/public_html HTTP/2" 200 3638 "-" "Mozilla/5.0 (compatible; AhrefsBot/7.0; +http://ahrefs.com/robot/)"
52.167.144.166 - - [05/May/2025:15:19:22 +0300] "GET /urun/hidrolik-sistemler/hidrolik-dus-sistemleri/sauna-buhar-odasi-cozumleri-hidrolik-dus-sistemleri/kbt8061-buhar-odalari-ve-hamamlar-icin-hidrolik-set/teklif-al?b=bmo251c66800112-ultimate-direction-adventure-vesta-4.0 HTTP/2" 403 1242 "-" "Mozilla/5.0 AppleWebKit/537.36 (KHTML, like Gecko; compatible; bingbot/2.0; +http://www.bing.com/bingbot.htm) Chrome/116.0.1938.76 Safari/537.36"
78.188.186.107 - - [05/May/2025:15:16:05 +0300] "GET /wp-content/uploads/2019/05/835E51_B-600x425.jpg HTTP/2" 200 44673 "https://www.google.com/" "Mozilla/5.0 (Windows NT 10.0; Win64; x64) AppleWebKit/537.36 (KHTML, like Gecko) Chrome/135.0.0.0 Safari/537.36"
52.167.144.166 - - [05/May/2025:15:16:42 +0300] "GET /katalog/dus-kabini-aksesuarlari/yayli-menteseler/8560-dus-kabinler-icin-yayli-mentese-sadece-acmak-icin-cekin-0-90%E2%80%99da-durur-/1/149.aspx?b=bmo251c40700025-how-to-clean-melin-hat HTTP/2" 403 1242 "-" "Mozilla/5.0 AppleWebKit/537.36 (KHTML, like Gecko; compatible; bingbot/2.0; +http://www.bing.com/bingbot.htm) Chrome/116.0.1938.76 Safari/537.36"
3.23.100.174 - - [05/May/2025:15:17:00 +0300] "GET /urun/hidrolik-cozumler/hidrolik-dis-kapi-sistemleri/patch-fittings/italyan-yuvali-alt-mil-1752mm-cam-kalinligi-icin?filesrc=%2Fhome%2Fbmofiscom%2F.wget-hsts&path=%2Fhome%2Fbmofiscom HTTP/2" 200 2130 "-" "Mozilla/5.0 AppleWebKit/537.36 (KHTML, like Gecko; compatible; ClaudeBot/1.0; +claudebot@anthropic.com)"
3.23.100.174 - - [05/May/2025:15:17:00 +0300] "GET /urun/hidrolik-cozumler/hidrolik-dis-kapi-sistemleri/patch-fittings/italyan-yuvali-alt-mil-1752mm-cam-kalinligi-icin?path=%2Fhome%2Fbmofiscom%2Fwww HTTP/2" 200 4167 "-" "Mozilla/5.0 AppleWebKit/537.36 (KHTML, like Gecko; compatible; ClaudeBot/1.0; +claudebot@anthropic.com)"
3.23.100.174 - - [05/May/2025:15:17:00 +0300] "GET /en/urun-kategori/qub-series?path=%2F HTTP/2" 200 3290 "-" "Mozilla/5.0 AppleWebKit/537.36 (KHTML, like Gecko; compatible; ClaudeBot/1.0; +claudebot@anthropic.com)"
3.23.100.174 - - [05/May/2025:15:17:00 +0300] "GET /urun/hidrolik-cozumler/hidrolik-dis-kapi-sistemleri/patch-fittings/italyan-yuvali-alt-mil-1752mm-cam-kalinligi-icin?path=%2Fhome%2Fbmofiscom%2Faccess-logs HTTP/2" 200 2455 "-" "Mozilla/5.0 AppleWebKit/537.36 (KHTML, like Gecko; compatible; ClaudeBot/1.0; +claudebot@anthropic.com)"
45.84.191.11 - - [05/May/2025:15:17:12 +0300] "POST /wp-cron.php?doing_wp_cron=1746447432.6984539031982421875000 HTTP/1.1" 200 0 "-" "WordPress/6.5.5; https://www.bmofis.com"
45.84.191.11 - - [05/May/2025:15:18:21 +0300] "POST /wp-cron.php?doing_wp_cron=1746447501.4540269374847412109375 HTTP/1.1" 200 0 "-" "WordPress/6.5.5; https://www.bmofis.com"
45.84.191.11 - - [05/May/2025:15:18:22 +0300] "POST /wp-admin/admin-ajax.php?action=async_litespeed&nonce=NenCBXzdtXs6NUIRAcqJ4fWBkLxRNEj3&litespeed_type=imgoptm HTTP/1.1" 200 5610 "-" "WordPress/6.5.5; https://www.bmofis.com"
52.167.144.166 - - [05/May/2025:15:18:42 +0300] "GET /uygulamalar/dus-kabini-aksesuarlari/nis-uygulamalar-icin-dus-teknesi-ebadi-/coleman-system/4/86.aspx?b=bmo251c70014650 HTTP/2" 403 1242 "-" "Mozilla/5.0 AppleWebKit/537.36 (KHTML, like Gecko; compatible; bingbot/2.0; +http://www.bing.com/bingbot.htm) Chrome/116.0.1938.76 Safari/537.36"
52.167.144.166 - - [05/May/2025:15:19:02 +0300] "GET /urun/hidrolik-sistemler/hidrolik-dus-sistemleri/hidrolik-dus-kabini/slash-hidrolik-dus-kabini-iki-sabit-cam-arasi-bir-kanat-bir-sabit/teklif-al?b=bmo251c34900319-grace-fit-x-koi-footwear HTTP/2" 403 1242 "-" "Mozilla/5.0 AppleWebKit/537.36 (KHTML, like Gecko; compatible; bingbot/2.0; +http://www.bing.com/bingbot.htm) Chrome/116.0.1938.76 Safari/537.36"
45.84.191.11 - - [05/May/2025:15:19:38 +0300] "POST /wp-admin/admin-ajax.php?action=async_litespeed&nonce=eFJdqFGKGYy08HE8llGToci9C2QlBBqn&litespeed_type=imgoptm HTTP/1.1" 200 6027 "-" "WordPress/6.5.5; https://www.bmofis.com"
52.167.144.166 - - [05/May/2025:15:19:42 +0300] "GET /urun/standart-cozumler/dus-sistemleri-standart-cozumler/piuma-surme-dus-sistemi/piuma-cift-kanatli-surme-kose-dus-sistemi/teklif-al?b=bmo251c28000165-hestra-wrist-straps HTTP/2" 403 1242 "-" "Mozilla/5.0 AppleWebKit/537.36 (KHTML, like Gecko; compatible; bingbot/2.0; +http://www.bing.com/bingbot.htm) Chrome/116.0.1938.76 Safari/537.36"
45.84.191.11 - - [05/May/2025:15:20:40 +0300] "POST /wp-cron.php?doing_wp_cron=1746447640.4491341114044189453125 HTTP/1.1" 200 0 "-" "WordPress/6.5.5; https://www.bmofis.com"
45.84.191.11 - - [05/May/2025:15:19:36 +0300] "POST /wp-cron.php?doing_wp_cron=1746447576.8323280811309814453125 HTTP/1.1" 200 0 "-" "WordPress/6.5.5; https://www.bmofis.com"
54.36.149.87 - - [05/May/2025:15:19:35 +0300] "GET /en/urun-kategori/glass-joint-joint-laths?filesrc=/home/bmofiscom/public_html/wp-login.php&path=/home/bmofiscom/public_html HTTP/2" 200 15492 "-" "Mozilla/5.0 (compatible; AhrefsBot/7.0; +http://ahrefs.com/robot/)"
3.133.106.206 - - [05/May/2025:15:19:44 +0300] "GET /urun/hidrolik-cozumler/hidrolik-dis-kapi-sistemleri/patch-fittings/italyan-yuvali-alt-mil-1752mm-cam-kalinligi-icin?path=%2Fhome%2Fbmofiscom%2Flogs HTTP/2" 200 2570 "-" "Mozilla/5.0 AppleWebKit/537.36 (KHTML, like Gecko; compatible; ClaudeBot/1.0; +claudebot@anthropic.com)"
3.133.106.206 - - [05/May/2025:15:19:44 +0300] "GET /urun/hidrolik-cozumler/hidrolik-dis-kapi-sistemleri/patch-fittings/italyan-yuvali-alt-mil-1752mm-cam-kalinligi-icin?path=%2Fhome%2Fbmofiscom%2F.koality HTTP/2" 200 2115 "-" "Mozilla/5.0 AppleWebKit/537.36 (KHTML, like Gecko; compatible; ClaudeBot/1.0; +claudebot@anthropic.com)"
3.133.106.206 - - [05/May/2025:15:19:44 +0300] "GET /urun/hidrolik-cozumler/hidrolik-dis-kapi-sistemleri/patch-fittings/italyan-yuvali-alt-mil-1752mm-cam-kalinligi-icin?path=%2Fhome%2Fbmofiscom%2F.caldav HTTP/2" 200 2405 "-" "Mozilla/5.0 AppleWebKit/537.36 (KHTML, like Gecko; compatible; ClaudeBot/1.0; +claudebot@anthropic.com)"
3.133.106.206 - - [05/May/2025:15:19:44 +0300] "GET /urun/hidrolik-cozumler/hidrolik-dis-kapi-sistemleri/patch-fittings/italyan-yuvali-alt-mil-1752mm-cam-kalinligi-icin?path=%2Fhome%2Fbmofiscom%2F.spamassassin HTTP/2" 200 2506 "-" "Mozilla/5.0 AppleWebKit/537.36 (KHTML, like Gecko; compatible; ClaudeBot/1.0; +claudebot@anthropic.com)"
52.167.144.166 - - [05/May/2025:15:20:02 +0300] "GET /urun/standart-cozumler/dus-sistemleri-standart-cozumler/piuma-surme-dus-sistemi/piuma-cift-kanatli-surme-kose-dus-sistemi/teklif-al?b=bmo251c23900136-final-fantasy-14-thavnairian-sandals HTTP/2" 403 1242 "-" "Mozilla/5.0 AppleWebKit/537.36 (KHTML, like Gecko; compatible; bingbot/2.0; +http://www.bing.com/bingbot.htm) Chrome/116.0.1938.76 Safari/537.36"
52.167.144.166 - - [05/May/2025:15:20:23 +0300] "GET /urun/hidrolik-sistemler/hidrolik-dus-sistemleri/sauna-buhar-odasi-cozumleri-hidrolik-dus-sistemleri/kbt8061-buhar-odalari-ve-hamamlar-icin-hidrolik-set/teklif-al?b=bmo251c71000162-xtratuf-15-legacy-boot HTTP/2" 403 1242 "-" "Mozilla/5.0 AppleWebKit/537.36 (KHTML, like Gecko; compatible; bingbot/2.0; +http://www.bing.com/bingbot.htm) Chrome/116.0.1938.76 Safari/537.36"
