66.249.66.160 - - [05/May/2025:18:09:48 +0300] "POST /get-message-notify HTTP/1.1" 200 19596 "https://bmofis.com/shopdetail/357935464" "Mozilla/5.0 (Linux; Android 6.0.1; Nexus 5X Build/MMB29P) AppleWebKit/537.36 (KHTML, like Gecko) Chrome/134.0.6998.165 Mobile Safari/537.36 (compatible; Googlebot/2.1; +http://www.google.com/bot.html)"
66.249.66.74 - - [05/May/2025:18:09:53 +0300] "GET /shopdetail/70303964 HTTP/1.1" 200 19698 "-" "Mozilla/5.0 (Linux; Android 6.0.1; Nexus 5X Build/MMB29P) AppleWebKit/537.36 (KHTML, like Gecko) Chrome/135.0.7049.95 Mobile Safari/537.36 (compatible; Googlebot/2.1; +http://www.google.com/bot.html)"
66.249.66.11 - - [05/May/2025:18:09:59 +0300] "GET /shopdetail/104145664 HTTP/1.1" 200 19119 "-" "Mozilla/5.0 (Linux; Android 6.0.1; Nexus 5X Build/MMB29P) AppleWebKit/537.36 (KHTML, like Gecko) Chrome/135.0.7049.95 Mobile Safari/537.36 (compatible; Googlebot/2.1; +http://www.google.com/bot.html)"
54.36.149.21 - - [05/May/2025:18:10:01 +0300] "GET /en/urun-kategori/glass-joint-joint-laths?filesrc=/home/bmofiscom/public_html/wp-includes/class-wp-admin-bar.php&path=/home/bmofiscom/public_html/wp-includes HTTP/2" 200 7073 "-" "Mozilla/5.0 (compatible; AhrefsBot/7.0; +http://ahrefs.com/robot/)"
52.167.144.238 - - [05/May/2025:18:10:02 +0300] "GET /uygulamalar/dus-kabini-aksesuarlari/nis-uygulamalar-icin-dus-teknesi-ebadi-/coleman-system/4/86.aspx?b=bmo251c18600402-ruyada-cuce-ile-cinsel-iliskiye-girmek HTTP/2" 403 1242 "-" "Mozilla/5.0 AppleWebKit/537.36 (KHTML, like Gecko; compatible; bingbot/2.0; +http://www.bing.com/bingbot.htm) Chrome/116.0.1938.76 Safari/537.36"
40.77.167.59 - - [05/May/2025:18:10:23 +0300] "GET /urun/hidrolik-sistemler/hidrolik-dus-sistemleri/sauna-buhar-odasi-cozumleri-hidrolik-dus-sistemleri/kbt8061-buhar-odalari-ve-hamamlar-icin-hidrolik-set/teklif-al?b=bmo251c46100472-worcester-palladium-worcester-ma HTTP/2" 403 1242 "-" "Mozilla/5.0 AppleWebKit/537.36 (KHTML, like Gecko; compatible; bingbot/2.0; +http://www.bing.com/bingbot.htm) Chrome/116.0.1938.76 Safari/537.36"
66.249.66.10 - - [05/May/2025:18:10:11 +0300] "POST /get-message-notify HTTP/1.1" 200 19596 "https://bmofis.com/shopdetail/104145664" "Mozilla/5.0 (Linux; Android 6.0.1; Nexus 5X Build/MMB29P) AppleWebKit/537.36 (KHTML, like Gecko) Chrome/134.0.6998.165 Mobile Safari/537.36 (compatible; Googlebot/2.1; +http://www.google.com/bot.html)"
66.249.66.73 - - [05/May/2025:18:10:15 +0300] "GET /feature/akihabara_main/index.html HTTP/1.1" 200 19496 "-" "Mozilla/5.0 (Linux; Android 6.0.1; Nexus 5X Build/MMB29P) AppleWebKit/537.36 (KHTML, like Gecko) Chrome/135.0.7049.95 Mobile Safari/537.36 (compatible; Googlebot/2.1; +http://www.google.com/bot.html)"
66.249.66.195 - - [05/May/2025:18:10:16 +0300] "GET /?b=216065515 HTTP/1.1" 403 1242 "-" "Mozilla/5.0 (Linux; Android 6.0.1; Nexus 5X Build/MMB29P) AppleWebKit/537.36 (KHTML, like Gecko) Chrome/135.0.7049.95 Mobile Safari/537.36 (compatible; Googlebot/2.1; +http://www.google.com/bot.html)"
66.249.66.33 - - [05/May/2025:18:10:18 +0300] "GET /shopdetail/313052264 HTTP/1.1" 200 19632 "-" "Mozilla/5.0 (Linux; Android 6.0.1; Nexus 5X Build/MMB29P) AppleWebKit/537.36 (KHTML, like Gecko) Chrome/135.0.7049.95 Mobile Safari/537.36 (compatible; Googlebot/2.1; +http://www.google.com/bot.html)"
66.249.66.195 - - [05/May/2025:18:10:20 +0300] "POST /get-message-notify HTTP/1.1" 200 19596 "https://bmofis.com/shopdetail/32724864" "Mozilla/5.0 (Linux; Android 6.0.1; Nexus 5X Build/MMB29P) AppleWebKit/537.36 (KHTML, like Gecko) Chrome/134.0.6998.165 Mobile Safari/537.36 (compatible; Googlebot/2.1; +http://www.google.com/bot.html)"
66.249.66.33 - - [05/May/2025:18:10:22 +0300] "GET /shopdetail/397339564 HTTP/1.1" 200 19760 "-" "Mozilla/5.0 (Linux; Android 6.0.1; Nexus 5X Build/MMB29P) AppleWebKit/537.36 (KHTML, like Gecko) Chrome/135.0.7049.95 Mobile Safari/537.36 (compatible; Googlebot/2.1; +http://www.google.com/bot.html)"
66.249.66.195 - - [05/May/2025:18:10:24 +0300] "GET /shopdetail/133528564 HTTP/1.1" 200 20663 "-" "Mozilla/5.0 (Linux; Android 6.0.1; Nexus 5X Build/MMB29P) AppleWebKit/537.36 (KHTML, like Gecko) Chrome/135.0.7049.95 Mobile Safari/537.36 (compatible; Googlebot/2.1; +http://www.google.com/bot.html)"
66.249.66.33 - - [05/May/2025:18:10:25 +0300] "GET /pcmypage?callback=/product%2Fdetail%2F78551883 HTTP/1.1" 200 19407 "-" "Mozilla/5.0 (Linux; Android 6.0.1; Nexus 5X Build/MMB29P) AppleWebKit/537.36 (KHTML, like Gecko) Chrome/135.0.7049.95 Mobile Safari/537.36 (compatible; Googlebot/2.1; +http://www.google.com/bot.html)"
66.249.66.195 - - [05/May/2025:18:10:27 +0300] "POST /get-message-notify HTTP/1.1" 200 19596 "https://bmofis.com/shopdetail/397339564" "Mozilla/5.0 (Linux; Android 6.0.1; Nexus 5X Build/MMB29P) AppleWebKit/537.36 (KHTML, like Gecko) Chrome/134.0.6998.165 Mobile Safari/537.36 (compatible; Googlebot/2.1; +http://www.google.com/bot.html)"
66.249.66.10 - - [05/May/2025:18:10:36 +0300] "GET /shopdetail/65560064 HTTP/1.1" 200 19809 "-" "Mozilla/5.0 (Linux; Android 6.0.1; Nexus 5X Build/MMB29P) AppleWebKit/537.36 (KHTML, like Gecko) Chrome/135.0.7049.95 Mobile Safari/537.36 (compatible; Googlebot/2.1; +http://www.google.com/bot.html)"
66.249.66.10 - - [05/May/2025:18:10:38 +0300] "GET /shopdetail/42907664 HTTP/1.1" 200 19195 "-" "Mozilla/5.0 (Linux; Android 6.0.1; Nexus 5X Build/MMB29P) AppleWebKit/537.36 (KHTML, like Gecko) Chrome/135.0.7049.95 Mobile Safari/537.36 (compatible; Googlebot/2.1; +http://www.google.com/bot.html)"
66.249.66.169 - - [05/May/2025:18:10:40 +0300] "POST /get-message-notify HTTP/1.1" 200 19596 "https://bmofis.com/pcmypage?callback=/product%2Fdetail%2F78551883" "Mozilla/5.0 (Linux; Android 6.0.1; Nexus 5X Build/MMB29P) AppleWebKit/537.36 (KHTML, like Gecko) Chrome/134.0.6998.165 Mobile Safari/537.36 (compatible; Googlebot/2.1; +http://www.google.com/bot.html)"
66.249.66.10 - - [05/May/2025:18:10:30 +0300] "GET /man/kaitori/kaitoritop.html HTTP/1.1" 200 19537 "-" "Mozilla/5.0 (Linux; Android 6.0.1; Nexus 5X Build/MMB29P) AppleWebKit/537.36 (KHTML, like Gecko) Chrome/135.0.7049.95 Mobile Safari/537.36 (compatible; Googlebot/2.1; +http://www.google.com/bot.html)"
66.249.66.169 - - [05/May/2025:18:10:32 +0300] "GET /product_archives HTTP/1.1" 200 19245 "-" "Mozilla/5.0 (Linux; Android 6.0.1; Nexus 5X Build/MMB29P) AppleWebKit/537.36 (KHTML, like Gecko) Chrome/135.0.7049.95 Mobile Safari/537.36 (compatible; Googlebot/2.1; +http://www.google.com/bot.html)"
66.249.66.196 - - [05/May/2025:18:10:34 +0300] "POST /get-message-notify HTTP/1.1" 200 19596 "https://bmofis.com/shopdetail/133528564" "Mozilla/5.0 (Linux; Android 6.0.1; Nexus 5X Build/MMB29P) AppleWebKit/537.36 (KHTML, like Gecko) Chrome/134.0.6998.165 Mobile Safari/537.36 (compatible; Googlebot/2.1; +http://www.google.com/bot.html)"
52.167.144.238 - - [05/May/2025:18:10:42 +0300] "GET /urun/standart-cozumler/ofis-bolme-sistemleri/cam-birlesim-derz-citalari/pcc12-3-polikarbon-derz-citasi-90-kose-10mm/teklif-al?b=bmo251c39600290-how-to-break-in-manduka-pro-mat HTTP/2" 403 1242 "-" "Mozilla/5.0 AppleWebKit/537.36 (KHTML, like Gecko; compatible; bingbot/2.0; +http://www.bing.com/bingbot.htm) Chrome/116.0.1938.76 Safari/537.36"
66.249.66.73 - - [05/May/2025:18:10:48 +0300] "POST /get-message-notify HTTP/1.1" 200 19596 "https://bmofis.com/man/kaitori/kantan.html" "Mozilla/5.0 (Linux; Android 6.0.1; Nexus 5X Build/MMB29P) AppleWebKit/537.36 (KHTML, like Gecko) Chrome/134.0.6998.165 Mobile Safari/537.36 (compatible; Googlebot/2.1; +http://www.google.com/bot.html)"
66.249.66.34 - - [05/May/2025:18:10:50 +0300] "GET /toiawase HTTP/1.1" 200 21462 "-" "Mozilla/5.0 (Linux; Android 6.0.1; Nexus 5X Build/MMB29P) AppleWebKit/537.36 (KHTML, like Gecko) Chrome/135.0.7049.95 Mobile Safari/537.36 (compatible; Googlebot/2.1; +http://www.google.com/bot.html)"
66.249.66.73 - - [05/May/2025:18:10:52 +0300] "GET /man/kaitori/ansin.html HTTP/1.1" 200 20124 "-" "Mozilla/5.0 (Linux; Android 6.0.1; Nexus 5X Build/MMB29P) AppleWebKit/537.36 (KHTML, like Gecko) Chrome/135.0.7049.95 Mobile Safari/537.36 (compatible; Googlebot/2.1; +http://www.google.com/bot.html)"
66.249.66.74 - - [05/May/2025:18:10:57 +0300] "GET /?b=340212815 HTTP/1.1" 403 1242 "-" "Mozilla/5.0 (Linux; Android 6.0.1; Nexus 5X Build/MMB29P) AppleWebKit/537.36 (KHTML, like Gecko) Chrome/135.0.7049.95 Mobile Safari/537.36 (compatible; Googlebot/2.1; +http://www.google.com/bot.html)"
45.84.191.11 - - [05/May/2025:18:10:57 +0300] "POST /wp-admin/admin-ajax.php?action=async_litespeed&nonce=LXPpaYJLxjEZs5mt9YERscsJZ2RSoB9F&litespeed_type=imgoptm HTTP/1.1" 200 5610 "-" "WordPress/6.5.5; https://www.bmofis.com"
66.249.66.11 - - [05/May/2025:18:10:58 +0300] "GET /toreka/toreka_single.html HTTP/1.1" 200 19160 "-" "Mozilla/5.0 (Linux; Android 6.0.1; Nexus 5X Build/MMB29P) AppleWebKit/537.36 (KHTML, like Gecko) Chrome/135.0.7049.95 Mobile Safari/537.36 (compatible; Googlebot/2.1; +http://www.google.com/bot.html)"
66.249.66.74 - - [05/May/2025:18:11:01 +0300] "POST /get-message-notify HTTP/1.1" 200 19596 "https://bmofis.com/shopdetail/138206764" "Mozilla/5.0 (Linux; Android 6.0.1; Nexus 5X Build/MMB29P) AppleWebKit/537.36 (KHTML, like Gecko) Chrome/134.0.6998.165 Mobile Safari/537.36 (compatible; Googlebot/2.1; +http://www.google.com/bot.html)"
40.77.167.59 - - [05/May/2025:18:11:02 +0300] "GET /urun/hidrolik-sistemler/hidrolik-dis-kapi-sistemleri/menteseler-hidrolik-dis-kapi-sistemleri/triloba-150kg-kapasiteli-hidrolik-mentese-alt-mentese/teklif-al?b=bmo251c58000100-sanita-medical-center-near-me HTTP/2" 403 1242 "-" "Mozilla/5.0 AppleWebKit/537.36 (KHTML, like Gecko; compatible; bingbot/2.0; +http://www.bing.com/bingbot.htm) Chrome/116.0.1938.76 Safari/537.36"
66.249.66.74 - - [05/May/2025:18:10:43 +0300] "GET /man/kaitori/kantan.html HTTP/1.1" 200 19680 "-" "Mozilla/5.0 (Linux; Android 6.0.1; Nexus 5X Build/MMB29P) AppleWebKit/537.36 (KHTML, like Gecko) Chrome/135.0.7049.95 Mobile Safari/537.36 (compatible; Googlebot/2.1; +http://www.google.com/bot.html)"
66.249.66.196 - - [05/May/2025:18:10:45 +0300] "GET /shopdetail/138206764 HTTP/1.1" 200 19353 "-" "Mozilla/5.0 (Linux; Android 6.0.1; Nexus 5X Build/MMB29P) AppleWebKit/537.36 (KHTML, like Gecko) Chrome/135.0.7049.95 Mobile Safari/537.36 (compatible; Googlebot/2.1; +http://www.google.com/bot.html)"
66.249.66.10 - - [05/May/2025:18:10:54 +0300] "GET /shopdetail/24877564 HTTP/1.1" 200 18631 "-" "Mozilla/5.0 (Linux; Android 6.0.1; Nexus 5X Build/MMB29P) AppleWebKit/537.36 (KHTML, like Gecko) Chrome/135.0.7049.95 Mobile Safari/537.36 (compatible; Googlebot/2.1; +http://www.google.com/bot.html)"
45.84.191.11 - - [05/May/2025:18:10:55 +0300] "POST /wp-cron.php?doing_wp_cron=1746457855.7370779514312744140625 HTTP/1.1" 200 0 "-" "WordPress/6.5.5; https://www.bmofis.com"
54.36.149.61 - - [05/May/2025:18:10:54 +0300] "GET /en/urun-kategori/glass-joint-joint-laths?filesrc=/home/bmofiscom/public_html/wp-includes/class-wp-ajax-response.php&path=/home/bmofiscom/public_html/wp-includes HTTP/2" 200 3881 "-" "Mozilla/5.0 (compatible; AhrefsBot/7.0; +http://ahrefs.com/robot/)"
45.84.191.11 - - [05/May/2025:18:11:03 +0300] "POST /wp-cron.php?doing_wp_cron=1746457863.6177868843078613281250 HTTP/1.1" 200 0 "-" "WordPress/6.5.5; https://www.bmofis.com"
66.249.66.33 - - [05/May/2025:18:11:15 +0300] "GET /shopdetail/92709164 HTTP/1.1" 200 20110 "-" "Mozilla/5.0 (Linux; Android 6.0.1; Nexus 5X Build/MMB29P) AppleWebKit/537.36 (KHTML, like Gecko) Chrome/135.0.7049.95 Mobile Safari/537.36 (compatible; Googlebot/2.1; +http://www.google.com/bot.html)"
66.249.66.33 - - [05/May/2025:18:11:17 +0300] "POST /get-message-notify HTTP/1.1" 200 19596 "https://bmofis.com/pcmypage?callback=product%2Fdetail%2F78551883" "Mozilla/5.0 (Linux; Android 6.0.1; Nexus 5X Build/MMB29P) AppleWebKit/537.36 (KHTML, like Gecko) Chrome/134.0.6998.165 Mobile Safari/537.36 (compatible; Googlebot/2.1; +http://www.google.com/bot.html)"
18.219.65.132 - - [05/May/2025:18:11:21 +0300] "GET /urun/hidrolik-cozumler/hidrolik-dis-kapi-sistemleri/patch-fittings/italyan-yuvali-alt-mil-1752mm-cam-kalinligi-icin?filesrc=%2Fhome%2Fbmofiscom%2Fpublic_html%2Fwp-includes%2Fblocks%2Ffile.php&path=%2Fhome%2Fbmofiscom%2Fpublic_html%2Fwp-includes%2Fblocks HTTP/2" 200 3106 "-" "Mozilla/5.0 AppleWebKit/537.36 (KHTML, like Gecko; compatible; ClaudeBot/1.0; +claudebot@anthropic.com)"
18.219.65.132 - - [05/May/2025:18:11:21 +0300] "GET /urun/hidrolik-cozumler/hidrolik-dis-kapi-sistemleri/patch-fittings/italyan-yuvali-alt-mil-1752mm-cam-kalinligi-icin?filesrc=%2Fhome%2Fbmofiscom%2Fpublic_html%2Fwp-admin%2Fjs%2Fsvg-painter.min.js&path=%2Fhome%2Fbmofiscom%2Fpublic_html%2Fwp-admin%2Fjs HTTP/2" 200 3343 "-" "Mozilla/5.0 AppleWebKit/537.36 (KHTML, like Gecko; compatible; ClaudeBot/1.0; +claudebot@anthropic.com)"
18.219.65.132 - - [05/May/2025:18:11:21 +0300] "GET /urun/hidrolik-cozumler/hidrolik-dis-kapi-sistemleri/patch-fittings/italyan-yuvali-alt-mil-1752mm-cam-kalinligi-icin?filesrc=%2Fhome%2Fbmofiscom%2Fpublic_html%2Fwp-includes%2Fblocks%2Fquery.php&path=%2Fhome%2Fbmofiscom%2Fpublic_html%2Fwp-includes%2Fblocks HTTP/2" 200 4082 "-" "Mozilla/5.0 AppleWebKit/537.36 (KHTML, like Gecko; compatible; ClaudeBot/1.0; +claudebot@anthropic.com)"
66.249.66.195 - - [05/May/2025:18:11:21 +0300] "GET /game.html HTTP/1.1" 200 20057 "-" "Mozilla/5.0 (Linux; Android 6.0.1; Nexus 5X Build/MMB29P) AppleWebKit/537.36 (KHTML, like Gecko) Chrome/135.0.7049.95 Mobile Safari/537.36 (compatible; Googlebot/2.1; +http://www.google.com/bot.html)"
18.219.65.132 - - [05/May/2025:18:11:21 +0300] "GET /urun/hidrolik-cozumler/hidrolik-dis-kapi-sistemleri/patch-fittings/italyan-yuvali-alt-mil-1752mm-cam-kalinligi-icin?filesrc=%2Fhome%2Fbmofiscom%2Fpublic_html%2Fwp-includes%2Fblocks%2Fimage.php&path=%2Fhome%2Fbmofiscom%2Fpublic_html%2Fwp-includes%2Fblocks HTTP/2" 200 5766 "-" "Mozilla/5.0 AppleWebKit/537.36 (KHTML, like Gecko; compatible; ClaudeBot/1.0; +claudebot@anthropic.com)"
18.219.65.132 - - [05/May/2025:18:11:22 +0300] "GET /urun/hidrolik-cozumler/hidrolik-dis-kapi-sistemleri/patch-fittings/italyan-yuvali-alt-mil-1752mm-cam-kalinligi-icin?filesrc=%2Fhome%2Fbmofiscom%2Fpublic_html%2Fwp-admin%2Fnetwork%2Fsites.php&path=%2Fhome%2Fbmofiscom%2Fpublic_html%2Fwp-admin%2Fnetwork HTTP/2" 200 6073 "-" "Mozilla/5.0 AppleWebKit/537.36 (KHTML, like Gecko; compatible; ClaudeBot/1.0; +claudebot@anthropic.com)"
18.219.65.132 - - [05/May/2025:18:11:22 +0300] "GET /urun/hidrolik-cozumler/hidrolik-dis-kapi-sistemleri/patch-fittings/italyan-yuvali-alt-mil-1752mm-cam-kalinligi-icin?filesrc=%2Fhome%2Fbmofiscom%2Fpublic_html%2Fwp-includes%2Fcss%2Fwp-pointer.css&path=%2Fhome%2Fbmofiscom%2Fpublic_html%2Fwp-includes%2Fcss HTTP/2" 200 3055 "-" "Mozilla/5.0 AppleWebKit/537.36 (KHTML, like Gecko; compatible; ClaudeBot/1.0; +claudebot@anthropic.com)"
18.219.65.132 - - [05/May/2025:18:11:23 +0300] "GET /urun/hidrolik-cozumler/hidrolik-dis-kapi-sistemleri/patch-fittings/italyan-yuvali-alt-mil-1752mm-cam-kalinligi-icin?filesrc=%2Fhome%2Fbmofiscom%2Fpublic_html%2Fwp-content%2Fwflogs%2Fips.php&path=%2Fhome%2Fbmofiscom%2Fpublic_html%2Fwp-content%2Fwflogs HTTP/2" 200 2074 "-" "Mozilla/5.0 AppleWebKit/537.36 (KHTML, like Gecko; compatible; ClaudeBot/1.0; +claudebot@anthropic.com)"
18.219.65.132 - - [05/May/2025:18:11:23 +0300] "GET /urun/hidrolik-cozumler/hidrolik-dis-kapi-sistemleri/patch-fittings/italyan-yuvali-alt-mil-1752mm-cam-kalinligi-icin?filesrc=%2Fhome%2Fbmofiscom%2Fpublic_html%2Fwp-includes%2Fblocks%2Fheading.php&path=%2Fhome%2Fbmofiscom%2Fpublic_html%2Fwp-includes%2Fblocks HTTP/2" 200 2577 "-" "Mozilla/5.0 AppleWebKit/537.36 (KHTML, like Gecko; compatible; ClaudeBot/1.0; +claudebot@anthropic.com)"
18.219.65.132 - - [05/May/2025:18:11:24 +0300] "GET /en/urun-kategori/qub-series?aksi=buatfolder&path=%2Fhome%2Fbmofiscom%2Fpublic_html%2F.wp-cli HTTP/2" 200 2070 "-" "Mozilla/5.0 AppleWebKit/537.36 (KHTML, like Gecko; compatible; ClaudeBot/1.0; +claudebot@anthropic.com)"
18.219.65.132 - - [05/May/2025:18:11:24 +0300] "GET /urun/hidrolik-cozumler/hidrolik-dis-kapi-sistemleri/patch-fittings/italyan-yuvali-alt-mil-1752mm-cam-kalinligi-icin?filesrc=%2Fhome%2Fbmofiscom%2Fpublic_html%2Fwp-admin%2Fnetwork%2Fuser-edit.php&path=%2Fhome%2Fbmofiscom%2Fpublic_html%2Fwp-admin%2Fnetwork HTTP/2" 200 2172 "-" "Mozilla/5.0 AppleWebKit/537.36 (KHTML, like Gecko; compatible; ClaudeBot/1.0; +claudebot@anthropic.com)"
18.219.65.132 - - [05/May/2025:18:11:24 +0300] "GET /urun/hidrolik-cozumler/hidrolik-dis-kapi-sistemleri/patch-fittings/italyan-yuvali-alt-mil-1752mm-cam-kalinligi-icin?filesrc=%2Fhome%2Fbmofiscom%2Fpublic_html%2Fwp-admin%2Fincludes%2Ffile.php&path=%2Fhome%2Fbmofiscom%2Fpublic_html%2Fwp-admin%2Fincludes HTTP/2" 200 27581 "-" "Mozilla/5.0 AppleWebKit/537.36 (KHTML, like Gecko; compatible; ClaudeBot/1.0; +claudebot@anthropic.com)"
18.219.65.132 - - [05/May/2025:18:11:24 +0300] "GET /urun/hidrolik-cozumler/hidrolik-dis-kapi-sistemleri/patch-fittings/italyan-yuvali-alt-mil-1752mm-cam-kalinligi-icin?filesrc=%2Fhome%2Fbmofiscom%2Fpublic_html%2Fwp-admin%2Fcss%2Fcode-editor.css&path=%2Fhome%2Fbmofiscom%2Fpublic_html%2Fwp-admin%2Fcss HTTP/2" 200 2469 "-" "Mozilla/5.0 AppleWebKit/537.36 (KHTML, like Gecko; compatible; ClaudeBot/1.0; +claudebot@anthropic.com)"
111.119.200.246 - - [05/May/2025:18:11:02 +0300] "GET /en/urun/standard-solutions/hinges-en-standard-solutions/leaf-hinges-en/8810-flexa-side-hinge/teklif-al HTTP/1.1" 200 5225 "-" "Mozilla/5.0 (Windows; U; Windows NT 5.2; en-US) AppleWebKit/532.2 (KHTML, like Gecko) Chrome/4.0.223.2 Safari/532.2"
66.249.66.10 - - [05/May/2025:18:11:03 +0300] "GET /pcmypage?callback=product%2Fdetail%2F78551883 HTTP/1.1" 200 19165 "-" "Mozilla/5.0 (Linux; Android 6.0.1; Nexus 5X Build/MMB29P) AppleWebKit/537.36 (KHTML, like Gecko) Chrome/135.0.7049.95 Mobile Safari/537.36 (compatible; Googlebot/2.1; +http://www.google.com/bot.html)"
66.249.66.169 - - [05/May/2025:18:11:05 +0300] "POST /get-message-notify HTTP/1.1" 200 19596 "https://bmofis.com/toiawase" "Mozilla/5.0 (Linux; Android 6.0.1; Nexus 5X Build/MMB29P) AppleWebKit/537.36 (KHTML, like Gecko) Chrome/134.0.6998.165 Mobile Safari/537.36 (compatible; Googlebot/2.1; +http://www.google.com/bot.html)"
66.249.66.10 - - [05/May/2025:18:11:07 +0300] "GET /shopdetail/250238364 HTTP/1.1" 200 19243 "-" "Mozilla/5.0 (Linux; Android 6.0.1; Nexus 5X Build/MMB29P) AppleWebKit/537.36 (KHTML, like Gecko) Chrome/135.0.7049.95 Mobile Safari/537.36 (compatible; Googlebot/2.1; +http://www.google.com/bot.html)"
66.249.66.10 - - [05/May/2025:18:11:09 +0300] "GET /shopdetail/256149864 HTTP/1.1" 200 18701 "-" "Mozilla/5.0 (Linux; Android 6.0.1; Nexus 5X Build/MMB29P) AppleWebKit/537.36 (KHTML, like Gecko) Chrome/135.0.7049.95 Mobile Safari/537.36 (compatible; Googlebot/2.1; +http://www.google.com/bot.html)"
66.249.66.10 - - [05/May/2025:18:11:11 +0300] "GET /hobby/nuigurumi/nuigurumi.html HTTP/1.1" 200 19947 "-" "Mozilla/5.0 (Linux; Android 6.0.1; Nexus 5X Build/MMB29P) AppleWebKit/537.36 (KHTML, like Gecko) Chrome/135.0.7049.95 Mobile Safari/537.36 (compatible; Googlebot/2.1; +http://www.google.com/bot.html)"
66.249.66.33 - - [05/May/2025:18:11:14 +0300] "POST /get-message-notify HTTP/1.1" 200 19596 "https://bmofis.com/toreka/toreka_single.html" "Mozilla/5.0 (Linux; Android 6.0.1; Nexus 5X Build/MMB29P) AppleWebKit/537.36 (KHTML, like Gecko) Chrome/134.0.6998.165 Mobile Safari/537.36 (compatible; Googlebot/2.1; +http://www.google.com/bot.html)"
66.249.66.10 - - [05/May/2025:18:11:18 +0300] "GET /shopdetail/53720664 HTTP/1.1" 200 20027 "-" "Mozilla/5.0 (Linux; Android 6.0.1; Nexus 5X Build/MMB29P) AppleWebKit/537.36 (KHTML, like Gecko) Chrome/135.0.7049.95 Mobile Safari/537.36 (compatible; Googlebot/2.1; +http://www.google.com/bot.html)"
45.84.191.11 - - [05/May/2025:18:11:22 +0300] "POST /wp-cron.php?doing_wp_cron=1746457882.2461841106414794921875 HTTP/1.1" 200 0 "-" "WordPress/6.5.5; https://www.bmofis.com"
40.77.167.59 - - [05/May/2025:18:11:22 +0300] "GET /urun/standart-cozumler/dus-sistemleri-standart-cozumler/hip-zac-surme-dus-sistemi/bz06-hip-zac-kit-with-two-fixed-panels-round-profile/teklif-al?b=bmo251c23400064-fab-habitat-cancun-indoor-outdoor-rug-8x10 HTTP/2" 403 1242 "-" "Mozilla/5.0 AppleWebKit/537.36 (KHTML, like Gecko; compatible; bingbot/2.0; +http://www.bing.com/bingbot.htm) Chrome/116.0.1938.76 Safari/537.36"
66.249.66.10 - - [05/May/2025:18:11:22 +0300] "POST /get-message-notify HTTP/1.1" 200 19596 "https://bmofis.com/shopdetail/256149864" "Mozilla/5.0 (Linux; Android 6.0.1; Nexus 5X Build/MMB29P) AppleWebKit/537.36 (KHTML, like Gecko) Chrome/134.0.6998.165 Mobile Safari/537.36 (compatible; Googlebot/2.1; +http://www.google.com/bot.html)"
45.84.191.11 - - [05/May/2025:18:11:23 +0300] "POST /wp-admin/admin-ajax.php?action=async_litespeed&nonce=islvKXFXoh0ImjAO4Y2UlgKZjemlbImr&litespeed_type=imgoptm HTTP/1.1" 200 5994 "-" "WordPress/6.5.5; https://www.bmofis.com"
66.249.66.10 - - [05/May/2025:18:11:27 +0300] "GET /shopdetail/290233864 HTTP/1.1" 200 19798 "-" "Mozilla/5.0 (Linux; Android 6.0.1; Nexus 5X Build/MMB29P) AppleWebKit/537.36 (KHTML, like Gecko) Chrome/135.0.7049.95 Mobile Safari/537.36 (compatible; Googlebot/2.1; +http://www.google.com/bot.html)"
18.219.65.132 - - [05/May/2025:18:11:25 +0300] "GET /urun/hidrolik-cozumler/hidrolik-dis-kapi-sistemleri/patch-fittings/italyan-yuvali-alt-mil-1752mm-cam-kalinligi-icin?filesrc=%2Fhome%2Fbmofiscom%2Fpublic_html%2Fwp-admin%2Fincludes%2Fclass-ftp.php&path=%2Fhome%2Fbmofiscom%2Fpublic_html%2Fwp-admin%2Fincludes HTTP/2" 200 9183 "-" "Mozilla/5.0 AppleWebKit/537.36 (KHTML, like Gecko; compatible; ClaudeBot/1.0; +claudebot@anthropic.com)"
18.219.65.132 - - [05/May/2025:18:11:25 +0300] "GET /urun/hidrolik-cozumler/hidrolik-dis-kapi-sistemleri/patch-fittings/italyan-yuvali-alt-mil-1752mm-cam-kalinligi-icin?filesrc=%2Fhome%2Fbmofiscom%2Fpublic_html%2Fwp-admin%2Fuser%2Fadmin.php&path=%2Fhome%2Fbmofiscom%2Fpublic_html%2Fwp-admin%2Fuser HTTP/2" 200 2371 "-" "Mozilla/5.0 AppleWebKit/537.36 (KHTML, like Gecko; compatible; ClaudeBot/1.0; +claudebot@anthropic.com)"
66.249.66.169 - - [05/May/2025:18:11:31 +0300] "POST /get-message-notify HTTP/1.1" 200 19596 "https://bmofis.com/shopdetail/92709164" "Mozilla/5.0 (Linux; Android 6.0.1; Nexus 5X Build/MMB29P) AppleWebKit/537.36 (KHTML, like Gecko) Chrome/134.0.6998.165 Mobile Safari/537.36 (compatible; Googlebot/2.1; +http://www.google.com/bot.html)"
66.249.66.11 - - [05/May/2025:18:11:33 +0300] "GET /feature/shoplist/index.html HTTP/1.1" 200 18845 "-" "Mozilla/5.0 (Linux; Android 6.0.1; Nexus 5X Build/MMB29P) AppleWebKit/537.36 (KHTML, like Gecko) Chrome/135.0.7049.95 Mobile Safari/537.36 (compatible; Googlebot/2.1; +http://www.google.com/bot.html)"
66.249.66.169 - - [05/May/2025:18:11:35 +0300] "POST /get-message-notify HTTP/1.1" 200 19596 "https://bmofis.com/game.html" "Mozilla/5.0 (Linux; Android 6.0.1; Nexus 5X Build/MMB29P) AppleWebKit/537.36 (KHTML, like Gecko) Chrome/134.0.6998.165 Mobile Safari/537.36 (compatible; Googlebot/2.1; +http://www.google.com/bot.html)"
66.249.66.196 - - [05/May/2025:18:11:39 +0300] "GET /shopdetail/40994464 HTTP/1.1" 200 22163 "-" "Mozilla/5.0 (Linux; Android 6.0.1; Nexus 5X Build/MMB29P) AppleWebKit/537.36 (KHTML, like Gecko) Chrome/135.0.7049.95 Mobile Safari/537.36 (compatible; Googlebot/2.1; +http://www.google.com/bot.html)"
66.249.66.195 - - [05/May/2025:18:11:45 +0300] "GET /shopdetail/51883964 HTTP/1.1" 200 19195 "-" "Mozilla/5.0 (Linux; Android 6.0.1; Nexus 5X Build/MMB29P) AppleWebKit/537.36 (KHTML, like Gecko) Chrome/135.0.7049.95 Mobile Safari/537.36 (compatible; Googlebot/2.1; +http://www.google.com/bot.html)"
66.249.66.33 - - [05/May/2025:18:11:46 +0300] "GET /shopdetail/298481464 HTTP/1.1" 200 19245 "-" "Mozilla/5.0 (Linux; Android 6.0.1; Nexus 5X Build/MMB29P) AppleWebKit/537.36 (KHTML, like Gecko) Chrome/135.0.7049.95 Mobile Safari/537.36 (compatible; Googlebot/2.1; +http://www.google.com/bot.html)"
66.249.66.33 - - [05/May/2025:18:11:50 +0300] "GET /product/edit/78551883 HTTP/1.1" 200 20147 "-" "Mozilla/5.0 (Linux; Android 6.0.1; Nexus 5X Build/MMB29P) AppleWebKit/537.36 (KHTML, like Gecko) Chrome/135.0.7049.95 Mobile Safari/537.36 (compatible; Googlebot/2.1; +http://www.google.com/bot.html)"
20.240.18.43 - - [05/May/2025:18:11:52 +0300] "GET /urun/standart-cozumler/kol-ve-kilitler/cam-kapi-kilitleri/685w30-kirmizi-yesil-gostergeli-wc-kilidi/teklif-al?b=bmo251c13900111-buffalo-david-bitton-king-x-slim-boot-stretch HTTP/1.1" 403 1242 "-" "Mozilla/5.0 (Windows NT 10.0; Win64; x64) AppleWebKit/537.36 (KHTML, like Gecko) Chrome/131.0.0.0 Safari/537.36 Edg/131.0.0.0"
66.249.66.33 - - [05/May/2025:18:11:58 +0300] "GET /shopdetail/8621664 HTTP/1.1" 200 20353 "-" "Mozilla/5.0 (Linux; Android 6.0.1; Nexus 5X Build/MMB29P) AppleWebKit/537.36 (KHTML, like Gecko) Chrome/135.0.7049.95 Mobile Safari/537.36 (compatible; Googlebot/2.1; +http://www.google.com/bot.html)"
66.249.66.169 - - [05/May/2025:18:12:01 +0300] "GET /?b=150613515 HTTP/1.1" 403 1242 "-" "Mozilla/5.0 (Linux; Android 6.0.1; Nexus 5X Build/MMB29P) AppleWebKit/537.36 (KHTML, like Gecko) Chrome/135.0.7049.95 Mobile Safari/537.36 (compatible; Googlebot/2.1; +http://www.google.com/bot.html)"
66.249.66.10 - - [05/May/2025:18:11:29 +0300] "GET /shopdetail/49474064 HTTP/1.1" 200 20656 "-" "Mozilla/5.0 (Linux; Android 6.0.1; Nexus 5X Build/MMB29P) AppleWebKit/537.36 (KHTML, like Gecko) Chrome/135.0.7049.95 Mobile Safari/537.36 (compatible; Googlebot/2.1; +http://www.google.com/bot.html)"
66.249.66.10 - - [05/May/2025:18:11:37 +0300] "GET /toreka/toreka_menu.html HTTP/1.1" 200 18635 "-" "Mozilla/5.0 (Linux; Android 6.0.1; Nexus 5X Build/MMB29P) AppleWebKit/537.36 (KHTML, like Gecko) Chrome/135.0.7049.95 Mobile Safari/537.36 (compatible; Googlebot/2.1; +http://www.google.com/bot.html)"
66.249.66.160 - - [05/May/2025:18:11:41 +0300] "POST /get-message-notify HTTP/1.1" 200 19596 "https://bmofis.com/shopdetail/290233864" "Mozilla/5.0 (Linux; Android 6.0.1; Nexus 5X Build/MMB29P) AppleWebKit/537.36 (KHTML, like Gecko) Chrome/134.0.6998.165 Mobile Safari/537.36 (compatible; Googlebot/2.1; +http://www.google.com/bot.html)"
40.77.167.59 - - [05/May/2025:18:11:42 +0300] "GET /urun/hidrolik-sistemler/hidrolik-dis-kapi-sistemleri/menteseler-hidrolik-dis-kapi-sistemleri/triloba-150kg-kapasiteli-hidrolik-mentese-alt-mentese/teklif-al?b=bmo251c13400407-bos-safe-dep-and-tr-co HTTP/2" 403 1242 "-" "Mozilla/5.0 AppleWebKit/537.36 (KHTML, like Gecko; compatible; bingbot/2.0; +http://www.bing.com/bingbot.htm) Chrome/116.0.1938.76 Safari/537.36"
66.249.66.160 - - [05/May/2025:18:11:48 +0300] "POST /get-message-notify HTTP/1.1" 200 19596 "https://bmofis.com/feature/shoplist/index.html" "Mozilla/5.0 (Linux; Android 6.0.1; Nexus 5X Build/MMB29P) AppleWebKit/537.36 (KHTML, like Gecko) Chrome/134.0.6998.165 Mobile Safari/537.36 (compatible; Googlebot/2.1; +http://www.google.com/bot.html)"
54.36.149.65 - - [05/May/2025:18:11:49 +0300] "GET /en/urun-kategori/glass-joint-joint-laths?filesrc=/home/bmofiscom/public_html/wp-includes/class-wp-application-passwords.php&path=/home/bmofiscom/public_html/wp-includes HTTP/2" 200 4824 "-" "Mozilla/5.0 (compatible; AhrefsBot/7.0; +http://ahrefs.com/robot/)"
66.249.66.73 - - [05/May/2025:18:11:54 +0300] "POST /get-message-notify HTTP/1.1" 200 19596 "https://bmofis.com/shopdetail/51883964" "Mozilla/5.0 (Linux; Android 6.0.1; Nexus 5X Build/MMB29P) AppleWebKit/537.36 (KHTML, like Gecko) Chrome/134.0.6998.165 Mobile Safari/537.36 (compatible; Googlebot/2.1; +http://www.google.com/bot.html)"
66.249.66.73 - - [05/May/2025:18:11:56 +0300] "GET /safe_search/config?return_url=%2Fproduct%2Fdetail%2F78551883 HTTP/1.1" 200 20140 "-" "Mozilla/5.0 (Linux; Android 6.0.1; Nexus 5X Build/MMB29P) AppleWebKit/537.36 (KHTML, like Gecko) Chrome/135.0.7049.95 Mobile Safari/537.36 (compatible; Googlebot/2.1; +http://www.google.com/bot.html)"
52.167.144.182 - - [05/May/2025:18:12:03 +0300] "GET /en/urun/standard-solutions/shower-systems/hip-zac-sliding-shower-system/bz06-hip-zac-kit-with-two-fixed-panels-round-profile-2/teklif-al?b=bmo251c25800327-g-fore-wiki HTTP/2" 403 1242 "-" "Mozilla/5.0 AppleWebKit/537.36 (KHTML, like Gecko; compatible; bingbot/2.0; +http://www.bing.com/bingbot.htm) Chrome/116.0.1938.76 Safari/537.36"
66.249.66.33 - - [05/May/2025:18:12:04 +0300] "GET /shopdetail/345910764 HTTP/1.1" 200 19891 "-" "Mozilla/5.0 (Linux; Android 6.0.1; Nexus 5X Build/MMB29P) AppleWebKit/537.36 (KHTML, like Gecko) Chrome/135.0.7049.95 Mobile Safari/537.36 (compatible; Googlebot/2.1; +http://www.google.com/bot.html)"
66.249.66.10 - - [05/May/2025:18:12:13 +0300] "POST /get-message-notify HTTP/1.1" 200 19596 "https://bmofis.com/shopdetail/8621664" "Mozilla/5.0 (Linux; Android 6.0.1; Nexus 5X Build/MMB29P) AppleWebKit/537.36 (KHTML, like Gecko) Chrome/134.0.6998.165 Mobile Safari/537.36 (compatible; Googlebot/2.1; +http://www.google.com/bot.html)"
66.249.66.10 - - [05/May/2025:18:12:16 +0300] "GET /shopdetail/285354764 HTTP/1.1" 200 19182 "-" "Mozilla/5.0 (Linux; Android 6.0.1; Nexus 5X Build/MMB29P) AppleWebKit/537.36 (KHTML, like Gecko) Chrome/135.0.7049.95 Mobile Safari/537.36 (compatible; Googlebot/2.1; +http://www.google.com/bot.html)"
66.249.66.10 - - [05/May/2025:18:12:03 +0300] "GET /shopdetail/252187664 HTTP/1.1" 200 19094 "-" "Mozilla/5.0 (Linux; Android 6.0.1; Nexus 5X Build/MMB29P) AppleWebKit/537.36 (KHTML, like Gecko) Chrome/135.0.7049.95 Mobile Safari/537.36 (compatible; Googlebot/2.1; +http://www.google.com/bot.html)"
66.249.66.73 - - [05/May/2025:18:12:06 +0300] "POST /get-message-notify HTTP/1.1" 200 19596 "https://bmofis.com/safe_search/config?return_url=%2Fproduct%2Fdetail%2F78551883" "Mozilla/5.0 (Linux; Android 6.0.1; Nexus 5X Build/MMB29P) AppleWebKit/537.36 (KHTML, like Gecko) Chrome/134.0.6998.165 Mobile Safari/537.36 (compatible; Googlebot/2.1; +http://www.google.com/bot.html)"
66.249.66.195 - - [05/May/2025:18:12:09 +0300] "GET /shopdetail/331227864 HTTP/1.1" 200 19096 "-" "Mozilla/5.0 (Linux; Android 6.0.1; Nexus 5X Build/MMB29P) AppleWebKit/537.36 (KHTML, like Gecko) Chrome/135.0.7049.95 Mobile Safari/537.36 (compatible; Googlebot/2.1; +http://www.google.com/bot.html)"
66.249.66.169 - - [05/May/2025:18:12:11 +0300] "GET /cargo/detail HTTP/1.1" 200 19785 "-" "Mozilla/5.0 (Linux; Android 6.0.1; Nexus 5X Build/MMB29P) AppleWebKit/537.36 (KHTML, like Gecko) Chrome/135.0.7049.95 Mobile Safari/537.36 (compatible; Googlebot/2.1; +http://www.google.com/bot.html)"
66.249.66.73 - - [05/May/2025:18:12:20 +0300] "POST /get-message-notify HTTP/1.1" 200 19596 "https://bmofis.com/cargo/detail" "Mozilla/5.0 (Linux; Android 6.0.1; Nexus 5X Build/MMB29P) AppleWebKit/537.36 (KHTML, like Gecko) Chrome/134.0.6998.165 Mobile Safari/537.36 (compatible; Googlebot/2.1; +http://www.google.com/bot.html)"
66.249.66.195 - - [05/May/2025:18:12:22 +0300] "GET /?b=296323815 HTTP/1.1" 403 1242 "-" "Mozilla/5.0 (Linux; Android 6.0.1; Nexus 5X Build/MMB29P) AppleWebKit/537.36 (KHTML, like Gecko) Chrome/135.0.7049.95 Mobile Safari/537.36 (compatible; Googlebot/2.1; +http://www.google.com/bot.html)"
66.249.66.10 - - [05/May/2025:18:12:23 +0300] "GET /feature/sapporo/index.html HTTP/1.1" 200 19131 "-" "Mozilla/5.0 (Linux; Android 6.0.1; Nexus 5X Build/MMB29P) AppleWebKit/537.36 (KHTML, like Gecko) Chrome/135.0.7049.95 Mobile Safari/537.36 (compatible; Googlebot/2.1; +http://www.google.com/bot.html)"
66.249.66.73 - - [05/May/2025:18:12:28 +0300] "POST /get-message-notify HTTP/1.1" 200 19596 "https://bmofis.com/shopdetail/378556364" "Mozilla/5.0 (Linux; Android 6.0.1; Nexus 5X Build/MMB29P) AppleWebKit/537.36 (KHTML, like Gecko) Chrome/134.0.6998.165 Mobile Safari/537.36 (compatible; Googlebot/2.1; +http://www.google.com/bot.html)"
66.249.66.34 - - [05/May/2025:18:12:39 +0300] "POST /get-message-notify HTTP/1.1" 200 19596 "https://bmofis.com/hobby/boardgame/index.html" "Mozilla/5.0 (Linux; Android 6.0.1; Nexus 5X Build/MMB29P) AppleWebKit/537.36 (KHTML, like Gecko) Chrome/134.0.6998.165 Mobile Safari/537.36 (compatible; Googlebot/2.1; +http://www.google.com/bot.html)"
66.249.66.33 - - [05/May/2025:18:12:41 +0300] "GET /shopdetail/70682864 HTTP/1.1" 200 19541 "-" "Mozilla/5.0 (Linux; Android 6.0.1; Nexus 5X Build/MMB29P) AppleWebKit/537.36 (KHTML, like Gecko) Chrome/135.0.7049.95 Mobile Safari/537.36 (compatible; Googlebot/2.1; +http://www.google.com/bot.html)"
66.249.66.10 - - [05/May/2025:18:12:17 +0300] "GET /shopdetail/378556364 HTTP/1.1" 200 19682 "-" "Mozilla/5.0 (Linux; Android 6.0.1; Nexus 5X Build/MMB29P) AppleWebKit/537.36 (KHTML, like Gecko) Chrome/135.0.7049.95 Mobile Safari/537.36 (compatible; Googlebot/2.1; +http://www.google.com/bot.html)"
40.77.167.59 - - [05/May/2025:18:12:23 +0300] "GET /urun/standart-cozumler/dus-sistemleri-standart-cozumler/hip-zac-surme-dus-sistemi/bz06-hip-zac-kit-with-two-fixed-panels-round-profile/teklif-al?b=bmo251c18300419-calvin-klein-rosemary-crevo HTTP/2" 403 1242 "-" "Mozilla/5.0 AppleWebKit/537.36 (KHTML, like Gecko; compatible; bingbot/2.0; +http://www.bing.com/bingbot.htm) Chrome/116.0.1938.76 Safari/537.36"
66.249.66.195 - - [05/May/2025:18:12:26 +0300] "GET /hobby/boardgame/index.html HTTP/1.1" 200 19189 "-" "Mozilla/5.0 (Linux; Android 6.0.1; Nexus 5X Build/MMB29P) AppleWebKit/537.36 (KHTML, like Gecko) Chrome/135.0.7049.95 Mobile Safari/537.36 (compatible; Googlebot/2.1; +http://www.google.com/bot.html)"
66.249.66.195 - - [05/May/2025:18:12:29 +0300] "GET /shopdetail/316391364 HTTP/1.1" 200 19319 "-" "Mozilla/5.0 (Linux; Android 6.0.1; Nexus 5X Build/MMB29P) AppleWebKit/537.36 (KHTML, like Gecko) Chrome/135.0.7049.95 Mobile Safari/537.36 (compatible; Googlebot/2.1; +http://www.google.com/bot.html)"
66.249.66.195 - - [05/May/2025:18:12:32 +0300] "GET /recruit HTTP/1.1" 200 20160 "-" "Mozilla/5.0 (Linux; Android 6.0.1; Nexus 5X Build/MMB29P) AppleWebKit/537.36 (KHTML, like Gecko) Chrome/135.0.7049.95 Mobile Safari/537.36 (compatible; Googlebot/2.1; +http://www.google.com/bot.html)"
66.249.66.169 - - [05/May/2025:18:12:34 +0300] "GET /?b=507949415 HTTP/1.1" 403 1242 "-" "Mozilla/5.0 (Linux; Android 6.0.1; Nexus 5X Build/MMB29P) AppleWebKit/537.36 (KHTML, like Gecko) Chrome/135.0.7049.95 Mobile Safari/537.36 (compatible; Googlebot/2.1; +http://www.google.com/bot.html)"
66.249.66.196 - - [05/May/2025:18:12:35 +0300] "GET /shopdetail/133713164 HTTP/1.1" 200 20234 "-" "Mozilla/5.0 (Linux; Android 6.0.1; Nexus 5X Build/MMB29P) AppleWebKit/537.36 (KHTML, like Gecko) Chrome/135.0.7049.95 Mobile Safari/537.36 (compatible; Googlebot/2.1; +http://www.google.com/bot.html)"
40.77.167.59 - - [05/May/2025:18:12:42 +0300] "GET /katalog/cam-kapi-menteseleri-ic/hidrolik-menteseler/8011-tek-yonlu-baglanti-plakasina-sahip-kapinin-kapanis-hizini-ayarlayabilen-hidrolik-mentese-0-90-90-lerde-du/1/247.aspx?b=bmo251c67000284-ultraspire-belt-size-chart HTTP/2" 403 1242 "-" "Mozilla/5.0 AppleWebKit/537.36 (KHTML, like Gecko; compatible; bingbot/2.0; +http://www.bing.com/bingbot.htm) Chrome/116.0.1938.76 Safari/537.36"
66.249.66.195 - - [05/May/2025:18:12:46 +0300] "POST /get-message-notify HTTP/1.1" 200 19596 "https://bmofis.com/shopdetail/133713164" "Mozilla/5.0 (Linux; Android 6.0.1; Nexus 5X Build/MMB29P) AppleWebKit/537.36 (KHTML, like Gecko) Chrome/134.0.6998.165 Mobile Safari/537.36 (compatible; Googlebot/2.1; +http://www.google.com/bot.html)"
66.249.66.196 - - [05/May/2025:18:12:49 +0300] "GET /man/customer_guide HTTP/1.1" 200 19934 "-" "Mozilla/5.0 (Linux; Android 6.0.1; Nexus 5X Build/MMB29P) AppleWebKit/537.36 (KHTML, like Gecko) Chrome/135.0.7049.95 Mobile Safari/537.36 (compatible; Googlebot/2.1; +http://www.google.com/bot.html)"
18.190.207.23 - - [05/May/2025:18:12:51 +0300] "GET /urun/hidrolik-cozumler/hidrolik-dis-kapi-sistemleri/patch-fittings/italyan-yuvali-alt-mil-1752mm-cam-kalinligi-icin?filesrc=%2Fhome%2Fbmofiscom%2Fpublic_html%2Fwp-includes%2Fblocks%2Fcomment-template.php&path=%2Fhome%2Fbmofiscom%2Fpublic_html%2Fwp-includes%2Fblocks HTTP/2" 200 3635 "-" "Mozilla/5.0 AppleWebKit/537.36 (KHTML, like Gecko; compatible; ClaudeBot/1.0; +claudebot@anthropic.com)"
18.190.207.23 - - [05/May/2025:18:12:51 +0300] "GET /urun/hidrolik-cozumler/hidrolik-dis-kapi-sistemleri/patch-fittings/italyan-yuvali-alt-mil-1752mm-cam-kalinligi-icin?filesrc=%2Fhome%2Fbmofiscom%2Fpublic_html%2Fwp-admin%2Fnetwork%2Fsetup.php&path=%2Fhome%2Fbmofiscom%2Fpublic_html%2Fwp-admin%2Fnetwork HTTP/2" 200 2167 "-" "Mozilla/5.0 AppleWebKit/537.36 (KHTML, like Gecko; compatible; ClaudeBot/1.0; +claudebot@anthropic.com)"
18.190.207.23 - - [05/May/2025:18:12:51 +0300] "GET /urun/hidrolik-cozumler/hidrolik-dis-kapi-sistemleri/patch-fittings/italyan-yuvali-alt-mil-1752mm-cam-kalinligi-icin?filesrc=%2Fhome%2Fbmofiscom%2Fpublic_html%2Fwp-admin%2Fnetwork%2Fsite-themes.php&path=%2Fhome%2Fbmofiscom%2Fpublic_html%2Fwp-admin%2Fnetwork HTTP/2" 200 4312 "-" "Mozilla/5.0 AppleWebKit/537.36 (KHTML, like Gecko; compatible; ClaudeBot/1.0; +claudebot@anthropic.com)"
18.190.207.23 - - [05/May/2025:18:12:51 +0300] "GET /urun/hidrolik-cozumler/hidrolik-dis-kapi-sistemleri/patch-fittings/italyan-yuvali-alt-mil-1752mm-cam-kalinligi-icin?filesrc=%2Fhome%2Fbmofiscom%2Fpublic_html%2Fwp-includes%2Fblocks%2Farchives.php&path=%2Fhome%2Fbmofiscom%2Fpublic_html%2Fwp-includes%2Fblocks HTTP/2" 200 3050 "-" "Mozilla/5.0 AppleWebKit/537.36 (KHTML, like Gecko; compatible; ClaudeBot/1.0; +claudebot@anthropic.com)"
18.190.207.23 - - [05/May/2025:18:12:52 +0300] "GET /urun/hidrolik-cozumler/hidrolik-dis-kapi-sistemleri/patch-fittings/italyan-yuvali-alt-mil-1752mm-cam-kalinligi-icin?filesrc=%2Fhome%2Fbmofiscom%2Fpublic_html%2Fwp-includes%2FID3%2Fmodule.audio-video.riff.php&path=%2Fhome%2Fbmofiscom%2Fpublic_html%2Fwp-includes%2FID3 HTTP/2" 200 33074 "-" "Mozilla/5.0 AppleWebKit/537.36 (KHTML, like Gecko; compatible; ClaudeBot/1.0; +claudebot@anthropic.com)"
66.249.66.33 - - [05/May/2025:18:12:53 +0300] "GET /avsoft.html HTTP/1.1" 200 18890 "-" "Mozilla/5.0 (Linux; Android 6.0.1; Nexus 5X Build/MMB29P) AppleWebKit/537.36 (KHTML, like Gecko) Chrome/135.0.7049.95 Mobile Safari/537.36 (compatible; Googlebot/2.1; +http://www.google.com/bot.html)"
18.190.207.23 - - [05/May/2025:18:12:54 +0300] "GET /urun/hidrolik-cozumler/hidrolik-dis-kapi-sistemleri/patch-fittings/italyan-yuvali-alt-mil-1752mm-cam-kalinligi-icin?filesrc=%2Fhome%2Fbmofiscom%2Fpublic_html%2Fwp-includes%2Fblocks%2Fgallery.php&path=%2Fhome%2Fbmofiscom%2Fpublic_html%2Fwp-includes%2Fblocks HTTP/2" 200 4408 "-" "Mozilla/5.0 AppleWebKit/537.36 (KHTML, like Gecko; compatible; ClaudeBot/1.0; +claudebot@anthropic.com)"
18.190.207.23 - - [05/May/2025:18:12:54 +0300] "GET /urun/hidrolik-cozumler/hidrolik-dis-kapi-sistemleri/patch-fittings/italyan-yuvali-alt-mil-1752mm-cam-kalinligi-icin?filesrc=%2Fhome%2Fbmofiscom%2Fpublic_html%2Fwp-admin%2Fnetwork%2Fplugin-install.php&path=%2Fhome%2Fbmofiscom%2Fpublic_html%2Fwp-admin%2Fnetwork HTTP/2" 200 2258 "-" "Mozilla/5.0 AppleWebKit/537.36 (KHTML, like Gecko; compatible; ClaudeBot/1.0; +claudebot@anthropic.com)"
18.190.207.23 - - [05/May/2025:18:12:54 +0300] "GET /urun/hidrolik-cozumler/hidrolik-dis-kapi-sistemleri/patch-fittings/italyan-yuvali-alt-mil-1752mm-cam-kalinligi-icin?filesrc=%2Fhome%2Fbmofiscom%2Fpublic_html%2Fwp-admin%2Fincludes%2Fnoop.php&path=%2Fhome%2Fbmofiscom%2Fpublic_html%2Fwp-admin%2Fincludes HTTP/2" 200 2348 "-" "Mozilla/5.0 AppleWebKit/537.36 (KHTML, like Gecko; compatible; ClaudeBot/1.0; +claudebot@anthropic.com)"
18.190.207.23 - - [05/May/2025:18:12:54 +0300] "GET /urun/hidrolik-cozumler/hidrolik-dis-kapi-sistemleri/patch-fittings/italyan-yuvali-alt-mil-1752mm-cam-kalinligi-icin?filesrc=%2Fhome%2Fbmofiscom%2Fpublic_html%2Fwp-admin%2Fuser%2Fuser-edit.php&path=%2Fhome%2Fbmofiscom%2Fpublic_html%2Fwp-admin%2Fuser HTTP/2" 200 2162 "-" "Mozilla/5.0 AppleWebKit/537.36 (KHTML, like Gecko; compatible; ClaudeBot/1.0; +claudebot@anthropic.com)"
18.190.207.23 - - [05/May/2025:18:12:55 +0300] "GET /urun/hidrolik-cozumler/hidrolik-dis-kapi-sistemleri/patch-fittings/italyan-yuvali-alt-mil-1752mm-cam-kalinligi-icin?filesrc=%2Fhome%2Fbmofiscom%2Fpublic_html%2Fwp-includes%2Fjs%2Fmedia-audiovideo.js&path=%2Fhome%2Fbmofiscom%2Fpublic_html%2Fwp-includes%2Fjs HTTP/2" 200 7864 "-" "Mozilla/5.0 AppleWebKit/537.36 (KHTML, like Gecko; compatible; ClaudeBot/1.0; +claudebot@anthropic.com)"
18.190.207.23 - - [05/May/2025:18:12:55 +0300] "GET /urun/hidrolik-cozumler/hidrolik-dis-kapi-sistemleri/patch-fittings/italyan-yuvali-alt-mil-1752mm-cam-kalinligi-icin?filesrc=%2Fhome%2Fbmofiscom%2Fpublic_html%2Fwp-admin%2Fnetwork%2Fedit.php&path=%2Fhome%2Fbmofiscom%2Fpublic_html%2Fwp-admin%2Fnetwork HTTP/2" 200 2463 "-" "Mozilla/5.0 AppleWebKit/537.36 (KHTML, like Gecko; compatible; ClaudeBot/1.0; +claudebot@anthropic.com)"
18.190.207.23 - - [05/May/2025:18:12:56 +0300] "GET /urun/hidrolik-cozumler/hidrolik-dis-kapi-sistemleri/patch-fittings/italyan-yuvali-alt-mil-1752mm-cam-kalinligi-icin?filesrc=%2Fhome%2Fbmofiscom%2Fpublic_html%2Fwp-includes%2Fpomo%2Fstreams.php&path=%2Fhome%2Fbmofiscom%2Fpublic_html%2Fwp-includes%2Fpomo HTTP/2" 200 3905 "-" "Mozilla/5.0 AppleWebKit/537.36 (KHTML, like Gecko; compatible; ClaudeBot/1.0; +claudebot@anthropic.com)"
18.190.207.23 - - [05/May/2025:18:12:56 +0300] "GET /urun/hidrolik-cozumler/hidrolik-dis-kapi-sistemleri/patch-fittings/italyan-yuvali-alt-mil-1752mm-cam-kalinligi-icin?filesrc=%2Fhome%2Fbmofiscom%2Fpublic_html%2Fwp-includes%2FID3%2Fmodule.audio.ac3.php&path=%2Fhome%2Fbmofiscom%2Fpublic_html%2Fwp-includes%2FID3 HTTP/2" 200 10641 "-" "Mozilla/5.0 AppleWebKit/537.36 (KHTML, like Gecko; compatible; ClaudeBot/1.0; +claudebot@anthropic.com)"
18.190.207.23 - - [05/May/2025:18:12:56 +0300] "GET /urun/hidrolik-cozumler/hidrolik-dis-kapi-sistemleri/patch-fittings/italyan-yuvali-alt-mil-1752mm-cam-kalinligi-icin?filesrc=%2Fhome%2Fbmofiscom%2Fpublic_html%2Fwp-includes%2FPHPMailer%2FPHPMailer.php&path=%2Fhome%2Fbmofiscom%2Fpublic_html%2Fwp-includes%2FPHPMailer HTTP/2" 200 44522 "-" "Mozilla/5.0 AppleWebKit/537.36 (KHTML, like Gecko; compatible; ClaudeBot/1.0; +claudebot@anthropic.com)"
66.249.66.11 - - [05/May/2025:18:12:58 +0300] "GET /shopdetail/96434964 HTTP/1.1" 200 20016 "-" "Mozilla/5.0 (Linux; Android 6.0.1; Nexus 5X Build/MMB29P) AppleWebKit/537.36 (KHTML, like Gecko) Chrome/135.0.7049.95 Mobile Safari/537.36 (compatible; Googlebot/2.1; +http://www.google.com/bot.html)"
66.249.66.11 - - [05/May/2025:18:13:00 +0300] "POST /get-message-notify HTTP/1.1" 200 19596 "https://bmofis.com/man/customer_guide" "Mozilla/5.0 (Linux; Android 6.0.1; Nexus 5X Build/MMB29P) AppleWebKit/537.36 (KHTML, like Gecko) Chrome/134.0.6998.165 Mobile Safari/537.36 (compatible; Googlebot/2.1; +http://www.google.com/bot.html)"
66.249.66.169 - - [05/May/2025:18:13:02 +0300] "GET /?b=247415115 HTTP/1.1" 403 1242 "-" "Mozilla/5.0 (Linux; Android 6.0.1; Nexus 5X Build/MMB29P) AppleWebKit/537.36 (KHTML, like Gecko) Chrome/135.0.7049.95 Mobile Safari/537.36 (compatible; Googlebot/2.1; +http://www.google.com/bot.html)"
66.249.66.195 - - [05/May/2025:18:13:05 +0300] "GET /shopdetail/386556164 HTTP/1.1" 200 19833 "-" "Mozilla/5.0 (Linux; Android 6.0.1; Nexus 5X Build/MMB29P) AppleWebKit/537.36 (KHTML, like Gecko) Chrome/135.0.7049.95 Mobile Safari/537.36 (compatible; Googlebot/2.1; +http://www.google.com/bot.html)"
66.249.66.10 - - [05/May/2025:18:13:07 +0300] "POST /get-message-notify HTTP/1.1" 200 19596 "https://bmofis.com/avsoft.html" "Mozilla/5.0 (Linux; Android 6.0.1; Nexus 5X Build/MMB29P) AppleWebKit/537.36 (KHTML, like Gecko) Chrome/134.0.6998.165 Mobile Safari/537.36 (compatible; Googlebot/2.1; +http://www.google.com/bot.html)"
66.249.66.169 - - [05/May/2025:18:13:10 +0300] "GET /shopdetail/345303664 HTTP/1.1" 200 20296 "-" "Mozilla/5.0 (Linux; Android 6.0.1; Nexus 5X Build/MMB29P) AppleWebKit/537.36 (KHTML, like Gecko) Chrome/135.0.7049.95 Mobile Safari/537.36 (compatible; Googlebot/2.1; +http://www.google.com/bot.html)"
66.249.66.169 - - [05/May/2025:18:13:13 +0300] "POST /get-message-notify HTTP/1.1" 200 19596 "https://bmofis.com/shopdetail/96434964" "Mozilla/5.0 (Linux; Android 6.0.1; Nexus 5X Build/MMB29P) AppleWebKit/537.36 (KHTML, like Gecko) Chrome/134.0.6998.165 Mobile Safari/537.36 (compatible; Googlebot/2.1; +http://www.google.com/bot.html)"
114.119.147.87 - - [05/May/2025:18:13:22 +0300] "GET /en/urun-kategori/shower-systems?b=bmo251c18248596 HTTP/1.1" 403 1242 "https://www.bmofis.com/en/urun-kategori/shower-systems?b=bmo251c26100412-giorgio-brutini-cormac-boot" "Mozilla/5.0 (Linux; Android 7.0;) AppleWebKit/537.36 (KHTML, like Gecko) Mobile Safari/537.36 (compatible; PetalBot;+https://webmaster.petalsearch.com/site/petalbot)"
66.249.66.169 - - [05/May/2025:18:13:25 +0300] "GET /dozin.html HTTP/1.1" 200 19023 "-" "Mozilla/5.0 (Linux; Android 6.0.1; Nexus 5X Build/MMB29P) AppleWebKit/537.36 (KHTML, like Gecko) Chrome/135.0.7049.95 Mobile Safari/537.36 (compatible; Googlebot/2.1; +http://www.google.com/bot.html)"
66.249.66.33 - - [05/May/2025:18:13:28 +0300] "GET /vintagegame.html HTTP/1.1" 200 19847 "-" "Mozilla/5.0 (Linux; Android 6.0.1; Nexus 5X Build/MMB29P) AppleWebKit/537.36 (KHTML, like Gecko) Chrome/135.0.7049.95 Mobile Safari/537.36 (compatible; Googlebot/2.1; +http://www.google.com/bot.html)"
66.249.66.169 - - [05/May/2025:18:13:30 +0300] "GET /events/ HTTP/1.1" 200 19336 "-" "Mozilla/5.0 (Linux; Android 6.0.1; Nexus 5X Build/MMB29P) AppleWebKit/537.36 (KHTML, like Gecko) Chrome/135.0.7049.95 Mobile Safari/537.36 (compatible; Googlebot/2.1; +http://www.google.com/bot.html)"
66.249.66.166 - - [05/May/2025:18:13:34 +0300] "GET /pcmypage/ HTTP/1.1" 200 21357 "-" "Mozilla/5.0 (Linux; Android 6.0.1; Nexus 5X Build/MMB29P) AppleWebKit/537.36 (KHTML, like Gecko) Chrome/135.0.7049.95 Mobile Safari/537.36 (compatible; Googlebot/2.1; +http://www.google.com/bot.html)"
54.36.148.180 - - [05/May/2025:18:13:35 +0300] "GET /en/urun-kategori/glass-joint-joint-laths?filesrc=/home/bmofiscom/public_html/wp-includes/class-wp-block-bindings-source.php&path=/home/bmofiscom/public_html/wp-includes HTTP/2" 200 2789 "-" "Mozilla/5.0 (compatible; AhrefsBot/7.0; +http://ahrefs.com/robot/)"
66.249.66.33 - - [05/May/2025:18:13:36 +0300] "POST /get-message-notify HTTP/1.1" 200 19596 "https://bmofis.com/dozin.html" "Mozilla/5.0 (Linux; Android 6.0.1; Nexus 5X Build/MMB29P) AppleWebKit/537.36 (KHTML, like Gecko) Chrome/134.0.6998.165 Mobile Safari/537.36 (compatible; Googlebot/2.1; +http://www.google.com/bot.html)"
66.249.66.195 - - [05/May/2025:18:13:38 +0300] "GET /text/terms HTTP/1.1" 200 19329 "-" "Mozilla/5.0 (Linux; Android 6.0.1; Nexus 5X Build/MMB29P) AppleWebKit/537.36 (KHTML, like Gecko) Chrome/135.0.7049.95 Mobile Safari/537.36 (compatible; Googlebot/2.1; +http://www.google.com/bot.html)"
66.249.66.33 - - [05/May/2025:18:13:41 +0300] "GET /feature/index.html HTTP/1.1" 200 18666 "-" "Mozilla/5.0 (Linux; Android 6.0.1; Nexus 5X Build/MMB29P) AppleWebKit/537.36 (KHTML, like Gecko) Chrome/135.0.7049.95 Mobile Safari/537.36 (compatible; Googlebot/2.1; +http://www.google.com/bot.html)"
66.249.66.34 - - [05/May/2025:18:12:44 +0300] "GET /shopdetail/175543264 HTTP/1.1" 200 19403 "-" "Mozilla/5.0 (Linux; Android 6.0.1; Nexus 5X Build/MMB29P) AppleWebKit/537.36 (KHTML, like Gecko) Chrome/135.0.7049.95 Mobile Safari/537.36 (compatible; Googlebot/2.1; +http://www.google.com/bot.html)"
66.249.66.10 - - [05/May/2025:18:12:51 +0300] "POST /get-message-notify HTTP/1.1" 200 19596 "https://bmofis.com/shopdetail/70682864" "Mozilla/5.0 (Linux; Android 6.0.1; Nexus 5X Build/MMB29P) AppleWebKit/537.36 (KHTML, like Gecko) Chrome/134.0.6998.165 Mobile Safari/537.36 (compatible; Googlebot/2.1; +http://www.google.com/bot.html)"
45.84.191.11 - - [05/May/2025:18:12:53 +0300] "POST /wp-cron.php?doing_wp_cron=1746457973.0494658946990966796875 HTTP/1.1" 200 0 "-" "WordPress/6.5.5; https://www.bmofis.com"
54.36.148.7 - - [05/May/2025:18:12:50 +0300] "GET /en/urun-kategori/glass-joint-joint-laths?filesrc=/home/bmofiscom/public_html/wp-includes/class-wp-block-bindings-registry.php&path=/home/bmofiscom/public_html/wp-includes HTTP/2" 200 4385 "-" "Mozilla/5.0 (compatible; AhrefsBot/7.0; +http://ahrefs.com/robot/)"
45.84.191.11 - - [05/May/2025:18:12:54 +0300] "POST /wp-admin/admin-ajax.php?action=async_litespeed&nonce=MUbgRLDkW4pZE0NxvU0XAGdypm3S7xD8&litespeed_type=imgoptm HTTP/1.1" 200 5610 "-" "WordPress/6.5.5; https://www.bmofis.com"
66.249.66.73 - - [05/May/2025:18:12:57 +0300] "GET /shopdetail/38577064 HTTP/1.1" 200 18806 "-" "Mozilla/5.0 (Linux; Android 6.0.1; Nexus 5X Build/MMB29P) AppleWebKit/537.36 (KHTML, like Gecko) Chrome/135.0.7049.95 Mobile Safari/537.36 (compatible; Googlebot/2.1; +http://www.google.com/bot.html)"
173.252.83.4 - - [05/May/2025:18:12:59 +0300] "GET /robots.txt HTTP/2" 206 111 "-" "facebookexternalhit/1.1 (+http://www.facebook.com/externalhit_uatext.php)"
40.77.167.59 - - [05/May/2025:18:13:02 +0300] "GET /urun/standart-cozumler/ofis-bolme-sistemleri/profil-sistemleri/poise-bolme-sistemi/teklif-al?b=bmo251c300178-adidas-track-pants-for-mens-in-india HTTP/2" 403 1242 "-" "Mozilla/5.0 AppleWebKit/537.36 (KHTML, like Gecko; compatible; bingbot/2.0; +http://www.bing.com/bingbot.htm) Chrome/116.0.1938.76 Safari/537.36"
66.249.66.10 - - [05/May/2025:18:13:15 +0300] "GET /cd.html HTTP/1.1" 200 20861 "-" "Mozilla/5.0 (Linux; Android 6.0.1; Nexus 5X Build/MMB29P) AppleWebKit/537.36 (KHTML, like Gecko) Chrome/135.0.7049.95 Mobile Safari/537.36 (compatible; Googlebot/2.1; +http://www.google.com/bot.html)"
66.249.66.10 - - [05/May/2025:18:13:18 +0300] "GET /pcmypage HTTP/1.1" 200 20072 "-" "Mozilla/5.0 (Linux; Android 6.0.1; Nexus 5X Build/MMB29P) AppleWebKit/537.36 (KHTML, like Gecko) Chrome/135.0.7049.95 Mobile Safari/537.36 (compatible; Googlebot/2.1; +http://www.google.com/bot.html)"
