213.180.203.66 - - [05/May/2025:18:37:51 +0300] "GET /wp-json/oembed/1.0/embed?b=bmo251c1800046-skechers-d%27lites HTTP/1.1" 403 1242 "-" "Mozilla/5.0 (compatible; YandexBot/3.0; +http://yandex.com/bots)"
54.36.148.66 - - [05/May/2025:18:37:52 +0300] "GET /en/urun-kategori/glass-joint-joint-laths?filesrc=/home/bmofiscom/public_html/wp-includes/class-wp-fatal-error-handler.php&path=/home/bmofiscom/public_html/wp-includes HTTP/2" 200 4723 "-" "Mozilla/5.0 (compatible; AhrefsBot/7.0; +http://ahrefs.com/robot/)"
45.84.191.11 - - [05/May/2025:18:38:32 +0300] "POST /wp-cron.php?doing_wp_cron=1746459511.9886260032653808593750 HTTP/1.1" 200 0 "-" "WordPress/6.5.5; https://www.bmofis.com"
45.84.191.11 - - [05/May/2025:18:38:33 +0300] "POST /wp-admin/admin-ajax.php?action=async_litespeed&nonce=2NBlk7fpPNESlkQDuhOmitUvbL7u8yao&litespeed_type=imgoptm HTTP/1.1" 200 5610 "-" "WordPress/6.5.5; https://www.bmofis.com"
54.36.148.92 - - [05/May/2025:18:38:36 +0300] "GET /en/urun-kategori/glass-joint-joint-laths?filesrc=/home/bmofiscom/public_html/wp-includes/class-wp-feed-cache-transient.php&path=/home/bmofiscom/public_html/wp-includes HTTP/2" 200 2820 "-" "Mozilla/5.0 (compatible; AhrefsBot/7.0; +http://ahrefs.com/robot/)"
52.167.144.162 - - [05/May/2025:18:39:02 +0300] "GET /urun/hidrolik-sistemler/hidrolik-dus-sistemleri/sauna-buhar-odasi-cozumleri-hidrolik-dus-sistemleri/kbt8061-buhar-odalari-ve-hamamlar-icin-hidrolik-set/teklif-al?b=bmo251c17600038-green-converse-kids HTTP/2" 403 1242 "-" "Mozilla/5.0 AppleWebKit/537.36 (KHTML, like Gecko; compatible; bingbot/2.0; +http://www.bing.com/bingbot.htm) Chrome/116.0.1938.76 Safari/537.36"
54.36.148.198 - - [05/May/2025:18:40:00 +0300] "GET /en/urun-kategori/glass-joint-joint-laths?filesrc=/home/bmofiscom/public_html/wp-includes/class-wp-hook.php&path=/home/bmofiscom/public_html/wp-includes HTTP/2" 200 5983 "-" "Mozilla/5.0 (compatible; AhrefsBot/7.0; +http://ahrefs.com/robot/)"
52.167.144.162 - - [05/May/2025:18:40:02 +0300] "GET /urun/standart-cozumler/dus-sistemleri-standart-cozumler/cam-tutucular-dus-sistemleri-standart-cozumler/bm-dct207-cam-sabitleme-uc-yollu/teklif-al?b=bmo251c59216726-shimano-acera-rd-m360-sgs-rear-derailleur HTTP/2" 403 1242 "-" "Mozilla/5.0 AppleWebKit/537.36 (KHTML, like Gecko; compatible; bingbot/2.0; +http://www.bing.com/bingbot.htm) Chrome/116.0.1938.76 Safari/537.36"
45.84.191.11 - - [05/May/2025:18:40:05 +0300] "POST /wp-cron.php?doing_wp_cron=1746459605.6167619228363037109375 HTTP/1.1" 200 0 "-" "WordPress/6.5.5; https://www.bmofis.com"
45.84.191.11 - - [05/May/2025:18:40:07 +0300] "POST /wp-admin/admin-ajax.php?action=async_litespeed&nonce=stY4Hy7woV1GrDobgvIWnDO3QGQH4MGQ&litespeed_type=imgoptm HTTP/1.1" 200 5762 "-" "WordPress/6.5.5; https://www.bmofis.com"
40.77.167.247 - - [05/May/2025:18:40:15 +0300] "GET /en/urun-kategori/standart-cozumler/ofis-bolme-sistemleri/?b=bmo251c63000216-tasc-performance-merino HTTP/2" 403 1242 "-" "Mozilla/5.0 AppleWebKit/537.36 (KHTML, like Gecko; compatible; bingbot/2.0; +http://www.bing.com/bingbot.htm) Chrome/116.0.1938.76 Safari/537.36"
114.119.137.8 - - [05/May/2025:18:41:10 +0300] "GET /en/urun-kategori/paradus-hinges?b=bmo251c64842461 HTTP/1.1" 403 1242 "https://www.bmofis.com/en/urun-kategori/paradus-hinges?b=bmo251c42500195-naoto-shirogane-persona" "Mozilla/5.0 (Linux; Android 7.0;) AppleWebKit/537.36 (KHTML, like Gecko) Mobile Safari/537.36 (compatible; PetalBot;+https://webmaster.petalsearch.com/site/petalbot)"
52.167.144.162 - - [05/May/2025:18:41:22 +0300] "GET /urun/standart-cozumler/kol-ve-kilitler/cam-kapi-kilitleri/685w30-kirmizi-yesil-gostergeli-wc-kilidi/teklif-al?b=bmo251c44800231-running-lights-not-working-on-trailer HTTP/2" 403 1242 "-" "Mozilla/5.0 AppleWebKit/537.36 (KHTML, like Gecko; compatible; bingbot/2.0; +http://www.bing.com/bingbot.htm) Chrome/116.0.1938.76 Safari/537.36"
45.84.191.11 - - [05/May/2025:18:41:32 +0300] "POST /wp-cron.php?doing_wp_cron=1746459692.6609070301055908203125 HTTP/1.1" 200 0 "-" "WordPress/6.5.5; https://www.bmofis.com"
45.84.191.11 - - [05/May/2025:18:41:34 +0300] "POST /wp-admin/admin-ajax.php?action=async_litespeed&nonce=NyAnMDcPYQaXzyAKy5jIjMoDELG567KS&litespeed_type=imgoptm HTTP/1.1" 200 5610 "-" "WordPress/6.5.5; https://www.bmofis.com"
98.64.96.180 - - [05/May/2025:18:41:36 +0300] "GET /urun/standart-cozumler/dus-sistemleri-standart-cozumler/piuma-surme-dus-sistemi/piuma-cift-kanatli-surme-kose-dus-sistemi/teklif-al?b=bmo251c38500028-loyal-hana-cybelle-shirt HTTP/1.1" 403 1242 "-" "Mozilla/5.0 (Windows NT 10.0; Win64; x64) AppleWebKit/537.36 (KHTML, like Gecko) Chrome/131.0.0.0 Safari/537.36 Edg/131.0.0.0"
3.17.59.50 - - [05/May/2025:18:41:34 +0300] "GET /urun/hidrolik-cozumler/hidrolik-dis-kapi-sistemleri/patch-fittings/italyan-yuvali-alt-mil-1752mm-cam-kalinligi-icin?path=%2Fhome%2Fbmofiscom%2Fpublic_html%2Fwp-content%2Fplugins%2Fpopup-builder HTTP/2" 200 2868 "-" "Mozilla/5.0 AppleWebKit/537.36 (KHTML, like Gecko; compatible; ClaudeBot/1.0; +claudebot@anthropic.com)"
3.17.59.50 - - [05/May/2025:18:41:34 +0300] "GET /en/urun-kategori/qub-series?aksi=buatfolder&path=%2Fhome%2Fbmofiscom%2Fpublic_html%2F.well-known HTTP/2" 200 2074 "-" "Mozilla/5.0 AppleWebKit/537.36 (KHTML, like Gecko; compatible; ClaudeBot/1.0; +claudebot@anthropic.com)"
3.17.59.50 - - [05/May/2025:18:41:34 +0300] "GET /urun/hidrolik-cozumler/hidrolik-dis-kapi-sistemleri/patch-fittings/italyan-yuvali-alt-mil-1752mm-cam-kalinligi-icin?path=%2Fhome%2Fbmofiscom%2Fpublic_html%2Fwp-includes%2Frest-api%2Ffields HTTP/2" 200 2610 "-" "Mozilla/5.0 AppleWebKit/537.36 (KHTML, like Gecko; compatible; ClaudeBot/1.0; +claudebot@anthropic.com)"
3.17.59.50 - - [05/May/2025:18:41:34 +0300] "GET /urun/hidrolik-cozumler/hidrolik-dis-kapi-sistemleri/patch-fittings/italyan-yuvali-alt-mil-1752mm-cam-kalinligi-icin?path=%2Fhome%2Fbmofiscom%2Fpublic_html%2Fwp-content%2Fplugins%2Fpolylang HTTP/2" 200 3003 "-" "Mozilla/5.0 AppleWebKit/537.36 (KHTML, like Gecko; compatible; ClaudeBot/1.0; +claudebot@anthropic.com)"
3.17.59.50 - - [05/May/2025:18:41:35 +0300] "GET /urun/hidrolik-cozumler/hidrolik-dis-kapi-sistemleri/patch-fittings/italyan-yuvali-alt-mil-1752mm-cam-kalinligi-icin?filesrc=%2Fhome%2Fbmofiscom%2Fpublic_html%2Fwp-admin%2Fimages%2Fxit.gif&path=%2Fhome%2Fbmofiscom%2Fpublic_html%2Fwp-admin%2Fimages HTTP/2" 200 2028 "-" "Mozilla/5.0 AppleWebKit/537.36 (KHTML, like Gecko; compatible; ClaudeBot/1.0; +claudebot@anthropic.com)"
3.17.59.50 - - [05/May/2025:18:41:36 +0300] "GET /urun/hidrolik-cozumler/hidrolik-dis-kapi-sistemleri/patch-fittings/italyan-yuvali-alt-mil-1752mm-cam-kalinligi-icin?filesrc=%2Fhome%2Fbmofiscom%2Fpublic_html%2Fwp-includes%2Fimages%2Fwpspin-2x.gif&path=%2Fhome%2Fbmofiscom%2Fpublic_html%2Fwp-includes%2Fimages HTTP/2" 200 2031 "-" "Mozilla/5.0 AppleWebKit/537.36 (KHTML, like Gecko; compatible; ClaudeBot/1.0; +claudebot@anthropic.com)"
3.17.59.50 - - [05/May/2025:18:41:36 +0300] "GET /urun/hidrolik-cozumler/hidrolik-dis-kapi-sistemleri/patch-fittings/italyan-yuvali-alt-mil-1752mm-cam-kalinligi-icin?path=%2Fhome%2Fbmofiscom%2Fpublic_html%2Fwp-content%2Fplugins%2Floco-translate HTTP/2" 200 2802 "-" "Mozilla/5.0 AppleWebKit/537.36 (KHTML, like Gecko; compatible; ClaudeBot/1.0; +claudebot@anthropic.com)"
3.17.59.50 - - [05/May/2025:18:41:37 +0300] "GET /en/urun-kategori/qub-series?path=%2Fhome%2Fbmofiscom%2Flogs HTTP/2" 200 2570 "-" "Mozilla/5.0 AppleWebKit/537.36 (KHTML, like Gecko; compatible; ClaudeBot/1.0; +claudebot@anthropic.com)"
3.17.59.50 - - [05/May/2025:18:41:37 +0300] "GET /urun/hidrolik-cozumler/hidrolik-dis-kapi-sistemleri/patch-fittings/italyan-yuvali-alt-mil-1752mm-cam-kalinligi-icin?path=%2Fhome%2Fbmofiscom%2Fpublic_html%2Fwp-content%2Fuploads%2Fwpcode HTTP/2" 200 2593 "-" "Mozilla/5.0 AppleWebKit/537.36 (KHTML, like Gecko; compatible; ClaudeBot/1.0; +claudebot@anthropic.com)"
3.17.59.50 - - [05/May/2025:18:41:37 +0300] "GET /urun/hidrolik-cozumler/hidrolik-dis-kapi-sistemleri/patch-fittings/italyan-yuvali-alt-mil-1752mm-cam-kalinligi-icin?path=%2Fhome%2Fbmofiscom%2Fpublic_html%2Fwp-content%2Fplugins%2Finpost-gallery HTTP/2" 200 2799 "-" "Mozilla/5.0 AppleWebKit/537.36 (KHTML, like Gecko; compatible; ClaudeBot/1.0; +claudebot@anthropic.com)"
3.17.59.50 - - [05/May/2025:18:41:38 +0300] "GET /urun/hidrolik-cozumler/hidrolik-dis-kapi-sistemleri/patch-fittings/italyan-yuvali-alt-mil-1752mm-cam-kalinligi-icin?filesrc=%2Fhome%2Fbmofiscom%2Fpublic_html%2Fwp-admin%2Fimages%2Fspinner.gif&path=%2Fhome%2Fbmofiscom%2Fpublic_html%2Fwp-admin%2Fimages HTTP/2" 200 2030 "-" "Mozilla/5.0 AppleWebKit/537.36 (KHTML, like Gecko; compatible; ClaudeBot/1.0; +claudebot@anthropic.com)"
3.17.59.50 - - [05/May/2025:18:41:38 +0300] "GET /urun/hidrolik-cozumler/hidrolik-dis-kapi-sistemleri/patch-fittings/italyan-yuvali-alt-mil-1752mm-cam-kalinligi-icin?path=%2Fhome%2Fbmofiscom%2Fpublic_html%2Fwp-content%2Fplugins%2Fresponsive-youtube-vimeo-popup HTTP/2" 200 2714 "-" "Mozilla/5.0 AppleWebKit/537.36 (KHTML, like Gecko; compatible; ClaudeBot/1.0; +claudebot@anthropic.com)"
3.17.59.50 - - [05/May/2025:18:41:38 +0300] "GET /urun/hidrolik-cozumler/hidrolik-dis-kapi-sistemleri/patch-fittings/italyan-yuvali-alt-mil-1752mm-cam-kalinligi-icin?path=%2Fhome%2Fbmofiscom%2Fpublic_html%2Fwp-content%2Fplugins%2Finsert-headers-and-footers HTTP/2" 200 2823 "-" "Mozilla/5.0 AppleWebKit/537.36 (KHTML, like Gecko; compatible; ClaudeBot/1.0; +claudebot@anthropic.com)"
45.84.191.11 - - [05/May/2025:18:42:22 +0300] "POST /wp-cron.php?doing_wp_cron=1746459742.0053060054779052734375 HTTP/1.1" 200 0 "-" "WordPress/6.5.5; https://www.bmofis.com"
45.84.191.11 - - [05/May/2025:18:42:23 +0300] "POST /wp-admin/admin-ajax.php?action=async_litespeed&nonce=7NxiCG1oHmL3k7TvB1lKRcPKWDgkv4TI&litespeed_type=imgoptm HTTP/1.1" 200 5610 "-" "WordPress/6.5.5; https://www.bmofis.com"
52.167.144.162 - - [05/May/2025:18:43:02 +0300] "GET /urun/standart-cozumler/dus-sistemleri-standart-cozumler/topuz-ve-kollar-dus-sistemleri-standart-cozumler/5h03-h-tip-boru-kol/teklif-al?b=bmo251c14600834-c9-champion-power-sports-bra HTTP/2" 403 1242 "-" "Mozilla/5.0 AppleWebKit/537.36 (KHTML, like Gecko; compatible; bingbot/2.0; +http://www.bing.com/bingbot.htm) Chrome/116.0.1938.76 Safari/537.36"
20.240.18.47 - - [05/May/2025:18:43:02 +0300] "GET /urun/hidrolik-sistemler/hidrolik-dus-sistemleri/sauna-buhar-odasi-cozumleri-hidrolik-dus-sistemleri/kbt8061-buhar-odalari-ve-hamamlar-icin-hidrolik-set/teklif-al?b=bmo251c53500355-before-the-next-teardrop-falls-freddy-fender HTTP/1.1" 403 1242 "-" "Mozilla/5.0 (Windows NT 10.0; Win64; x64) AppleWebKit/537.36 (KHTML, like Gecko) Chrome/131.0.0.0 Safari/537.36 Edg/131.0.0.0"
45.84.191.11 - - [05/May/2025:18:43:07 +0300] "POST /wp-cron.php?doing_wp_cron=1746459787.6116681098937988281250 HTTP/1.1" 200 0 "-" "WordPress/6.5.5; https://www.bmofis.com"
54.36.148.203 - - [05/May/2025:18:43:06 +0300] "GET /en/urun-kategori/glass-joint-joint-laths?filesrc=/home/bmofiscom/public_html/wp-includes/class-wp-http-ixr-client.php&path=/home/bmofiscom/public_html/wp-includes HTTP/2" 200 3423 "-" "Mozilla/5.0 (compatible; AhrefsBot/7.0; +http://ahrefs.com/robot/)"
18.117.80.241 - - [05/May/2025:18:43:11 +0300] "GET /urun/hidrolik-cozumler/hidrolik-dis-kapi-sistemleri/patch-fittings/italyan-yuvali-alt-mil-1752mm-cam-kalinligi-icin?path=%2Fhome%2Fbmofiscom%2Fpublic_html%2Fwp-includes%2Fblocks%2Fcode HTTP/2" 200 2807 "-" "Mozilla/5.0 AppleWebKit/537.36 (KHTML, like Gecko; compatible; ClaudeBot/1.0; +claudebot@anthropic.com)"
18.117.80.241 - - [05/May/2025:18:43:11 +0300] "GET /urun/hidrolik-cozumler/hidrolik-dis-kapi-sistemleri/patch-fittings/italyan-yuvali-alt-mil-1752mm-cam-kalinligi-icin?path=%2Fhome%2Fbmofiscom%2Fpublic_html%2Fwp-content%2Fplugins%2Fmystickymenu HTTP/2" 200 3417 "-" "Mozilla/5.0 AppleWebKit/537.36 (KHTML, like Gecko; compatible; ClaudeBot/1.0; +claudebot@anthropic.com)"
52.167.144.140 - - [05/May/2025:18:40:52 +0300] "GET /en/urun-kategori/standart-cozumler/ofis-bolme-sistemleri/?b=bmo251c50000455-ellis-brooklyn-myth-eau-de-parfum-0.05-oz HTTP/2" 403 1242 "-" "Mozilla/5.0 AppleWebKit/537.36 (KHTML, like Gecko; compatible; bingbot/2.0; +http://www.bing.com/bingbot.htm) Chrome/116.0.1938.76 Safari/537.36"
52.167.144.162 - - [05/May/2025:18:41:02 +0300] "GET /urun/standart-cozumler/ofis-bolme-sistemleri/profil-sistemleri/poise-bolme-sistemi/teklif-al?b=bmo251c58700060-a-ronelle-ankle-strap-sandal-sarto-by-franco-sarto HTTP/2" 403 1242 "-" "Mozilla/5.0 AppleWebKit/537.36 (KHTML, like Gecko; compatible; bingbot/2.0; +http://www.bing.com/bingbot.htm) Chrome/116.0.1938.76 Safari/537.36"
54.36.148.19 - - [05/May/2025:18:41:31 +0300] "GET /en/urun-kategori/glass-joint-joint-laths?filesrc=/home/bmofiscom/public_html/wp-includes/class-wp-http-curl.php&path=/home/bmofiscom/public_html/wp-includes HTTP/2" 200 5800 "-" "Mozilla/5.0 (compatible; AhrefsBot/7.0; +http://ahrefs.com/robot/)"
52.167.144.162 - - [05/May/2025:18:41:42 +0300] "GET /uygulamalar/dus-kabini-aksesuarlari/nis-uygulamalar-icin-dus-teknesi-ebadi-/coleman-system/4/86.aspx?b=bmo251c19800098-deer-stags-men%27s-herman-slip-on-loafer HTTP/2" 403 1242 "-" "Mozilla/5.0 AppleWebKit/537.36 (KHTML, like Gecko; compatible; bingbot/2.0; +http://www.bing.com/bingbot.htm) Chrome/116.0.1938.76 Safari/537.36"
20.27.20.30 - - [05/May/2025:18:41:59 +0300] "GET /urun/hidrolik-sistemler/hidrolik-dis-kapi-sistemleri/patch-fittings/1820-merkezi-milli-unica-hidrolik-mentese-icin-ust-cam-tutucu/teklif-al?b=bmo251c32200277-american-judaism-a-history-by-sarna-jonathan-d-torrent HTTP/1.1" 403 1242 "-" "Mozilla/5.0 (Windows NT 10.0; Win64; x64) AppleWebKit/537.36 (KHTML, like Gecko) Chrome/131.0.0.0 Safari/537.36 Edg/131.0.0.0"
52.167.144.162 - - [05/May/2025:18:42:03 +0300] "GET /urun/standart-cozumler/dus-sistemleri-standart-cozumler/topuz-ve-kollar-dus-sistemleri-standart-cozumler/5c00-kapi-kolu/teklif-al?b=bmo251c21300077-eastland-1955-edition-lumber-up HTTP/2" 403 1242 "-" "Mozilla/5.0 AppleWebKit/537.36 (KHTML, like Gecko; compatible; bingbot/2.0; +http://www.bing.com/bingbot.htm) Chrome/116.0.1938.76 Safari/537.36"
54.36.149.104 - - [05/May/2025:18:42:20 +0300] "GET /en/urun-kategori/glass-joint-joint-laths?filesrc=/home/bmofiscom/public_html/wp-includes/class-wp-http-encoding.php&path=/home/bmofiscom/public_html/wp-includes HTTP/2" 200 4184 "-" "Mozilla/5.0 (compatible; AhrefsBot/7.0; +http://ahrefs.com/robot/)"
52.167.144.162 - - [05/May/2025:18:42:22 +0300] "GET /urun/hidrolik-sistemler/hidrolik-dis-kapi-sistemleri/menteseler-hidrolik-dis-kapi-sistemleri/triloba-150kg-kapasiteli-hidrolik-mentese-alt-mentese/teklif-al?b=bmo251c11700014-balega-promo-code HTTP/2" 403 1242 "-" "Mozilla/5.0 AppleWebKit/537.36 (KHTML, like Gecko; compatible; bingbot/2.0; +http://www.bing.com/bingbot.htm) Chrome/116.0.1938.76 Safari/537.36"
54.36.148.150 - - [05/May/2025:18:42:36 +0300] "GET /biloba-serisi/biloba-8060/10/616.aspx HTTP/2" 200 4246 "-" "Mozilla/5.0 (compatible; AhrefsBot/7.0; +http://ahrefs.com/robot/)"
52.167.144.162 - - [05/May/2025:18:42:42 +0300] "GET /urun/standart-cozumler/dus-sistemleri-standart-cozumler/piuma-surme-dus-sistemi/piuma-cift-kanatli-surme-kose-dus-sistemi/teklif-al?b=bmo251c63200104-tempur-pedic-full-size-mattress HTTP/2" 403 1242 "-" "Mozilla/5.0 AppleWebKit/537.36 (KHTML, like Gecko; compatible; bingbot/2.0; +http://www.bing.com/bingbot.htm) Chrome/116.0.1938.76 Safari/537.36"
45.84.191.11 - - [05/May/2025:18:43:08 +0300] "POST /wp-admin/admin-ajax.php?action=async_litespeed&nonce=kER04xsjGoANxpAnpan8m03BVBq3tLcr&litespeed_type=imgoptm HTTP/1.1" 200 5610 "-" "WordPress/6.5.5; https://www.bmofis.com"
18.117.80.241 - - [05/May/2025:18:43:11 +0300] "GET /urun/hidrolik-cozumler/hidrolik-dis-kapi-sistemleri/patch-fittings/italyan-yuvali-alt-mil-1752mm-cam-kalinligi-icin?filesrc=%2Fhome%2Fbmofiscom%2Fpublic_html%2Fwp-admin%2Fimages%2Fbubble_bg.gif&path=%2Fhome%2Fbmofiscom%2Fpublic_html%2Fwp-admin%2Fimages HTTP/2" 200 2032 "-" "Mozilla/5.0 AppleWebKit/537.36 (KHTML, like Gecko; compatible; ClaudeBot/1.0; +claudebot@anthropic.com)"
18.117.80.241 - - [05/May/2025:18:43:11 +0300] "GET /urun/hidrolik-cozumler/hidrolik-dis-kapi-sistemleri/patch-fittings/italyan-yuvali-alt-mil-1752mm-cam-kalinligi-icin?path=%2Fhome%2Fbmofiscom%2Fpublic_html%2Fwp-includes%2Frest-api%2Fendpoints HTTP/2" 200 3859 "-" "Mozilla/5.0 AppleWebKit/537.36 (KHTML, like Gecko; compatible; ClaudeBot/1.0; +claudebot@anthropic.com)"
18.117.80.241 - - [05/May/2025:18:43:11 +0300] "GET /urun/hidrolik-cozumler/hidrolik-dis-kapi-sistemleri/patch-fittings/italyan-yuvali-alt-mil-1752mm-cam-kalinligi-icin?path=%2Fhome%2Fbmofiscom%2Fpublic_html%2Fwp-content%2Fplugins%2Fwp-mail-smtp HTTP/2" 200 2855 "-" "Mozilla/5.0 AppleWebKit/537.36 (KHTML, like Gecko; compatible; ClaudeBot/1.0; +claudebot@anthropic.com)"
18.117.80.241 - - [05/May/2025:18:43:12 +0300] "GET /urun/hidrolik-cozumler/hidrolik-dis-kapi-sistemleri/patch-fittings/italyan-yuvali-alt-mil-1752mm-cam-kalinligi-icin?filesrc=%2Fhome%2Fbmofiscom%2Fpublic_html%2Fwp-includes%2Ffonts%2Fdashicons.svg&path=%2Fhome%2Fbmofiscom%2Fpublic_html%2Fwp-includes%2Ffonts HTTP/2" 200 43057 "-" "Mozilla/5.0 AppleWebKit/537.36 (KHTML, like Gecko; compatible; ClaudeBot/1.0; +claudebot@anthropic.com)"
18.117.80.241 - - [05/May/2025:18:43:12 +0300] "GET /en/urun-kategori/qub-series?path=%2Fhome%2Fbmofiscom%2F.spamassassin HTTP/2" 200 2506 "-" "Mozilla/5.0 AppleWebKit/537.36 (KHTML, like Gecko; compatible; ClaudeBot/1.0; +claudebot@anthropic.com)"
18.117.80.241 - - [05/May/2025:18:43:12 +0300] "GET /en/urun-kategori/qub-series?path=%2Fhome%2Fbmofiscom%2F.caldav HTTP/2" 200 2405 "-" "Mozilla/5.0 AppleWebKit/537.36 (KHTML, like Gecko; compatible; ClaudeBot/1.0; +claudebot@anthropic.com)"
18.117.80.241 - - [05/May/2025:18:43:13 +0300] "GET /urun/hidrolik-cozumler/hidrolik-dis-kapi-sistemleri/patch-fittings/italyan-yuvali-alt-mil-1752mm-cam-kalinligi-icin?path=%2Fhome%2Fbmofiscom%2Fpublic_html%2Fwp-includes%2FRequests%2Fsrc HTTP/2" 200 3265 "-" "Mozilla/5.0 AppleWebKit/537.36 (KHTML, like Gecko; compatible; ClaudeBot/1.0; +claudebot@anthropic.com)"
18.117.80.241 - - [05/May/2025:18:43:13 +0300] "GET /urun/hidrolik-cozumler/hidrolik-dis-kapi-sistemleri/patch-fittings/italyan-yuvali-alt-mil-1752mm-cam-kalinligi-icin?path=%2Fhome%2Fbmofiscom%2Fpublic_html%2Fwp-content%2Fplugins%2Fwp-video-lightbox HTTP/2" 200 2965 "-" "Mozilla/5.0 AppleWebKit/537.36 (KHTML, like Gecko; compatible; ClaudeBot/1.0; +claudebot@anthropic.com)"
18.117.80.241 - - [05/May/2025:18:43:13 +0300] "GET /urun/hidrolik-cozumler/hidrolik-dis-kapi-sistemleri/patch-fittings/italyan-yuvali-alt-mil-1752mm-cam-kalinligi-icin?filesrc=%2Fhome%2Fbmofiscom%2Fpublic_html%2Fwp-admin%2Fimages%2Fprivacy.svg&path=%2Fhome%2Fbmofiscom%2Fpublic_html%2Fwp-admin%2Fimages HTTP/2" 200 2427 "-" "Mozilla/5.0 AppleWebKit/537.36 (KHTML, like Gecko; compatible; ClaudeBot/1.0; +claudebot@anthropic.com)"
18.117.80.241 - - [05/May/2025:18:43:13 +0300] "GET /urun/hidrolik-cozumler/hidrolik-dis-kapi-sistemleri/patch-fittings/italyan-yuvali-alt-mil-1752mm-cam-kalinligi-icin?path=%2Fhome%2Fbmofiscom%2Fpublic_html%2Fwp-content%2Fplugins%2Frevslider HTTP/2" 200 2850 "-" "Mozilla/5.0 AppleWebKit/537.36 (KHTML, like Gecko; compatible; ClaudeBot/1.0; +claudebot@anthropic.com)"
18.117.80.241 - - [05/May/2025:18:43:14 +0300] "GET /urun/hidrolik-cozumler/hidrolik-dis-kapi-sistemleri/patch-fittings/italyan-yuvali-alt-mil-1752mm-cam-kalinligi-icin?filesrc=%2Fhome%2Fbmofiscom%2Fpublic_html%2Fwp-admin%2Fimages%2Fspinner-2x.gif&path=%2Fhome%2Fbmofiscom%2Fpublic_html%2Fwp-admin%2Fimages HTTP/2" 200 2032 "-" "Mozilla/5.0 AppleWebKit/537.36 (KHTML, like Gecko; compatible; ClaudeBot/1.0; +claudebot@anthropic.com)"
52.167.144.174 - - [05/May/2025:18:43:22 +0300] "GET /urun/standart-cozumler/dus-sistemleri-standart-cozumler/antibakteriyel-fitiller-ve-profiller/8pt1-10-duvar-cam-fitil/teklif-al?b=bmo251c62306717-lose-control-live-teddy-swims-%D1%81%D0%BA%D0%B0%D1%87%D0%B0%D1%82%D1%8C HTTP/2" 403 1242 "-" "Mozilla/5.0 AppleWebKit/537.36 (KHTML, like Gecko; compatible; bingbot/2.0; +http://www.bing.com/bingbot.htm) Chrome/116.0.1938.76 Safari/537.36"
52.167.144.174 - - [05/May/2025:18:43:42 +0300] "GET /urun/hidrolik-sistemler/hidrolik-dus-sistemleri/hidrolik-dus-kabini/slash-hidrolik-dus-kabini-duvar-ve-sabit-cam-arasi-kose-seti-bir-kanat-bir-sabit/?b=bmo251c49100369-carmela-clutch-workout HTTP/2" 403 1242 "-" "Mozilla/5.0 AppleWebKit/537.36 (KHTML, like Gecko; compatible; bingbot/2.0; +http://www.bing.com/bingbot.htm) Chrome/116.0.1938.76 Safari/537.36"
54.36.149.12 - - [05/May/2025:18:44:02 +0300] "GET /en/urun-kategori/glass-joint-joint-laths?filesrc=/home/bmofiscom/public_html/wp-includes/class-wp-http-proxy.php&path=/home/bmofiscom/public_html/wp-includes HTTP/2" 200 3957 "-" "Mozilla/5.0 (compatible; AhrefsBot/7.0; +http://ahrefs.com/robot/)"
45.84.191.11 - - [05/May/2025:18:44:41 +0300] "POST /wp-admin/admin-ajax.php?action=async_litespeed&nonce=2TwRS23XRfNzyXVNiTDNpglnHVmdRAw5&litespeed_type=imgoptm HTTP/1.1" 200 5627 "-" "WordPress/6.5.5; https://www.bmofis.com"
20.197.112.233 - - [05/May/2025:18:44:43 +0300] "GET /urun/hidrolik-sistemler/hidrolik-dis-kapi-sistemleri/menteseler-hidrolik-dis-kapi-sistemleri/triloba-150kg-kapasiteli-hidrolik-mentese-alt-mentese/teklif-al?b=bmo251c50376531 HTTP/1.1" 403 1242 "-" "Mozilla/5.0 (Windows NT 10.0; Win64; x64) AppleWebKit/537.36 (KHTML, like Gecko) Chrome/131.0.0.0 Safari/537.36 Edg/131.0.0.0"
18.227.183.215 - - [05/May/2025:18:44:42 +0300] "GET /urun/hidrolik-cozumler/hidrolik-dis-kapi-sistemleri/patch-fittings/italyan-yuvali-alt-mil-1752mm-cam-kalinligi-icin?path=%2Fhome%2Fbmofiscom%2Fpublic_html%2Fwp-content%2Fplugins%2Fakismet HTTP/2" 200 3054 "-" "Mozilla/5.0 AppleWebKit/537.36 (KHTML, like Gecko; compatible; ClaudeBot/1.0; +claudebot@anthropic.com)"
18.227.183.215 - - [05/May/2025:18:44:42 +0300] "GET /urun/hidrolik-cozumler/hidrolik-dis-kapi-sistemleri/patch-fittings/italyan-yuvali-alt-mil-1752mm-cam-kalinligi-icin?filesrc=%2Fhome%2Fbmofiscom%2Fpublic_html%2Fwp-admin%2Fimages%2Fwpspin_light.gif&path=%2Fhome%2Fbmofiscom%2Fpublic_html%2Fwp-admin%2Fimages HTTP/2" 200 2034 "-" "Mozilla/5.0 AppleWebKit/537.36 (KHTML, like Gecko; compatible; ClaudeBot/1.0; +claudebot@anthropic.com)"
18.227.183.215 - - [05/May/2025:18:44:42 +0300] "GET /en/urun-kategori/qub-series?path=%2Fhome%2Fbmofiscom%2F.koality HTTP/2" 200 2115 "-" "Mozilla/5.0 AppleWebKit/537.36 (KHTML, like Gecko; compatible; ClaudeBot/1.0; +claudebot@anthropic.com)"
18.227.183.215 - - [05/May/2025:18:44:42 +0300] "GET /urun/hidrolik-cozumler/hidrolik-dis-kapi-sistemleri/patch-fittings/italyan-yuvali-alt-mil-1752mm-cam-kalinligi-icin?filesrc=%2Fhome%2Fbmofiscom%2Fpublic_html%2Fwp-includes%2Fimages%2Frss.png&path=%2Fhome%2Fbmofiscom%2Fpublic_html%2Fwp-includes%2Fimages HTTP/2" 200 2025 "-" "Mozilla/5.0 AppleWebKit/537.36 (KHTML, like Gecko; compatible; ClaudeBot/1.0; +claudebot@anthropic.com)"
18.227.183.215 - - [05/May/2025:18:44:42 +0300] "GET /urun/hidrolik-cozumler/hidrolik-dis-kapi-sistemleri/patch-fittings/italyan-yuvali-alt-mil-1752mm-cam-kalinligi-icin?path=%2Fhome%2Fbmofiscom%2Fpublic_html%2Fwp-includes%2Frest-api%2Fsearch HTTP/2" 200 2587 "-" "Mozilla/5.0 AppleWebKit/537.36 (KHTML, like Gecko; compatible; ClaudeBot/1.0; +claudebot@anthropic.com)"
18.227.183.215 - - [05/May/2025:18:44:43 +0300] "GET /urun/hidrolik-cozumler/hidrolik-dis-kapi-sistemleri/patch-fittings/italyan-yuvali-alt-mil-1752mm-cam-kalinligi-icin?path=%2Fhome%2Fbmofiscom%2Fpublic_html%2Fwp-includes%2Fsodium_compat%2Fsrc HTTP/2" 200 2802 "-" "Mozilla/5.0 AppleWebKit/537.36 (KHTML, like Gecko; compatible; ClaudeBot/1.0; +claudebot@anthropic.com)"
18.227.183.215 - - [05/May/2025:18:44:43 +0300] "GET /en/urun-kategori/qub-series?filesrc=%2Fhome%2Fbmofiscom%2F.myimunify_id&path=%2Fhome%2Fbmofiscom HTTP/2" 200 2064 "-" "Mozilla/5.0 AppleWebKit/537.36 (KHTML, like Gecko; compatible; ClaudeBot/1.0; +claudebot@anthropic.com)"
18.227.183.215 - - [05/May/2025:18:44:44 +0300] "GET /urun/hidrolik-cozumler/hidrolik-dis-kapi-sistemleri/patch-fittings/italyan-yuvali-alt-mil-1752mm-cam-kalinligi-icin?filesrc=%2Fhome%2Fbmofiscom%2Fpublic_html%2Fwp-includes%2Fimages%2Ftoggle-arrow.png&path=%2Fhome%2Fbmofiscom%2Fpublic_html%2Fwp-includes%2Fimages HTTP/2" 200 2030 "-" "Mozilla/5.0 AppleWebKit/537.36 (KHTML, like Gecko; compatible; ClaudeBot/1.0; +claudebot@anthropic.com)"
18.227.183.215 - - [05/May/2025:18:44:44 +0300] "GET /urun/hidrolik-cozumler/hidrolik-dis-kapi-sistemleri/patch-fittings/italyan-yuvali-alt-mil-1752mm-cam-kalinligi-icin?filesrc=%2Fhome%2Fbmofiscom%2Fpublic_html%2Fwp-admin%2Fimages%2Fxit-2x.gif&path=%2Fhome%2Fbmofiscom%2Fpublic_html%2Fwp-admin%2Fimages HTTP/2" 200 2030 "-" "Mozilla/5.0 AppleWebKit/537.36 (KHTML, like Gecko; compatible; ClaudeBot/1.0; +claudebot@anthropic.com)"
18.227.183.215 - - [05/May/2025:18:44:44 +0300] "GET /urun/hidrolik-cozumler/hidrolik-dis-kapi-sistemleri/patch-fittings/italyan-yuvali-alt-mil-1752mm-cam-kalinligi-icin?path=%2Fhome%2Fbmofiscom%2Fpublic_html%2Fwp-content%2Fplugins%2Fwooswipe HTTP/2" 200 3045 "-" "Mozilla/5.0 AppleWebKit/537.36 (KHTML, like Gecko; compatible; ClaudeBot/1.0; +claudebot@anthropic.com)"
18.227.183.215 - - [05/May/2025:18:44:44 +0300] "GET /urun/hidrolik-cozumler/hidrolik-dis-kapi-sistemleri/patch-fittings/italyan-yuvali-alt-mil-1752mm-cam-kalinligi-icin?path=%2Fhome%2Fbmofiscom%2Fpublic_html%2Fwp-content%2Fplugins%2Fmasterslider HTTP/2" 200 2903 "-" "Mozilla/5.0 AppleWebKit/537.36 (KHTML, like Gecko; compatible; ClaudeBot/1.0; +claudebot@anthropic.com)"
18.227.183.215 - - [05/May/2025:18:44:45 +0300] "GET /urun/hidrolik-cozumler/hidrolik-dis-kapi-sistemleri/patch-fittings/italyan-yuvali-alt-mil-1752mm-cam-kalinligi-icin?path=%2Fhome%2Fbmofiscom%2Fpublic_html%2Fwp-content%2Flanguages%2Fplugins HTTP/2" 200 15891 "-" "Mozilla/5.0 AppleWebKit/537.36 (KHTML, like Gecko; compatible; ClaudeBot/1.0; +claudebot@anthropic.com)"
18.227.183.215 - - [05/May/2025:18:44:45 +0300] "GET /urun/hidrolik-cozumler/hidrolik-dis-kapi-sistemleri/patch-fittings/italyan-yuvali-alt-mil-1752mm-cam-kalinligi-icin?path=%2Fhome%2Fbmofiscom%2Fpublic_html%2Fwp-content%2Fplugins%2Fhello-dolly HTTP/2" 200 2594 "-" "Mozilla/5.0 AppleWebKit/537.36 (KHTML, like Gecko; compatible; ClaudeBot/1.0; +claudebot@anthropic.com)"
52.167.144.174 - - [05/May/2025:18:45:02 +0300] "GET /urun/standart-cozumler/dus-sistemleri-standart-cozumler/piuma-surme-dus-sistemi/piuma-cift-kanatli-surme-kose-dus-sistemi/teklif-al?b=bmo251c15400054-carrots-by-anwar-nz HTTP/2" 403 1242 "-" "Mozilla/5.0 AppleWebKit/537.36 (KHTML, like Gecko; compatible; bingbot/2.0; +http://www.bing.com/bingbot.htm) Chrome/116.0.1938.76 Safari/537.36"
45.84.191.11 - - [05/May/2025:18:45:20 +0300] "POST /wp-cron.php?doing_wp_cron=1746459920.8717780113220214843750 HTTP/1.1" 200 0 "-" "WordPress/6.5.5; https://www.bmofis.com"
54.36.148.136 - - [05/May/2025:18:45:19 +0300] "GET /en/urun-kategori/glass-joint-joint-laths?filesrc=/home/bmofiscom/public_html/wp-includes/class-wp-http-requests-response.php&path=/home/bmofiscom/public_html/wp-includes HTTP/2" 200 3274 "-" "Mozilla/5.0 (compatible; AhrefsBot/7.0; +http://ahrefs.com/robot/)"
52.167.144.174 - - [05/May/2025:18:45:22 +0300] "GET /urun/hidrolik-cozumler/hidrolik-dus-sistemleri/hidrolik-dus-kabini/slash-hidrolik-dus-kabini-duvar-ve-sabit-cam-arasi-kose-seti-tek-kanat/?b=bmo251c6000022-merrell-mens-shoes HTTP/2" 403 1242 "-" "Mozilla/5.0 AppleWebKit/537.36 (KHTML, like Gecko; compatible; bingbot/2.0; +http://www.bing.com/bingbot.htm) Chrome/116.0.1938.76 Safari/537.36"
52.167.144.228 - - [05/May/2025:18:43:44 +0300] "GET /en/urun-kategori/standart-cozumler/ofis-bolme-sistemleri/?b=bmo251c54501632-how-to-make-a-mixed-number-to-a-propet-fraction HTTP/2" 403 1242 "-" "Mozilla/5.0 AppleWebKit/537.36 (KHTML, like Gecko; compatible; bingbot/2.0; +http://www.bing.com/bingbot.htm) Chrome/116.0.1938.76 Safari/537.36"
87.250.224.112 - - [05/May/2025:18:44:01 +0300] "GET /wp-json/oembed/1.0/embed?b=bmo251c52500165-adventure-time-marshall-lee HTTP/1.1" 403 1242 "-" "Mozilla/5.0 (compatible; YandexBot/3.0; +http://yandex.com/bots)"
52.167.144.16 - - [05/May/2025:18:44:02 +0300] "GET /urun/hidrolik-sistemler/hidrolik-dus-sistemleri/sauna-buhar-odasi-cozumleri-hidrolik-dus-sistemleri/kbt8061-buhar-odalari-ve-hamamlar-icin-hidrolik-set/teklif-al?b=bmo251c44806334-how-to-turn-on-daytime-running-lights-mercedes-c-class HTTP/2" 403 1242 "-" "Mozilla/5.0 AppleWebKit/537.36 (KHTML, like Gecko; compatible; bingbot/2.0; +http://www.bing.com/bingbot.htm) Chrome/116.0.1938.76 Safari/537.36"
45.84.191.11 - - [05/May/2025:18:44:03 +0300] "POST /wp-cron.php?doing_wp_cron=1746459843.1321539878845214843750 HTTP/1.1" 200 0 "-" "WordPress/6.5.5; https://www.bmofis.com"
20.27.20.18 - - [05/May/2025:18:44:11 +0300] "GET /urun/standart-cozumler/dus-sistemleri-standart-cozumler/antibakteriyel-fitiller-ve-profiller/8pt1-60-61-90-kose-miknatisli-fitil/teklif-al?b=bmo251c53708496-what-causes-pain-on-the-outside-of-your-foot HTTP/1.1" 403 1242 "-" "Mozilla/5.0 (Windows NT 10.0; Win64; x64) AppleWebKit/537.36 (KHTML, like Gecko) Chrome/131.0.0.0 Safari/537.36 Edg/131.0.0.0"
52.167.144.174 - - [05/May/2025:18:44:22 +0300] "GET /urun/standart-cozumler/kol-ve-kilitler/cam-kapi-kilitleri/685w30-kirmizi-yesil-gostergeli-wc-kilidi/teklif-al?b=bmo251c49800145-dr-brandt-hydro-biotic-sleeping-mask HTTP/2" 403 1242 "-" "Mozilla/5.0 AppleWebKit/537.36 (KHTML, like Gecko; compatible; bingbot/2.0; +http://www.bing.com/bingbot.htm) Chrome/116.0.1938.76 Safari/537.36"
52.149.22.87 - - [05/May/2025:18:44:23 +0300] "GET /katalog/cam-kapi-menteseleri-ic/hidrolik-menteseler/8011-tek-yonlu-baglanti-plakasina-sahip-kapinin-kapanis-hizini-ayarlayabilen-hidrolik-mentese-0-90-90-lerde-du/1/247.aspx?b=bmo251c71400266-where-can-i-buy-yosi-samra-in-the-philippines HTTP/1.1" 403 1242 "-" "Mozilla/5.0 (Windows NT 10.0; Win64; x64) AppleWebKit/537.36 (KHTML, like Gecko) Chrome/131.0.0.0 Safari/537.36 Edg/131.0.0.0"
45.84.191.11 - - [05/May/2025:18:44:39 +0300] "POST /wp-cron.php?doing_wp_cron=1746459879.9160459041595458984375 HTTP/1.1" 200 0 "-" "WordPress/6.5.5; https://www.bmofis.com"
54.36.148.226 - - [05/May/2025:18:44:37 +0300] "GET /en/urun-kategori/glass-joint-joint-laths?filesrc=/home/bmofiscom/public_html/wp-includes/class-wp-http-requests-hooks.php&path=/home/bmofiscom/public_html/wp-includes HTTP/2" 200 2830 "-" "Mozilla/5.0 (compatible; AhrefsBot/7.0; +http://ahrefs.com/robot/)"
52.167.144.174 - - [05/May/2025:18:44:42 +0300] "GET /urun/hidrolik-cozumler/hidrolik-dus-sistemleri/hidrolik-dus-kabini/slash-hidrolik-dus-kabini-duvar-ve-sabit-cam-arasi-kose-seti-bir-kanat-bir-sabit/?b=bmo251c48300238-azzaro-chrome-batch-code HTTP/2" 403 1242 "-" "Mozilla/5.0 AppleWebKit/537.36 (KHTML, like Gecko; compatible; bingbot/2.0; +http://www.bing.com/bingbot.htm) Chrome/116.0.1938.76 Safari/537.36"
20.27.20.18 - - [05/May/2025:18:45:20 +0300] "GET /uygulamalar/dus-kabini-aksesuarlari/nis-uygulamalar-icin-dus-teknesi-ebadi-/coleman-system/4/86.aspx?b=bmo251c9967612 HTTP/1.1" 403 1242 "-" "Mozilla/5.0 (Windows NT 10.0; Win64; x64) AppleWebKit/537.36 (KHTML, like Gecko) Chrome/131.0.0.0 Safari/537.36 Edg/131.0.0.0"
52.167.144.174 - - [05/May/2025:18:45:42 +0300] "GET /urun/hidrolik-sistemler/hidrolik-dus-sistemleri/sauna-buhar-odasi-cozumleri-hidrolik-dus-sistemleri/kbt8061-buhar-odalari-ve-hamamlar-icin-hidrolik-set/teklif-al?b=bmo251c49600434-audrey-by-david-tate HTTP/2" 403 1242 "-" "Mozilla/5.0 AppleWebKit/537.36 (KHTML, like Gecko; compatible; bingbot/2.0; +http://www.bing.com/bingbot.htm) Chrome/116.0.1938.76 Safari/537.36"
52.167.144.174 - - [05/May/2025:18:46:03 +0300] "GET /urun/standart-cozumler/dus-sistemleri-standart-cozumler/hip-zac-surme-dus-sistemi/bz06-hip-zac-kit-with-two-fixed-panels-round-profile/teklif-al?b=bmo251c23400096-fab-habitat-indoor%2Foutdoor-rug HTTP/2" 403 1242 "-" "Mozilla/5.0 AppleWebKit/537.36 (KHTML, like Gecko; compatible; bingbot/2.0; +http://www.bing.com/bingbot.htm) Chrome/116.0.1938.76 Safari/537.36"
45.84.191.11 - - [05/May/2025:18:46:04 +0300] "POST /wp-cron.php?doing_wp_cron=1746459964.2886559963226318359375 HTTP/1.1" 200 0 "-" "WordPress/6.5.5; https://www.bmofis.com"
54.36.148.114 - - [05/May/2025:18:46:02 +0300] "GET /en/urun-kategori/glass-joint-joint-laths?filesrc=/home/bmofiscom/public_html/wp-includes/class-wp-http-response.php&path=/home/bmofiscom/public_html/wp-includes HTTP/2" 200 2931 "-" "Mozilla/5.0 (compatible; AhrefsBot/7.0; +http://ahrefs.com/robot/)"
45.84.191.11 - - [05/May/2025:18:45:22 +0300] "POST /wp-admin/admin-ajax.php?action=async_litespeed&nonce=4SnuZGVRmiouHfBBqxvybtZjBAC4QEn5&litespeed_type=imgoptm HTTP/1.1" 200 5610 "-" "WordPress/6.5.5; https://www.bmofis.com"
178.170.196.162 - - [05/May/2025:18:45:37 +0300] "GET /wp-content/uploads/woocommerce-placeholder.png HTTP/1.1" 200 74930 "-" "Mozilla/5.0 (Windows NT 10.0; Win64; x64) AppleWebKit/537.36 (KHTML, like Gecko) Chrome/120.0.0.0 Safari/537.36"
85.208.96.210 - - [05/May/2025:18:45:58 +0300] "GET /en/urun-kategori/standard-solutions/hinges-en-standard-solutions/automatic-hinges/ HTTP/1.1" 200 18629 "-" "Mozilla/5.0 (compatible; SemrushBot/7~bl; +http://www.semrush.com/bot.html)"
3.12.102.192 - - [05/May/2025:18:46:16 +0300] "GET /urun/hidrolik-cozumler/hidrolik-dis-kapi-sistemleri/patch-fittings/italyan-yuvali-alt-mil-1752mm-cam-kalinligi-icin?filesrc=%2Fhome%2Fbmofiscom%2Fpublic_html%2Fwp-admin%2Fimages%2Ffreedom-4.svg&path=%2Fhome%2Fbmofiscom%2Fpublic_html%2Fwp-admin%2Fimages HTTP/2" 200 3350 "-" "Mozilla/5.0 AppleWebKit/537.36 (KHTML, like Gecko; compatible; ClaudeBot/1.0; +claudebot@anthropic.com)"
3.12.102.192 - - [05/May/2025:18:46:16 +0300] "GET /urun/hidrolik-cozumler/hidrolik-dis-kapi-sistemleri/patch-fittings/italyan-yuvali-alt-mil-1752mm-cam-kalinligi-icin?path=%2Fhome%2Fbmofiscom%2Fpublic_html%2Fwp-content%2Fplugins%2Fwp-pagenavi HTTP/2" 200 2891 "-" "Mozilla/5.0 AppleWebKit/537.36 (KHTML, like Gecko; compatible; ClaudeBot/1.0; +claudebot@anthropic.com)"
3.12.102.192 - - [05/May/2025:18:46:16 +0300] "GET /urun/hidrolik-cozumler/hidrolik-dis-kapi-sistemleri/patch-fittings/italyan-yuvali-alt-mil-1752mm-cam-kalinligi-icin?path=%2Fhome%2Fbmofiscom%2Fpublic_html%2Fwp-content%2Fplugins%2Fwordpress-seo HTTP/2" 200 3066 "-" "Mozilla/5.0 AppleWebKit/537.36 (KHTML, like Gecko; compatible; ClaudeBot/1.0; +claudebot@anthropic.com)"
3.12.102.192 - - [05/May/2025:18:46:17 +0300] "GET /urun/hidrolik-cozumler/hidrolik-dis-kapi-sistemleri/patch-fittings/italyan-yuvali-alt-mil-1752mm-cam-kalinligi-icin?filesrc=%2Fhome%2Fbmofiscom%2Fpublic_html%2Fwp-admin%2Fimages%2Ffreedom-3.svg&path=%2Fhome%2Fbmofiscom%2Fpublic_html%2Fwp-admin%2Fimages HTTP/2" 200 2712 "-" "Mozilla/5.0 AppleWebKit/537.36 (KHTML, like Gecko; compatible; ClaudeBot/1.0; +claudebot@anthropic.com)"
3.12.102.192 - - [05/May/2025:18:46:17 +0300] "GET /urun/hidrolik-cozumler/hidrolik-dis-kapi-sistemleri/patch-fittings/italyan-yuvali-alt-mil-1752mm-cam-kalinligi-icin?path=%2Fhome%2Fbmofiscom%2Fpublic_html%2Fwp-content%2Fcache%2Fwpfc-minified HTTP/2" 200 4290 "-" "Mozilla/5.0 AppleWebKit/537.36 (KHTML, like Gecko; compatible; ClaudeBot/1.0; +claudebot@anthropic.com)"
3.12.102.192 - - [05/May/2025:18:46:18 +0300] "GET /urun/hidrolik-cozumler/hidrolik-dis-kapi-sistemleri/patch-fittings/italyan-yuvali-alt-mil-1752mm-cam-kalinligi-icin?path=%2Fhome%2Fbmofiscom%2Fpublic_html%2Fwp-content%2Fplugins%2Fcontact-form-7 HTTP/2" 200 2864 "-" "Mozilla/5.0 AppleWebKit/537.36 (KHTML, like Gecko; compatible; ClaudeBot/1.0; +claudebot@anthropic.com)"
3.12.102.192 - - [05/May/2025:18:46:18 +0300] "GET /urun/hidrolik-cozumler/hidrolik-dis-kapi-sistemleri/patch-fittings/italyan-yuvali-alt-mil-1752mm-cam-kalinligi-icin?filesrc=%2Fhome%2Fbmofiscom%2Fpublic_html%2Fwp-admin%2Fimages%2Ffreedom-2.svg&path=%2Fhome%2Fbmofiscom%2Fpublic_html%2Fwp-admin%2Fimages HTTP/2" 200 4953 "-" "Mozilla/5.0 AppleWebKit/537.36 (KHTML, like Gecko; compatible; ClaudeBot/1.0; +claudebot@anthropic.com)"
3.12.102.192 - - [05/May/2025:18:46:18 +0300] "GET /urun/hidrolik-cozumler/hidrolik-dis-kapi-sistemleri/patch-fittings/italyan-yuvali-alt-mil-1752mm-cam-kalinligi-icin?filesrc=%2Fhome%2Fbmofiscom%2Fpublic_html%2Fwp-admin%2Fimages%2Ffreedom-1.svg&path=%2Fhome%2Fbmofiscom%2Fpublic_html%2Fwp-admin%2Fimages HTTP/2" 200 2475 "-" "Mozilla/5.0 AppleWebKit/537.36 (KHTML, like Gecko; compatible; ClaudeBot/1.0; +claudebot@anthropic.com)"
3.12.102.192 - - [05/May/2025:18:46:18 +0300] "GET /urun/hidrolik-cozumler/hidrolik-dis-kapi-sistemleri/patch-fittings/italyan-yuvali-alt-mil-1752mm-cam-kalinligi-icin?path=%2Fhome%2Fbmofiscom%2Fpublic_html%2Fwp-content%2Fplugins%2Fsearch-by-sku-for-woocommerce HTTP/2" 200 2695 "-" "Mozilla/5.0 AppleWebKit/537.36 (KHTML, like Gecko; compatible; ClaudeBot/1.0; +claudebot@anthropic.com)"
3.12.102.192 - - [05/May/2025:18:46:19 +0300] "GET /urun/hidrolik-cozumler/hidrolik-dis-kapi-sistemleri/patch-fittings/italyan-yuvali-alt-mil-1752mm-cam-kalinligi-icin?filesrc=%2Fhome%2Fbmofiscom%2Fpublic_html%2Fwp-admin%2Fimages%2Fwordpress-logo.svg&path=%2Fhome%2Fbmofiscom%2Fpublic_html%2Fwp-admin%2Fimages HTTP/2" 200 2904 "-" "Mozilla/5.0 AppleWebKit/537.36 (KHTML, like Gecko; compatible; ClaudeBot/1.0; +claudebot@anthropic.com)"
3.12.102.192 - - [05/May/2025:18:46:19 +0300] "GET /urun/hidrolik-cozumler/hidrolik-dis-kapi-sistemleri/patch-fittings/italyan-yuvali-alt-mil-1752mm-cam-kalinligi-icin?path=%2Fhome%2Fbmofiscom%2Fpublic_html%2Fwp-admin%2Fjs%2Fwidgets HTTP/2" 200 3007 "-" "Mozilla/5.0 AppleWebKit/537.36 (KHTML, like Gecko; compatible; ClaudeBot/1.0; +claudebot@anthropic.com)"
3.12.102.192 - - [05/May/2025:18:46:19 +0300] "GET /urun/hidrolik-cozumler/hidrolik-dis-kapi-sistemleri/patch-fittings/italyan-yuvali-alt-mil-1752mm-cam-kalinligi-icin?path=%2Fhome%2Fbmofiscom%2Fpublic_html%2Fwp-content%2Fplugins%2Fregenerate-thumbnails HTTP/2" 200 2751 "-" "Mozilla/5.0 AppleWebKit/537.36 (KHTML, like Gecko; compatible; ClaudeBot/1.0; +claudebot@anthropic.com)"
3.12.102.192 - - [05/May/2025:18:46:20 +0300] "GET /urun/hidrolik-cozumler/hidrolik-dis-kapi-sistemleri/patch-fittings/italyan-yuvali-alt-mil-1752mm-cam-kalinligi-icin?path=%2Fhome%2Fbmofiscom%2Fpublic_html%2Fwp-includes%2Fjs%2Ftinymce HTTP/2" 200 2865 "-" "Mozilla/5.0 AppleWebKit/537.36 (KHTML, like Gecko; compatible; ClaudeBot/1.0; +claudebot@anthropic.com)"
54.36.148.87 - - [05/May/2025:18:46:43 +0300] "GET /en/urun-kategori/glass-joint-joint-laths?filesrc=/home/bmofiscom/public_html/wp-includes/class-wp-http-streams.php&path=/home/bmofiscom/public_html/wp-includes HTTP/2" 200 6884 "-" "Mozilla/5.0 (compatible; AhrefsBot/7.0; +http://ahrefs.com/robot/)"
45.84.191.11 - - [05/May/2025:18:47:11 +0300] "POST /wp-cron.php?doing_wp_cron=1746460031.2399570941925048828125 HTTP/1.1" 200 0 "-" "WordPress/6.5.5; https://www.bmofis.com"
45.84.191.11 - - [05/May/2025:18:47:12 +0300] "POST /wp-admin/admin-ajax.php?action=async_litespeed&nonce=VsPlhrb5HmTL6cpKzqjQP1IJZuXduuP7&litespeed_type=imgoptm HTTP/1.1" 200 5610 "-" "WordPress/6.5.5; https://www.bmofis.com"
156.249.61.191 - - [05/May/2025:18:47:40 +0300] "GET /wp-json/wp/v2/users HTTP/1.1" 200 5324 "https://www.google.com" "Mozilla/5.0 (X11; Linux x86_64) AppleWebKit/537.36 (KHTML, like Gecko) Chrome/119.0.0.0 Safari/537.36"
52.167.144.167 - - [05/May/2025:18:47:42 +0300] "GET /katalog/dus-kabini-aksesuarlari/yayli-menteseler/8566-dus-kabinler-icin-camdan-cama-yayli-mentese-90-sadece-acmak-icin-cekin-0-90-durur-/1/152.aspx?b=bmo251c39500208-malibu-sandals-stockists HTTP/2" 403 1242 "-" "Mozilla/5.0 AppleWebKit/537.36 (KHTML, like Gecko; compatible; bingbot/2.0; +http://www.bing.com/bingbot.htm) Chrome/116.0.1938.76 Safari/537.36"
156.249.61.191 - - [05/May/2025:18:47:45 +0300] "POST /xmlrpc.php HTTP/1.1" 200 5316 "-" "Apache-HttpClient/4.5.13 (Java/11.0.26)"
3.144.145.38 - - [05/May/2025:18:47:49 +0300] "GET /urun/hidrolik-cozumler/hidrolik-dis-kapi-sistemleri/patch-fittings/italyan-yuvali-alt-mil-1752mm-cam-kalinligi-icin?filesrc=%2Fhome%2Fbmofiscom%2Fpublic_html%2Fwp-admin%2Fimages%2Falign-none.png&path=%2Fhome%2Fbmofiscom%2Fpublic_html%2Fwp-admin%2Fimages HTTP/2" 200 2032 "-" "Mozilla/5.0 AppleWebKit/537.36 (KHTML, like Gecko; compatible; ClaudeBot/1.0; +claudebot@anthropic.com)"
3.144.145.38 - - [05/May/2025:18:47:50 +0300] "GET /urun/hidrolik-cozumler/hidrolik-dis-kapi-sistemleri/patch-fittings/italyan-yuvali-alt-mil-1752mm-cam-kalinligi-icin?path=%2Fhome%2Fbmofiscom%2Fpublic_html%2Fwp-includes%2Fjs%2Fmediaelement HTTP/2" 200 3126 "-" "Mozilla/5.0 AppleWebKit/537.36 (KHTML, like Gecko; compatible; ClaudeBot/1.0; +claudebot@anthropic.com)"
3.144.145.38 - - [05/May/2025:18:47:49 +0300] "GET /urun/hidrolik-cozumler/hidrolik-dis-kapi-sistemleri/patch-fittings/italyan-yuvali-alt-mil-1752mm-cam-kalinligi-icin?path=%2Fhome%2Fbmofiscom%2Fpublic_html%2Fwp-content%2Fuploads%2Fjs_composer HTTP/2" 200 2523 "-" "Mozilla/5.0 AppleWebKit/537.36 (KHTML, like Gecko; compatible; ClaudeBot/1.0; +claudebot@anthropic.com)"
3.144.145.38 - - [05/May/2025:18:47:50 +0300] "GET /urun/hidrolik-cozumler/hidrolik-dis-kapi-sistemleri/patch-fittings/italyan-yuvali-alt-mil-1752mm-cam-kalinligi-icin?filesrc=%2Fhome%2Fbmofiscom%2Fpublic_html%2Fwp-admin%2Fimages%2Fpost-formats.png&path=%2Fhome%2Fbmofiscom%2Fpublic_html%2Fwp-admin%2Fimages HTTP/2" 200 2035 "-" "Mozilla/5.0 AppleWebKit/537.36 (KHTML, like Gecko; compatible; ClaudeBot/1.0; +claudebot@anthropic.com)"
3.144.145.38 - - [05/May/2025:18:47:50 +0300] "GET /urun/hidrolik-cozumler/hidrolik-dis-kapi-sistemleri/patch-fittings/italyan-yuvali-alt-mil-1752mm-cam-kalinligi-icin?filesrc=%2Fhome%2Fbmofiscom%2Fpublic_html%2Fwp-includes%2Fimages%2Fuploader-icons.png&path=%2Fhome%2Fbmofiscom%2Fpublic_html%2Fwp-includes%2Fimages HTTP/2" 200 2030 "-" "Mozilla/5.0 AppleWebKit/537.36 (KHTML, like Gecko; compatible; ClaudeBot/1.0; +claudebot@anthropic.com)"
3.144.145.38 - - [05/May/2025:18:47:51 +0300] "GET /urun/hidrolik-cozumler/hidrolik-dis-kapi-sistemleri/patch-fittings/italyan-yuvali-alt-mil-1752mm-cam-kalinligi-icin?path=%2Fhome%2Fbmofiscom%2Fpublic_html%2Fwp-includes%2Fblocks%2Fnavigation-submenu HTTP/2" 200 2610 "-" "Mozilla/5.0 AppleWebKit/537.36 (KHTML, like Gecko; compatible; ClaudeBot/1.0; +claudebot@anthropic.com)"
3.144.145.38 - - [05/May/2025:18:47:51 +0300] "GET /urun/hidrolik-cozumler/hidrolik-dis-kapi-sistemleri/patch-fittings/italyan-yuvali-alt-mil-1752mm-cam-kalinligi-icin?path=%2Fhome%2Fbmofiscom%2Fpublic_html%2Fwp-includes%2Fblocks%2Fquery-pagination-numbers HTTP/2" 200 2627 "-" "Mozilla/5.0 AppleWebKit/537.36 (KHTML, like Gecko; compatible; ClaudeBot/1.0; +claudebot@anthropic.com)"
3.144.145.38 - - [05/May/2025:18:47:51 +0300] "GET /urun/hidrolik-cozumler/hidrolik-dis-kapi-sistemleri/patch-fittings/italyan-yuvali-alt-mil-1752mm-cam-kalinligi-icin?path=%2Fhome%2Fbmofiscom%2Fpublic_html%2Fwp-includes%2Fblocks%2Fhome-link HTTP/2" 200 2474 "-" "Mozilla/5.0 AppleWebKit/537.36 (KHTML, like Gecko; compatible; ClaudeBot/1.0; +claudebot@anthropic.com)"
3.144.145.38 - - [05/May/2025:18:47:52 +0300] "GET /urun/hidrolik-cozumler/hidrolik-dis-kapi-sistemleri/patch-fittings/italyan-yuvali-alt-mil-1752mm-cam-kalinligi-icin?path=%2Fhome%2Fbmofiscom%2Fpublic_html%2Fwp-includes%2Fblocks%2Fpost-navigation-link HTTP/2" 200 2621 "-" "Mozilla/5.0 AppleWebKit/537.36 (KHTML, like Gecko; compatible; ClaudeBot/1.0; +claudebot@anthropic.com)"
3.144.145.38 - - [05/May/2025:18:47:52 +0300] "GET /urun/hidrolik-cozumler/hidrolik-dis-kapi-sistemleri/patch-fittings/italyan-yuvali-alt-mil-1752mm-cam-kalinligi-icin?path=%2Fhome%2Fbmofiscom%2Fpublic_html%2Fwp-includes%2Fjs%2Fthickbox HTTP/2" 200 2603 "-" "Mozilla/5.0 AppleWebKit/537.36 (KHTML, like Gecko; compatible; ClaudeBot/1.0; +claudebot@anthropic.com)"
3.144.145.38 - - [05/May/2025:18:47:52 +0300] "GET /urun/hidrolik-cozumler/hidrolik-dis-kapi-sistemleri/patch-fittings/italyan-yuvali-alt-mil-1752mm-cam-kalinligi-icin?filesrc=%2Fhome%2Fbmofiscom%2Fpublic_html%2Fwp-includes%2Fimages%2Frss-2x.png&path=%2Fhome%2Fbmofiscom%2Fpublic_html%2Fwp-includes%2Fimages HTTP/2" 200 2028 "-" "Mozilla/5.0 AppleWebKit/537.36 (KHTML, like Gecko; compatible; ClaudeBot/1.0; +claudebot@anthropic.com)"
3.144.145.38 - - [05/May/2025:18:47:52 +0300] "GET /urun/hidrolik-cozumler/hidrolik-dis-kapi-sistemleri/patch-fittings/italyan-yuvali-alt-mil-1752mm-cam-kalinligi-icin?path=%2Fhome%2Fbmofiscom%2Fpublic_html%2Fwp-content%2Fplugins%2Fwoo-product-page-templates HTTP/2" 200 2750 "-" "Mozilla/5.0 AppleWebKit/537.36 (KHTML, like Gecko; compatible; ClaudeBot/1.0; +claudebot@anthropic.com)"
3.144.145.38 - - [05/May/2025:18:47:53 +0300] "GET /urun/hidrolik-cozumler/hidrolik-dis-kapi-sistemleri/patch-fittings/italyan-yuvali-alt-mil-1752mm-cam-kalinligi-icin?path=%2Fhome%2Fbmofiscom%2Fpublic_html%2Fwp-includes%2Fblocks%2Fshortcode HTTP/2" 200 2610 "-" "Mozilla/5.0 AppleWebKit/537.36 (KHTML, like Gecko; compatible; ClaudeBot/1.0; +claudebot@anthropic.com)"
45.84.191.11 - - [05/May/2025:18:46:05 +0300] "POST /wp-admin/admin-ajax.php?action=async_litespeed&nonce=GYhamPyFUNDhx0nuLqLoTmhSL3l5eH71&litespeed_type=imgoptm HTTP/1.1" 200 5610 "-" "WordPress/6.5.5; https://www.bmofis.com"
52.167.144.174 - - [05/May/2025:18:46:22 +0300] "GET /urun/standart-cozumler/ofis-bolme-sistemleri/cam-birlesim-derz-citalari/pcc12-3-polikarbon-derz-citasi-90-kose-10mm/teklif-al?b=bmo251c51600092-icebreaker-destiny HTTP/2" 403 1242 "-" "Mozilla/5.0 AppleWebKit/537.36 (KHTML, like Gecko; compatible; bingbot/2.0; +http://www.bing.com/bingbot.htm) Chrome/116.0.1938.76 Safari/537.36"
52.167.144.174 - - [05/May/2025:18:46:42 +0300] "GET /urun/hidrolik-sistemler/hidrolik-dus-sistemleri/sauna-buhar-odasi-cozumleri-hidrolik-dus-sistemleri/kbt8061-buhar-odalari-ve-hamamlar-icin-hidrolik-set/teklif-al?b=bmo251c55600499-rivieras-leisure-shoes-size-chart HTTP/2" 403 1242 "-" "Mozilla/5.0 AppleWebKit/537.36 (KHTML, like Gecko; compatible; bingbot/2.0; +http://www.bing.com/bingbot.htm) Chrome/116.0.1938.76 Safari/537.36"
114.119.147.240 - - [05/May/2025:18:46:43 +0300] "GET /en/urun-kategori/paradus-hinges?b=bmo251c64027098 HTTP/1.1" 403 1242 "https://www.bmofis.com/en/urun-kategori/paradus-hinges?b=bmo251c1200477-fila-memory-foam-shoes" "Mozilla/5.0 (Linux; Android 7.0;) AppleWebKit/537.36 (KHTML, like Gecko) Mobile Safari/537.36 (compatible; PetalBot;+https://webmaster.petalsearch.com/site/petalbot)"
52.167.144.174 - - [05/May/2025:18:47:02 +0300] "GET /urun/standart-cozumler/dus-sistemleri-standart-cozumler/piuma-surme-dus-sistemi/piuma-cift-kanatli-surme-kose-dus-sistemi/teklif-al?b=bmo251c12900005-bobux-com HTTP/2" 403 1242 "-" "Mozilla/5.0 AppleWebKit/537.36 (KHTML, like Gecko; compatible; bingbot/2.0; +http://www.bing.com/bingbot.htm) Chrome/116.0.1938.76 Safari/537.36"
54.36.148.216 - - [05/May/2025:18:47:10 +0300] "GET /katalog/cam-kapi-kilitleri-ve-cam-kapi-kollari/cam-kapi-kilitleri/strenger-yatay-kilit-karsiligi/1/755.aspx HTTP/2" 200 4281 "-" "Mozilla/5.0 (compatible; AhrefsBot/7.0; +http://ahrefs.com/robot/)"
40.77.167.255 - - [05/May/2025:18:47:22 +0300] "GET /katalog/cam-kapi-menteseleri-ic/hidrolik-menteseler/8011-tek-yonlu-baglanti-plakasina-sahip-kapinin-kapanis-hizini-ayarlayabilen-hidrolik-mentese-0-90-90-lerde-du/1/247.aspx?b=bmo251c7900305-samsonite-underseat-carry-on-spinner HTTP/2" 403 1242 "-" "Mozilla/5.0 AppleWebKit/537.36 (KHTML, like Gecko; compatible; bingbot/2.0; +http://www.bing.com/bingbot.htm) Chrome/116.0.1938.76 Safari/537.36"
54.36.149.86 - - [05/May/2025:18:47:23 +0300] "GET /en/urun-kategori/glass-joint-joint-laths?filesrc=/home/bmofiscom/public_html/wp-includes/class-wp-http.php&path=/home/bmofiscom/public_html/wp-includes HTTP/2" 200 13512 "-" "Mozilla/5.0 (compatible; AhrefsBot/7.0; +http://ahrefs.com/robot/)"
20.240.18.45 - - [05/May/2025:18:47:34 +0300] "GET /urun/standart-cozumler/dus-sistemleri-standart-cozumler/piuma-surme-dus-sistemi/piuma-cift-kanatli-surme-kose-dus-sistemi/teklif-al?b=bmo251c55600103-the-rivieras-tv-show HTTP/1.1" 403 1242 "-" "Mozilla/5.0 (Windows NT 10.0; Win64; x64) AppleWebKit/537.36 (KHTML, like Gecko) Chrome/131.0.0.0 Safari/537.36 Edg/131.0.0.0"
156.249.61.191 - - [05/May/2025:18:47:42 +0300] "GET /?author=1 HTTP/1.1" 200 24836 "https://www.google.com" "Mozilla/5.0 (X11; Linux x86_64) AppleWebKit/537.36 (KHTML, like Gecko) Chrome/119.0.0.0 Safari/537.36"
45.84.191.11 - - [05/May/2025:18:47:46 +0300] "POST /wp-cron.php?doing_wp_cron=1746460066.5227200984954833984375 HTTP/1.1" 200 0 "-" "WordPress/6.5.5; https://www.bmofis.com"
156.249.61.191 - - [05/May/2025:18:47:47 +0300] "POST /xmlrpc.php HTTP/1.1" 200 5431 "-" "Apache-HttpClient/4.5.13 (Java/11.0.26)"
156.249.61.191 - - [05/May/2025:18:47:50 +0300] "GET /wp-login.php HTTP/1.1" 200 2996 "https://www.google.com" "Mozilla/5.0 (X11; Linux x86_64) AppleWebKit/537.36 (KHTML, like Gecko) Chrome/119.0.0.0 Safari/537.36"
156.233.95.174 - - [05/May/2025:18:47:52 +0300] "POST /wp-login.php HTTP/1.1" 200 7715 "https://bmofis.com/wp-login.php" "Mozilla/5.0 (X11; Linux x86_64) AppleWebKit/537.36 (KHTML, like Gecko) Chrome/119.0.0.0 Safari/537.36"
156.233.95.174 - - [05/May/2025:18:47:56 +0300] "GET /wp-admin/ HTTP/1.1" 200 7243 "https://bmofis.com/wp-login.php" "Mozilla/5.0 (X11; Linux x86_64) AppleWebKit/537.36 (KHTML, like Gecko) Chrome/119.0.0.0 Safari/537.36"
156.248.82.13 - - [05/May/2025:18:47:59 +0300] "POST /wp-login.php HTTP/1.1" 200 7689 "https://bmofis.com/wp-login.php" "Mozilla/5.0 (X11; Linux x86_64) AppleWebKit/537.36 (KHTML, like Gecko) Chrome/119.0.0.0 Safari/537.36"
40.77.167.255 - - [05/May/2025:18:48:03 +0300] "GET /urun/slash-hidrolik-dus-kabini-duvar-ve-sabit-cam-arasi-kose-seti-bir-kanat-bir-sabit/?b=bmo251c22000142-givenchy-electric-rose-perfume-review HTTP/2" 403 1242 "-" "Mozilla/5.0 AppleWebKit/537.36 (KHTML, like Gecko; compatible; bingbot/2.0; +http://www.bing.com/bingbot.htm) Chrome/116.0.1938.76 Safari/537.36"
