45.84.191.11 - - [05/May/2025:18:48:03 +0300] "POST /wp-cron.php?doing_wp_cron=1746460083.5057458877563476562500 HTTP/1.1" 200 0 "-" "WordPress/6.5.5; https://www.bmofis.com"
45.84.191.11 - - [05/May/2025:18:48:08 +0300] "POST /wp-admin/admin-ajax.php?action=async_litespeed&nonce=XYKF4WpTDTYUwX9p1AdZ0MkW3jPABgky&litespeed_type=imgoptm HTTP/1.1" 200 5610 "-" "WordPress/6.5.5; https://www.bmofis.com"
156.242.37.157 - - [05/May/2025:18:48:10 +0300] "POST /wp-login.php HTTP/1.1" 200 7715 "https://bmofis.com/wp-login.php" "Mozilla/5.0 (X11; Linux x86_64) AppleWebKit/537.36 (KHTML, like Gecko) Chrome/119.0.0.0 Safari/537.36"
156.242.37.157 - - [05/May/2025:18:48:13 +0300] "GET /wp-admin/ HTTP/1.1" 200 7070 "https://bmofis.com/wp-login.php" "Mozilla/5.0 (X11; Linux x86_64) AppleWebKit/537.36 (KHTML, like Gecko) Chrome/119.0.0.0 Safari/537.36"
156.249.62.254 - - [05/May/2025:18:48:15 +0300] "GET /?author=1 HTTP/1.1" 200 24837 "https://www.google.com" "Mozilla/5.0 (X11; Linux x86_64) AppleWebKit/537.36 (KHTML, like Gecko) Chrome/119.0.0.0 Safari/537.36"
156.233.89.65 - - [05/May/2025:18:48:16 +0300] "POST /wp-login.php HTTP/1.1" 200 7689 "https://bmofis.com/wp-login.php" "Mozilla/5.0 (X11; Linux x86_64) AppleWebKit/537.36 (KHTML, like Gecko) Chrome/119.0.0.0 Safari/537.36"
45.84.191.11 - - [05/May/2025:18:48:19 +0300] "POST /wp-cron.php?doing_wp_cron=1746460099.3089718818664550781250 HTTP/1.1" 200 0 "-" "WordPress/6.5.5; https://www.bmofis.com"
156.249.62.254 - - [05/May/2025:18:48:18 +0300] "POST /xmlrpc.php HTTP/1.1" 200 5316 "-" "Apache-HttpClient/4.5.13 (Java/11.0.26)"
156.249.62.254 - - [05/May/2025:18:48:20 +0300] "POST /xmlrpc.php HTTP/1.1" 200 5404 "-" "Apache-HttpClient/4.5.13 (Java/11.0.26)"
156.249.62.254 - - [05/May/2025:18:48:23 +0300] "GET /wp-login.php HTTP/1.1" 200 2996 "https://www.google.com" "Mozilla/5.0 (X11; Linux x86_64) AppleWebKit/537.36 (KHTML, like Gecko) Chrome/119.0.0.0 Safari/537.36"
156.228.90.6 - - [05/May/2025:18:48:24 +0300] "POST /wp-login.php HTTP/1.1" 200 7689 "https://bmofis.com/wp-login.php" "Mozilla/5.0 (X11; Linux x86_64) AppleWebKit/537.36 (KHTML, like Gecko) Chrome/119.0.0.0 Safari/537.36"
156.228.95.56 - - [05/May/2025:18:48:30 +0300] "POST /wp-login.php HTTP/1.1" 200 7689 "https://bmofis.com/wp-login.php" "Mozilla/5.0 (X11; Linux x86_64) AppleWebKit/537.36 (KHTML, like Gecko) Chrome/119.0.0.0 Safari/537.36"
156.228.95.56 - - [05/May/2025:18:48:34 +0300] "GET /wp-admin/ HTTP/1.1" 200 7070 "https://bmofis.com/wp-login.php" "Mozilla/5.0 (X11; Linux x86_64) AppleWebKit/537.36 (KHTML, like Gecko) Chrome/119.0.0.0 Safari/537.36"
156.249.58.247 - - [05/May/2025:18:48:35 +0300] "POST /xmlrpc.php HTTP/1.1" 200 5342 "-" "Apache-HttpClient/4.5.13 (Java/11.0.26)"
156.248.87.182 - - [05/May/2025:18:48:36 +0300] "POST /wp-login.php HTTP/1.1" 200 7716 "https://bmofis.com/wp-login.php" "Mozilla/5.0 (X11; Linux x86_64) AppleWebKit/537.36 (KHTML, like Gecko) Chrome/119.0.0.0 Safari/537.36"
156.248.82.13 - - [05/May/2025:18:48:01 +0300] "GET /wp-admin/ HTTP/1.1" 200 7173 "https://bmofis.com/wp-login.php" "Mozilla/5.0 (X11; Linux x86_64) AppleWebKit/537.36 (KHTML, like Gecko) Chrome/119.0.0.0 Safari/537.36"
156.228.105.89 - - [05/May/2025:18:48:04 +0300] "POST /wp-login.php HTTP/1.1" 200 7689 "https://bmofis.com/wp-login.php" "Mozilla/5.0 (X11; Linux x86_64) AppleWebKit/537.36 (KHTML, like Gecko) Chrome/119.0.0.0 Safari/537.36"
45.84.191.11 - - [05/May/2025:18:48:06 +0300] "POST /wp-cron.php?doing_wp_cron=1746460086.8298490047454833984375 HTTP/1.1" 200 0 "-" "WordPress/6.5.5; https://www.bmofis.com"
54.36.148.152 - - [05/May/2025:18:48:05 +0300] "GET /en/urun-kategori/glass-joint-joint-laths?filesrc=/home/bmofiscom/public_html/wp-includes/class-wp-image-editor-gd.php&path=/home/bmofiscom/public_html/wp-includes HTTP/2" 200 6774 "-" "Mozilla/5.0 (compatible; AhrefsBot/7.0; +http://ahrefs.com/robot/)"
156.228.105.89 - - [05/May/2025:18:48:07 +0300] "GET /wp-admin/ HTTP/1.1" 200 7070 "https://bmofis.com/wp-login.php" "Mozilla/5.0 (X11; Linux x86_64) AppleWebKit/537.36 (KHTML, like Gecko) Chrome/119.0.0.0 Safari/537.36"
20.120.134.33 - - [05/May/2025:18:48:12 +0300] "GET /urun/standart-cozumler/ofis-bolme-sistemleri/cam-birlesim-derz-citalari/pcc12-3-polikarbon-derz-citasi-90-kose-10mm/teklif-al?b=bmo251c9500421-adidas-agora-1.0-black-outdoor-shoes HTTP/1.1" 403 1242 "-" "Mozilla/5.0 (Windows NT 10.0; Win64; x64) AppleWebKit/537.36 (KHTML, like Gecko) Chrome/131.0.0.0 Safari/537.36 Edg/131.0.0.0"
156.233.89.65 - - [05/May/2025:18:48:20 +0300] "GET /wp-admin/ HTTP/1.1" 200 7161 "https://bmofis.com/wp-login.php" "Mozilla/5.0 (X11; Linux x86_64) AppleWebKit/537.36 (KHTML, like Gecko) Chrome/119.0.0.0 Safari/537.36"
40.77.167.255 - - [05/May/2025:18:48:23 +0300] "GET /urun/hidrolik-sistemler/hidrolik-dis-kapi-sistemleri/menteseler-hidrolik-dis-kapi-sistemleri/triloba-150kg-kapasiteli-hidrolik-mentese-alt-mentese/teklif-al?b=bmo251c70900072-best-xero-shoes HTTP/2" 403 1242 "-" "Mozilla/5.0 AppleWebKit/537.36 (KHTML, like Gecko; compatible; bingbot/2.0; +http://www.bing.com/bingbot.htm) Chrome/116.0.1938.76 Safari/537.36"
156.228.90.6 - - [05/May/2025:18:48:28 +0300] "GET /wp-admin/ HTTP/1.1" 200 7131 "https://bmofis.com/wp-login.php" "Mozilla/5.0 (X11; Linux x86_64) AppleWebKit/537.36 (KHTML, like Gecko) Chrome/119.0.0.0 Safari/537.36"
156.249.58.247 - - [05/May/2025:18:48:30 +0300] "GET /wp-json/wp/v2/users HTTP/1.1" 200 5351 "https://www.google.com" "Mozilla/5.0 (X11; Linux x86_64) AppleWebKit/537.36 (KHTML, like Gecko) Chrome/119.0.0.0 Safari/537.36"
156.249.58.247 - - [05/May/2025:18:48:32 +0300] "GET /?author=1 HTTP/1.1" 200 24837 "https://www.google.com" "Mozilla/5.0 (X11; Linux x86_64) AppleWebKit/537.36 (KHTML, like Gecko) Chrome/119.0.0.0 Safari/537.36"
156.249.58.247 - - [05/May/2025:18:48:37 +0300] "POST /xmlrpc.php HTTP/1.1" 200 5404 "-" "Apache-HttpClient/4.5.13 (Java/11.0.26)"
52.149.22.88 - - [05/May/2025:18:48:42 +0300] "GET /urun/standart-cozumler/dus-sistemleri-standart-cozumler/yaprak-menteseler-dus-sistemleri-standart-cozumler/8501-yayli-dus-mentesesi-duvar-cam-asimetrik-montaj-plakali/teklif-al?b=bmo251c52600278-are-dot-plots-and-line-plots-the-same HTTP/1.1" 403 1242 "-" "Mozilla/5.0 (Windows NT 10.0; Win64; x64) AppleWebKit/537.36 (KHTML, like Gecko) Chrome/131.0.0.0 Safari/537.36 Edg/131.0.0.0"
156.248.85.199 - - [05/May/2025:18:48:44 +0300] "GET /wp-admin/ HTTP/1.1" 200 7202 "https://bmofis.com/wp-login.php" "Mozilla/5.0 (X11; Linux x86_64) AppleWebKit/537.36 (KHTML, like Gecko) Chrome/119.0.0.0 Safari/537.36"
156.233.91.99 - - [05/May/2025:18:48:45 +0300] "GET /wp-admin/ HTTP/1.1" 200 7116 "https://bmofis.com/wp-login.php" "Mozilla/5.0 (X11; Linux x86_64) AppleWebKit/537.36 (KHTML, like Gecko) Chrome/119.0.0.0 Safari/537.36"
156.249.58.92 - - [05/May/2025:18:48:47 +0300] "POST /wp-login.php HTTP/1.1" 200 7689 "https://bmofis.com/wp-login.php" "Mozilla/5.0 (X11; Linux x86_64) AppleWebKit/537.36 (KHTML, like Gecko) Chrome/119.0.0.0 Safari/537.36"
156.228.87.44 - - [05/May/2025:18:48:47 +0300] "POST /wp-login.php HTTP/1.1" 200 7689 "https://bmofis.com/wp-login.php" "Mozilla/5.0 (X11; Linux x86_64) AppleWebKit/537.36 (KHTML, like Gecko) Chrome/119.0.0.0 Safari/537.36"
154.94.13.205 - - [05/May/2025:18:48:56 +0300] "GET /wp-admin/ HTTP/1.1" 200 7066 "https://bmofis.com/wp-login.php" "Mozilla/5.0 (X11; Linux x86_64) AppleWebKit/537.36 (KHTML, like Gecko) Chrome/119.0.0.0 Safari/537.36"
45.84.191.11 - - [05/May/2025:18:49:03 +0300] "POST /wp-cron.php?doing_wp_cron=1746460143.6944520473480224609375 HTTP/1.1" 200 0 "-" "WordPress/6.5.5; https://www.bmofis.com"
156.228.118.22 - - [05/May/2025:18:49:05 +0300] "POST /wp-login.php HTTP/1.1" 200 7715 "https://bmofis.com/wp-login.php" "Mozilla/5.0 (X11; Linux x86_64) AppleWebKit/537.36 (KHTML, like Gecko) Chrome/119.0.0.0 Safari/537.36"
45.84.191.11 - - [05/May/2025:18:49:07 +0300] "POST /wp-admin/admin-ajax.php?action=async_litespeed&nonce=pC26WoLCwCC70FQHq4hwrBvkKNATrzPY&litespeed_type=imgoptm HTTP/1.1" 200 5647 "-" "WordPress/6.5.5; https://www.bmofis.com"
40.77.167.255 - - [05/May/2025:18:49:22 +0300] "GET /urun/hidrolik-sistemler/hidrolik-dus-sistemleri/sauna-buhar-odasi-cozumleri-hidrolik-dus-sistemleri/kbt8061-buhar-odalari-ve-hamamlar-icin-hidrolik-set/teklif-al?b=bmo251c48100357-aramis-aftershave-review HTTP/2" 403 1242 "-" "Mozilla/5.0 AppleWebKit/537.36 (KHTML, like Gecko; compatible; bingbot/2.0; +http://www.bing.com/bingbot.htm) Chrome/116.0.1938.76 Safari/537.36"
45.84.191.11 - - [05/May/2025:18:49:23 +0300] "POST /wp-cron.php?doing_wp_cron=1746460163.5439820289611816406250 HTTP/1.1" 200 0 "-" "WordPress/6.5.5; https://www.bmofis.com"
54.36.148.63 - - [05/May/2025:18:49:24 +0300] "GET /en/urun-kategori/glass-joint-joint-laths?filesrc=/home/bmofiscom/public_html/wp-includes/class-wp-image-editor.php&path=/home/bmofiscom/public_html/wp-includes HTTP/2" 200 7001 "-" "Mozilla/5.0 (compatible; AhrefsBot/7.0; +http://ahrefs.com/robot/)"
18.222.153.154 - - [05/May/2025:18:49:33 +0300] "GET /urun/hidrolik-cozumler/hidrolik-dis-kapi-sistemleri/patch-fittings/italyan-yuvali-alt-mil-1752mm-cam-kalinligi-icin?path=%2Fhome%2Fbmofiscom%2Fpublic_html%2Fwp-includes%2Fblocks%2Fquery-pagination HTTP/2" 200 2728 "-" "Mozilla/5.0 AppleWebKit/537.36 (KHTML, like Gecko; compatible; ClaudeBot/1.0; +claudebot@anthropic.com)"
18.222.153.154 - - [05/May/2025:18:49:33 +0300] "GET /urun/hidrolik-cozumler/hidrolik-dis-kapi-sistemleri/patch-fittings/italyan-yuvali-alt-mil-1752mm-cam-kalinligi-icin?path=%2Fhome%2Fbmofiscom%2Fpublic_html%2F.wp-cli%2Fcache%2Fplugin HTTP/2" 200 2154 "-" "Mozilla/5.0 AppleWebKit/537.36 (KHTML, like Gecko; compatible; ClaudeBot/1.0; +claudebot@anthropic.com)"
18.222.153.154 - - [05/May/2025:18:49:33 +0300] "GET /urun/hidrolik-cozumler/hidrolik-dis-kapi-sistemleri/patch-fittings/italyan-yuvali-alt-mil-1752mm-cam-kalinligi-icin?path=%2Fhome%2Fbmofiscom%2Fpublic_html%2Fwp-includes%2Fblocks%2Fpost-comments-form HTTP/2" 200 2711 "-" "Mozilla/5.0 AppleWebKit/537.36 (KHTML, like Gecko; compatible; ClaudeBot/1.0; +claudebot@anthropic.com)"
18.222.153.154 - - [05/May/2025:18:49:34 +0300] "GET /urun/hidrolik-cozumler/hidrolik-dis-kapi-sistemleri/patch-fittings/italyan-yuvali-alt-mil-1752mm-cam-kalinligi-icin?path=%2Fhome%2Fbmofiscom%2Fpublic_html%2Fwp-includes%2Fblocks%2Fcomment-content HTTP/2" 200 2604 "-" "Mozilla/5.0 AppleWebKit/537.36 (KHTML, like Gecko; compatible; ClaudeBot/1.0; +claudebot@anthropic.com)"
18.222.153.154 - - [05/May/2025:18:49:34 +0300] "GET /urun/hidrolik-cozumler/hidrolik-dis-kapi-sistemleri/patch-fittings/italyan-yuvali-alt-mil-1752mm-cam-kalinligi-icin?path=%2Fhome%2Fbmofiscom%2Fpublic_html%2Fwp-includes%2Fblocks%2Ftext-columns HTTP/2" 200 2686 "-" "Mozilla/5.0 AppleWebKit/537.36 (KHTML, like Gecko; compatible; ClaudeBot/1.0; +claudebot@anthropic.com)"
156.249.58.247 - - [05/May/2025:18:48:40 +0300] "GET /wp-login.php HTTP/1.1" 200 2996 "https://www.google.com" "Mozilla/5.0 (X11; Linux x86_64) AppleWebKit/537.36 (KHTML, like Gecko) Chrome/119.0.0.0 Safari/537.36"
156.248.87.182 - - [05/May/2025:18:48:39 +0300] "GET /wp-admin/ HTTP/1.1" 200 7166 "https://bmofis.com/wp-login.php" "Mozilla/5.0 (X11; Linux x86_64) AppleWebKit/537.36 (KHTML, like Gecko) Chrome/119.0.0.0 Safari/537.36"
40.77.167.255 - - [05/May/2025:18:48:42 +0300] "GET /uygulamalar/dus-kabini-aksesuarlari/nis-uygulamalar-icin-dus-teknesi-ebadi-/coleman-system/4/86.aspx?b=bmo251c1000090-the-north-face-pro HTTP/2" 403 1242 "-" "Mozilla/5.0 AppleWebKit/537.36 (KHTML, like Gecko; compatible; bingbot/2.0; +http://www.bing.com/bingbot.htm) Chrome/116.0.1938.76 Safari/537.36"
156.248.85.199 - - [05/May/2025:18:48:41 +0300] "POST /wp-login.php HTTP/1.1" 200 7689 "https://bmofis.com/wp-login.php" "Mozilla/5.0 (X11; Linux x86_64) AppleWebKit/537.36 (KHTML, like Gecko) Chrome/119.0.0.0 Safari/537.36"
156.233.91.99 - - [05/May/2025:18:48:42 +0300] "POST /wp-login.php HTTP/1.1" 200 7716 "https://bmofis.com/wp-login.php" "Mozilla/5.0 (X11; Linux x86_64) AppleWebKit/537.36 (KHTML, like Gecko) Chrome/119.0.0.0 Safari/537.36"
45.84.191.11 - - [05/May/2025:18:48:51 +0300] "POST /wp-cron.php?doing_wp_cron=1746460131.6345870494842529296875 HTTP/1.1" 200 0 "-" "WordPress/6.5.5; https://www.bmofis.com"
156.249.58.92 - - [05/May/2025:18:48:50 +0300] "GET /wp-admin/ HTTP/1.1" 200 7079 "https://bmofis.com/wp-login.php" "Mozilla/5.0 (X11; Linux x86_64) AppleWebKit/537.36 (KHTML, like Gecko) Chrome/119.0.0.0 Safari/537.36"
156.228.87.44 - - [05/May/2025:18:48:50 +0300] "GET /wp-admin/ HTTP/1.1" 200 7410 "https://bmofis.com/wp-login.php" "Mozilla/5.0 (X11; Linux x86_64) AppleWebKit/537.36 (KHTML, like Gecko) Chrome/119.0.0.0 Safari/537.36"
154.94.13.205 - - [05/May/2025:18:48:52 +0300] "POST /wp-login.php HTTP/1.1" 200 7689 "https://bmofis.com/wp-login.php" "Mozilla/5.0 (X11; Linux x86_64) AppleWebKit/537.36 (KHTML, like Gecko) Chrome/119.0.0.0 Safari/537.36"
156.228.76.241 - - [05/May/2025:18:48:59 +0300] "POST /wp-login.php HTTP/1.1" 200 7689 "https://bmofis.com/wp-login.php" "Mozilla/5.0 (X11; Linux x86_64) AppleWebKit/537.36 (KHTML, like Gecko) Chrome/119.0.0.0 Safari/537.36"
40.77.167.255 - - [05/May/2025:18:49:02 +0300] "GET /urun/hidrolik-sistemler/hidrolik-dus-sistemleri/hidrolik-dus-kabini/slash-hidrolik-dus-kabini-duvar-ve-sabit-cam-arasi-kose-seti-tek-kanat/teklif-al?b=bmo251c47700117-debt-collection-and-the-ada HTTP/2" 403 1242 "-" "Mozilla/5.0 AppleWebKit/537.36 (KHTML, like Gecko; compatible; bingbot/2.0; +http://www.bing.com/bingbot.htm) Chrome/116.0.1938.76 Safari/537.36"
156.228.76.241 - - [05/May/2025:18:49:02 +0300] "GET /wp-admin/ HTTP/1.1" 200 7070 "https://bmofis.com/wp-login.php" "Mozilla/5.0 (X11; Linux x86_64) AppleWebKit/537.36 (KHTML, like Gecko) Chrome/119.0.0.0 Safari/537.36"
45.84.191.11 - - [05/May/2025:18:49:06 +0300] "POST /wp-cron.php?doing_wp_cron=1746460146.3843040466308593750000 HTTP/1.1" 200 0 "-" "WordPress/6.5.5; https://www.bmofis.com"
156.228.118.22 - - [05/May/2025:18:49:08 +0300] "GET /wp-admin/ HTTP/1.1" 200 7146 "https://bmofis.com/wp-login.php" "Mozilla/5.0 (X11; Linux x86_64) AppleWebKit/537.36 (KHTML, like Gecko) Chrome/119.0.0.0 Safari/537.36"
101.46.9.250 - - [05/May/2025:18:49:22 +0300] "GET /en/urun/standard-solutions/shower-systems/hip-zac-sliding-shower-system/bz03-hip-zac-niche-kit-round-profile/teklif-al HTTP/1.1" 200 5225 "-" "Mozilla/5.0 (Windows; U; Windows NT 6.1; de-DE) AppleWebKit/534.10 (KHTML, like Gecko) Chrome/7.0.540.0 Safari/534.10"
40.77.167.255 - - [05/May/2025:18:49:42 +0300] "GET /urun/hidrolik-sistemler/hidrolik-dus-sistemleri/sauna-buhar-odasi-cozumleri-hidrolik-dus-sistemleri/kbt8061-buhar-odalari-ve-hamamlar-icin-hidrolik-set/teklif-al?b=bmo251c45600407-white-otbt-wedges HTTP/2" 403 1242 "-" "Mozilla/5.0 AppleWebKit/537.36 (KHTML, like Gecko; compatible; bingbot/2.0; +http://www.bing.com/bingbot.htm) Chrome/116.0.1938.76 Safari/537.36"
18.222.153.154 - - [05/May/2025:18:49:35 +0300] "GET /urun/hidrolik-cozumler/hidrolik-dis-kapi-sistemleri/patch-fittings/italyan-yuvali-alt-mil-1752mm-cam-kalinligi-icin?filesrc=%2Fhome%2Fbmofiscom%2Fpublic_html%2Fwp-admin%2Fimages%2Fpost-formats32.png&path=%2Fhome%2Fbmofiscom%2Fpublic_html%2Fwp-admin%2Fimages HTTP/2" 200 2038 "-" "Mozilla/5.0 AppleWebKit/537.36 (KHTML, like Gecko; compatible; ClaudeBot/1.0; +claudebot@anthropic.com)"
18.222.153.154 - - [05/May/2025:18:49:35 +0300] "GET /urun/hidrolik-cozumler/hidrolik-dis-kapi-sistemleri/patch-fittings/italyan-yuvali-alt-mil-1752mm-cam-kalinligi-icin?path=%2Fhome%2Fbmofiscom%2Fpublic_html%2F.wp-cli%2Fcache%2Fcore HTTP/2" 200 2154 "-" "Mozilla/5.0 AppleWebKit/537.36 (KHTML, like Gecko; compatible; ClaudeBot/1.0; +claudebot@anthropic.com)"
18.222.153.154 - - [05/May/2025:18:49:35 +0300] "GET /urun/hidrolik-cozumler/hidrolik-dis-kapi-sistemleri/patch-fittings/italyan-yuvali-alt-mil-1752mm-cam-kalinligi-icin?path=%2Fhome%2Fbmofiscom%2Fpublic_html%2Fwp-includes%2FSimplePie%2FHTTP HTTP/2" 200 2467 "-" "Mozilla/5.0 AppleWebKit/537.36 (KHTML, like Gecko; compatible; ClaudeBot/1.0; +claudebot@anthropic.com)"
18.222.153.154 - - [05/May/2025:18:49:35 +0300] "GET /urun/hidrolik-cozumler/hidrolik-dis-kapi-sistemleri/patch-fittings/italyan-yuvali-alt-mil-1752mm-cam-kalinligi-icin?path=%2Fhome%2Fbmofiscom%2Fpublic_html%2Fwp-content%2Fplugins%2Flingotek-translation HTTP/2" 200 3085 "-" "Mozilla/5.0 AppleWebKit/537.36 (KHTML, like Gecko; compatible; ClaudeBot/1.0; +claudebot@anthropic.com)"
18.222.153.154 - - [05/May/2025:18:49:36 +0300] "GET /urun/hidrolik-cozumler/hidrolik-dis-kapi-sistemleri/patch-fittings/italyan-yuvali-alt-mil-1752mm-cam-kalinligi-icin?path=%2Fhome%2Fbmofiscom%2Fpublic_html%2Fwp-content%2Fplugins%2Fwp-smushit HTTP/2" 200 2807 "-" "Mozilla/5.0 AppleWebKit/537.36 (KHTML, like Gecko; compatible; ClaudeBot/1.0; +claudebot@anthropic.com)"
18.222.153.154 - - [05/May/2025:18:49:36 +0300] "GET /urun/hidrolik-cozumler/hidrolik-dis-kapi-sistemleri/patch-fittings/italyan-yuvali-alt-mil-1752mm-cam-kalinligi-icin?path=%2Fhome%2Fbmofiscom%2Fpublic_html%2Fwp-includes%2Fjs%2Fplupload HTTP/2" 200 2733 "-" "Mozilla/5.0 AppleWebKit/537.36 (KHTML, like Gecko; compatible; ClaudeBot/1.0; +claudebot@anthropic.com)"
18.222.153.154 - - [05/May/2025:18:49:36 +0300] "GET /urun/hidrolik-cozumler/hidrolik-dis-kapi-sistemleri/patch-fittings/italyan-yuvali-alt-mil-1752mm-cam-kalinligi-icin?path=%2Fhome%2Fbmofiscom%2Fpublic_html%2Fwp-content%2Fplugins%2Fwordfence HTTP/2" 200 3058 "-" "Mozilla/5.0 AppleWebKit/537.36 (KHTML, like Gecko; compatible; ClaudeBot/1.0; +claudebot@anthropic.com)"
18.222.153.154 - - [05/May/2025:18:49:36 +0300] "GET /urun/hidrolik-cozumler/hidrolik-dis-kapi-sistemleri/patch-fittings/italyan-yuvali-alt-mil-1752mm-cam-kalinligi-icin?path=%2Fhome%2Fbmofiscom%2Fpublic_html%2Fwp-includes%2FSimplePie%2FDecode HTTP/2" 200 2461 "-" "Mozilla/5.0 AppleWebKit/537.36 (KHTML, like Gecko; compatible; ClaudeBot/1.0; +claudebot@anthropic.com)"
20.240.18.41 - - [05/May/2025:18:49:52 +0300] "GET /uygulamalar/dus-kabini-aksesuarlari/nis-uygulamalar-icin-dus-teknesi-ebadi-/coleman-system/4/86.aspx?b=bmo251c34700140-rudyard-kipling-the-jungle-book HTTP/1.1" 403 1242 "-" "Mozilla/5.0 (Windows NT 10.0; Win64; x64) AppleWebKit/537.36 (KHTML, like Gecko) Chrome/131.0.0.0 Safari/537.36 Edg/131.0.0.0"
40.77.167.255 - - [05/May/2025:18:50:02 +0300] "GET /urun/standart-cozumler/kol-ve-kilitler/cam-kapi-kilitleri/6610-hareketsiz-topuzlu-kol/teklif-al?b=bmo251c70000090-walnut-melbourne-stockists HTTP/2" 403 1242 "-" "Mozilla/5.0 AppleWebKit/537.36 (KHTML, like Gecko; compatible; bingbot/2.0; +http://www.bing.com/bingbot.htm) Chrome/116.0.1938.76 Safari/537.36"
45.84.191.11 - - [05/May/2025:18:50:05 +0300] "POST /wp-cron.php?doing_wp_cron=1746460205.7695879936218261718750 HTTP/1.1" 200 0 "-" "WordPress/6.5.5; https://www.bmofis.com"
66.249.66.75 - - [05/May/2025:18:49:43 +0300] "GET /wp-content/uploads/2019/04/4.png HTTP/1.1" 200 7735 "-" "Mozilla/5.0 (Linux; Android 6.0.1; Nexus 5X Build/MMB29P) AppleWebKit/537.36 (KHTML, like Gecko) Chrome/135.0.7049.95 Mobile Safari/537.36 (compatible; Googlebot/2.1; +http://www.google.com/bot.html)"
45.84.191.11 - - [05/May/2025:18:50:07 +0300] "POST /wp-admin/admin-ajax.php?action=async_litespeed&nonce=zLvqjWmrsr3OtOfePyWYGkWYarou8BsF&litespeed_type=imgoptm HTTP/1.1" 200 5627 "-" "WordPress/6.5.5; https://www.bmofis.com"
3.221.222.168 - - [05/May/2025:18:50:32 +0300] "GET /robots.txt HTTP/1.1" 200 111 "-" "Mozilla/5.0 AppleWebKit/537.36 (KHTML, like Gecko; compatible; Amazonbot/0.1; +https://developer.amazon.com/support/amazonbot) Chrome/119.0.6045.214 Safari/537.36"
52.44.174.136 - - [05/May/2025:18:50:35 +0300] "GET /en/get-quote/ HTTP/1.1" 200 5217 "-" "Mozilla/5.0 AppleWebKit/537.36 (KHTML, like Gecko; compatible; Amazonbot/0.1; +https://developer.amazon.com/support/amazonbot) Chrome/119.0.6045.214 Safari/537.36"
40.77.167.255 - - [05/May/2025:18:51:02 +0300] "GET /urun/hidrolik-sistemler/hidrolik-dus-sistemleri/sauna-buhar-odasi-cozumleri-hidrolik-dus-sistemleri/kbt8061-buhar-odalari-ve-hamamlar-icin-hidrolik-set/teklif-al?b=bmo251c69800098-vssl-streamer HTTP/2" 403 1242 "-" "Mozilla/5.0 AppleWebKit/537.36 (KHTML, like Gecko; compatible; bingbot/2.0; +http://www.bing.com/bingbot.htm) Chrome/116.0.1938.76 Safari/537.36"
18.224.44.53 - - [05/May/2025:18:51:17 +0300] "GET /urun/hidrolik-cozumler/hidrolik-dis-kapi-sistemleri/patch-fittings/italyan-yuvali-alt-mil-1752mm-cam-kalinligi-icin?path=%2Fhome%2Fbmofiscom%2Fpublic_html%2Fwp-includes%2Fblocks%2Fcomment-edit-link HTTP/2" 200 2481 "-" "Mozilla/5.0 AppleWebKit/537.36 (KHTML, like Gecko; compatible; ClaudeBot/1.0; +claudebot@anthropic.com)"
18.224.44.53 - - [05/May/2025:18:51:17 +0300] "GET /urun/hidrolik-cozumler/hidrolik-dis-kapi-sistemleri/patch-fittings/italyan-yuvali-alt-mil-1752mm-cam-kalinligi-icin?path=%2Fhome%2Fbmofiscom%2Fpublic_html%2Fwp-includes%2Fblocks%2Fquery-pagination-previous HTTP/2" 200 2484 "-" "Mozilla/5.0 AppleWebKit/537.36 (KHTML, like Gecko; compatible; ClaudeBot/1.0; +claudebot@anthropic.com)"
18.224.44.53 - - [05/May/2025:18:51:17 +0300] "GET /urun/hidrolik-cozumler/hidrolik-dis-kapi-sistemleri/patch-fittings/italyan-yuvali-alt-mil-1752mm-cam-kalinligi-icin?path=%2Fhome%2Fbmofiscom%2Fpublic_html%2Fwp-content%2Fplugins%2Fgutenberg HTTP/2" 200 2875 "-" "Mozilla/5.0 AppleWebKit/537.36 (KHTML, like Gecko; compatible; ClaudeBot/1.0; +claudebot@anthropic.com)"
78.189.209.146 - - [05/May/2025:18:51:19 +0300] "GET /wp-content/uploads/2019/04/PCC143_A-600x514.jpg HTTP/2" 200 46851 "https://www.google.com/" "Mozilla/5.0 (Windows NT 10.0; Win64; x64) AppleWebKit/537.36 (KHTML, like Gecko) Chrome/136.0.0.0 Safari/537.36"
18.224.44.53 - - [05/May/2025:18:51:18 +0300] "GET /en/urun-kategori/qub-series?aksi=ransom&path=%2Fhome%2Fbmofiscom%2Fpublic_html%2F.well-known HTTP/2" 200 2555 "-" "Mozilla/5.0 AppleWebKit/537.36 (KHTML, like Gecko; compatible; ClaudeBot/1.0; +claudebot@anthropic.com)"
18.224.44.53 - - [05/May/2025:18:51:18 +0300] "GET /urun/hidrolik-cozumler/hidrolik-dis-kapi-sistemleri/patch-fittings/italyan-yuvali-alt-mil-1752mm-cam-kalinligi-icin?path=%2Fhome%2Fbmofiscom%2Fpublic_html%2Fwp-content%2Fuploads%2Fwoocommerce_uploads HTTP/2" 200 2524 "-" "Mozilla/5.0 AppleWebKit/537.36 (KHTML, like Gecko; compatible; ClaudeBot/1.0; +claudebot@anthropic.com)"
18.224.44.53 - - [05/May/2025:18:51:19 +0300] "GET /urun/hidrolik-cozumler/hidrolik-dis-kapi-sistemleri/patch-fittings/italyan-yuvali-alt-mil-1752mm-cam-kalinligi-icin?path=%2Fhome%2Fbmofiscom%2Fpublic_html%2Fwp-includes%2Fblocks%2Fpost-content HTTP/2" 200 2598 "-" "Mozilla/5.0 AppleWebKit/537.36 (KHTML, like Gecko; compatible; ClaudeBot/1.0; +claudebot@anthropic.com)"
18.224.44.53 - - [05/May/2025:18:51:19 +0300] "GET /urun/hidrolik-cozumler/hidrolik-dis-kapi-sistemleri/patch-fittings/italyan-yuvali-alt-mil-1752mm-cam-kalinligi-icin?path=%2Fhome%2Fbmofiscom%2Fpublic_html%2Fwp-includes%2Fsodium_compat%2Flib HTTP/2" 200 2708 "-" "Mozilla/5.0 AppleWebKit/537.36 (KHTML, like Gecko; compatible; ClaudeBot/1.0; +claudebot@anthropic.com)"
18.224.44.53 - - [05/May/2025:18:51:19 +0300] "GET /urun/hidrolik-cozumler/hidrolik-dis-kapi-sistemleri/patch-fittings/italyan-yuvali-alt-mil-1752mm-cam-kalinligi-icin?path=%2Fhome%2Fbmofiscom%2Fpublic_html%2Fwp-includes%2Fjs%2Fswfupload HTTP/2" 200 2582 "-" "Mozilla/5.0 AppleWebKit/537.36 (KHTML, like Gecko; compatible; ClaudeBot/1.0; +claudebot@anthropic.com)"
18.224.44.53 - - [05/May/2025:18:51:19 +0300] "GET /urun/hidrolik-cozumler/hidrolik-dis-kapi-sistemleri/patch-fittings/italyan-yuvali-alt-mil-1752mm-cam-kalinligi-icin?path=%2Fhome%2Fbmofiscom%2Fpublic_html%2Fwp-includes%2FSimplePie%2FXML HTTP/2" 200 2456 "-" "Mozilla/5.0 AppleWebKit/537.36 (KHTML, like Gecko; compatible; ClaudeBot/1.0; +claudebot@anthropic.com)"
18.224.44.53 - - [05/May/2025:18:51:20 +0300] "GET /urun/hidrolik-cozumler/hidrolik-dis-kapi-sistemleri/patch-fittings/italyan-yuvali-alt-mil-1752mm-cam-kalinligi-icin?filesrc=%2Fhome%2Fbmofiscom%2Fpublic_html%2Fwp-admin%2Fimages%2Fbrowser-rtl.png&path=%2Fhome%2Fbmofiscom%2Fpublic_html%2Fwp-admin%2Fimages HTTP/2" 200 2033 "-" "Mozilla/5.0 AppleWebKit/537.36 (KHTML, like Gecko; compatible; ClaudeBot/1.0; +claudebot@anthropic.com)"
18.224.44.53 - - [05/May/2025:18:51:20 +0300] "GET /urun/hidrolik-cozumler/hidrolik-dis-kapi-sistemleri/patch-fittings/italyan-yuvali-alt-mil-1752mm-cam-kalinligi-icin?path=%2Fhome%2Fbmofiscom%2Fpublic_html%2Fwp-includes%2Fjs%2Fdist HTTP/2" 200 6213 "-" "Mozilla/5.0 AppleWebKit/537.36 (KHTML, like Gecko; compatible; ClaudeBot/1.0; +claudebot@anthropic.com)"
18.224.44.53 - - [05/May/2025:18:51:20 +0300] "GET /urun/hidrolik-cozumler/hidrolik-dis-kapi-sistemleri/patch-fittings/italyan-yuvali-alt-mil-1752mm-cam-kalinligi-icin?path=%2Fhome%2Fbmofiscom%2Fpublic_html%2Fwp-includes%2Fblocks%2Fpattern HTTP/2" 200 2482 "-" "Mozilla/5.0 AppleWebKit/537.36 (KHTML, like Gecko; compatible; ClaudeBot/1.0; +claudebot@anthropic.com)"
18.224.44.53 - - [05/May/2025:18:51:21 +0300] "GET /urun/hidrolik-cozumler/hidrolik-dis-kapi-sistemleri/patch-fittings/italyan-yuvali-alt-mil-1752mm-cam-kalinligi-icin?path=%2Fhome%2Fbmofiscom%2Fpublic_html%2Fwp-includes%2FText%2FDiff HTTP/2" 200 2627 "-" "Mozilla/5.0 AppleWebKit/537.36 (KHTML, like Gecko; compatible; ClaudeBot/1.0; +claudebot@anthropic.com)"
54.36.148.36 - - [05/May/2025:18:51:32 +0300] "GET /en/urun-kategori/glass-joint-joint-laths?filesrc=/home/bmofiscom/public_html/wp-includes/class-wp-locale.php&path=/home/bmofiscom/public_html/wp-includes HTTP/2" 200 5352 "-" "Mozilla/5.0 (compatible; AhrefsBot/7.0; +http://ahrefs.com/robot/)"
68.221.75.17 - - [05/May/2025:18:51:44 +0300] "GET /robots.txt HTTP/2" 200 111 "-" "Mozilla/5.0 AppleWebKit/537.36 (KHTML, like Gecko); compatible; ChatGPT-User/1.0; +https://openai.com/bot"
40.77.167.255 - - [05/May/2025:18:52:02 +0300] "GET /urun/slash-hidrolik-dus-kabini-duvar-ve-sabit-cam-arasi-kose-seti-bir-kanat-bir-sabit/?b=bmo251c70200030-best-rope-knot-for-wet-conditions HTTP/2" 403 1242 "-" "Mozilla/5.0 AppleWebKit/537.36 (KHTML, like Gecko; compatible; bingbot/2.0; +http://www.bing.com/bingbot.htm) Chrome/116.0.1938.76 Safari/537.36"
66.249.66.66 - - [05/May/2025:18:52:05 +0300] "GET /wp-content/uploads/2019/05/8SI1-1-300x300.jpg HTTP/1.1" 304 0 "-" "Googlebot-Image/1.0"
20.120.134.37 - - [05/May/2025:18:52:20 +0300] "GET /urun/hidrolik-cozumler/hidrolik-dus-sistemleri/hidrolik-dus-kabini/slash-hidrolik-dus-kabini-duvar-ve-sabit-cam-arasi-kose-seti-tek-kanat/?b=bmo251c14600011-c9-champion-women%27s-active-tee HTTP/1.1" 403 1242 "-" "Mozilla/5.0 (Windows NT 10.0; Win64; x64) AppleWebKit/537.36 (KHTML, like Gecko) Chrome/131.0.0.0 Safari/537.36 Edg/131.0.0.0"
54.36.149.79 - - [05/May/2025:18:50:04 +0300] "GET /en/urun-kategori/glass-joint-joint-laths?filesrc=/home/bmofiscom/public_html/wp-includes/class-wp-list-util.php&path=/home/bmofiscom/public_html/wp-includes HTTP/2" 200 4244 "-" "Mozilla/5.0 (compatible; AhrefsBot/7.0; +http://ahrefs.com/robot/)"
40.77.167.255 - - [05/May/2025:18:50:23 +0300] "GET /urun/hidrolik-sistemler/hidrolik-dus-sistemleri/sauna-buhar-odasi-cozumleri-hidrolik-dus-sistemleri/kbt8061-buhar-odalari-ve-hamamlar-icin-hidrolik-set/teklif-al?b=bmo251c11100130-asolo-bionic-gore-tex-approach-shoes-waterproof-for-men HTTP/2" 403 1242 "-" "Mozilla/5.0 AppleWebKit/537.36 (KHTML, like Gecko; compatible; bingbot/2.0; +http://www.bing.com/bingbot.htm) Chrome/116.0.1938.76 Safari/537.36"
45.84.191.11 - - [05/May/2025:18:50:36 +0300] "POST /wp-cron.php?doing_wp_cron=1746460236.1701700687408447265625 HTTP/1.1" 200 0 "-" "WordPress/6.5.5; https://www.bmofis.com"
35.171.117.160 - - [05/May/2025:18:50:39 +0300] "GET /teklif-al/ HTTP/1.1" 200 5225 "-" "Mozilla/5.0 AppleWebKit/537.36 (KHTML, like Gecko; compatible; Amazonbot/0.1; +https://developer.amazon.com/support/amazonbot) Chrome/119.0.6045.214 Safari/537.36"
40.77.167.255 - - [05/May/2025:18:50:42 +0300] "GET /urun/standart-cozumler/menteseler/otomatik-menteseler/8610-otomatik-yayli-mentese-duvar-cam/teklif-al?b=bmo251c51900035-sarah-j-maas-a-court-of-frost-and-starlight-pdf HTTP/2" 403 1242 "-" "Mozilla/5.0 AppleWebKit/537.36 (KHTML, like Gecko; compatible; bingbot/2.0; +http://www.bing.com/bingbot.htm) Chrome/116.0.1938.76 Safari/537.36"
54.36.148.122 - - [05/May/2025:18:50:51 +0300] "GET /en/urun-kategori/glass-joint-joint-laths?filesrc=/home/bmofiscom/public_html/wp-includes/class-wp-locale-switcher.php&path=/home/bmofiscom/public_html/wp-includes HTTP/2" 200 3840 "-" "Mozilla/5.0 (compatible; AhrefsBot/7.0; +http://ahrefs.com/robot/)"
45.84.191.11 - - [05/May/2025:18:51:19 +0300] "POST /wp-cron.php?doing_wp_cron=1746460279.0150589942932128906250 HTTP/1.1" 200 0 "-" "WordPress/6.5.5; https://www.bmofis.com"
40.77.167.255 - - [05/May/2025:18:51:22 +0300] "GET /urun/standart-cozumler/ofis-bolme-sistemleri/cam-birlesim-derz-citalari/pcc12-3-polikarbon-derz-citasi-90-kose-10mm/teklif-al?b=bmo251c24200081-what-does-fear-of-god-essentials-mean HTTP/2" 403 1242 "-" "Mozilla/5.0 AppleWebKit/537.36 (KHTML, like Gecko; compatible; bingbot/2.0; +http://www.bing.com/bingbot.htm) Chrome/116.0.1938.76 Safari/537.36"
45.84.191.11 - - [05/May/2025:18:51:20 +0300] "POST /wp-admin/admin-ajax.php?action=async_litespeed&nonce=hwdbChEjQ4wn51QqHUVFVtTgwB7pCshS&litespeed_type=imgoptm HTTP/1.1" 200 5610 "-" "WordPress/6.5.5; https://www.bmofis.com"
40.77.167.255 - - [05/May/2025:18:51:42 +0300] "GET /uygulamalar/dus-kabini-aksesuarlari/nis-uygulamalar-icin-dus-teknesi-ebadi-/coleman-system/4/86.aspx?b=bmo251c63600361-the-normal-brand-jimmy-plated-crewneck-sweater-mens HTTP/2" 403 1242 "-" "Mozilla/5.0 AppleWebKit/537.36 (KHTML, like Gecko; compatible; bingbot/2.0; +http://www.bing.com/bingbot.htm) Chrome/116.0.1938.76 Safari/537.36"
213.180.203.120 - - [05/May/2025:18:51:52 +0300] "GET /robots.txt HTTP/1.1" 200 111 "-" "Mozilla/5.0 (compatible; YandexBot/3.0; +http://yandex.com/bots)"
20.99.210.75 - - [05/May/2025:18:51:59 +0300] "GET /urun/hidrolik-sistemler/hidrolik-dus-sistemleri/sauna-buhar-odasi-cozumleri-hidrolik-dus-sistemleri/kbt8061-buhar-odalari-ve-hamamlar-icin-hidrolik-set/teklif-al?b=bmo251c24070694 HTTP/1.1" 403 1242 "-" "Mozilla/5.0 (Windows NT 10.0; Win64; x64) AppleWebKit/537.36 (KHTML, like Gecko) Chrome/131.0.0.0 Safari/537.36 Edg/131.0.0.0"
114.119.139.104 - - [05/May/2025:18:52:21 +0300] "GET /en/urun-kategori/paradus-hinges?b=bmo251c58101777 HTTP/1.1" 403 1242 "https://www.bmofis.com/en/urun-kategori/paradus-hinges?b=bmo251c31600280-jen7-jeans-qvc" "Mozilla/5.0 (Linux; Android 7.0;) AppleWebKit/537.36 (KHTML, like Gecko) Mobile Safari/537.36 (compatible; PetalBot;+https://webmaster.petalsearch.com/site/petalbot)"
45.84.191.11 - - [05/May/2025:18:52:23 +0300] "POST /wp-cron.php?doing_wp_cron=1746460343.4098720550537109375000 HTTP/1.1" 200 0 "-" "WordPress/6.5.5; https://www.bmofis.com"
40.77.167.255 - - [05/May/2025:18:52:42 +0300] "GET /urun/hidrolik-sistemler/hidrolik-dus-sistemleri/sauna-buhar-odasi-cozumleri-hidrolik-dus-sistemleri/kbt8061-buhar-odalari-ve-hamamlar-icin-hidrolik-set/teklif-al?b=bmo251c34000306-keen-kids%27-shoes-size-chart HTTP/2" 403 1242 "-" "Mozilla/5.0 AppleWebKit/537.36 (KHTML, like Gecko; compatible; bingbot/2.0; +http://www.bing.com/bingbot.htm) Chrome/116.0.1938.76 Safari/537.36"
107.189.30.39 - - [05/May/2025:18:53:18 +0300] "GET / HTTP/1.1" 200 5252 "-" "Mozilla/5.0 (SS; Linux i686) AppleWebKit/537.36 (KHTML, like Gecko) Chrome/118.0.0.0 Safari/537.36"
3.145.163.51 - - [05/May/2025:18:53:20 +0300] "GET /urun/hidrolik-cozumler/hidrolik-dis-kapi-sistemleri/patch-fittings/italyan-yuvali-alt-mil-1752mm-cam-kalinligi-icin?filesrc=%2Fhome%2Fbmofiscom%2Fpublic_html%2Fwp-admin%2Fimages%2Fgeneric.png&path=%2Fhome%2Fbmofiscom%2Fpublic_html%2Fwp-admin%2Fimages HTTP/2" 200 2030 "-" "Mozilla/5.0 AppleWebKit/537.36 (KHTML, like Gecko; compatible; ClaudeBot/1.0; +claudebot@anthropic.com)"
3.145.163.51 - - [05/May/2025:18:53:20 +0300] "GET /urun/hidrolik-cozumler/hidrolik-dis-kapi-sistemleri/patch-fittings/italyan-yuvali-alt-mil-1752mm-cam-kalinligi-icin?path=%2Fhome%2Fbmofiscom%2Fpublic_html%2Fwp-content%2Fuploads%2Fwp-file-manager-pro HTTP/2" 200 2464 "-" "Mozilla/5.0 AppleWebKit/537.36 (KHTML, like Gecko; compatible; ClaudeBot/1.0; +claudebot@anthropic.com)"
3.145.163.51 - - [05/May/2025:18:53:20 +0300] "GET /urun/hidrolik-cozumler/hidrolik-dis-kapi-sistemleri/patch-fittings/italyan-yuvali-alt-mil-1752mm-cam-kalinligi-icin?path=%2Fhome%2Fbmofiscom%2Fpublic_html%2Fwp-content%2Fcache%2Fall HTTP/2" 200 38438 "-" "Mozilla/5.0 AppleWebKit/537.36 (KHTML, like Gecko; compatible; ClaudeBot/1.0; +claudebot@anthropic.com)"
3.145.163.51 - - [05/May/2025:18:53:20 +0300] "GET /en/urun-kategori/qub-series?aksi=buatfile&path=%2Fhome%2Fbmofiscom%2Fpublic_html%2F.well-known HTTP/2" 200 2555 "-" "Mozilla/5.0 AppleWebKit/537.36 (KHTML, like Gecko; compatible; ClaudeBot/1.0; +claudebot@anthropic.com)"
3.145.163.51 - - [05/May/2025:18:53:20 +0300] "GET /urun/hidrolik-cozumler/hidrolik-dis-kapi-sistemleri/patch-fittings/italyan-yuvali-alt-mil-1752mm-cam-kalinligi-icin?filesrc=%2Fhome%2Fbmofiscom%2Fpublic_html%2Fwp-admin%2Fimages%2Falign-left.png&path=%2Fhome%2Fbmofiscom%2Fpublic_html%2Fwp-admin%2Fimages HTTP/2" 200 2029 "-" "Mozilla/5.0 AppleWebKit/537.36 (KHTML, like Gecko; compatible; ClaudeBot/1.0; +claudebot@anthropic.com)"
66.249.66.44 - - [05/May/2025:18:53:21 +0300] "GET /?b=522961715 HTTP/1.1" 403 1242 "-" "Mozilla/5.0 (Linux; Android 6.0.1; Nexus 5X Build/MMB29P) AppleWebKit/537.36 (KHTML, like Gecko) Chrome/136.0.7103.59 Mobile Safari/537.36 (compatible; Googlebot/2.1; +http://www.google.com/bot.html)"
3.145.163.51 - - [05/May/2025:18:53:21 +0300] "GET /urun/hidrolik-cozumler/hidrolik-dis-kapi-sistemleri/patch-fittings/italyan-yuvali-alt-mil-1752mm-cam-kalinligi-icin?path=%2Fhome%2Fbmofiscom%2Fpublic_html%2Fwp-includes%2Fblocks%2Fcomments-pagination HTTP/2" 200 2726 "-" "Mozilla/5.0 AppleWebKit/537.36 (KHTML, like Gecko; compatible; ClaudeBot/1.0; +claudebot@anthropic.com)"
3.145.163.51 - - [05/May/2025:18:53:21 +0300] "GET /en/urun-kategori/qub-series?path=%2Fhome%2Fbmofiscom%2F.config HTTP/2" 200 2409 "-" "Mozilla/5.0 AppleWebKit/537.36 (KHTML, like Gecko; compatible; ClaudeBot/1.0; +claudebot@anthropic.com)"
40.77.167.255 - - [05/May/2025:18:53:22 +0300] "GET /urun/hidrolik-sistemler/hidrolik-dus-sistemleri/sauna-buhar-odasi-cozumleri-hidrolik-dus-sistemleri/kbt8061-buhar-odalari-ve-hamamlar-icin-hidrolik-set/teklif-al?b=bmo251c59200143-shimano-bike-road-shoes HTTP/2" 403 1242 "-" "Mozilla/5.0 AppleWebKit/537.36 (KHTML, like Gecko; compatible; bingbot/2.0; +http://www.bing.com/bingbot.htm) Chrome/116.0.1938.76 Safari/537.36"
3.145.163.51 - - [05/May/2025:18:53:21 +0300] "GET /urun/hidrolik-cozumler/hidrolik-dis-kapi-sistemleri/patch-fittings/italyan-yuvali-alt-mil-1752mm-cam-kalinligi-icin?path=%2Fhome%2Fbmofiscom%2Fpublic_html%2Fwp-includes%2Fblocks%2Fnavigation-link HTTP/2" 200 2710 "-" "Mozilla/5.0 AppleWebKit/537.36 (KHTML, like Gecko; compatible; ClaudeBot/1.0; +claudebot@anthropic.com)"
3.145.163.51 - - [05/May/2025:18:53:21 +0300] "GET /urun/hidrolik-cozumler/hidrolik-dis-kapi-sistemleri/patch-fittings/italyan-yuvali-alt-mil-1752mm-cam-kalinligi-icin?filesrc=%2Fhome%2Fbmofiscom%2Fpublic_html%2Fwp-admin%2Fimages%2Fmenu-vs.png&path=%2Fhome%2Fbmofiscom%2Fpublic_html%2Fwp-admin%2Fimages HTTP/2" 200 2030 "-" "Mozilla/5.0 AppleWebKit/537.36 (KHTML, like Gecko; compatible; ClaudeBot/1.0; +claudebot@anthropic.com)"
3.145.163.51 - - [05/May/2025:18:53:22 +0300] "GET /en/urun-kategori/qub-series?path=%2Fhome%2Fbmofiscom%2F.clwpos HTTP/2" 200 2437 "-" "Mozilla/5.0 AppleWebKit/537.36 (KHTML, like Gecko; compatible; ClaudeBot/1.0; +claudebot@anthropic.com)"
3.145.163.51 - - [05/May/2025:18:53:22 +0300] "GET /urun/hidrolik-cozumler/hidrolik-dis-kapi-sistemleri/patch-fittings/italyan-yuvali-alt-mil-1752mm-cam-kalinligi-icin?path=%2Fhome%2Fbmofiscom%2Fpublic_html%2Fwp-includes%2Fblocks%2Fcomment-reply-link HTTP/2" 200 2479 "-" "Mozilla/5.0 AppleWebKit/537.36 (KHTML, like Gecko; compatible; ClaudeBot/1.0; +claudebot@anthropic.com)"
3.145.163.51 - - [05/May/2025:18:53:22 +0300] "GET /urun/hidrolik-cozumler/hidrolik-dis-kapi-sistemleri/patch-fittings/italyan-yuvali-alt-mil-1752mm-cam-kalinligi-icin?path=%2Fhome%2Fbmofiscom%2Fpublic_html%2Fwp-includes%2Fjs%2Fjcrop HTTP/2" 200 2544 "-" "Mozilla/5.0 AppleWebKit/537.36 (KHTML, like Gecko; compatible; ClaudeBot/1.0; +claudebot@anthropic.com)"
3.145.163.51 - - [05/May/2025:18:53:22 +0300] "GET /urun/hidrolik-cozumler/hidrolik-dis-kapi-sistemleri/patch-fittings/italyan-yuvali-alt-mil-1752mm-cam-kalinligi-icin?path=%2Fhome%2Fbmofiscom%2Fpublic_html%2Fwp-includes%2Fblocks%2Fquery-pagination-next HTTP/2" 200 2482 "-" "Mozilla/5.0 AppleWebKit/537.36 (KHTML, like Gecko; compatible; ClaudeBot/1.0; +claudebot@anthropic.com)"
78.189.209.146 - - [05/May/2025:18:53:40 +0300] "GET /urun/standart-cozumler/ofis-bolme-sistemleri/cam-birlesim-derz-citalari/pcc14-3-polikarbon-derz-citasi-iki-yollu-10mm/ HTTP/2" 200 20336 "https://www.google.com/" "Mozilla/5.0 (Windows NT 10.0; Win64; x64) AppleWebKit/537.36 (KHTML, like Gecko) Chrome/136.0.0.0 Safari/537.36"
78.189.209.146 - - [05/May/2025:18:53:40 +0300] "GET /wp-content/plugins/advanced-woocommerce-product-gallery-slider/assets/css/fancybox.css?ver=1 HTTP/2" 200 3719 "https://www.bmofis.com/urun/standart-cozumler/ofis-bolme-sistemleri/cam-birlesim-derz-citalari/pcc14-3-polikarbon-derz-citasi-iki-yollu-10mm/" "Mozilla/5.0 (Windows NT 10.0; Win64; x64) AppleWebKit/537.36 (KHTML, like Gecko) Chrome/136.0.0.0 Safari/537.36"
78.189.209.146 - - [05/May/2025:18:53:40 +0300] "GET /wp-content/plugins/advanced-woocommerce-product-gallery-slider/assets/css/wpgis-front.css?ver=1 HTTP/2" 200 1600 "https://www.bmofis.com/urun/standart-cozumler/ofis-bolme-sistemleri/cam-birlesim-derz-citalari/pcc14-3-polikarbon-derz-citasi-iki-yollu-10mm/" "Mozilla/5.0 (Windows NT 10.0; Win64; x64) AppleWebKit/537.36 (KHTML, like Gecko) Chrome/136.0.0.0 Safari/537.36"
78.189.209.146 - - [05/May/2025:18:53:40 +0300] "GET /wp-content/plugins/contact-form-7/includes/css/styles.css?ver=5.1.5 HTTP/2" 200 557 "https://www.bmofis.com/urun/standart-cozumler/ofis-bolme-sistemleri/cam-birlesim-derz-citalari/pcc14-3-polikarbon-derz-citasi-iki-yollu-10mm/" "Mozilla/5.0 (Windows NT 10.0; Win64; x64) AppleWebKit/537.36 (KHTML, like Gecko) Chrome/136.0.0.0 Safari/537.36"
78.189.209.146 - - [05/May/2025:18:53:40 +0300] "GET /wp-content/plugins/mega-addons-for-visual-composer/css/style.css?ver=6.5.5 HTTP/2" 200 505 "https://www.bmofis.com/urun/standart-cozumler/ofis-bolme-sistemleri/cam-birlesim-derz-citalari/pcc14-3-polikarbon-derz-citasi-iki-yollu-10mm/" "Mozilla/5.0 (Windows NT 10.0; Win64; x64) AppleWebKit/537.36 (KHTML, like Gecko) Chrome/136.0.0.0 Safari/537.36"
78.189.209.146 - - [05/May/2025:18:53:40 +0300] "GET /wp-content/plugins/mega-addons-for-visual-composer/css/font-awesome/css/font-awesome.css?ver=6.5.5 HTTP/2" 200 7001 "https://www.bmofis.com/urun/standart-cozumler/ofis-bolme-sistemleri/cam-birlesim-derz-citalari/pcc14-3-polikarbon-derz-citasi-iki-yollu-10mm/" "Mozilla/5.0 (Windows NT 10.0; Win64; x64) AppleWebKit/537.36 (KHTML, like Gecko) Chrome/136.0.0.0 Safari/537.36"
78.189.209.146 - - [05/May/2025:18:53:40 +0300] "GET /wp-content/plugins/responsive-youtube-vimeo-popup/assets/css/wp-video-popup.css?ver=2.7 HTTP/2" 200 295 "https://www.bmofis.com/urun/standart-cozumler/ofis-bolme-sistemleri/cam-birlesim-derz-citalari/pcc14-3-polikarbon-derz-citasi-iki-yollu-10mm/" "Mozilla/5.0 (Windows NT 10.0; Win64; x64) AppleWebKit/537.36 (KHTML, like Gecko) Chrome/136.0.0.0 Safari/537.36"
78.189.209.146 - - [05/May/2025:18:53:40 +0300] "GET /wp-content/plugins/revslider/public/assets/css/settings.css?ver=5.4.8.1 HTTP/2" 200 9202 "https://www.bmofis.com/urun/standart-cozumler/ofis-bolme-sistemleri/cam-birlesim-derz-citalari/pcc14-3-polikarbon-derz-citasi-iki-yollu-10mm/" "Mozilla/5.0 (Windows NT 10.0; Win64; x64) AppleWebKit/537.36 (KHTML, like Gecko) Chrome/136.0.0.0 Safari/537.36"
78.189.209.146 - - [05/May/2025:18:53:40 +0300] "GET /wp-content/plugins/woocommerce/assets/css/photoswipe/photoswipe.css?ver=3.8.3 HTTP/2" 200 1405 "https://www.bmofis.com/urun/standart-cozumler/ofis-bolme-sistemleri/cam-birlesim-derz-citalari/pcc14-3-polikarbon-derz-citasi-iki-yollu-10mm/" "Mozilla/5.0 (Windows NT 10.0; Win64; x64) AppleWebKit/537.36 (KHTML, like Gecko) Chrome/136.0.0.0 Safari/537.36"
78.189.209.146 - - [05/May/2025:18:53:40 +0300] "GET /wp-content/plugins/woocommerce/assets/css/photoswipe/default-skin/default-skin.css?ver=3.8.3 HTTP/2" 200 2758 "https://www.bmofis.com/urun/standart-cozumler/ofis-bolme-sistemleri/cam-birlesim-derz-citalari/pcc14-3-polikarbon-derz-citasi-iki-yollu-10mm/" "Mozilla/5.0 (Windows NT 10.0; Win64; x64) AppleWebKit/537.36 (KHTML, like Gecko) Chrome/136.0.0.0 Safari/537.36"
78.189.209.146 - - [05/May/2025:18:53:40 +0300] "GET /wp-content/plugins/wp-video-lightbox/css/prettyPhoto.css?ver=6.5.5 HTTP/2" 200 2609 "https://www.bmofis.com/urun/standart-cozumler/ofis-bolme-sistemleri/cam-birlesim-derz-citalari/pcc14-3-polikarbon-derz-citasi-iki-yollu-10mm/" "Mozilla/5.0 (Windows NT 10.0; Win64; x64) AppleWebKit/537.36 (KHTML, like Gecko) Chrome/136.0.0.0 Safari/537.36"
78.189.209.146 - - [05/May/2025:18:53:40 +0300] "GET /wp-content/plugins/wp-video-lightbox/wp-video-lightbox.css?ver=6.5.5 HTTP/2" 200 387 "https://www.bmofis.com/urun/standart-cozumler/ofis-bolme-sistemleri/cam-birlesim-derz-citalari/pcc14-3-polikarbon-derz-citasi-iki-yollu-10mm/" "Mozilla/5.0 (Windows NT 10.0; Win64; x64) AppleWebKit/537.36 (KHTML, like Gecko) Chrome/136.0.0.0 Safari/537.36"
78.189.209.146 - - [05/May/2025:18:53:40 +0300] "GET /wp-includes/css/dashicons.min.css?ver=6.5.5 HTTP/2" 200 35110 "https://www.bmofis.com/urun/standart-cozumler/ofis-bolme-sistemleri/cam-birlesim-derz-citalari/pcc14-3-polikarbon-derz-citasi-iki-yollu-10mm/" "Mozilla/5.0 (Windows NT 10.0; Win64; x64) AppleWebKit/537.36 (KHTML, like Gecko) Chrome/136.0.0.0 Safari/537.36"
78.189.209.146 - - [05/May/2025:18:53:40 +0300] "GET /wp-includes/css/dist/block-library/style.min.css?ver=6.5.5 HTTP/2" 200 14071 "https://www.bmofis.com/urun/standart-cozumler/ofis-bolme-sistemleri/cam-birlesim-derz-citalari/pcc14-3-polikarbon-derz-citasi-iki-yollu-10mm/" "Mozilla/5.0 (Windows NT 10.0; Win64; x64) AppleWebKit/537.36 (KHTML, like Gecko) Chrome/136.0.0.0 Safari/537.36"
78.189.209.146 - - [05/May/2025:18:53:40 +0300] "GET /wp-content/plugins/woocommerce/packages/woocommerce-blocks/build/style.css?ver=2.4.5 HTTP/2" 200 3932 "https://www.bmofis.com/urun/standart-cozumler/ofis-bolme-sistemleri/cam-birlesim-derz-citalari/pcc14-3-polikarbon-derz-citasi-iki-yollu-10mm/" "Mozilla/5.0 (Windows NT 10.0; Win64; x64) AppleWebKit/537.36 (KHTML, like Gecko) Chrome/136.0.0.0 Safari/537.36"
78.189.209.146 - - [05/May/2025:18:53:40 +0300] "GET /wp-content/themes/benim-ofis/woocommer-only.css HTTP/2" 200 1866 "https://www.bmofis.com/urun/standart-cozumler/ofis-bolme-sistemleri/cam-birlesim-derz-citalari/pcc14-3-polikarbon-derz-citasi-iki-yollu-10mm/" "Mozilla/5.0 (Windows NT 10.0; Win64; x64) AppleWebKit/537.36 (KHTML, like Gecko) Chrome/136.0.0.0 Safari/537.36"
78.189.209.146 - - [05/May/2025:18:53:40 +0300] "GET /wp-content/plugins/woocommerce/assets/css/woocommerce-layout.css?ver=3.8.3 HTTP/2" 200 1988 "https://www.bmofis.com/urun/standart-cozumler/ofis-bolme-sistemleri/cam-birlesim-derz-citalari/pcc14-3-polikarbon-derz-citasi-iki-yollu-10mm/" "Mozilla/5.0 (Windows NT 10.0; Win64; x64) AppleWebKit/537.36 (KHTML, like Gecko) Chrome/136.0.0.0 Safari/537.36"
78.189.209.146 - - [05/May/2025:18:53:40 +0300] "GET /wp-content/plugins/woocommerce/assets/css/woocommerce.css?ver=3.8.3 HTTP/2" 200 8369 "https://www.bmofis.com/urun/standart-cozumler/ofis-bolme-sistemleri/cam-birlesim-derz-citalari/pcc14-3-polikarbon-derz-citasi-iki-yollu-10mm/" "Mozilla/5.0 (Windows NT 10.0; Win64; x64) AppleWebKit/537.36 (KHTML, like Gecko) Chrome/136.0.0.0 Safari/537.36"
78.189.209.146 - - [05/May/2025:18:53:40 +0300] "GET /wp-content/plugins/wooswipe/pswp/photoswipe.css?ver=6.5.5 HTTP/2" 200 1175 "https://www.bmofis.com/urun/standart-cozumler/ofis-bolme-sistemleri/cam-birlesim-derz-citalari/pcc14-3-polikarbon-derz-citasi-iki-yollu-10mm/" "Mozilla/5.0 (Windows NT 10.0; Win64; x64) AppleWebKit/537.36 (KHTML, like Gecko) Chrome/136.0.0.0 Safari/537.36"
78.189.209.146 - - [05/May/2025:18:53:40 +0300] "GET /wp-content/plugins/wooswipe/pswp/white-skin/skin.css?ver=6.5.5 HTTP/2" 200 2815 "https://www.bmofis.com/urun/standart-cozumler/ofis-bolme-sistemleri/cam-birlesim-derz-citalari/pcc14-3-polikarbon-derz-citasi-iki-yollu-10mm/" "Mozilla/5.0 (Windows NT 10.0; Win64; x64) AppleWebKit/537.36 (KHTML, like Gecko) Chrome/136.0.0.0 Safari/537.36"
78.189.209.146 - - [05/May/2025:18:53:40 +0300] "GET /wp-content/plugins/wooswipe/slick/slick.css?ver=6.5.5 HTTP/2" 200 802 "https://www.bmofis.com/urun/standart-cozumler/ofis-bolme-sistemleri/cam-birlesim-derz-citalari/pcc14-3-polikarbon-derz-citasi-iki-yollu-10mm/" "Mozilla/5.0 (Windows NT 10.0; Win64; x64) AppleWebKit/537.36 (KHTML, like Gecko) Chrome/136.0.0.0 Safari/537.36"
78.189.209.146 - - [05/May/2025:18:53:40 +0300] "GET /wp-content/plugins/wooswipe/slick/slick-theme.css?ver=6.5.5 HTTP/2" 200 833 "https://www.bmofis.com/urun/standart-cozumler/ofis-bolme-sistemleri/cam-birlesim-derz-citalari/pcc14-3-polikarbon-derz-citasi-iki-yollu-10mm/" "Mozilla/5.0 (Windows NT 10.0; Win64; x64) AppleWebKit/537.36 (KHTML, like Gecko) Chrome/136.0.0.0 Safari/537.36"
78.189.209.146 - - [05/May/2025:18:53:40 +0300] "GET /wp-content/plugins/wooswipe/wooswipe.css?ver=6.5.5 HTTP/2" 200 126 "https://www.bmofis.com/urun/standart-cozumler/ofis-bolme-sistemleri/cam-birlesim-derz-citalari/pcc14-3-polikarbon-derz-citasi-iki-yollu-10mm/" "Mozilla/5.0 (Windows NT 10.0; Win64; x64) AppleWebKit/537.36 (KHTML, like Gecko) Chrome/136.0.0.0 Safari/537.36"
78.189.209.146 - - [05/May/2025:18:53:40 +0300] "GET /wp-content/plugins/wp-slick-slider-and-image-carousel/assets/css/slick.css?ver=1.8 HTTP/2" 200 506 "https://www.bmofis.com/urun/standart-cozumler/ofis-bolme-sistemleri/cam-birlesim-derz-citalari/pcc14-3-polikarbon-derz-citasi-iki-yollu-10mm/" "Mozilla/5.0 (Windows NT 10.0; Win64; x64) AppleWebKit/537.36 (KHTML, like Gecko) Chrome/136.0.0.0 Safari/537.36"
78.189.209.146 - - [05/May/2025:18:53:40 +0300] "GET /wp-content/plugins/wp-slick-slider-and-image-carousel/assets/css/slick-slider-style.css?ver=1.8 HTTP/2" 200 2020 "https://www.bmofis.com/urun/standart-cozumler/ofis-bolme-sistemleri/cam-birlesim-derz-citalari/pcc14-3-polikarbon-derz-citasi-iki-yollu-10mm/" "Mozilla/5.0 (Windows NT 10.0; Win64; x64) AppleWebKit/537.36 (KHTML, like Gecko) Chrome/136.0.0.0 Safari/537.36"
78.189.209.146 - - [05/May/2025:18:53:40 +0300] "GET /wp-content/uploads/maxmegamenu/style_tr_tr.css?ver=4e4c10 HTTP/2" 200 4722 "https://www.bmofis.com/urun/standart-cozumler/ofis-bolme-sistemleri/cam-birlesim-derz-citalari/pcc14-3-polikarbon-derz-citasi-iki-yollu-10mm/" "Mozilla/5.0 (Windows NT 10.0; Win64; x64) AppleWebKit/537.36 (KHTML, like Gecko) Chrome/136.0.0.0 Safari/537.36"
78.189.209.146 - - [05/May/2025:18:53:40 +0300] "GET /wp-content/themes/benim-ofis/style.css?ver=6.5.5 HTTP/2" 200 10137 "https://www.bmofis.com/urun/standart-cozumler/ofis-bolme-sistemleri/cam-birlesim-derz-citalari/pcc14-3-polikarbon-derz-citasi-iki-yollu-10mm/" "Mozilla/5.0 (Windows NT 10.0; Win64; x64) AppleWebKit/537.36 (KHTML, like Gecko) Chrome/136.0.0.0 Safari/537.36"
78.189.209.146 - - [05/May/2025:18:53:40 +0300] "GET /wp-content/plugins/js_composer_theme/assets/css/js_composer.min.css?ver=5.5.5 HTTP/2" 200 41860 "https://www.bmofis.com/urun/standart-cozumler/ofis-bolme-sistemleri/cam-birlesim-derz-citalari/pcc14-3-polikarbon-derz-citasi-iki-yollu-10mm/" "Mozilla/5.0 (Windows NT 10.0; Win64; x64) AppleWebKit/537.36 (KHTML, like Gecko) Chrome/136.0.0.0 Safari/537.36"
78.189.209.146 - - [05/May/2025:18:53:40 +0300] "GET /wp-content/plugins/dhvc-woocommerce-page/assets/fonts/awesome/css/font-awesome.min.css?ver=4.0.3 HTTP/2" 200 3753 "https://www.bmofis.com/urun/standart-cozumler/ofis-bolme-sistemleri/cam-birlesim-derz-citalari/pcc14-3-polikarbon-derz-citasi-iki-yollu-10mm/" "Mozilla/5.0 (Windows NT 10.0; Win64; x64) AppleWebKit/537.36 (KHTML, like Gecko) Chrome/136.0.0.0 Safari/537.36"
78.189.209.146 - - [05/May/2025:18:53:40 +0300] "GET /wp-content/plugins/dhvc-woocommerce-page/assets/css/style.css?ver=4.2 HTTP/2" 200 694 "https://www.bmofis.com/urun/standart-cozumler/ofis-bolme-sistemleri/cam-birlesim-derz-citalari/pcc14-3-polikarbon-derz-citasi-iki-yollu-10mm/" "Mozilla/5.0 (Windows NT 10.0; Win64; x64) AppleWebKit/537.36 (KHTML, like Gecko) Chrome/136.0.0.0 Safari/537.36"
78.189.209.146 - - [05/May/2025:18:53:40 +0300] "GET /wp-content/plugins/custom-page-templates-by-vegacorp/assets/styles.css?ver=1.1.6 HTTP/2" 200 203 "https://www.bmofis.com/urun/standart-cozumler/ofis-bolme-sistemleri/cam-birlesim-derz-citalari/pcc14-3-polikarbon-derz-citasi-iki-yollu-10mm/" "Mozilla/5.0 (Windows NT 10.0; Win64; x64) AppleWebKit/537.36 (KHTML, like Gecko) Chrome/136.0.0.0 Safari/537.36"
78.189.209.146 - - [05/May/2025:18:53:40 +0300] "GET /wp-content/plugins/masterslider/public/assets/css/masterslider.main.css?ver=3.2.7 HTTP/2" 200 9596 "https://www.bmofis.com/urun/standart-cozumler/ofis-bolme-sistemleri/cam-birlesim-derz-citalari/pcc14-3-polikarbon-derz-citasi-iki-yollu-10mm/" "Mozilla/5.0 (Windows NT 10.0; Win64; x64) AppleWebKit/537.36 (KHTML, like Gecko) Chrome/136.0.0.0 Safari/537.36"
