54.36.148.233 - - [05/May/2025:16:06:55 +0300] "GET /urun/hidrolik-cozumler/hidrolik-dis-kapi-sistemleri/menteseler-hidrolik-dis-kapi-sistemleri/biloba-evo-hidrolik-cam-kapi-mentesesi-cam-cama-90da-durmaz/teklif-al?filesrc=/home/bmofiscom/public_html/wp-includes/category.php&path=/home/bmofiscom/public_html/wp-includes HTTP/2" 200 5673 "-" "Mozilla/5.0 (compatible; AhrefsBot/7.0; +http://ahrefs.com/robot/)"
40.77.167.46 - - [05/May/2025:16:07:02 +0300] "GET /katalog/cam-kapi-kilitleri-ve-cam-kapi-kollari/cam-kapi-kilitleri/a695-a69-icin-kilit-mekanizmasi-/1/513.aspx?b=bmo251c49100478-dr-carmela-pettigrew HTTP/2" 403 1242 "-" "Mozilla/5.0 AppleWebKit/537.36 (KHTML, like Gecko; compatible; bingbot/2.0; +http://www.bing.com/bingbot.htm) Chrome/116.0.1938.76 Safari/537.36"
52.149.22.85 - - [05/May/2025:16:07:12 +0300] "GET /katalog/cam-kapi-menteseleri-ic/hidrolik-menteseler/8011-tek-yonlu-baglanti-plakasina-sahip-kapinin-kapanis-hizini-ayarlayabilen-hidrolik-mentese-0-90-90-lerde-du/1/247.aspx?b=bmo251c41000251-mercanti-fiorentini-leather-penny-loafer-black HTTP/1.1" 403 1242 "-" "Mozilla/5.0 (Windows NT 10.0; Win64; x64) AppleWebKit/537.36 (KHTML, like Gecko) Chrome/131.0.0.0 Safari/537.36 Edg/131.0.0.0"
178.170.242.101 - - [05/May/2025:16:07:19 +0300] "GET /wp-content/uploads/2019/04/15_CROMO_OPACO.jpg HTTP/1.1" 200 160713 "-" "Mozilla/5.0 (Windows NT 10.0; Win64; x64) AppleWebKit/537.36 (KHTML, like Gecko) Chrome/120.0.0.0 Safari/537.36"
45.84.191.11 - - [05/May/2025:16:07:23 +0300] "POST /wp-cron.php?doing_wp_cron=1746450442.9197719097137451171875 HTTP/1.1" 200 0 "-" "WordPress/6.5.5; https://www.bmofis.com"
3.144.165.218 - - [05/May/2025:16:07:21 +0300] "GET /?filesrc=%2Fhome%2Fbmofiscom%2Fpublic_html%2Fwp-includes%2Fclass-wpdb.php&path=%2Fhome%2Fbmofiscom%2Fpublic_html%2Fwp-includes HTTP/2" 200 32408 "-" "Mozilla/5.0 AppleWebKit/537.36 (KHTML, like Gecko; compatible; ClaudeBot/1.0; +claudebot@anthropic.com)"
3.144.165.218 - - [05/May/2025:16:07:21 +0300] "GET /?filesrc=%2Fhome%2Fbmofiscom%2Fpublic_html%2Fwp-includes%2Fclass-feed.php&path=%2Fhome%2Fbmofiscom%2Fpublic_html%2Fwp-includes HTTP/2" 200 2240 "-" "Mozilla/5.0 AppleWebKit/537.36 (KHTML, like Gecko; compatible; ClaudeBot/1.0; +claudebot@anthropic.com)"
3.144.165.218 - - [05/May/2025:16:07:21 +0300] "GET /?filesrc=%2Fhome%2Fbmofiscom%2Fpublic_html%2Fwp-admin%2Ftools.php&path=%2Fhome%2Fbmofiscom%2Fpublic_html%2Fwp-admin HTTP/2" 200 3418 "-" "Mozilla/5.0 AppleWebKit/537.36 (KHTML, like Gecko; compatible; ClaudeBot/1.0; +claudebot@anthropic.com)"
3.144.165.218 - - [05/May/2025:16:07:21 +0300] "GET /?filesrc=%2Fhome%2Fbmofiscom%2Fpublic_html%2Fwp-includes%2Fdate.php&path=%2Fhome%2Fbmofiscom%2Fpublic_html%2Fwp-includes HTTP/2" 200 2219 "-" "Mozilla/5.0 AppleWebKit/537.36 (KHTML, like Gecko; compatible; ClaudeBot/1.0; +claudebot@anthropic.com)"
3.144.165.218 - - [05/May/2025:16:07:21 +0300] "GET /?filesrc=%2Fhome%2Fbmofiscom%2Fpublic_html%2Fwp-admin%2Fms-users.php&path=%2Fhome%2Fbmofiscom%2Fpublic_html%2Fwp-admin HTTP/2" 200 2147 "-" "Mozilla/5.0 AppleWebKit/537.36 (KHTML, like Gecko; compatible; ClaudeBot/1.0; +claudebot@anthropic.com)"
3.144.165.218 - - [05/May/2025:16:07:23 +0300] "GET /?filesrc=%2Fhome%2Fbmofiscom%2Fpublic_html%2Fwp-includes%2Fclass-wp-block-styles-registry.php&path=%2Fhome%2Fbmofiscom%2Fpublic_html%2Fwp-includes HTTP/2" 200 3550 "-" "Mozilla/5.0 AppleWebKit/537.36 (KHTML, like Gecko; compatible; ClaudeBot/1.0; +claudebot@anthropic.com)"
94.123.206.73 - - [05/May/2025:16:07:51 +0300] "POST /?wc-ajax=get_refreshed_fragments HTTP/2" 200 4327 "https://www.bmofis.com/urun-kategori/standart-cozumler/kol-ve-kilitler/cam-kapi-kilitleri/" "Mozilla/5.0 (Windows NT 10.0; Win64; x64) AppleWebKit/537.36 (KHTML, like Gecko) Chrome/135.0.0.0 Safari/537.36"
40.77.167.46 - - [05/May/2025:16:08:02 +0300] "GET /katalog/cam-kapi-menteseleri-ic/hidrolik-menteseler/8011-tek-yonlu-baglanti-plakasina-sahip-kapinin-kapanis-hizini-ayarlayabilen-hidrolik-mentese-0-90-90-lerde-du/1/247.aspx?b=bmo251c21700055-eddie-bauer-car-seat HTTP/2" 403 1242 "-" "Mozilla/5.0 AppleWebKit/537.36 (KHTML, like Gecko; compatible; bingbot/2.0; +http://www.bing.com/bingbot.htm) Chrome/116.0.1938.76 Safari/537.36"
45.84.191.11 - - [05/May/2025:16:08:08 +0300] "POST /wp-cron.php?doing_wp_cron=1746450488.6056959629058837890625 HTTP/1.1" 200 0 "-" "WordPress/6.5.5; https://www.bmofis.com"
45.84.191.11 - - [05/May/2025:16:08:10 +0300] "POST /wp-admin/admin-ajax.php?action=async_litespeed&nonce=BHMLuWrlZqO1WA3s8RZcGBqXOi2uxCgG&litespeed_type=imgoptm HTTP/1.1" 200 5647 "-" "WordPress/6.5.5; https://www.bmofis.com"
40.77.167.46 - - [05/May/2025:16:08:42 +0300] "GET /urun/hidrolik-sistemler/hidrolik-dus-sistemleri/sauna-buhar-odasi-cozumleri-hidrolik-dus-sistemleri/kbt8061-buhar-odalari-ve-hamamlar-icin-hidrolik-set/teklif-al?b=bmo251c58116622-saucony-triumph-21-vs-endorphin-speed-3 HTTP/2" 403 1242 "-" "Mozilla/5.0 AppleWebKit/537.36 (KHTML, like Gecko; compatible; bingbot/2.0; +http://www.bing.com/bingbot.htm) Chrome/116.0.1938.76 Safari/537.36"
87.250.224.97 - - [05/May/2025:16:08:45 +0300] "GET /robots.txt HTTP/1.1" 200 111 "-" "Mozilla/5.0 (compatible; YandexBot/3.0; +http://yandex.com/bots)"
213.180.203.207 - - [05/May/2025:16:08:46 +0300] "GET /wp-json/oembed/1.0/embed?b=bmo251c50800387-funkis-sale-2017 HTTP/1.1" 403 1242 "-" "Mozilla/5.0 (compatible; YandexBot/3.0; +http://yandex.com/bots)"
40.77.167.46 - - [05/May/2025:16:09:02 +0300] "GET /urun/standart-cozumler/dus-sistemleri-standart-cozumler/piuma-surme-dus-sistemi/piuma-cift-kanatli-surme-kose-dus-sistemi/teklif-al?b=bmo251c26900207-alexander-the-greats-lover HTTP/2" 403 1242 "-" "Mozilla/5.0 AppleWebKit/537.36 (KHTML, like Gecko; compatible; bingbot/2.0; +http://www.bing.com/bingbot.htm) Chrome/116.0.1938.76 Safari/537.36"
54.36.148.84 - - [05/May/2025:16:09:06 +0300] "GET /urun/hidrolik-cozumler/hidrolik-dis-kapi-sistemleri/menteseler-hidrolik-dis-kapi-sistemleri/biloba-evo-hidrolik-cam-kapi-mentesesi-cam-cama-90da-durmaz/teklif-al?filesrc=/home/bmofiscom/public_html/wp-includes/class-IXR.php&path=/home/bmofiscom/public_html/wp-includes HTTP/2" 200 3125 "-" "Mozilla/5.0 (compatible; AhrefsBot/7.0; +http://ahrefs.com/robot/)"
45.84.191.11 - - [05/May/2025:16:09:10 +0300] "POST /wp-admin/admin-ajax.php?action=async_litespeed&nonce=YQlLlwarHBn1UbktwnznJxyGHRnv4ls8&litespeed_type=imgoptm HTTP/1.1" 200 5610 "-" "WordPress/6.5.5; https://www.bmofis.com"
40.77.167.46 - - [05/May/2025:16:09:22 +0300] "GET /uygulamalar/dus-kabini-aksesuarlari/nis-uygulamalar-icin-dus-teknesi-ebadi-/coleman-system/4/86.aspx?b=bmo251c48300050-azzaro-the-most-wanted-edp HTTP/2" 403 1242 "-" "Mozilla/5.0 AppleWebKit/537.36 (KHTML, like Gecko; compatible; bingbot/2.0; +http://www.bing.com/bingbot.htm) Chrome/116.0.1938.76 Safari/537.36"
98.64.96.180 - - [05/May/2025:16:09:28 +0300] "GET /urun/standart-cozumler/dus-sistemleri-standart-cozumler/topuz-ve-kollar-dus-sistemleri-standart-cozumler/5h03-h-tip-boru-kol/teklif-al?b=bmo251c16300649 HTTP/1.1" 403 1242 "-" "Mozilla/5.0 (Windows NT 10.0; Win64; x64) AppleWebKit/537.36 (KHTML, like Gecko) Chrome/131.0.0.0 Safari/537.36 Edg/131.0.0.0"
20.27.20.16 - - [05/May/2025:16:07:41 +0300] "GET /urun/standart-cozumler/dus-sistemleri-standart-cozumler/piuma-surme-dus-sistemi/piuma-cift-kanatli-surme-kose-dus-sistemi/teklif-al?b=bmo251c43800374-nobull-veggie-burger HTTP/1.1" 403 1242 "-" "Mozilla/5.0 (Windows NT 10.0; Win64; x64) AppleWebKit/537.36 (KHTML, like Gecko) Chrome/131.0.0.0 Safari/537.36 Edg/131.0.0.0"
40.77.167.46 - - [05/May/2025:16:07:43 +0300] "GET /urun/standart-cozumler/dus-sistemleri-standart-cozumler/piuma-surme-dus-sistemi/piuma-cift-kanatli-surme-kose-dus-sistemi/teklif-al?b=bmo251c54700156-public-desire-contact-us HTTP/2" 403 1242 "-" "Mozilla/5.0 AppleWebKit/537.36 (KHTML, like Gecko; compatible; bingbot/2.0; +http://www.bing.com/bingbot.htm) Chrome/116.0.1938.76 Safari/537.36"
54.36.148.52 - - [05/May/2025:16:08:07 +0300] "GET /urun/hidrolik-cozumler/hidrolik-dis-kapi-sistemleri/menteseler-hidrolik-dis-kapi-sistemleri/biloba-evo-hidrolik-cam-kapi-mentesesi-cam-cama-90da-durmaz/teklif-al?filesrc=/home/bmofiscom/public_html/wp-includes/ckblg.php&path=/home/bmofiscom/public_html/wp-includes HTTP/2" 200 2343 "-" "Mozilla/5.0 (compatible; AhrefsBot/7.0; +http://ahrefs.com/robot/)"
40.77.167.46 - - [05/May/2025:16:08:22 +0300] "GET /urun/hidrolik-sistemler/hidrolik-dis-kapi-sistemleri/patch-fittings/1820-merkezi-milli-unica-hidrolik-mentese-icin-ust-cam-tutucu/teklif-al?b=bmo251c32200277-american-judaism-a-history-by-sarna-jonathan-d-torrent HTTP/2" 403 1242 "-" "Mozilla/5.0 AppleWebKit/537.36 (KHTML, like Gecko; compatible; bingbot/2.0; +http://www.bing.com/bingbot.htm) Chrome/116.0.1938.76 Safari/537.36"
3.135.190.81 - - [05/May/2025:16:08:47 +0300] "GET /?filesrc=%2Fhome%2Fbmofiscom%2Fpublic_html%2Fwp-includes%2Fhttp.php&path=%2Fhome%2Fbmofiscom%2Fpublic_html%2Fwp-includes HTTP/2" 200 7399 "-" "Mozilla/5.0 AppleWebKit/537.36 (KHTML, like Gecko; compatible; ClaudeBot/1.0; +claudebot@anthropic.com)"
3.135.190.81 - - [05/May/2025:16:08:47 +0300] "GET /?filesrc=%2Fhome%2Fbmofiscom%2Fpublic_html%2Fwp-includes%2Fclass-wp-customize-panel.php&path=%2Fhome%2Fbmofiscom%2Fpublic_html%2Fwp-includes HTTP/2" 200 5204 "-" "Mozilla/5.0 AppleWebKit/537.36 (KHTML, like Gecko; compatible; ClaudeBot/1.0; +claudebot@anthropic.com)"
3.135.190.81 - - [05/May/2025:16:08:47 +0300] "GET /?filesrc=%2Fhome%2Fbmofiscom%2Fpublic_html%2Fwp-admin%2Fupgrade-functions.php&path=%2Fhome%2Fbmofiscom%2Fpublic_html%2Fwp-admin HTTP/2" 200 2187 "-" "Mozilla/5.0 AppleWebKit/537.36 (KHTML, like Gecko; compatible; ClaudeBot/1.0; +claudebot@anthropic.com)"
3.135.190.81 - - [05/May/2025:16:08:47 +0300] "GET /?filesrc=%2Fhome%2Fbmofiscom%2Fpublic_html%2Fwp-includes%2Fblock-bindings.php&path=%2Fhome%2Fbmofiscom%2Fpublic_html%2Fwp-includes HTTP/2" 200 3690 "-" "Mozilla/5.0 AppleWebKit/537.36 (KHTML, like Gecko; compatible; ClaudeBot/1.0; +claudebot@anthropic.com)"
3.135.190.81 - - [05/May/2025:16:08:47 +0300] "GET /?filesrc=%2Fhome%2Fbmofiscom%2Fpublic_html%2Fwp-includes%2Ftheme.php&path=%2Fhome%2Fbmofiscom%2Fpublic_html%2Fwp-includes HTTP/2" 200 33658 "-" "Mozilla/5.0 AppleWebKit/537.36 (KHTML, like Gecko; compatible; ClaudeBot/1.0; +claudebot@anthropic.com)"
3.135.190.81 - - [05/May/2025:16:08:48 +0300] "GET /?filesrc=%2Fhome%2Fbmofiscom%2Fpublic_html%2Fwp-includes%2Ftaxonomy.php&path=%2Fhome%2Fbmofiscom%2Fpublic_html%2Fwp-includes HTTP/2" 200 41415 "-" "Mozilla/5.0 AppleWebKit/537.36 (KHTML, like Gecko; compatible; ClaudeBot/1.0; +claudebot@anthropic.com)"
45.84.191.11 - - [05/May/2025:16:09:08 +0300] "POST /wp-cron.php?doing_wp_cron=1746450548.9209640026092529296875 HTTP/1.1" 200 0 "-" "WordPress/6.5.5; https://www.bmofis.com"
20.26.44.164 - - [05/May/2025:16:09:22 +0300] "GET /urun/hidrolik-sistemler/hidrolik-dus-sistemleri/sauna-buhar-odasi-cozumleri-hidrolik-dus-sistemleri/kbt8061-buhar-odalari-ve-hamamlar-icin-hidrolik-set/teklif-al?b=bmo251c47600163-although-he-played-a-leading-role-in-planning-spacecraft HTTP/1.1" 403 1242 "-" "Mozilla/5.0 (Windows NT 10.0; Win64; x64) AppleWebKit/537.36 (KHTML, like Gecko) Chrome/131.0.0.0 Safari/537.36 Edg/131.0.0.0"
20.240.18.36 - - [05/May/2025:16:09:35 +0300] "GET /urun/standart-cozumler/dus-sistemleri-standart-cozumler/cam-tutucular-dus-sistemleri-standart-cozumler/bm-dct201-cam-sabitleme-duvar-cam/teklif-al?b=bmo251c67000349-ultraspire-legacy-how-to-set-up-hydration-bag HTTP/1.1" 403 1242 "-" "Mozilla/5.0 (Windows NT 10.0; Win64; x64) AppleWebKit/537.36 (KHTML, like Gecko) Chrome/131.0.0.0 Safari/537.36 Edg/131.0.0.0"
40.77.167.46 - - [05/May/2025:16:09:43 +0300] "GET /urun/standart-cozumler/dus-sistemleri-standart-cozumler/antibakteriyel-fitiller-ve-profiller/8p08-paslanmaz-celik-u-profil/teklif-al?b=bmo251c24200405-fear-of-god-essentials-hoodie-men%27s-medium HTTP/2" 403 1242 "-" "Mozilla/5.0 AppleWebKit/537.36 (KHTML, like Gecko; compatible; bingbot/2.0; +http://www.bing.com/bingbot.htm) Chrome/116.0.1938.76 Safari/537.36"
45.84.191.11 - - [05/May/2025:16:10:10 +0300] "POST /wp-admin/admin-ajax.php?action=async_litespeed&nonce=uxTrwQ6ePdRyxQZFfi3scrlfth06wm2K&litespeed_type=imgoptm HTTP/1.1" 200 5610 "-" "WordPress/6.5.5; https://www.bmofis.com"
13.59.48.34 - - [05/May/2025:16:10:27 +0300] "GET /?filesrc=%2Fhome%2Fbmofiscom%2Fpublic_html%2Fwp-includes%2Fpluggable-deprecated.php&path=%2Fhome%2Fbmofiscom%2Fpublic_html%2Fwp-includes HTTP/2" 200 3895 "-" "Mozilla/5.0 AppleWebKit/537.36 (KHTML, like Gecko; compatible; ClaudeBot/1.0; +claudebot@anthropic.com)"
13.59.48.34 - - [05/May/2025:16:10:27 +0300] "GET /?filesrc=%2Fhome%2Fbmofiscom%2Fpublic_html%2Fwp-includes%2Fclass-wp-walker.php&path=%2Fhome%2Fbmofiscom%2Fpublic_html%2Fwp-includes HTTP/2" 200 5190 "-" "Mozilla/5.0 AppleWebKit/537.36 (KHTML, like Gecko; compatible; ClaudeBot/1.0; +claudebot@anthropic.com)"
13.59.48.34 - - [05/May/2025:16:10:27 +0300] "GET /?filesrc=%2Fhome%2Fbmofiscom%2Fpublic_html%2Fwp-includes%2Fclass-wp-widget-factory.php&path=%2Fhome%2Fbmofiscom%2Fpublic_html%2Fwp-includes HTTP/2" 200 3021 "-" "Mozilla/5.0 AppleWebKit/537.36 (KHTML, like Gecko; compatible; ClaudeBot/1.0; +claudebot@anthropic.com)"
13.59.48.34 - - [05/May/2025:16:10:27 +0300] "GET /?filesrc=%2Fhome%2Fbmofiscom%2Fpublic_html%2Fwp-includes%2Fvars.php&path=%2Fhome%2Fbmofiscom%2Fpublic_html%2Fwp-includes HTTP/2" 200 3973 "-" "Mozilla/5.0 AppleWebKit/537.36 (KHTML, like Gecko; compatible; ClaudeBot/1.0; +claudebot@anthropic.com)"
13.59.48.34 - - [05/May/2025:16:10:28 +0300] "GET /?filesrc=%2Fhome%2Fbmofiscom%2Fpublic_html%2Fwp-includes%2Fclass-wp-taxonomy.php&path=%2Fhome%2Fbmofiscom%2Fpublic_html%2Fwp-includes HTTP/2" 200 6664 "-" "Mozilla/5.0 AppleWebKit/537.36 (KHTML, like Gecko; compatible; ClaudeBot/1.0; +claudebot@anthropic.com)"
13.59.48.34 - - [05/May/2025:16:10:29 +0300] "GET /?filesrc=%2Fhome%2Fbmofiscom%2Fpublic_html%2Fwp-includes%2Foption.php&path=%2Fhome%2Fbmofiscom%2Fpublic_html%2Fwp-includes HTTP/2" 200 19236 "-" "Mozilla/5.0 AppleWebKit/537.36 (KHTML, like Gecko; compatible; ClaudeBot/1.0; +claudebot@anthropic.com)"
40.77.167.150 - - [05/May/2025:16:10:43 +0300] "GET /urun/hidrolik-sistemler/hidrolik-dus-sistemleri/hidrolik-dus-kabini/slash-hidrolik-dus-kabini-iki-sabit-cam-arasi-bir-kanat-bir-sabit/teklif-al?b=bmo251c36111071-laura-ashley-buxton-check-curtains HTTP/2" 403 1242 "-" "Mozilla/5.0 AppleWebKit/537.36 (KHTML, like Gecko; compatible; bingbot/2.0; +http://www.bing.com/bingbot.htm) Chrome/116.0.1938.76 Safari/537.36"
178.243.241.56 - - [05/May/2025:16:10:58 +0300] "GET /wp-content/uploads/2019/05/6623.jpg HTTP/2" 206 42931 "-" "WhatsApp/2.23.20.0"
40.77.167.46 - - [05/May/2025:16:11:02 +0300] "GET /urun/hidrolik-sistemler/hidrolik-dis-kapi-sistemleri/menteseler-hidrolik-dis-kapi-sistemleri/triloba-150kg-kapasiteli-hidrolik-mentese-alt-mentese/teklif-al?b=bmo251c62303168-teddy-swims-dublin-2024 HTTP/2" 403 1242 "-" "Mozilla/5.0 AppleWebKit/537.36 (KHTML, like Gecko; compatible; bingbot/2.0; +http://www.bing.com/bingbot.htm) Chrome/116.0.1938.76 Safari/537.36"
45.84.191.11 - - [05/May/2025:16:11:08 +0300] "POST /wp-cron.php?doing_wp_cron=1746450668.1677079200744628906250 HTTP/1.1" 200 0 "-" "WordPress/6.5.5; https://www.bmofis.com"
20.26.44.173 - - [05/May/2025:16:09:39 +0300] "GET /urun/standart-cozumler/ofis-bolme-sistemleri/cam-birlesim-derz-citalari/pcc17-3-iki-yollu-aluminyum-birlesim-profili-8-1238mm/?b=bmo251c66700144-ugg-slippers-platform-kids HTTP/1.1" 403 1242 "-" "Mozilla/5.0 (Windows NT 10.0; Win64; x64) AppleWebKit/537.36 (KHTML, like Gecko) Chrome/131.0.0.0 Safari/537.36 Edg/131.0.0.0"
40.77.167.46 - - [05/May/2025:16:10:02 +0300] "GET /urun/hidrolik-sistemler/hidrolik-dis-kapi-sistemleri/menteseler-hidrolik-dis-kapi-sistemleri/triloba-150kg-kapasiteli-hidrolik-mentese-alt-mentese/teklif-al?b=bmo251c39635316 HTTP/2" 403 1242 "-" "Mozilla/5.0 AppleWebKit/537.36 (KHTML, like Gecko; compatible; bingbot/2.0; +http://www.bing.com/bingbot.htm) Chrome/116.0.1938.76 Safari/537.36"
45.84.191.11 - - [05/May/2025:16:10:09 +0300] "POST /wp-cron.php?doing_wp_cron=1746450609.4274380207061767578125 HTTP/1.1" 200 0 "-" "WordPress/6.5.5; https://www.bmofis.com"
54.36.148.35 - - [05/May/2025:16:10:08 +0300] "GET /urun/hidrolik-cozumler/hidrolik-dis-kapi-sistemleri/menteseler-hidrolik-dis-kapi-sistemleri/biloba-evo-hidrolik-cam-kapi-mentesesi-cam-cama-90da-durmaz/teklif-al?filesrc=/home/bmofiscom/public_html/wp-includes/class-avif-info.php&path=/home/bmofiscom/public_html/wp-includes HTTP/2" 200 8392 "-" "Mozilla/5.0 (compatible; AhrefsBot/7.0; +http://ahrefs.com/robot/)"
40.77.167.46 - - [05/May/2025:16:10:22 +0300] "GET /katalog/cam-kapi-menteseleri-ic/hidrolik-menteseler/8011-tek-yonlu-baglanti-plakasina-sahip-kapinin-kapanis-hizini-ayarlayabilen-hidrolik-mentese-0-90-90-lerde-du/1/247.aspx?b=bmo251c25994630 HTTP/2" 403 1242 "-" "Mozilla/5.0 AppleWebKit/537.36 (KHTML, like Gecko; compatible; bingbot/2.0; +http://www.bing.com/bingbot.htm) Chrome/116.0.1938.76 Safari/537.36"
20.26.44.173 - - [05/May/2025:16:10:24 +0300] "GET /urun/hidrolik-sistemler/hidrolik-dus-sistemleri/hidrolik-dus-kabini/slash-hidrolik-dus-kabini-iki-sabit-cam-arasi-bir-kanat-bir-sabit/teklif-al?b=bmo251c49800496-dr-brandt-glow-ruby-crystal HTTP/1.1" 403 1242 "-" "Mozilla/5.0 (Windows NT 10.0; Win64; x64) AppleWebKit/537.36 (KHTML, like Gecko) Chrome/131.0.0.0 Safari/537.36 Edg/131.0.0.0"
114.119.153.212 - - [05/May/2025:16:11:07 +0300] "GET /en/urun-kategori/shower-systems?b=bmo251c30700199-j-slides-taupe HTTP/1.1" 403 1242 "https://www.bmofis.com/en/urun-kategori/shower-systems?b=bmo251c30679321" "Mozilla/5.0 (Linux; Android 7.0;) AppleWebKit/537.36 (KHTML, like Gecko) Mobile Safari/537.36 (compatible; PetalBot;+https://webmaster.petalsearch.com/site/petalbot)"
45.84.191.11 - - [05/May/2025:16:11:09 +0300] "POST /wp-admin/admin-ajax.php?action=async_litespeed&nonce=M9H8OpbEAQy74iZkwImDZ1XkFpUuNCr3&litespeed_type=imgoptm HTTP/1.1" 200 5610 "-" "WordPress/6.5.5; https://www.bmofis.com"
54.36.149.84 - - [05/May/2025:16:11:17 +0300] "GET /urun/hidrolik-cozumler/hidrolik-dis-kapi-sistemleri/menteseler-hidrolik-dis-kapi-sistemleri/biloba-evo-hidrolik-cam-kapi-mentesesi-cam-cama-90da-durmaz/teklif-al?filesrc=/home/bmofiscom/public_html/wp-includes/class-feed.php&path=/home/bmofiscom/public_html/wp-includes HTTP/2" 200 2240 "-" "Mozilla/5.0 (compatible; AhrefsBot/7.0; +http://ahrefs.com/robot/)"
52.167.144.145 - - [05/May/2025:16:11:22 +0300] "GET /urun/standart-cozumler/dus-sistemleri-standart-cozumler/piuma-surme-dus-sistemi/piuma-cift-kanatli-surme-kose-dus-sistemi/teklif-al?b=bmo251c36800428-lego-godzilla HTTP/2" 403 1242 "-" "Mozilla/5.0 AppleWebKit/537.36 (KHTML, like Gecko; compatible; bingbot/2.0; +http://www.bing.com/bingbot.htm) Chrome/116.0.1938.76 Safari/537.36"
166.108.202.112 - - [05/May/2025:16:11:32 +0300] "GET /urun/standart-cozumler/surme-sistemleri/kelepce-kilit-ve-kollar/b905-surme-kapilar-icin-kelepce/teklif-al HTTP/1.1" 200 5230 "-" "Mozilla/5.0 (Macintosh; Intel Mac OS X 10.6; rv:25.0) Gecko/20100101 Firefox/25.0"
20.99.210.73 - - [05/May/2025:16:11:36 +0300] "GET /katalog/cam-kapi-menteseleri-ic/hidrolik-menteseler/8011-tek-yonlu-baglanti-plakasina-sahip-kapinin-kapanis-hizini-ayarlayabilen-hidrolik-mentese-0-90-90-lerde-du/1/247.aspx?b=bmo251c48100089-aramis-aramis-perfume HTTP/1.1" 403 1242 "-" "Mozilla/5.0 (Windows NT 10.0; Win64; x64) AppleWebKit/537.36 (KHTML, like Gecko) Chrome/131.0.0.0 Safari/537.36 Edg/131.0.0.0"
40.77.167.68 - - [05/May/2025:16:11:42 +0300] "GET /urun/hidrolik-sistemler/hidrolik-dus-sistemleri/hidrolik-dus-kabini/slash-hidrolik-dus-kabini-iki-sabit-cam-arasi-bir-kanat-bir-sabit/teklif-al?b=bmo251c48100061-meaning-of-the-name-aramis HTTP/2" 403 1242 "-" "Mozilla/5.0 AppleWebKit/537.36 (KHTML, like Gecko; compatible; bingbot/2.0; +http://www.bing.com/bingbot.htm) Chrome/116.0.1938.76 Safari/537.36"
40.77.167.68 - - [05/May/2025:16:12:02 +0300] "GET /urun/standart-cozumler/dus-sistemleri-standart-cozumler/cam-tutucular-dus-sistemleri-standart-cozumler/bm-dct201-cam-sabitleme-duvar-cam/teklif-al?b=bmo251c66000219-how-to-use-the-triggerpoint-5-inch-ball HTTP/2" 403 1242 "-" "Mozilla/5.0 AppleWebKit/537.36 (KHTML, like Gecko; compatible; bingbot/2.0; +http://www.bing.com/bingbot.htm) Chrome/116.0.1938.76 Safari/537.36"
54.36.148.41 - - [05/May/2025:16:12:15 +0300] "GET /urun/hidrolik-cozumler/hidrolik-dis-kapi-sistemleri/menteseler-hidrolik-dis-kapi-sistemleri/biloba-evo-hidrolik-cam-kapi-mentesesi-cam-cama-90da-durmaz/teklif-al?filesrc=/home/bmofiscom/public_html/wp-includes/class-http.php&path=/home/bmofiscom/public_html/wp-includes HTTP/2" 200 2216 "-" "Mozilla/5.0 (compatible; AhrefsBot/7.0; +http://ahrefs.com/robot/)"
18.216.230.65 - - [05/May/2025:16:12:18 +0300] "GET /?filesrc=%2Fhome%2Fbmofiscom%2Fpublic_html%2Fwp-includes%2Fclass-wp-comment.php&path=%2Fhome%2Fbmofiscom%2Fpublic_html%2Fwp-includes HTTP/2" 200 4647 "-" "Mozilla/5.0 AppleWebKit/537.36 (KHTML, like Gecko; compatible; ClaudeBot/1.0; +claudebot@anthropic.com)"
18.216.230.65 - - [05/May/2025:16:12:18 +0300] "GET /?filesrc=%2Fhome%2Fbmofiscom%2Fpublic_html%2Fwp-includes%2Fcanonical.php&path=%2Fhome%2Fbmofiscom%2Fpublic_html%2Fwp-includes HTTP/2" 200 11051 "-" "Mozilla/5.0 AppleWebKit/537.36 (KHTML, like Gecko; compatible; ClaudeBot/1.0; +claudebot@anthropic.com)"
18.216.230.65 - - [05/May/2025:16:12:18 +0300] "GET /?filesrc=%2Fhome%2Fbmofiscom%2Fpublic_html%2Fwp-includes%2Fclass-smtp.php&path=%2Fhome%2Fbmofiscom%2Fpublic_html%2Fwp-includes HTTP/2" 200 2233 "-" "Mozilla/5.0 AppleWebKit/537.36 (KHTML, like Gecko; compatible; ClaudeBot/1.0; +claudebot@anthropic.com)"
45.84.191.11 - - [05/May/2025:16:12:18 +0300] "POST /wp-admin/admin-ajax.php?action=async_litespeed&nonce=zu47vUZ8SICGOV0m2n49RqAYlNhuQFtn&litespeed_type=imgoptm HTTP/1.1" 200 5641 "-" "WordPress/6.5.5; https://www.bmofis.com"
18.216.230.65 - - [05/May/2025:16:12:18 +0300] "GET /?filesrc=%2Fhome%2Fbmofiscom%2Fpublic_html%2Fwp-includes%2Fpluggable.php&path=%2Fhome%2Fbmofiscom%2Fpublic_html%2Fwp-includes HTTP/2" 200 28643 "-" "Mozilla/5.0 AppleWebKit/537.36 (KHTML, like Gecko; compatible; ClaudeBot/1.0; +claudebot@anthropic.com)"
18.216.230.65 - - [05/May/2025:16:12:18 +0300] "GET /?filesrc=%2Fhome%2Fbmofiscom%2Fpublic_html%2Fwp-includes%2Fclass-wp-block-bindings-registry.php&path=%2Fhome%2Fbmofiscom%2Fpublic_html%2Fwp-includes HTTP/2" 200 4385 "-" "Mozilla/5.0 AppleWebKit/537.36 (KHTML, like Gecko; compatible; ClaudeBot/1.0; +claudebot@anthropic.com)"
18.216.230.65 - - [05/May/2025:16:12:19 +0300] "GET /?filesrc=%2Fhome%2Fbmofiscom%2Fpublic_html%2Fwp-includes%2Fclass-wp-meta-query.php&path=%2Fhome%2Fbmofiscom%2Fpublic_html%2Fwp-includes HTTP/2" 200 9646 "-" "Mozilla/5.0 AppleWebKit/537.36 (KHTML, like Gecko; compatible; ClaudeBot/1.0; +claudebot@anthropic.com)"
23.21.228.180 - - [05/May/2025:16:11:07 +0300] "GET /referanslar HTTP/1.1" 200 5257 "-" "Mozilla/5.0 AppleWebKit/537.36 (KHTML, like Gecko; compatible; Amazonbot/0.1; +https://developer.amazon.com/support/amazonbot) Chrome/119.0.6045.214 Safari/537.36"
20.240.18.43 - - [05/May/2025:16:11:20 +0300] "GET /urun/slash-hidrolik-dus-kabini-duvar-ve-sabit-cam-arasi-kose-seti-bir-kanat-bir-sabit/?b=bmo251c28100496-hi-tec-men%27s-ravus-vent-waterproof-low-shoe HTTP/1.1" 403 1242 "-" "Mozilla/5.0 (Windows NT 10.0; Win64; x64) AppleWebKit/537.36 (KHTML, like Gecko) Chrome/131.0.0.0 Safari/537.36 Edg/131.0.0.0"
45.84.191.11 - - [05/May/2025:16:12:16 +0300] "POST /wp-cron.php?doing_wp_cron=1746450736.6776680946350097656250 HTTP/1.1" 200 0 "-" "WordPress/6.5.5; https://www.bmofis.com"
40.77.167.46 - - [05/May/2025:16:12:23 +0300] "GET /katalog/cam-kapi-menteseleri-ic/hidrolik-menteseler/8011-tek-yonlu-baglanti-plakasina-sahip-kapinin-kapanis-hizini-ayarlayabilen-hidrolik-mentese-0-90-90-lerde-du/1/247.aspx?b=bmo251c50800033-ferdighus-funkis-betong HTTP/2" 403 1242 "-" "Mozilla/5.0 AppleWebKit/537.36 (KHTML, like Gecko; compatible; bingbot/2.0; +http://www.bing.com/bingbot.htm) Chrome/116.0.1938.76 Safari/537.36"
20.240.18.33 - - [05/May/2025:16:13:11 +0300] "GET /urun/standart-cozumler/menteseler/otomatik-menteseler/8610-otomatik-yayli-mentese-duvar-cam/teklif-al?b=bmo251c67200433-under-armour-american-flag-golf-glove HTTP/1.1" 403 1242 "-" "Mozilla/5.0 (Windows NT 10.0; Win64; x64) AppleWebKit/537.36 (KHTML, like Gecko) Chrome/131.0.0.0 Safari/537.36 Edg/131.0.0.0"
98.64.96.176 - - [05/May/2025:16:13:14 +0300] "GET /en/urun-kategori/standart-cozumler/ofis-bolme-sistemleri/?b=bmo251c67917633-veja-revista-5-de-agosto-2018 HTTP/1.1" 403 1242 "-" "Mozilla/5.0 (Windows NT 10.0; Win64; x64) AppleWebKit/537.36 (KHTML, like Gecko) Chrome/131.0.0.0 Safari/537.36 Edg/131.0.0.0"
66.249.66.43 - - [05/May/2025:16:13:15 +0300] "GET /wp-content/uploads/2019/05/banner-header-1.png HTTP/1.1" 200 3242 "-" "Mozilla/5.0 (Linux; Android 6.0.1; Nexus 5X Build/MMB29P) AppleWebKit/537.36 (KHTML, like Gecko) Chrome/135.0.7049.95 Mobile Safari/537.36 (compatible; Googlebot/2.1; +http://www.google.com/bot.html)"
20.26.44.167 - - [05/May/2025:16:13:24 +0300] "GET /katalog/ofis-bolme-sistemleri-ve-cam-aksesuarlari/sikilastirma-ve-tutturma-braketleri/4076-810-mm-cam-icin-kucuk-kelepce-farkli-kalinliklari-belirtiniz-yaricap-ile-/1/298.aspx?b=bmo251c52600181-the-dot-and-the-line-book-pdf HTTP/1.1" 403 1242 "-" "Mozilla/5.0 (Windows NT 10.0; Win64; x64) AppleWebKit/537.36 (KHTML, like Gecko) Chrome/131.0.0.0 Safari/537.36 Edg/131.0.0.0"
45.84.191.11 - - [05/May/2025:16:13:33 +0300] "POST /wp-cron.php?doing_wp_cron=1746450813.0650830268859863281250 HTTP/1.1" 200 0 "-" "WordPress/6.5.5; https://www.bmofis.com"
45.84.191.11 - - [05/May/2025:16:13:34 +0300] "POST /wp-admin/admin-ajax.php?action=async_litespeed&nonce=HHbMtd4qXdCGgmyaLWpVtQb3nfYcAGcG&litespeed_type=imgoptm HTTP/1.1" 200 5610 "-" "WordPress/6.5.5; https://www.bmofis.com"
40.77.167.68 - - [05/May/2025:16:13:42 +0300] "GET /urun/standart-cozumler/dus-sistemleri-standart-cozumler/piuma-surme-dus-sistemi/piuma-cift-kanatli-surme-kose-dus-sistemi/teklif-al?b=bmo251c1700411-crocs-in-green HTTP/2" 403 1242 "-" "Mozilla/5.0 AppleWebKit/537.36 (KHTML, like Gecko; compatible; bingbot/2.0; +http://www.bing.com/bingbot.htm) Chrome/116.0.1938.76 Safari/537.36"
3.147.47.108 - - [05/May/2025:16:13:48 +0300] "GET /?filesrc=%2Fhome%2Fbmofiscom%2Fpublic_html%2Fwp-admin%2Fupload.php&path=%2Fhome%2Fbmofiscom%2Fpublic_html%2Fwp-admin HTTP/2" 200 6227 "-" "Mozilla/5.0 AppleWebKit/537.36 (KHTML, like Gecko; compatible; ClaudeBot/1.0; +claudebot@anthropic.com)"
3.147.47.108 - - [05/May/2025:16:13:48 +0300] "GET /?filesrc=%2Fhome%2Fbmofiscom%2Fpublic_html%2Fwp-includes%2Fclass-phpmailer.php&path=%2Fhome%2Fbmofiscom%2Fpublic_html%2Fwp-includes HTTP/2" 200 2265 "-" "Mozilla/5.0 AppleWebKit/537.36 (KHTML, like Gecko; compatible; ClaudeBot/1.0; +claudebot@anthropic.com)"
20.99.210.73 - - [05/May/2025:16:12:25 +0300] "GET /katalog/cam-kapi-menteseleri-ic/hidrolik-menteseler/8011-tek-yonlu-baglanti-plakasina-sahip-kapinin-kapanis-hizini-ayarlayabilen-hidrolik-mentese-0-90-90-lerde-du/1/247.aspx?b=bmo251c40900023-mellow-walk-shoes-review HTTP/1.1" 403 1242 "-" "Mozilla/5.0 (Windows NT 10.0; Win64; x64) AppleWebKit/537.36 (KHTML, like Gecko) Chrome/131.0.0.0 Safari/537.36 Edg/131.0.0.0"
40.77.167.68 - - [05/May/2025:16:12:43 +0300] "GET /katalog/cam-kapi-menteseleri-ic/hidrolik-menteseler/8011-tek-yonlu-baglanti-plakasina-sahip-kapinin-kapanis-hizini-ayarlayabilen-hidrolik-mentese-0-90-90-lerde-du/1/247.aspx?b=bmo251c48400277-benh-ban-do-tieng-anh-la-gi HTTP/2" 403 1242 "-" "Mozilla/5.0 AppleWebKit/537.36 (KHTML, like Gecko; compatible; bingbot/2.0; +http://www.bing.com/bingbot.htm) Chrome/116.0.1938.76 Safari/537.36"
40.77.167.68 - - [05/May/2025:16:13:03 +0300] "GET /uygulamalar/dus-kabini-aksesuarlari/nis-uygulamalar-icin-dus-teknesi-ebadi-/coleman-system/4/86.aspx?b=bmo251c34617464-kickers-fourr%C3%A9es-femme HTTP/2" 403 1242 "-" "Mozilla/5.0 AppleWebKit/537.36 (KHTML, like Gecko; compatible; bingbot/2.0; +http://www.bing.com/bingbot.htm) Chrome/116.0.1938.76 Safari/537.36"
40.77.167.68 - - [05/May/2025:16:13:22 +0300] "GET /katalog/cam-kapi-menteseleri-ic/hidrolik-menteseler/8011-tek-yonlu-baglanti-plakasina-sahip-kapinin-kapanis-hizini-ayarlayabilen-hidrolik-mentese-0-90-90-lerde-du/1/247.aspx?b=bmo251c47141280 HTTP/2" 403 1242 "-" "Mozilla/5.0 AppleWebKit/537.36 (KHTML, like Gecko; compatible; bingbot/2.0; +http://www.bing.com/bingbot.htm) Chrome/116.0.1938.76 Safari/537.36"
54.36.148.65 - - [05/May/2025:16:13:31 +0300] "GET /urun/hidrolik-cozumler/hidrolik-dis-kapi-sistemleri/menteseler-hidrolik-dis-kapi-sistemleri/biloba-evo-hidrolik-cam-kapi-mentesesi-cam-cama-90da-durmaz/teklif-al?filesrc=/home/bmofiscom/public_html/wp-includes/class-json.php&path=/home/bmofiscom/public_html/wp-includes HTTP/2" 200 10811 "-" "Mozilla/5.0 (compatible; AhrefsBot/7.0; +http://ahrefs.com/robot/)"
40.77.167.68 - - [05/May/2025:16:14:22 +0300] "GET /urun/standart-cozumler/dus-sistemleri-standart-cozumler/aqua-surme-dus-kabinleri/bm-dsq0-aqua-kose-dus-sistemi/teklif-al?b=bmo251c58900407-mia-sheridan-dimmi-che-sarai-qui HTTP/2" 403 1242 "-" "Mozilla/5.0 AppleWebKit/537.36 (KHTML, like Gecko; compatible; bingbot/2.0; +http://www.bing.com/bingbot.htm) Chrome/116.0.1938.76 Safari/537.36"
20.27.20.16 - - [05/May/2025:16:14:23 +0300] "GET /uygulamalar/dus-kabini-aksesuarlari/nis-uygulamalar-icin-dus-teknesi-ebadi-/coleman-system/4/86.aspx?b=bmo251c27001863-grundens-ss400b-2.5-layer-storm-surge-hooded-jacket HTTP/1.1" 403 1242 "-" "Mozilla/5.0 (Windows NT 10.0; Win64; x64) AppleWebKit/537.36 (KHTML, like Gecko) Chrome/131.0.0.0 Safari/537.36 Edg/131.0.0.0"
45.84.191.11 - - [05/May/2025:16:14:35 +0300] "POST /wp-cron.php?doing_wp_cron=1746450875.3511021137237548828125 HTTP/1.1" 200 0 "-" "WordPress/6.5.5; https://www.bmofis.com"
54.36.148.71 - - [05/May/2025:16:14:32 +0300] "GET /urun/hidrolik-cozumler/hidrolik-dis-kapi-sistemleri/menteseler-hidrolik-dis-kapi-sistemleri/biloba-evo-hidrolik-cam-kapi-mentesesi-cam-cama-90da-durmaz/teklif-al?filesrc=/home/bmofiscom/public_html/wp-includes/class-oembed.php&path=/home/bmofiscom/public_html/wp-includes HTTP/2" 200 2230 "-" "Mozilla/5.0 (compatible; AhrefsBot/7.0; +http://ahrefs.com/robot/)"
40.77.167.68 - - [05/May/2025:16:14:42 +0300] "GET /urun/standart-cozumler/dus-sistemleri-standart-cozumler/piuma-surme-dus-sistemi/piuma-cift-kanatli-surme-kose-dus-sistemi/teklif-al?b=bmo251c64000118-therafit-eva HTTP/2" 403 1242 "-" "Mozilla/5.0 AppleWebKit/537.36 (KHTML, like Gecko; compatible; bingbot/2.0; +http://www.bing.com/bingbot.htm) Chrome/116.0.1938.76 Safari/537.36"
45.84.191.11 - - [05/May/2025:16:15:22 +0300] "POST /wp-cron.php?doing_wp_cron=1746450922.8459079265594482421875 HTTP/1.1" 200 0 "-" "WordPress/6.5.5; https://www.bmofis.com"
3.147.47.108 - - [05/May/2025:16:13:48 +0300] "GET /?filesrc=%2Fhome%2Fbmofiscom%2Fpublic_html%2Fwp-includes%2Fclass-wp-site-query.php&path=%2Fhome%2Fbmofiscom%2Fpublic_html%2Fwp-includes HTTP/2" 200 8946 "-" "Mozilla/5.0 AppleWebKit/537.36 (KHTML, like Gecko; compatible; ClaudeBot/1.0; +claudebot@anthropic.com)"
3.147.47.108 - - [05/May/2025:16:13:48 +0300] "GET /?filesrc=%2Fhome%2Fbmofiscom%2Fpublic_html%2Fwp-admin%2Flink.php&path=%2Fhome%2Fbmofiscom%2Fpublic_html%2Fwp-admin HTTP/2" 200 3039 "-" "Mozilla/5.0 AppleWebKit/537.36 (KHTML, like Gecko; compatible; ClaudeBot/1.0; +claudebot@anthropic.com)"
3.147.47.108 - - [05/May/2025:16:13:49 +0300] "GET /?filesrc=%2Fhome%2Fbmofiscom%2Fpublic_html%2Fwp-includes%2Fclass-wp-rewrite.php&path=%2Fhome%2Fbmofiscom%2Fpublic_html%2Fwp-includes HTTP/2" 200 17498 "-" "Mozilla/5.0 AppleWebKit/537.36 (KHTML, like Gecko; compatible; ClaudeBot/1.0; +claudebot@anthropic.com)"
3.147.47.108 - - [05/May/2025:16:13:50 +0300] "GET /?filesrc=%2Fhome%2Fbmofiscom%2Fpublic_html%2Fwp-includes%2Fclass-wp-locale.php&path=%2Fhome%2Fbmofiscom%2Fpublic_html%2Fwp-includes HTTP/2" 200 5352 "-" "Mozilla/5.0 AppleWebKit/537.36 (KHTML, like Gecko; compatible; ClaudeBot/1.0; +claudebot@anthropic.com)"
40.77.167.68 - - [05/May/2025:16:14:02 +0300] "GET /urun/standart-cozumler/dus-sistemleri-standart-cozumler/piuma-surme-dus-sistemi/piuma-cift-kanatli-surme-kose-dus-sistemi/teklif-al?b=bmo251c38500028-loyal-hana-cybelle-shirt HTTP/2" 403 1242 "-" "Mozilla/5.0 AppleWebKit/537.36 (KHTML, like Gecko; compatible; bingbot/2.0; +http://www.bing.com/bingbot.htm) Chrome/116.0.1938.76 Safari/537.36"
52.167.144.185 - - [05/May/2025:16:14:30 +0300] "GET /en/urun-kategori/standart-cozumler/ofis-bolme-sistemleri/?b=bmo251c67917766-veja-rio-comer-e-beber-bares HTTP/2" 403 1242 "-" "Mozilla/5.0 AppleWebKit/537.36 (KHTML, like Gecko; compatible; bingbot/2.0; +http://www.bing.com/bingbot.htm) Chrome/116.0.1938.76 Safari/537.36"
45.84.191.11 - - [05/May/2025:16:14:36 +0300] "POST /wp-admin/admin-ajax.php?action=async_litespeed&nonce=BYLQ6JX48oZ2ZZ7C636GAjgGxLBYVX2j&litespeed_type=imgoptm HTTP/1.1" 200 6027 "-" "WordPress/6.5.5; https://www.bmofis.com"
40.77.167.68 - - [05/May/2025:16:15:02 +0300] "GET /urun/standart-cozumler/kol-ve-kilitler/topuz-ve-kollar/5006-kapi-topuzu/teklif-al?b=bmo251c6600216-flex-ballet-shoes-by-palladium HTTP/2" 403 1242 "-" "Mozilla/5.0 AppleWebKit/537.36 (KHTML, like Gecko; compatible; bingbot/2.0; +http://www.bing.com/bingbot.htm) Chrome/116.0.1938.76 Safari/537.36"
45.84.191.11 - - [05/May/2025:16:15:22 +0300] "POST /wp-cron.php?doing_wp_cron=1746450922.8419559001922607421875 HTTP/1.1" 200 0 "-" "WordPress/6.5.5; https://www.bmofis.com"
18.218.131.147 - - [05/May/2025:16:15:21 +0300] "GET /?filesrc=%2Fhome%2Fbmofiscom%2Fpublic_html%2Fwp-includes%2Fclass-wp-block-template.php&path=%2Fhome%2Fbmofiscom%2Fpublic_html%2Fwp-includes HTTP/2" 200 2560 "-" "Mozilla/5.0 AppleWebKit/537.36 (KHTML, like Gecko; compatible; ClaudeBot/1.0; +claudebot@anthropic.com)"
18.218.131.147 - - [05/May/2025:16:15:21 +0300] "GET /?filesrc=%2Fhome%2Fbmofiscom%2Fpublic_html%2Fwp-admin%2Flink-add.php&path=%2Fhome%2Fbmofiscom%2Fpublic_html%2Fwp-admin HTTP/2" 200 2409 "-" "Mozilla/5.0 AppleWebKit/537.36 (KHTML, like Gecko; compatible; ClaudeBot/1.0; +claudebot@anthropic.com)"
18.218.131.147 - - [05/May/2025:16:15:21 +0300] "GET /?filesrc=%2Fhome%2Fbmofiscom%2Fpublic_html%2Fwp-includes%2Fclass-IXR.php&path=%2Fhome%2Fbmofiscom%2Fpublic_html%2Fwp-includes HTTP/2" 200 3125 "-" "Mozilla/5.0 AppleWebKit/537.36 (KHTML, like Gecko; compatible; ClaudeBot/1.0; +claudebot@anthropic.com)"
40.77.167.68 - - [05/May/2025:16:15:23 +0300] "GET /urun/hidrolik-sistemler/hidrolik-dus-sistemleri/sauna-buhar-odasi-cozumleri-hidrolik-dus-sistemleri/kbt8061-buhar-odalari-ve-hamamlar-icin-hidrolik-set/teklif-al?b=bmo251c65900165-tretorn-boot HTTP/2" 403 1242 "-" "Mozilla/5.0 AppleWebKit/537.36 (KHTML, like Gecko; compatible; bingbot/2.0; +http://www.bing.com/bingbot.htm) Chrome/116.0.1938.76 Safari/537.36"
45.84.191.11 - - [05/May/2025:16:15:22 +0300] "POST /wp-cron.php?doing_wp_cron=1746450922.8437190055847167968750 HTTP/1.1" 200 0 "-" "WordPress/6.5.5; https://www.bmofis.com"
195.175.65.26 - - [05/May/2025:16:15:24 +0300] "GET /wp-content/uploads/2019/05/8SI1-1.jpg HTTP/2" 200 109105 "https://www.google.com/" "Mozilla/5.0 (Windows NT 10.0; Win64; x64) AppleWebKit/537.36 (KHTML, like Gecko) Chrome/135.0.0.0 Safari/537.36"
45.84.191.11 - - [05/May/2025:16:15:24 +0300] "POST /wp-admin/admin-ajax.php?action=async_litespeed&nonce=DsIodpLLzlTbYps8MoMA4y6O3jGku82I&litespeed_type=imgoptm HTTP/1.1" 200 5610 "-" "WordPress/6.5.5; https://www.bmofis.com"
54.36.148.102 - - [05/May/2025:16:15:27 +0300] "GET /urun/hidrolik-cozumler/hidrolik-dis-kapi-sistemleri/menteseler-hidrolik-dis-kapi-sistemleri/biloba-evo-hidrolik-cam-kapi-mentesesi-cam-cama-90da-durmaz/teklif-al?filesrc=/home/bmofiscom/public_html/wp-includes/class-phpass.php&path=/home/bmofiscom/public_html/wp-includes HTTP/2" 200 4515 "-" "Mozilla/5.0 (compatible; AhrefsBot/7.0; +http://ahrefs.com/robot/)"
18.218.131.147 - - [05/May/2025:16:15:21 +0300] "GET /?filesrc=%2Fhome%2Fbmofiscom%2Fpublic_html%2Fwp-includes%2Fclass-wp-customize-manager.php&path=%2Fhome%2Fbmofiscom%2Fpublic_html%2Fwp-includes HTTP/2" 200 49651 "-" "Mozilla/5.0 AppleWebKit/537.36 (KHTML, like Gecko; compatible; ClaudeBot/1.0; +claudebot@anthropic.com)"
18.218.131.147 - - [05/May/2025:16:15:21 +0300] "GET /?filesrc=%2Fhome%2Fbmofiscom%2Fpublic_html%2Fwp-admin%2Fwidgets.php&path=%2Fhome%2Fbmofiscom%2Fpublic_html%2Fwp-admin HTTP/2" 200 2540 "-" "Mozilla/5.0 AppleWebKit/537.36 (KHTML, like Gecko; compatible; ClaudeBot/1.0; +claudebot@anthropic.com)"
18.218.131.147 - - [05/May/2025:16:15:23 +0300] "GET /?filesrc=%2Fhome%2Fbmofiscom%2Fpublic_html%2Fwp-includes%2Fclass-phpass.php&path=%2Fhome%2Fbmofiscom%2Fpublic_html%2Fwp-includes HTTP/2" 200 4515 "-" "Mozilla/5.0 AppleWebKit/537.36 (KHTML, like Gecko; compatible; ClaudeBot/1.0; +claudebot@anthropic.com)"
40.77.167.68 - - [05/May/2025:16:15:42 +0300] "GET /urun/hidrolik-sistemler/hidrolik-dus-sistemleri/sauna-buhar-odasi-cozumleri-hidrolik-dus-sistemleri/kbt8061-buhar-odalari-ve-hamamlar-icin-hidrolik-set/teklif-al?b=bmo251c704957-new-balance-mx608ab5 HTTP/2" 403 1242 "-" "Mozilla/5.0 AppleWebKit/537.36 (KHTML, like Gecko; compatible; bingbot/2.0; +http://www.bing.com/bingbot.htm) Chrome/116.0.1938.76 Safari/537.36"
20.26.44.170 - - [05/May/2025:16:16:18 +0300] "GET /urun/standart-cozumler/dus-sistemleri-standart-cozumler/cam-tutucular-dus-sistemleri-standart-cozumler/bm-dct201-cam-sabitleme-duvar-cam/teklif-al?b=bmo251c59502429-when-was-shoes-for-crews-established HTTP/1.1" 403 1242 "-" "Mozilla/5.0 (Windows NT 10.0; Win64; x64) AppleWebKit/537.36 (KHTML, like Gecko) Chrome/131.0.0.0 Safari/537.36 Edg/131.0.0.0"
40.77.167.68 - - [05/May/2025:16:16:22 +0300] "GET /katalog/cam-kapi-menteseleri-ic/hidrolik-menteseler/8011-tek-yonlu-baglanti-plakasina-sahip-kapinin-kapanis-hizini-ayarlayabilen-hidrolik-mentese-0-90-90-lerde-du/1/247.aspx?b=bmo251c71051234 HTTP/2" 403 1242 "-" "Mozilla/5.0 AppleWebKit/537.36 (KHTML, like Gecko; compatible; bingbot/2.0; +http://www.bing.com/bingbot.htm) Chrome/116.0.1938.76 Safari/537.36"
45.84.191.11 - - [05/May/2025:16:16:26 +0300] "POST /wp-admin/admin-ajax.php?action=async_litespeed&nonce=UuKOyNtAL9ygADPfalECY3fQd6bRbmEQ&litespeed_type=imgoptm HTTP/1.1" 200 5610 "-" "WordPress/6.5.5; https://www.bmofis.com"
114.119.137.8 - - [05/May/2025:16:16:41 +0300] "GET /en/urun-kategori/shower-systems?b=bmo251c30700166-j-slides-return-policy HTTP/1.1" 403 1242 "https://www.bmofis.com/en/urun-kategori/shower-systems?b=bmo251c30679321" "Mozilla/5.0 (Linux; Android 7.0;) AppleWebKit/537.36 (KHTML, like Gecko) Mobile Safari/537.36 (compatible; PetalBot;+https://webmaster.petalsearch.com/site/petalbot)"
52.167.144.145 - - [05/May/2025:16:16:42 +0300] "GET /urun/standart-cozumler/ofis-bolme-sistemleri/neus-baglanti-aksesuarlari/4nb1-paslanmaz-gomme-vida-ve-somun-8-15mm/teklif-al?b=bmo251c7100017-castelli-competizione-bibshort HTTP/2" 403 1242 "-" "Mozilla/5.0 AppleWebKit/537.36 (KHTML, like Gecko; compatible; bingbot/2.0; +http://www.bing.com/bingbot.htm) Chrome/116.0.1938.76 Safari/537.36"
3.145.177.28 - - [05/May/2025:16:16:57 +0300] "GET /?filesrc=%2Fhome%2Fbmofiscom%2Fpublic_html%2Fwp-includes%2Fclass-wp-textdomain-registry.php&path=%2Fhome%2Fbmofiscom%2Fpublic_html%2Fwp-includes HTTP/2" 200 4933 "-" "Mozilla/5.0 AppleWebKit/537.36 (KHTML, like Gecko; compatible; ClaudeBot/1.0; +claudebot@anthropic.com)"
3.145.177.28 - - [05/May/2025:16:16:57 +0300] "GET /?filesrc=%2Fhome%2Fbmofiscom%2Fpublic_html%2Fwp-admin%2Fauthorize-application.php&path=%2Fhome%2Fbmofiscom%2Fpublic_html%2Fwp-admin HTTP/2" 200 5241 "-" "Mozilla/5.0 AppleWebKit/537.36 (KHTML, like Gecko; compatible; ClaudeBot/1.0; +claudebot@anthropic.com)"
3.145.177.28 - - [05/May/2025:16:16:57 +0300] "GET /?filesrc=%2Fhome%2Fbmofiscom%2Fpublic_html%2Fwp-includes%2Fload.php&path=%2Fhome%2Fbmofiscom%2Fpublic_html%2Fwp-includes HTTP/2" 200 17518 "-" "Mozilla/5.0 AppleWebKit/537.36 (KHTML, like Gecko; compatible; ClaudeBot/1.0; +claudebot@anthropic.com)"
3.145.177.28 - - [05/May/2025:16:16:57 +0300] "GET /?path=%2Fhome%2Fbmofiscom%2Fpublic_html%2Fwp-includes%2Finteractivity-api HTTP/2" 200 2545 "-" "Mozilla/5.0 AppleWebKit/537.36 (KHTML, like Gecko; compatible; ClaudeBot/1.0; +claudebot@anthropic.com)"
3.145.177.28 - - [05/May/2025:16:16:57 +0300] "GET /?filesrc=%2Fhome%2Fbmofiscom%2Fpublic_html%2Fwp-includes%2Fclass-requests.php&path=%2Fhome%2Fbmofiscom%2Fpublic_html%2Fwp-includes HTTP/2" 200 2832 "-" "Mozilla/5.0 AppleWebKit/537.36 (KHTML, like Gecko; compatible; ClaudeBot/1.0; +claudebot@anthropic.com)"
3.145.177.28 - - [05/May/2025:16:16:59 +0300] "GET /?filesrc=%2Fhome%2Fbmofiscom%2Fpublic_html%2Fwp-admin%2Flink-parse-opml.php&path=%2Fhome%2Fbmofiscom%2Fpublic_html%2Fwp-admin HTTP/2" 200 2996 "-" "Mozilla/5.0 AppleWebKit/537.36 (KHTML, like Gecko; compatible; ClaudeBot/1.0; +claudebot@anthropic.com)"
40.77.167.68 - - [05/May/2025:16:17:02 +0300] "GET /urun/hidrolik-sistemler/hidrolik-dis-kapi-sistemleri/menteseler-hidrolik-dis-kapi-sistemleri/triloba-150kg-kapasiteli-hidrolik-mentese-alt-mentese/teklif-al?b=bmo251c7000249-ecco-domani-wine HTTP/2" 403 1242 "-" "Mozilla/5.0 AppleWebKit/537.36 (KHTML, like Gecko; compatible; bingbot/2.0; +http://www.bing.com/bingbot.htm) Chrome/116.0.1938.76 Safari/537.36"
40.77.167.68 - - [05/May/2025:16:16:02 +0300] "GET /urun/slash-hidrolik-dus-kabini-duvar-ve-sabit-cam-arasi-kose-seti-bir-kanat-bir-sabit/?b=bmo251c69700438-wer-geht-laut-sprichwort-voran HTTP/2" 403 1242 "-" "Mozilla/5.0 AppleWebKit/537.36 (KHTML, like Gecko; compatible; bingbot/2.0; +http://www.bing.com/bingbot.htm) Chrome/116.0.1938.76 Safari/537.36"
98.64.96.176 - - [05/May/2025:16:16:10 +0300] "GET /en/urun-kategori/standart-cozumler/ofis-bolme-sistemleri/?b=bmo251c28000457-hestra-army-leather-gore-tex-short HTTP/1.1" 403 1242 "-" "Mozilla/5.0 (Windows NT 10.0; Win64; x64) AppleWebKit/537.36 (KHTML, like Gecko) Chrome/131.0.0.0 Safari/537.36 Edg/131.0.0.0"
45.84.191.11 - - [05/May/2025:16:16:24 +0300] "POST /wp-cron.php?doing_wp_cron=1746450984.4825360774993896484375 HTTP/1.1" 200 0 "-" "WordPress/6.5.5; https://www.bmofis.com"
54.36.148.54 - - [05/May/2025:16:16:23 +0300] "GET /urun/hidrolik-cozumler/hidrolik-dis-kapi-sistemleri/menteseler-hidrolik-dis-kapi-sistemleri/biloba-evo-hidrolik-cam-kapi-mentesesi-cam-cama-90da-durmaz/teklif-al?filesrc=/home/bmofiscom/public_html/wp-includes/class-phpmailer.php&path=/home/bmofiscom/public_html/wp-includes HTTP/2" 200 2265 "-" "Mozilla/5.0 (compatible; AhrefsBot/7.0; +http://ahrefs.com/robot/)"
40.77.167.68 - - [05/May/2025:16:17:23 +0300] "GET /urun/standart-cozumler/dus-sistemleri-standart-cozumler/hip-zac-surme-dus-sistemi/bz06-hip-zac-kit-with-two-fixed-panels-round-profile/teklif-al?b=bmo251c34600345-free-agent-nfl-kickers HTTP/2" 403 1242 "-" "Mozilla/5.0 AppleWebKit/537.36 (KHTML, like Gecko; compatible; bingbot/2.0; +http://www.bing.com/bingbot.htm) Chrome/116.0.1938.76 Safari/537.36"
45.84.191.11 - - [05/May/2025:16:17:26 +0300] "POST /wp-cron.php?doing_wp_cron=1746451046.0048379898071289062500 HTTP/1.1" 200 0 "-" "WordPress/6.5.5; https://www.bmofis.com"
40.77.167.68 - - [05/May/2025:16:18:22 +0300] "GET /urun/hidrolik-sistemler/hidrolik-dus-sistemleri/sauna-buhar-odasi-cozumleri-hidrolik-dus-sistemleri/kbt8061-buhar-odalari-ve-hamamlar-icin-hidrolik-set/teklif-al?b=bmo251c12000929-avi-bensimon-spa HTTP/2" 403 1242 "-" "Mozilla/5.0 AppleWebKit/537.36 (KHTML, like Gecko; compatible; bingbot/2.0; +http://www.bing.com/bingbot.htm) Chrome/116.0.1938.76 Safari/537.36"
3.15.164.218 - - [05/May/2025:16:18:27 +0300] "GET /?filesrc=%2Fhome%2Fbmofiscom%2Fpublic_html%2Fwp-admin%2Fwidgets-form-blocks.php&path=%2Fhome%2Fbmofiscom%2Fpublic_html%2Fwp-admin HTTP/2" 200 3660 "-" "Mozilla/5.0 AppleWebKit/537.36 (KHTML, like Gecko; compatible; ClaudeBot/1.0; +claudebot@anthropic.com)"
3.15.164.218 - - [05/May/2025:16:18:27 +0300] "GET /?filesrc=%2Fhome%2Fbmofiscom%2Fpublic_html%2Fwp-includes%2Fclass-wp-session-tokens.php&path=%2Fhome%2Fbmofiscom%2Fpublic_html%2Fwp-includes HTTP/2" 200 3986 "-" "Mozilla/5.0 AppleWebKit/537.36 (KHTML, like Gecko; compatible; ClaudeBot/1.0; +claudebot@anthropic.com)"
3.15.164.218 - - [05/May/2025:16:18:27 +0300] "GET /?filesrc=%2Fhome%2Fbmofiscom%2Fpublic_html%2Fwp-includes%2Fclass-wp-application-passwords.php&path=%2Fhome%2Fbmofiscom%2Fpublic_html%2Fwp-includes HTTP/2" 200 4824 "-" "Mozilla/5.0 AppleWebKit/537.36 (KHTML, like Gecko; compatible; ClaudeBot/1.0; +claudebot@anthropic.com)"
3.15.164.218 - - [05/May/2025:16:18:27 +0300] "GET /?filesrc=%2Fhome%2Fbmofiscom%2Fpublic_html%2Fwp-includes%2Fclass-snoopy.php&path=%2Fhome%2Fbmofiscom%2Fpublic_html%2Fwp-includes HTTP/2" 200 10710 "-" "Mozilla/5.0 AppleWebKit/537.36 (KHTML, like Gecko; compatible; ClaudeBot/1.0; +claudebot@anthropic.com)"
3.15.164.218 - - [05/May/2025:16:18:28 +0300] "GET /?filesrc=%2Fhome%2Fbmofiscom%2Fpublic_html%2Fwp-includes%2Fms-load.php&path=%2Fhome%2Fbmofiscom%2Fpublic_html%2Fwp-includes HTTP/2" 200 8390 "-" "Mozilla/5.0 AppleWebKit/537.36 (KHTML, like Gecko; compatible; ClaudeBot/1.0; +claudebot@anthropic.com)"
213.180.203.234 - - [05/May/2025:16:17:20 +0300] "GET /wp-json/oembed/1.0/imageurl}?b=bmo251c3301154-nike-sb-dunk-low-ebay HTTP/1.1" 403 1242 "-" "Mozilla/5.0 (compatible; YandexBot/3.0; +http://yandex.com/bots)"
54.36.148.62 - - [05/May/2025:16:17:24 +0300] "GET /urun/hidrolik-cozumler/hidrolik-dis-kapi-sistemleri/menteseler-hidrolik-dis-kapi-sistemleri/biloba-evo-hidrolik-cam-kapi-mentesesi-cam-cama-90da-durmaz/teklif-al?filesrc=/home/bmofiscom/public_html/wp-includes/class-pop3.php&path=/home/bmofiscom/public_html/wp-includes HTTP/2" 200 7132 "-" "Mozilla/5.0 (compatible; AhrefsBot/7.0; +http://ahrefs.com/robot/)"
45.84.191.11 - - [05/May/2025:16:17:27 +0300] "POST /wp-admin/admin-ajax.php?action=async_litespeed&nonce=rnTEgs2VLotrrlVYjweek67zqwSolmQk&litespeed_type=imgoptm HTTP/1.1" 200 5610 "-" "WordPress/6.5.5; https://www.bmofis.com"
40.77.167.68 - - [05/May/2025:16:17:43 +0300] "GET /urun/hidrolik-sistemler/hidrolik-dus-sistemleri/sauna-buhar-odasi-cozumleri-hidrolik-dus-sistemleri/kbt8061-buhar-odalari-ve-hamamlar-icin-hidrolik-set/teklif-al?b=bmo251c36500470-le-mystere-bra-2926-pale-e34-9707 HTTP/2" 403 1242 "-" "Mozilla/5.0 AppleWebKit/537.36 (KHTML, like Gecko; compatible; bingbot/2.0; +http://www.bing.com/bingbot.htm) Chrome/116.0.1938.76 Safari/537.36"
40.77.167.68 - - [05/May/2025:16:18:02 +0300] "GET /urun/standart-cozumler/dus-sistemleri-standart-cozumler/piuma-surme-dus-sistemi/piuma-cift-kanatli-surme-kose-dus-sistemi/teklif-al?b=bmo251c25100436-bible-verse-forsake-all-and-follow-me HTTP/2" 403 1242 "-" "Mozilla/5.0 AppleWebKit/537.36 (KHTML, like Gecko; compatible; bingbot/2.0; +http://www.bing.com/bingbot.htm) Chrome/116.0.1938.76 Safari/537.36"
45.84.191.11 - - [05/May/2025:16:18:29 +0300] "POST /wp-cron.php?doing_wp_cron=1746451109.2179989814758300781250 HTTP/1.1" 200 0 "-" "WordPress/6.5.5; https://www.bmofis.com"
45.84.191.11 - - [05/May/2025:16:18:29 +0300] "POST /wp-cron.php?doing_wp_cron=1746451109.2161259651184082031250 HTTP/1.1" 200 0 "-" "WordPress/6.5.5; https://www.bmofis.com"
45.84.191.11 - - [05/May/2025:16:18:30 +0300] "POST /wp-admin/admin-ajax.php?action=async_litespeed&nonce=Zre8y53o7glaF13qd5iLWm7KjlqiHCo6&litespeed_type=imgoptm HTTP/1.1" 200 5652 "-" "WordPress/6.5.5; https://www.bmofis.com"
40.77.167.68 - - [05/May/2025:16:18:42 +0300] "GET /urun/slash-hidrolik-dus-kabini-duvar-ve-sabit-cam-arasi-kose-seti-bir-kanat-bir-sabit/?b=bmo251c29100204-hudson-and-barrow-slim-stretch-jeans HTTP/2" 403 1242 "-" "Mozilla/5.0 AppleWebKit/537.36 (KHTML, like Gecko; compatible; bingbot/2.0; +http://www.bing.com/bingbot.htm) Chrome/116.0.1938.76 Safari/537.36"
40.77.167.68 - - [05/May/2025:16:19:02 +0300] "GET /katalog/dus-kabini-aksesuarlari/yayli-menteseler/8560-dus-kabinler-icin-yayli-mentese-sadece-acmak-icin-cekin-0-90%E2%80%99da-durur-/1/149.aspx?b=bmo251c55800101-robert-graham-slides HTTP/2" 403 1242 "-" "Mozilla/5.0 AppleWebKit/537.36 (KHTML, like Gecko; compatible; bingbot/2.0; +http://www.bing.com/bingbot.htm) Chrome/116.0.1938.76 Safari/537.36"
52.167.144.145 - - [05/May/2025:16:19:23 +0300] "GET /urun/standart-cozumler/dus-sistemleri-standart-cozumler/piuma-surme-dus-sistemi/piuma-cift-kanatli-surme-kose-dus-sistemi/teklif-al?b=bmo251c26700225-gordon-rush-apron-toe-penny-loafer HTTP/2" 403 1242 "-" "Mozilla/5.0 AppleWebKit/537.36 (KHTML, like Gecko; compatible; bingbot/2.0; +http://www.bing.com/bingbot.htm) Chrome/116.0.1938.76 Safari/537.36"
20.120.134.39 - - [05/May/2025:16:19:48 +0300] "GET /katalog/cam-kapi-menteseleri-ic/hidrolik-menteseler/8011-tek-yonlu-baglanti-plakasina-sahip-kapinin-kapanis-hizini-ayarlayabilen-hidrolik-mentese-0-90-90-lerde-du/1/247.aspx?b=bmo251c40600467-give-me-beso-song-cardi-b HTTP/1.1" 403 1242 "-" "Mozilla/5.0 (Windows NT 10.0; Win64; x64) AppleWebKit/537.36 (KHTML, like Gecko) Chrome/131.0.0.0 Safari/537.36 Edg/131.0.0.0"
3.15.164.218 - - [05/May/2025:16:18:29 +0300] "GET /?filesrc=%2Fhome%2Fbmofiscom%2Fpublic_html%2Fwp-includes%2Fcategory.php&path=%2Fhome%2Fbmofiscom%2Fpublic_html%2Fwp-includes HTTP/2" 200 5673 "-" "Mozilla/5.0 AppleWebKit/537.36 (KHTML, like Gecko; compatible; ClaudeBot/1.0; +claudebot@anthropic.com)"
54.36.148.214 - - [05/May/2025:16:18:30 +0300] "GET /urun/hidrolik-cozumler/hidrolik-dis-kapi-sistemleri/menteseler-hidrolik-dis-kapi-sistemleri/biloba-evo-hidrolik-cam-kapi-mentesesi-cam-cama-90da-durmaz/teklif-al?filesrc=/home/bmofiscom/public_html/wp-includes/class-requests.php&path=/home/bmofiscom/public_html/wp-includes HTTP/2" 200 2832 "-" "Mozilla/5.0 (compatible; AhrefsBot/7.0; +http://ahrefs.com/robot/)"
