52.167.144.138 - - [05/May/2025:15:42:02 +0300] "GET /uygulamalar/dus-kabini-aksesuarlari/nis-uygulamalar-icin-dus-teknesi-ebadi-/coleman-system/4/86.aspx?b=bmo251c67300286-nude-photo-of-united-airlines-employee HTTP/2" 403 1242 "-" "Mozilla/5.0 AppleWebKit/537.36 (KHTML, like Gecko; compatible; bingbot/2.0; +http://www.bing.com/bingbot.htm) Chrome/116.0.1938.76 Safari/537.36"
45.84.191.11 - - [05/May/2025:15:42:22 +0300] "POST /wp-cron.php?doing_wp_cron=1746448942.7342159748077392578125 HTTP/1.1" 200 0 "-" "WordPress/6.5.5; https://www.bmofis.com"
52.167.144.190 - - [05/May/2025:15:42:27 +0300] "GET /en/urun-kategori/standart-cozumler/ofis-bolme-sistemleri/?b=bmo251c32200419-dr-jonathan-d-miller HTTP/2" 403 1242 "-" "Mozilla/5.0 AppleWebKit/537.36 (KHTML, like Gecko; compatible; bingbot/2.0; +http://www.bing.com/bingbot.htm) Chrome/116.0.1938.76 Safari/537.36"
66.249.66.166 - - [05/May/2025:15:42:17 +0300] "GET /?b=530722115 HTTP/1.1" 403 1242 "-" "Mozilla/5.0 (Linux; Android 6.0.1; Nexus 5X Build/MMB29P) AppleWebKit/537.36 (KHTML, like Gecko) Chrome/136.0.7103.59 Mobile Safari/537.36 (compatible; Googlebot/2.1; +http://www.google.com/bot.html)"
52.167.144.138 - - [05/May/2025:15:42:22 +0300] "GET /katalog/cam-kapi-menteseleri-ic/hidrolik-menteseler/8011-tek-yonlu-baglanti-plakasina-sahip-kapinin-kapanis-hizini-ayarlayabilen-hidrolik-mentese-0-90-90-lerde-du/1/247.aspx?b=bmo251c14505295 HTTP/2" 403 1242 "-" "Mozilla/5.0 AppleWebKit/537.36 (KHTML, like Gecko; compatible; bingbot/2.0; +http://www.bing.com/bingbot.htm) Chrome/116.0.1938.76 Safari/537.36"
54.36.148.134 - - [05/May/2025:15:42:20 +0300] "GET /en/urun-kategori/glass-joint-joint-laths?path=/home/bmofiscom/public_html/252f HTTP/2" 200 2808 "-" "Mozilla/5.0 (compatible; AhrefsBot/7.0; +http://ahrefs.com/robot/)"
45.84.191.11 - - [05/May/2025:15:42:24 +0300] "POST /wp-admin/admin-ajax.php?action=async_litespeed&nonce=NqsZ0rEHyvKsBXke8l1GZMY8XJ0dwSu7&litespeed_type=imgoptm HTTP/1.1" 200 5610 "-" "WordPress/6.5.5; https://www.bmofis.com"
52.167.144.138 - - [05/May/2025:15:42:42 +0300] "GET /urun/standart-cozumler/kol-ve-kilitler/cam-kapi-kilitleri/685w30-kirmizi-yesil-gostergeli-wc-kilidi/teklif-al?b=bmo251c35200101-kut-from-the-kloth-denim-shorts HTTP/2" 403 1242 "-" "Mozilla/5.0 AppleWebKit/537.36 (KHTML, like Gecko; compatible; bingbot/2.0; +http://www.bing.com/bingbot.htm) Chrome/116.0.1938.76 Safari/537.36"
52.167.144.190 - - [05/May/2025:15:42:57 +0300] "GET /en/urun-kategori/standart-cozumler/ofis-bolme-sistemleri/?b=bmo251c32200350-dr-jonathan-d-beard-psychiatrist HTTP/2" 403 1242 "-" "Mozilla/5.0 AppleWebKit/537.36 (KHTML, like Gecko; compatible; bingbot/2.0; +http://www.bing.com/bingbot.htm) Chrome/116.0.1938.76 Safari/537.36"
40.77.167.55 - - [05/May/2025:15:43:02 +0300] "GET /urun/slash-hidrolik-dus-kabini-duvar-ve-sabit-cam-arasi-kose-seti-tek-kanat/?b=bmo251c52312071-is-there-a-lands-end-credit-card HTTP/2" 403 1242 "-" "Mozilla/5.0 AppleWebKit/537.36 (KHTML, like Gecko; compatible; bingbot/2.0; +http://www.bing.com/bingbot.htm) Chrome/116.0.1938.76 Safari/537.36"
114.119.147.240 - - [05/May/2025:15:43:20 +0300] "GET /en/urun-kategori/shower-systems?b=bmo251c30700282-j-slides-edie HTTP/1.1" 403 1242 "https://www.bmofis.com/en/urun-kategori/shower-systems?b=bmo251c30679321" "Mozilla/5.0 (Linux; Android 7.0;) AppleWebKit/537.36 (KHTML, like Gecko) Mobile Safari/537.36 (compatible; PetalBot;+https://webmaster.petalsearch.com/site/petalbot)"
54.36.148.222 - - [05/May/2025:15:43:23 +0300] "GET /en/urun-kategori/glass-joint-joint-laths?path=/home/bmofiscom/public_html/cgi-bin HTTP/2" 200 2128 "-" "Mozilla/5.0 (compatible; AhrefsBot/7.0; +http://ahrefs.com/robot/)"
18.116.20.44 - - [05/May/2025:15:43:29 +0300] "GET /?filesrc=%2Fhome%2Fbmofiscom%2Fpublic_html%2Fwp-includes%2Frss.php&path=%2Fhome%2Fbmofiscom%2Fpublic_html%2Fwp-includes HTTP/2" 200 9057 "-" "Mozilla/5.0 AppleWebKit/537.36 (KHTML, like Gecko; compatible; ClaudeBot/1.0; +claudebot@anthropic.com)"
18.116.20.44 - - [05/May/2025:15:43:29 +0300] "GET /?filesrc=%2Fhome%2Fbmofiscom%2Fpublic_html%2Fwp-includes%2Fclass-wp-block-patterns-registry.php&path=%2Fhome%2Fbmofiscom%2Fpublic_html%2Fwp-includes HTTP/2" 200 4928 "-" "Mozilla/5.0 AppleWebKit/537.36 (KHTML, like Gecko; compatible; ClaudeBot/1.0; +claudebot@anthropic.com)"
18.116.20.44 - - [05/May/2025:15:43:29 +0300] "GET /?filesrc=%2Fhome%2Fbmofiscom%2Fpublic_html%2Fwp-admin%2Fplugins.php&path=%2Fhome%2Fbmofiscom%2Fpublic_html%2Fwp-admin HTTP/2" 200 9565 "-" "Mozilla/5.0 AppleWebKit/537.36 (KHTML, like Gecko; compatible; ClaudeBot/1.0; +claudebot@anthropic.com)"
18.116.20.44 - - [05/May/2025:15:43:29 +0300] "GET /?filesrc=%2Fhome%2Fbmofiscom%2Fpublic_html%2Fwp-includes%2Ffeed-rss2.php&path=%2Fhome%2Fbmofiscom%2Fpublic_html%2Fwp-includes HTTP/2" 200 3487 "-" "Mozilla/5.0 AppleWebKit/537.36 (KHTML, like Gecko; compatible; ClaudeBot/1.0; +claudebot@anthropic.com)"
18.116.20.44 - - [05/May/2025:15:43:29 +0300] "GET /?filesrc=%2Fhome%2Fbmofiscom%2Fpublic_html%2Fwp-includes%2Fclass-wp-text-diff-renderer-table.php&path=%2Fhome%2Fbmofiscom%2Fpublic_html%2Fwp-includes HTTP/2" 200 6936 "-" "Mozilla/5.0 AppleWebKit/537.36 (KHTML, like Gecko; compatible; ClaudeBot/1.0; +claudebot@anthropic.com)"
18.116.20.44 - - [05/May/2025:15:43:30 +0300] "GET /?filesrc=%2Fhome%2Fbmofiscom%2Fpublic_html%2Fwp-includes%2Fshortcodes.php&path=%2Fhome%2Fbmofiscom%2Fpublic_html%2Fwp-includes HTTP/2" 200 8872 "-" "Mozilla/5.0 AppleWebKit/537.36 (KHTML, like Gecko; compatible; ClaudeBot/1.0; +claudebot@anthropic.com)"
18.116.20.44 - - [05/May/2025:15:43:31 +0300] "GET /?filesrc=%2Fhome%2Fbmofiscom%2Fpublic_html%2Fwp-includes%2Fms-files.php&path=%2Fhome%2Fbmofiscom%2Fpublic_html%2Fwp-includes HTTP/2" 200 3158 "-" "Mozilla/5.0 AppleWebKit/537.36 (KHTML, like Gecko; compatible; ClaudeBot/1.0; +claudebot@anthropic.com)"
45.84.191.11 - - [05/May/2025:15:43:13 +0300] "POST /wp-cron.php?doing_wp_cron=1746448993.8484239578247070312500 HTTP/1.1" 200 0 "-" "WordPress/6.5.5; https://www.bmofis.com"
54.36.148.46 - - [05/May/2025:15:43:12 +0300] "GET /katalog/cam-kapi-kilitleri-ve-cam-kapi-kollari/cam-kapi-kollari/5006-60mm-capli-kapi-tokmagi-cifti-/1/406.aspx HTTP/2" 200 4271 "-" "Mozilla/5.0 (compatible; AhrefsBot/7.0; +http://ahrefs.com/robot/)"
45.84.191.11 - - [05/May/2025:15:43:15 +0300] "POST /wp-admin/admin-ajax.php?action=async_litespeed&nonce=m2deLuZdroMSUb9OhrDX0NqyfJUoJKoY&litespeed_type=imgoptm HTTP/1.1" 200 5627 "-" "WordPress/6.5.5; https://www.bmofis.com"
31.145.187.170 - - [05/May/2025:15:43:17 +0300] "GET /wp-content/uploads/2019/10/bm7050wc.jpg HTTP/2" 200 479377 "https://yandex.ru/images/touch/search?text=wc+kilidi&img_url=https%3A%2F%2Fwww.algatec.com.tr%2Fuploads%2F2023%2F04%2Fislak-hacim-wc-1-559x1280.jpeg&pos=20&rpt=simage" "Mozilla/5.0 (Linux; U; Android 15; tr-tr; RMX3840 Build/AP3A.240617.008) AppleWebKit/537.36 (KHTML, like Gecko) Chrome/91.0.4472.88 Mobile Safari/537.36 HeyTapBrowser/45.12.4.1"
52.167.144.138 - - [05/May/2025:15:43:22 +0300] "GET /urun/hidrolik-sistemler/hidrolik-dus-sistemleri/sauna-buhar-odasi-cozumleri-hidrolik-dus-sistemleri/kbt8061-buhar-odalari-ve-hamamlar-icin-hidrolik-set/teklif-al?b=bmo251c5700064-2-de-copas-y-3-de-copas HTTP/2" 403 1242 "-" "Mozilla/5.0 AppleWebKit/537.36 (KHTML, like Gecko; compatible; bingbot/2.0; +http://www.bing.com/bingbot.htm) Chrome/116.0.1938.76 Safari/537.36"
52.167.144.138 - - [05/May/2025:15:43:42 +0300] "GET /urun/hidrolik-sistemler/hidrolik-dis-kapi-sistemleri/patch-fittings/1820-merkezi-milli-unica-hidrolik-mentese-icin-ust-cam-tutucu/teklif-al?b=bmo251c44800402-best-running-watch-on-a-budget HTTP/2" 403 1242 "-" "Mozilla/5.0 AppleWebKit/537.36 (KHTML, like Gecko; compatible; bingbot/2.0; +http://www.bing.com/bingbot.htm) Chrome/116.0.1938.76 Safari/537.36"
52.167.144.138 - - [05/May/2025:15:44:03 +0300] "GET /urun-kategori/standart-cozumler/ofis-bolme-sistemleri/?b=bmo251c43800615-nobull-cherry-blossom-trainer HTTP/2" 403 1242 "-" "Mozilla/5.0 AppleWebKit/537.36 (KHTML, like Gecko; compatible; bingbot/2.0; +http://www.bing.com/bingbot.htm) Chrome/116.0.1938.76 Safari/537.36"
54.36.148.30 - - [05/May/2025:15:44:32 +0300] "GET /en/urun-kategori/glass-joint-joint-laths?path=/home/bmofiscom/public_html/wp-admin HTTP/2" 200 5637 "-" "Mozilla/5.0 (compatible; AhrefsBot/7.0; +http://ahrefs.com/robot/)"
45.84.191.11 - - [05/May/2025:15:44:35 +0300] "POST /wp-admin/admin-ajax.php?action=async_litespeed&nonce=X08zYdIu25hHT5N4ROTndmyXCXyTVkVt&litespeed_type=imgoptm HTTP/1.1" 200 5653 "-" "WordPress/6.5.5; https://www.bmofis.com"
52.167.144.138 - - [05/May/2025:15:44:42 +0300] "GET /urun/hidrolik-sistemler/hidrolik-dus-sistemleri/sauna-buhar-odasi-cozumleri-hidrolik-dus-sistemleri/kbt8061-buhar-odalari-ve-hamamlar-icin-hidrolik-set/teklif-al?b=bmo251c69800479-what-does-vssl-stand-for HTTP/2" 403 1242 "-" "Mozilla/5.0 AppleWebKit/537.36 (KHTML, like Gecko; compatible; bingbot/2.0; +http://www.bing.com/bingbot.htm) Chrome/116.0.1938.76 Safari/537.36"
52.14.133.33 - - [05/May/2025:15:44:49 +0300] "GET /?filesrc=%2Fhome%2Fbmofiscom%2Fpublic_html%2Fwp-includes%2Fplugin.php&path=%2Fhome%2Fbmofiscom%2Fpublic_html%2Fwp-includes HTTP/2" 200 9558 "-" "Mozilla/5.0 AppleWebKit/537.36 (KHTML, like Gecko; compatible; ClaudeBot/1.0; +claudebot@anthropic.com)"
52.14.133.33 - - [05/May/2025:15:44:49 +0300] "GET /?filesrc=%2Fhome%2Fbmofiscom%2Fpublic_html%2Fwp-includes%2Fclass-wp-user.php&path=%2Fhome%2Fbmofiscom%2Fpublic_html%2Fwp-includes HTTP/2" 200 8001 "-" "Mozilla/5.0 AppleWebKit/537.36 (KHTML, like Gecko; compatible; ClaudeBot/1.0; +claudebot@anthropic.com)"
52.14.133.33 - - [05/May/2025:15:44:49 +0300] "GET /?filesrc=%2Fhome%2Fbmofiscom%2Fpublic_html%2Fwp-includes%2Fclass-wp-block-list.php&path=%2Fhome%2Fbmofiscom%2Fpublic_html%2Fwp-includes HTTP/2" 200 3178 "-" "Mozilla/5.0 AppleWebKit/537.36 (KHTML, like Gecko; compatible; ClaudeBot/1.0; +claudebot@anthropic.com)"
52.14.133.33 - - [05/May/2025:15:44:49 +0300] "GET /?filesrc=%2Fhome%2Fbmofiscom%2Fpublic_html%2Fwp-includes%2Fclass-wp-block.php&path=%2Fhome%2Fbmofiscom%2Fpublic_html%2Fwp-includes HTTP/2" 200 6590 "-" "Mozilla/5.0 AppleWebKit/537.36 (KHTML, like Gecko; compatible; ClaudeBot/1.0; +claudebot@anthropic.com)"
52.14.133.33 - - [05/May/2025:15:44:49 +0300] "GET /?filesrc=%2Fhome%2Fbmofiscom%2Fpublic_html%2Fwp-includes%2Fclass-wp-error.php&path=%2Fhome%2Fbmofiscom%2Fpublic_html%2Fwp-includes HTTP/2" 200 3940 "-" "Mozilla/5.0 AppleWebKit/537.36 (KHTML, like Gecko; compatible; ClaudeBot/1.0; +claudebot@anthropic.com)"
52.14.133.33 - - [05/May/2025:15:44:50 +0300] "GET /?filesrc=%2Fhome%2Fbmofiscom%2Fpublic_html%2Fwp-includes%2Fclass-wp-scripts.php&path=%2Fhome%2Fbmofiscom%2Fpublic_html%2Fwp-includes HTTP/2" 200 8944 "-" "Mozilla/5.0 AppleWebKit/537.36 (KHTML, like Gecko; compatible; ClaudeBot/1.0; +claudebot@anthropic.com)"
52.14.133.33 - - [05/May/2025:15:44:50 +0300] "GET /?filesrc=%2Fhome%2Fbmofiscom%2Fpublic_html%2Fwp-includes%2Fms-default-constants.php&path=%2Fhome%2Fbmofiscom%2Fpublic_html%2Fwp-includes HTTP/2" 200 3635 "-" "Mozilla/5.0 AppleWebKit/537.36 (KHTML, like Gecko; compatible; ClaudeBot/1.0; +claudebot@anthropic.com)"
52.167.144.138 - - [05/May/2025:15:45:02 +0300] "GET /urun/hidrolik-sistemler/hidrolik-dus-sistemleri/sauna-buhar-odasi-cozumleri-hidrolik-dus-sistemleri/kbt8061-buhar-odalari-ve-hamamlar-icin-hidrolik-set/teklif-al?b=bmo251c9502166-adidas-outdoor-terrex-swift-r-mid HTTP/2" 403 1242 "-" "Mozilla/5.0 AppleWebKit/537.36 (KHTML, like Gecko; compatible; bingbot/2.0; +http://www.bing.com/bingbot.htm) Chrome/116.0.1938.76 Safari/537.36"
52.167.144.138 - - [05/May/2025:15:45:42 +0300] "GET /urun/standart-cozumler/dus-sistemleri-standart-cozumler/piuma-surme-dus-sistemi/piuma-cift-kanatli-surme-kose-dus-sistemi/teklif-al?b=bmo251c33600063-kapten-en-son HTTP/2" 403 1242 "-" "Mozilla/5.0 AppleWebKit/537.36 (KHTML, like Gecko; compatible; bingbot/2.0; +http://www.bing.com/bingbot.htm) Chrome/116.0.1938.76 Safari/537.36"
54.36.148.160 - - [05/May/2025:15:45:46 +0300] "GET /en/urun-kategori/glass-joint-joint-laths?path=/home/bmofiscom/public_html/wp-content HTTP/2" 200 2800 "-" "Mozilla/5.0 (compatible; AhrefsBot/7.0; +http://ahrefs.com/robot/)"
52.167.144.138 - - [05/May/2025:15:46:02 +0300] "GET /katalog/dus-kabini-aksesuarlari/yayli-menteseler/8560-dus-kabinler-icin-yayli-mentese-sadece-acmak-icin-cekin-0-90%E2%80%99da-durur-/1/149.aspx?b=bmo251c1500472-who-owns-lacoste HTTP/2" 403 1242 "-" "Mozilla/5.0 AppleWebKit/537.36 (KHTML, like Gecko; compatible; bingbot/2.0; +http://www.bing.com/bingbot.htm) Chrome/116.0.1938.76 Safari/537.36"
45.84.191.11 - - [05/May/2025:15:46:14 +0300] "POST /wp-cron.php?doing_wp_cron=1746449174.6960411071777343750000 HTTP/1.1" 200 0 "-" "WordPress/6.5.5; https://www.bmofis.com"
18.222.177.138 - - [05/May/2025:15:46:13 +0300] "GET /?filesrc=%2Fhome%2Fbmofiscom%2Fpublic_html%2Fwp-includes%2Fclass-wp-user-query.php&path=%2Fhome%2Fbmofiscom%2Fpublic_html%2Fwp-includes HTTP/2" 200 11993 "-" "Mozilla/5.0 AppleWebKit/537.36 (KHTML, like Gecko; compatible; ClaudeBot/1.0; +claudebot@anthropic.com)"
18.222.177.138 - - [05/May/2025:15:46:13 +0300] "GET /?filesrc=%2Fhome%2Fbmofiscom%2Fpublic_html%2Fwp-includes%2Fclass-wp-http-requests-response.php&path=%2Fhome%2Fbmofiscom%2Fpublic_html%2Fwp-includes HTTP/2" 200 3274 "-" "Mozilla/5.0 AppleWebKit/537.36 (KHTML, like Gecko; compatible; ClaudeBot/1.0; +claudebot@anthropic.com)"
18.222.177.138 - - [05/May/2025:15:46:13 +0300] "GET /?filesrc=%2Fhome%2Fbmofiscom%2Fpublic_html%2Fwp-includes%2Fclass-wp-http-requests-hooks.php&path=%2Fhome%2Fbmofiscom%2Fpublic_html%2Fwp-includes HTTP/2" 200 2830 "-" "Mozilla/5.0 AppleWebKit/537.36 (KHTML, like Gecko; compatible; ClaudeBot/1.0; +claudebot@anthropic.com)"
52.167.144.138 - - [05/May/2025:15:44:22 +0300] "GET /urun/standart-cozumler/dus-sistemleri-standart-cozumler/piuma-surme-dus-sistemi/piuma-cift-kanatli-surme-kose-dus-sistemi/teklif-al?b=bmo251c52469385 HTTP/2" 403 1242 "-" "Mozilla/5.0 AppleWebKit/537.36 (KHTML, like Gecko; compatible; bingbot/2.0; +http://www.bing.com/bingbot.htm) Chrome/116.0.1938.76 Safari/537.36"
45.84.191.11 - - [05/May/2025:15:44:33 +0300] "POST /wp-cron.php?doing_wp_cron=1746449073.6695239543914794921875 HTTP/1.1" 200 0 "-" "WordPress/6.5.5; https://www.bmofis.com"
52.167.144.138 - - [05/May/2025:15:45:22 +0300] "GET /urun/pcc17-3-iki-yollu-aluminyum-birlesim-profili-8-1238mm/?b=bmo251c39600305-how-to-make-manduka-mat-not-slippery HTTP/2" 403 1242 "-" "Mozilla/5.0 AppleWebKit/537.36 (KHTML, like Gecko; compatible; bingbot/2.0; +http://www.bing.com/bingbot.htm) Chrome/116.0.1938.76 Safari/537.36"
45.84.191.11 - - [05/May/2025:15:45:47 +0300] "POST /wp-cron.php?doing_wp_cron=1746449147.2228798866271972656250 HTTP/1.1" 200 0 "-" "WordPress/6.5.5; https://www.bmofis.com"
45.84.191.11 - - [05/May/2025:15:45:48 +0300] "POST /wp-admin/admin-ajax.php?action=async_litespeed&nonce=TOwzdz8TCjgIY7FL0fCcF2w4LSwOorBM&litespeed_type=imgoptm HTTP/1.1" 200 5610 "-" "WordPress/6.5.5; https://www.bmofis.com"
45.84.191.11 - - [05/May/2025:15:46:14 +0300] "POST /wp-cron.php?doing_wp_cron=1746449174.6960029602050781250000 HTTP/1.1" 200 0 "-" "WordPress/6.5.5; https://www.bmofis.com"
52.167.144.138 - - [05/May/2025:15:46:16 +0300] "GET /en/urun-kategori/standart-cozumler/ofis-bolme-sistemleri/?b=bmo251c5500067-wilson-blade HTTP/2" 403 1242 "-" "Mozilla/5.0 AppleWebKit/537.36 (KHTML, like Gecko; compatible; bingbot/2.0; +http://www.bing.com/bingbot.htm) Chrome/116.0.1938.76 Safari/537.36"
45.84.191.11 - - [05/May/2025:15:46:16 +0300] "POST /wp-admin/admin-ajax.php?action=async_litespeed&nonce=2kUxyV08Q9SofzYHRoO43mikSEwP2duA&litespeed_type=imgoptm HTTP/1.1" 200 5610 "-" "WordPress/6.5.5; https://www.bmofis.com"
52.167.144.138 - - [05/May/2025:15:46:23 +0300] "GET /urun/standart-cozumler/ofis-bolme-sistemleri/cam-birlesim-derz-citalari/pcc17-3-iki-yollu-aluminyum-birlesim-profili-8-1238mm/?b=bmo251c45000307-dvf-x-onia-swim HTTP/2" 403 1242 "-" "Mozilla/5.0 AppleWebKit/537.36 (KHTML, like Gecko; compatible; bingbot/2.0; +http://www.bing.com/bingbot.htm) Chrome/116.0.1938.76 Safari/537.36"
66.249.66.1 - - [05/May/2025:15:46:58 +0300] "GET /?b=1207515 HTTP/1.1" 403 1242 "-" "Mozilla/5.0 (Linux; Android 6.0.1; Nexus 5X Build/MMB29P) AppleWebKit/537.36 (KHTML, like Gecko) Chrome/135.0.7049.95 Mobile Safari/537.36 (compatible; Googlebot/2.1; +http://www.google.com/bot.html)"
54.36.149.6 - - [05/May/2025:15:46:57 +0300] "GET /en/urun-kategori/glass-joint-joint-laths?path=/home/bmofiscom/public_html/wp-includes HTTP/2" 200 10757 "-" "Mozilla/5.0 (compatible; AhrefsBot/7.0; +http://ahrefs.com/robot/)"
52.167.144.138 - - [05/May/2025:15:47:02 +0300] "GET /urun/hidrolik-sistemler/hidrolik-dus-sistemleri/sauna-buhar-odasi-cozumleri-hidrolik-dus-sistemleri/kbt8061-buhar-odalari-ve-hamamlar-icin-hidrolik-set/teklif-al?b=bmo251c9001811-puma-lamelo-basketball-shoes HTTP/2" 403 1242 "-" "Mozilla/5.0 AppleWebKit/537.36 (KHTML, like Gecko; compatible; bingbot/2.0; +http://www.bing.com/bingbot.htm) Chrome/116.0.1938.76 Safari/537.36"
95.108.213.140 - - [05/May/2025:15:47:37 +0300] "GET /en/urun-kategori/standard-solutions/ HTTP/1.1" 200 19776 "-" "Mozilla/5.0 (compatible; YandexBot/3.0; +http://yandex.com/bots)"
52.167.144.191 - - [05/May/2025:15:47:42 +0300] "GET /urun/hidrolik-sistemler/hidrolik-dis-kapi-sistemleri/menteseler-hidrolik-dis-kapi-sistemleri/triloba-150kg-kapasiteli-hidrolik-mentese-alt-mentese/teklif-al?b=bmo251c49801428-dr-brandt-pores-no-more-cream HTTP/2" 403 1242 "-" "Mozilla/5.0 AppleWebKit/537.36 (KHTML, like Gecko; compatible; bingbot/2.0; +http://www.bing.com/bingbot.htm) Chrome/116.0.1938.76 Safari/537.36"
45.84.191.11 - - [05/May/2025:15:47:50 +0300] "POST /wp-cron.php?doing_wp_cron=1746449270.3489649295806884765625 HTTP/1.1" 200 0 "-" "WordPress/6.5.5; https://www.bmofis.com"
18.116.47.33 - - [05/May/2025:15:47:47 +0300] "GET /?filesrc=%2Fhome%2Fbmofiscom%2Fpublic_html%2Fwp-includes%2Fclass-wp-embed.php&path=%2Fhome%2Fbmofiscom%2Fpublic_html%2Fwp-includes HTTP/2" 200 6925 "-" "Mozilla/5.0 AppleWebKit/537.36 (KHTML, like Gecko; compatible; ClaudeBot/1.0; +claudebot@anthropic.com)"
18.116.47.33 - - [05/May/2025:15:47:47 +0300] "GET /?filesrc=%2Fhome%2Fbmofiscom%2Fpublic_html%2Fwp-includes%2Fdefault-constants.php&path=%2Fhome%2Fbmofiscom%2Fpublic_html%2Fwp-includes HTTP/2" 200 5034 "-" "Mozilla/5.0 AppleWebKit/537.36 (KHTML, like Gecko; compatible; ClaudeBot/1.0; +claudebot@anthropic.com)"
18.116.47.33 - - [05/May/2025:15:47:47 +0300] "GET /?filesrc=%2Fhome%2Fbmofiscom%2Fpublic_html%2Fwp-admin%2Fadmin-functions.php&path=%2Fhome%2Fbmofiscom%2Fpublic_html%2Fwp-admin HTTP/2" 200 2198 "-" "Mozilla/5.0 AppleWebKit/537.36 (KHTML, like Gecko; compatible; ClaudeBot/1.0; +claudebot@anthropic.com)"
18.116.47.33 - - [05/May/2025:15:47:48 +0300] "GET /?filesrc=%2Fhome%2Fbmofiscom%2Fpublic_html%2Fwp-includes%2Fclass-wp-image-editor-imagick.php&path=%2Fhome%2Fbmofiscom%2Fpublic_html%2Fwp-includes HTTP/2" 200 11248 "-" "Mozilla/5.0 AppleWebKit/537.36 (KHTML, like Gecko; compatible; ClaudeBot/1.0; +claudebot@anthropic.com)"
18.116.47.33 - - [05/May/2025:15:47:48 +0300] "GET /?filesrc=%2Fhome%2Fbmofiscom%2Fpublic_html%2Fwp-includes%2Fclass.wp-styles.php&path=%2Fhome%2Fbmofiscom%2Fpublic_html%2Fwp-includes HTTP/2" 200 2192 "-" "Mozilla/5.0 AppleWebKit/537.36 (KHTML, like Gecko; compatible; ClaudeBot/1.0; +claudebot@anthropic.com)"
18.116.47.33 - - [05/May/2025:15:47:50 +0300] "GET /?filesrc=%2Fhome%2Fbmofiscom%2Fpublic_html%2Fwp-includes%2Fwidgets.php&path=%2Fhome%2Fbmofiscom%2Fpublic_html%2Fwp-includes HTTP/2" 200 18603 "-" "Mozilla/5.0 AppleWebKit/537.36 (KHTML, like Gecko; compatible; ClaudeBot/1.0; +claudebot@anthropic.com)"
18.116.47.33 - - [05/May/2025:15:47:50 +0300] "GET /?filesrc=%2Fhome%2Fbmofiscom%2Fpublic_html%2Fwp-includes%2Fhttps-detection.php&path=%2Fhome%2Fbmofiscom%2Fpublic_html%2Fwp-includes HTTP/2" 200 3901 "-" "Mozilla/5.0 AppleWebKit/537.36 (KHTML, like Gecko; compatible; ClaudeBot/1.0; +claudebot@anthropic.com)"
45.84.191.11 - - [05/May/2025:15:47:51 +0300] "POST /wp-admin/admin-ajax.php?action=async_litespeed&nonce=ae4nxoXrcmREZAdZ3TA3oSFnBQMT246N&litespeed_type=imgoptm HTTP/1.1" 200 5610 "-" "WordPress/6.5.5; https://www.bmofis.com"
54.36.148.124 - - [05/May/2025:15:48:09 +0300] "GET /urun/hidrolik-cozumler/hidrolik-dis-kapi-sistemleri/menteseler-hidrolik-dis-kapi-sistemleri/biloba-evo-hidrolik-cam-kapi-mentesesi-cam-cama-90da-durmaz/teklif-al?filesrc=/home/bmofiscom/public_html/wp-includes/admin-bar.php&path=/home/bmofiscom/public_html/wp-includes HTTP/2" 200 10693 "-" "Mozilla/5.0 (compatible; AhrefsBot/7.0; +http://ahrefs.com/robot/)"
45.84.191.11 - - [05/May/2025:15:48:11 +0300] "POST /wp-admin/admin-ajax.php?action=async_litespeed&nonce=VctTppMoYGUMLm1SnnbZLgAxawKvsPyf&litespeed_type=imgoptm HTTP/1.1" 200 5610 "-" "WordPress/6.5.5; https://www.bmofis.com"
66.249.66.1 - - [05/May/2025:15:48:22 +0300] "GET /?b=196311515 HTTP/1.1" 403 1242 "-" "Mozilla/5.0 (Linux; Android 6.0.1; Nexus 5X Build/MMB29P) AppleWebKit/537.36 (KHTML, like Gecko) Chrome/136.0.7103.59 Mobile Safari/537.36 (compatible; Googlebot/2.1; +http://www.google.com/bot.html)"
52.167.144.191 - - [05/May/2025:15:48:22 +0300] "GET /urun/hidrolik-sistemler/hidrolik-dus-sistemleri/hidrolik-dus-kabini/slash-hidrolik-dus-kabini-iki-sabit-cam-arasi-bir-kanat-bir-sabit/teklif-al?b=bmo251c71400320-yosi-samra-ballet-flat-blue-girls HTTP/2" 403 1242 "-" "Mozilla/5.0 AppleWebKit/537.36 (KHTML, like Gecko; compatible; bingbot/2.0; +http://www.bing.com/bingbot.htm) Chrome/116.0.1938.76 Safari/537.36"
18.222.177.138 - - [05/May/2025:15:46:13 +0300] "GET /?filesrc=%2Fhome%2Fbmofiscom%2Fpublic_html%2Fwp-includes%2Fdefault-widgets.php&path=%2Fhome%2Fbmofiscom%2Fpublic_html%2Fwp-includes HTTP/2" 200 2399 "-" "Mozilla/5.0 AppleWebKit/537.36 (KHTML, like Gecko; compatible; ClaudeBot/1.0; +claudebot@anthropic.com)"
18.222.177.138 - - [05/May/2025:15:46:13 +0300] "GET /?filesrc=%2Fhome%2Fbmofiscom%2Fpublic_html%2Fwp-includes%2Fclass-wp-dependency.php&path=%2Fhome%2Fbmofiscom%2Fpublic_html%2Fwp-includes HTTP/2" 200 2892 "-" "Mozilla/5.0 AppleWebKit/537.36 (KHTML, like Gecko; compatible; ClaudeBot/1.0; +claudebot@anthropic.com)"
18.222.177.138 - - [05/May/2025:15:46:14 +0300] "GET /?filesrc=%2Fhome%2Fbmofiscom%2Fpublic_html%2Fwp-admin%2Fplugin-editor.php&path=%2Fhome%2Fbmofiscom%2Fpublic_html%2Fwp-admin HTTP/2" 200 6897 "-" "Mozilla/5.0 AppleWebKit/537.36 (KHTML, like Gecko; compatible; ClaudeBot/1.0; +claudebot@anthropic.com)"
18.222.177.138 - - [05/May/2025:15:46:15 +0300] "GET /?filesrc=%2Fhome%2Fbmofiscom%2Fpublic_html%2Fwp-includes%2Ffeed-rss.php&path=%2Fhome%2Fbmofiscom%2Fpublic_html%2Fwp-includes HTTP/2" 200 2619 "-" "Mozilla/5.0 AppleWebKit/537.36 (KHTML, like Gecko; compatible; ClaudeBot/1.0; +claudebot@anthropic.com)"
52.167.144.138 - - [05/May/2025:15:46:42 +0300] "GET /urun/standart-cozumler/kol-ve-kilitler/cam-kapi-kilitleri/685w30-kirmizi-yesil-gostergeli-wc-kilidi/teklif-al?b=bmo251c50500467-how-to-date-a-military-foot-locker HTTP/2" 403 1242 "-" "Mozilla/5.0 AppleWebKit/537.36 (KHTML, like Gecko; compatible; bingbot/2.0; +http://www.bing.com/bingbot.htm) Chrome/116.0.1938.76 Safari/537.36"
213.180.203.247 - - [05/May/2025:15:46:48 +0300] "GET /robots.txt HTTP/1.1" 200 111 "-" "Mozilla/5.0 (compatible; YandexBot/3.0; +http://yandex.com/bots)"
5.255.231.86 - - [05/May/2025:15:46:49 +0300] "GET /en/urun-kategori/standard-solutions/feed/ HTTP/1.1" 200 2517 "-" "Mozilla/5.0 (compatible; YandexBot/3.0; +http://yandex.com/bots)"
52.167.144.191 - - [05/May/2025:15:47:22 +0300] "GET /urun/standart-cozumler/dus-sistemleri-standart-cozumler/piuma-surme-dus-sistemi/piuma-cift-kanatli-surme-kose-dus-sistemi/teklif-al?b=bmo251c65200224-accuweather-toms-river-nj HTTP/2" 403 1242 "-" "Mozilla/5.0 AppleWebKit/537.36 (KHTML, like Gecko; compatible; bingbot/2.0; +http://www.bing.com/bingbot.htm) Chrome/116.0.1938.76 Safari/537.36"
52.167.144.191 - - [05/May/2025:15:48:02 +0300] "GET /urun/standart-cozumler/dus-sistemleri-standart-cozumler/topuz-ve-kollar-dus-sistemleri-standart-cozumler/5q12-kapi-kolu/teklif-al?b=bmo251c60702386-southern-tide-market-street HTTP/2" 403 1242 "-" "Mozilla/5.0 AppleWebKit/537.36 (KHTML, like Gecko; compatible; bingbot/2.0; +http://www.bing.com/bingbot.htm) Chrome/116.0.1938.76 Safari/537.36"
45.84.191.11 - - [05/May/2025:15:48:10 +0300] "POST /wp-cron.php?doing_wp_cron=1746449290.5209159851074218750000 HTTP/1.1" 200 0 "-" "WordPress/6.5.5; https://www.bmofis.com"
114.119.137.85 - - [05/May/2025:15:48:53 +0300] "GET /en/urun-kategori/shower-systems?b=bmo251c30700277-j-slides-daphnie HTTP/1.1" 403 1242 "https://www.bmofis.com/en/urun-kategori/shower-systems?b=bmo251c30679321" "Mozilla/5.0 (Linux; Android 7.0;) AppleWebKit/537.36 (KHTML, like Gecko) Mobile Safari/537.36 (compatible; PetalBot;+https://webmaster.petalsearch.com/site/petalbot)"
52.167.144.191 - - [05/May/2025:15:49:03 +0300] "GET /katalog/cam-kapi-menteseleri-ic/hidrolik-menteseler/8011-tek-yonlu-baglanti-plakasina-sahip-kapinin-kapanis-hizini-ayarlayabilen-hidrolik-mentese-0-90-90-lerde-du/1/247.aspx?b=bmo251c44300306-nurse-mates-fenton HTTP/2" 403 1242 "-" "Mozilla/5.0 AppleWebKit/537.36 (KHTML, like Gecko; compatible; bingbot/2.0; +http://www.bing.com/bingbot.htm) Chrome/116.0.1938.76 Safari/537.36"
52.167.144.191 - - [05/May/2025:15:49:23 +0300] "GET /katalog/cam-kapi-menteseleri-ic/hidrolik-menteseler/8011-tek-yonlu-baglanti-plakasina-sahip-kapinin-kapanis-hizini-ayarlayabilen-hidrolik-mentese-0-90-90-lerde-du/1/247.aspx?b=bmo251c25100212-the-lord-will-not-forsake-you HTTP/2" 403 1242 "-" "Mozilla/5.0 AppleWebKit/537.36 (KHTML, like Gecko; compatible; bingbot/2.0; +http://www.bing.com/bingbot.htm) Chrome/116.0.1938.76 Safari/537.36"
45.84.191.11 - - [05/May/2025:15:49:23 +0300] "POST /wp-admin/admin-ajax.php?action=async_litespeed&nonce=bCZdAGc3nbMzcIc6KHXPLzZN2qGEKS9m&litespeed_type=imgoptm HTTP/1.1" 200 5610 "-" "WordPress/6.5.5; https://www.bmofis.com"
3.147.45.232 - - [05/May/2025:15:49:33 +0300] "GET /?filesrc=%2Fhome%2Fbmofiscom%2Fpublic_html%2Fwp-includes%2Fclass-wp-customize-widgets.php&path=%2Fhome%2Fbmofiscom%2Fpublic_html%2Fwp-includes HTTP/2" 200 19139 "-" "Mozilla/5.0 AppleWebKit/537.36 (KHTML, like Gecko; compatible; ClaudeBot/1.0; +claudebot@anthropic.com)"
3.147.45.232 - - [05/May/2025:15:49:33 +0300] "GET /?filesrc=%2Fhome%2Fbmofiscom%2Fpublic_html%2Fwp-admin%2Fadmin-header.php&path=%2Fhome%2Fbmofiscom%2Fpublic_html%2Fwp-admin HTTP/2" 200 5009 "-" "Mozilla/5.0 AppleWebKit/537.36 (KHTML, like Gecko; compatible; ClaudeBot/1.0; +claudebot@anthropic.com)"
3.147.45.232 - - [05/May/2025:15:49:33 +0300] "GET /?filesrc=%2Fhome%2Fbmofiscom%2Fpublic_html%2Fwp-includes%2Fclass-wp-network-query.php&path=%2Fhome%2Fbmofiscom%2Fpublic_html%2Fwp-includes HTTP/2" 200 6990 "-" "Mozilla/5.0 AppleWebKit/537.36 (KHTML, like Gecko; compatible; ClaudeBot/1.0; +claudebot@anthropic.com)"
3.147.45.232 - - [05/May/2025:15:49:33 +0300] "GET /?filesrc=%2Fhome%2Fbmofiscom%2Fpublic_html%2Fwp-includes%2Fuser.php&path=%2Fhome%2Fbmofiscom%2Fpublic_html%2Fwp-includes HTTP/2" 200 39622 "-" "Mozilla/5.0 AppleWebKit/537.36 (KHTML, like Gecko; compatible; ClaudeBot/1.0; +claudebot@anthropic.com)"
3.147.45.232 - - [05/May/2025:15:49:33 +0300] "GET /?filesrc=%2Fhome%2Fbmofiscom%2Fpublic_html%2Fwp-includes%2Ftemplate-loader.php&path=%2Fhome%2Fbmofiscom%2Fpublic_html%2Fwp-includes HTTP/2" 200 3086 "-" "Mozilla/5.0 AppleWebKit/537.36 (KHTML, like Gecko; compatible; ClaudeBot/1.0; +claudebot@anthropic.com)"
3.147.45.232 - - [05/May/2025:15:49:35 +0300] "GET /?filesrc=%2Fhome%2Fbmofiscom%2Fpublic_html%2Fwp-includes%2Fclass-http.php&path=%2Fhome%2Fbmofiscom%2Fpublic_html%2Fwp-includes HTTP/2" 200 2216 "-" "Mozilla/5.0 AppleWebKit/537.36 (KHTML, like Gecko; compatible; ClaudeBot/1.0; +claudebot@anthropic.com)"
3.147.45.232 - - [05/May/2025:15:49:35 +0300] "GET /?filesrc=%2Fhome%2Fbmofiscom%2Fpublic_html%2Fwp-includes%2Fclass-wp-http-ixr-client.php&path=%2Fhome%2Fbmofiscom%2Fpublic_html%2Fwp-includes HTTP/2" 200 3423 "-" "Mozilla/5.0 AppleWebKit/537.36 (KHTML, like Gecko; compatible; ClaudeBot/1.0; +claudebot@anthropic.com)"
52.167.144.191 - - [05/May/2025:15:49:42 +0300] "GET /uygulamalar/dus-kabini-aksesuarlari/nis-uygulamalar-icin-dus-teknesi-ebadi-/coleman-system/4/86.aspx?b=bmo251c43000246-how-to-descale-nespresso-vertuo-next HTTP/2" 403 1242 "-" "Mozilla/5.0 AppleWebKit/537.36 (KHTML, like Gecko; compatible; bingbot/2.0; +http://www.bing.com/bingbot.htm) Chrome/116.0.1938.76 Safari/537.36"
52.167.144.191 - - [05/May/2025:15:50:42 +0300] "GET /urun/hidrolik-sistemler/hidrolik-dus-sistemleri/sauna-buhar-odasi-cozumleri-hidrolik-dus-sistemleri/kbt8061-buhar-odalari-ve-hamamlar-icin-hidrolik-set/teklif-al?b=bmo251c53100117-marks-and-spencer-chocolates HTTP/2" 403 1242 "-" "Mozilla/5.0 AppleWebKit/537.36 (KHTML, like Gecko; compatible; bingbot/2.0; +http://www.bing.com/bingbot.htm) Chrome/116.0.1938.76 Safari/537.36"
45.84.191.11 - - [05/May/2025:15:50:43 +0300] "POST /wp-cron.php?doing_wp_cron=1746449443.9390270709991455078125 HTTP/1.1" 200 0 "-" "WordPress/6.5.5; https://www.bmofis.com"
95.108.213.112 - - [05/May/2025:15:50:53 +0300] "GET /wp-json/oembed/1.0/imageurl%7D?b=bmo251c51400455-phillips-hue-light-bulbs HTTP/1.1" 403 1242 "-" "Mozilla/5.0 (compatible; YandexBot/3.0; +http://yandex.com/bots)"
52.167.144.191 - - [05/May/2025:15:48:42 +0300] "GET /urun/standart-cozumler/dus-sistemleri-standart-cozumler/topuz-ve-kollar-dus-sistemleri-standart-cozumler/5q12-kapi-kolu/teklif-al?b=bmo251c67300289-nude-pics-of-united-states-air-force-wormen HTTP/2" 403 1242 "-" "Mozilla/5.0 AppleWebKit/537.36 (KHTML, like Gecko; compatible; bingbot/2.0; +http://www.bing.com/bingbot.htm) Chrome/116.0.1938.76 Safari/537.36"
45.84.191.11 - - [05/May/2025:15:49:22 +0300] "POST /wp-cron.php?doing_wp_cron=1746449362.5409569740295410156250 HTTP/1.1" 200 0 "-" "WordPress/6.5.5; https://www.bmofis.com"
54.36.149.66 - - [05/May/2025:15:49:21 +0300] "GET /urun/hidrolik-cozumler/hidrolik-dis-kapi-sistemleri/menteseler-hidrolik-dis-kapi-sistemleri/biloba-evo-hidrolik-cam-kapi-mentesesi-cam-cama-90da-durmaz/teklif-al?filesrc=/home/bmofiscom/public_html/wp-includes/atomlib.php&path=/home/bmofiscom/public_html/wp-includes HTTP/2" 200 5459 "-" "Mozilla/5.0 (compatible; AhrefsBot/7.0; +http://ahrefs.com/robot/)"
52.167.144.191 - - [05/May/2025:15:50:02 +0300] "GET /urun/hidrolik-sistemler/hidrolik-dus-sistemleri/hidrolik-dus-kabini/slash-hidrolik-dus-kabini-duvar-ve-sabit-cam-arasi-kose-seti-tek-kanat/teklif-al?b=bmo251c34628278-start-em-sit-em-week-3-nfl-kickers HTTP/2" 403 1242 "-" "Mozilla/5.0 AppleWebKit/537.36 (KHTML, like Gecko; compatible; bingbot/2.0; +http://www.bing.com/bingbot.htm) Chrome/116.0.1938.76 Safari/537.36"
52.167.144.191 - - [05/May/2025:15:50:22 +0300] "GET /urun/hidrolik-sistemler/hidrolik-dis-kapi-sistemleri/menteseler-hidrolik-dis-kapi-sistemleri/triloba-150kg-kapasiteli-hidrolik-mentese-alt-mentese/teklif-al?b=bmo251c4626164 HTTP/2" 403 1242 "-" "Mozilla/5.0 AppleWebKit/537.36 (KHTML, like Gecko; compatible; bingbot/2.0; +http://www.bing.com/bingbot.htm) Chrome/116.0.1938.76 Safari/537.36"
54.36.148.151 - - [05/May/2025:15:50:42 +0300] "GET /urun/hidrolik-cozumler/hidrolik-dis-kapi-sistemleri/menteseler-hidrolik-dis-kapi-sistemleri/biloba-evo-hidrolik-cam-kapi-mentesesi-cam-cama-90da-durmaz/teklif-al?filesrc=/home/bmofiscom/public_html/wp-includes/author-template.php&path=/home/bmofiscom/public_html/wp-includes HTTP/2" 200 7307 "-" "Mozilla/5.0 (compatible; AhrefsBot/7.0; +http://ahrefs.com/robot/)"
45.84.191.11 - - [05/May/2025:15:50:45 +0300] "POST /wp-admin/admin-ajax.php?action=async_litespeed&nonce=AHtN37CSspLFPi7fIlvjDl4tQ7QSxpgj&litespeed_type=imgoptm HTTP/1.1" 200 5610 "-" "WordPress/6.5.5; https://www.bmofis.com"
5.255.231.76 - - [05/May/2025:15:51:00 +0300] "GET /wp-json/oembed/1.0/embed?b=bmo251c57400333-b%C3%B6rje-salming-net-worth HTTP/1.1" 403 1242 "-" "Mozilla/5.0 (compatible; YandexBot/3.0; +http://yandex.com/bots)"
45.84.191.11 - - [05/May/2025:15:51:14 +0300] "POST /wp-cron.php?doing_wp_cron=1746449474.5262041091918945312500 HTTP/1.1" 200 0 "-" "WordPress/6.5.5; https://www.bmofis.com"
45.84.191.11 - - [05/May/2025:15:51:14 +0300] "POST /wp-cron.php?doing_wp_cron=1746449474.5287580490112304687500 HTTP/1.1" 200 0 "-" "WordPress/6.5.5; https://www.bmofis.com"
18.217.150.104 - - [05/May/2025:15:51:13 +0300] "GET /?filesrc=%2Fhome%2Fbmofiscom%2Fpublic_html%2Fwp-includes%2Fclass-wp-widget.php&path=%2Fhome%2Fbmofiscom%2Fpublic_html%2Fwp-includes HTTP/2" 200 6633 "-" "Mozilla/5.0 AppleWebKit/537.36 (KHTML, like Gecko; compatible; ClaudeBot/1.0; +claudebot@anthropic.com)"
18.217.150.104 - - [05/May/2025:15:51:13 +0300] "GET /?filesrc=%2Fhome%2Fbmofiscom%2Fpublic_html%2Fwp-includes%2Fstyle-engine.php&path=%2Fhome%2Fbmofiscom%2Fpublic_html%2Fwp-includes HTTP/2" 200 3964 "-" "Mozilla/5.0 AppleWebKit/537.36 (KHTML, like Gecko; compatible; ClaudeBot/1.0; +claudebot@anthropic.com)"
18.217.150.104 - - [05/May/2025:15:51:13 +0300] "GET /?filesrc=%2Fhome%2Fbmofiscom%2Fpublic_html%2Fwp-includes%2Fclass-wp-http.php&path=%2Fhome%2Fbmofiscom%2Fpublic_html%2Fwp-includes HTTP/2" 200 13512 "-" "Mozilla/5.0 AppleWebKit/537.36 (KHTML, like Gecko; compatible; ClaudeBot/1.0; +claudebot@anthropic.com)"
54.36.149.83 - - [05/May/2025:15:50:53 +0300] "GET /SFolder/Kategori/Resim/724R1.png HTTP/2" 200 4276 "-" "Mozilla/5.0 (compatible; AhrefsBot/7.0; +http://ahrefs.com/robot/)"
77.94.131.234 - - [05/May/2025:15:50:54 +0300] "GET /wp-content/uploads/2019/05/446W50.pdf HTTP/2" 200 92080 "https://www.google.com/" "Mozilla/5.0 (Windows NT 10.0; Win64; x64) AppleWebKit/537.36 (KHTML, like Gecko) Chrome/135.0.0.0 Safari/537.36"
77.94.131.234 - - [05/May/2025:15:50:54 +0300] "GET /favicon.ico HTTP/2" 404 1251 "https://www.bmofis.com/wp-content/uploads/2019/05/446W50.pdf" "Mozilla/5.0 (Windows NT 10.0; Win64; x64) AppleWebKit/537.36 (KHTML, like Gecko) Chrome/135.0.0.0 Safari/537.36"
52.167.144.191 - - [05/May/2025:15:51:02 +0300] "GET /urun/standart-cozumler/kol-ve-kilitler/cam-kapi-kilitleri/685w30-kirmizi-yesil-gostergeli-wc-kilidi/teklif-al?b=bmo251c45223840-whats-te-difference-between-oof-and-doof HTTP/2" 403 1242 "-" "Mozilla/5.0 AppleWebKit/537.36 (KHTML, like Gecko; compatible; bingbot/2.0; +http://www.bing.com/bingbot.htm) Chrome/116.0.1938.76 Safari/537.36"
87.250.224.17 - - [05/May/2025:15:51:08 +0300] "GET /wp-json/oembed/1.0/imageurl%7D?b=bmo251c14200178-burton-%26-taylor HTTP/1.1" 403 1242 "-" "Mozilla/5.0 (compatible; YandexBot/3.0; +http://yandex.com/bots)"
52.167.144.191 - - [05/May/2025:15:51:23 +0300] "GET /katalog/cam-kapi-menteseleri-ic/hidrolik-menteseler/8011-tek-yonlu-baglanti-plakasina-sahip-kapinin-kapanis-hizini-ayarlayabilen-hidrolik-mentese-0-90-90-lerde-du/1/247.aspx?b=bmo251c11500061-axel-arigato-atlas HTTP/2" 403 1242 "-" "Mozilla/5.0 AppleWebKit/537.36 (KHTML, like Gecko; compatible; bingbot/2.0; +http://www.bing.com/bingbot.htm) Chrome/116.0.1938.76 Safari/537.36"
40.77.167.36 - - [05/May/2025:15:51:42 +0300] "GET /urun/hidrolik-sistemler/hidrolik-dus-sistemleri/sauna-buhar-odasi-cozumleri-hidrolik-dus-sistemleri/kbt8061-buhar-odalari-ve-hamamlar-icin-hidrolik-set/teklif-al?b=bmo251c53800222-logan-and-ororo-fanfiction HTTP/2" 403 1242 "-" "Mozilla/5.0 AppleWebKit/537.36 (KHTML, like Gecko; compatible; bingbot/2.0; +http://www.bing.com/bingbot.htm) Chrome/116.0.1938.76 Safari/537.36"
213.180.203.121 - - [05/May/2025:15:52:00 +0300] "GET /robots.txt HTTP/1.1" 200 111 "-" "Mozilla/5.0 (compatible; YandexBot/3.0; +http://yandex.com/bots)"
45.84.191.11 - - [05/May/2025:15:52:03 +0300] "POST /wp-cron.php?doing_wp_cron=1746449523.1572179794311523437500 HTTP/1.1" 200 0 "-" "WordPress/6.5.5; https://www.bmofis.com"
45.84.191.11 - - [05/May/2025:15:52:49 +0300] "POST /wp-cron.php?doing_wp_cron=1746449569.4545960426330566406250 HTTP/1.1" 200 0 "-" "WordPress/6.5.5; https://www.bmofis.com"
3.16.24.18 - - [05/May/2025:15:52:48 +0300] "GET /?filesrc=%2Fhome%2Fbmofiscom%2Fpublic_html%2Fwp-includes%2Fformatting.php&path=%2Fhome%2Fbmofiscom%2Fpublic_html%2Fwp-includes HTTP/2" 200 63245 "-" "Mozilla/5.0 AppleWebKit/537.36 (KHTML, like Gecko; compatible; ClaudeBot/1.0; +claudebot@anthropic.com)"
3.16.24.18 - - [05/May/2025:15:52:48 +0300] "GET /?filesrc=%2Fhome%2Fbmofiscom%2Fpublic_html%2Fwp-admin%2Fadmin.php&path=%2Fhome%2Fbmofiscom%2Fpublic_html%2Fwp-admin HTTP/2" 200 5843 "-" "Mozilla/5.0 AppleWebKit/537.36 (KHTML, like Gecko; compatible; ClaudeBot/1.0; +claudebot@anthropic.com)"
3.16.24.18 - - [05/May/2025:15:52:48 +0300] "GET /?filesrc=%2Fhome%2Fbmofiscom%2Fpublic_html%2Fwp-includes%2Fclass-wp-customize-setting.php&path=%2Fhome%2Fbmofiscom%2Fpublic_html%2Fwp-includes HTTP/2" 200 8982 "-" "Mozilla/5.0 AppleWebKit/537.36 (KHTML, like Gecko; compatible; ClaudeBot/1.0; +claudebot@anthropic.com)"
3.16.24.18 - - [05/May/2025:15:52:48 +0300] "GET /?filesrc=%2Fhome%2Fbmofiscom%2Fpublic_html%2Fwp-includes%2Fms-deprecated.php&path=%2Fhome%2Fbmofiscom%2Fpublic_html%2Fwp-includes HTTP/2" 200 8467 "-" "Mozilla/5.0 AppleWebKit/537.36 (KHTML, like Gecko; compatible; ClaudeBot/1.0; +claudebot@anthropic.com)"
18.217.150.104 - - [05/May/2025:15:51:13 +0300] "GET /?filesrc=%2Fhome%2Fbmofiscom%2Fpublic_html%2Fwp-admin%2Fsite-editor.php&path=%2Fhome%2Fbmofiscom%2Fpublic_html%2Fwp-admin HTTP/2" 200 4356 "-" "Mozilla/5.0 AppleWebKit/537.36 (KHTML, like Gecko; compatible; ClaudeBot/1.0; +claudebot@anthropic.com)"
18.217.150.104 - - [05/May/2025:15:51:13 +0300] "GET /?filesrc=%2Fhome%2Fbmofiscom%2Fpublic_html%2Fwp-content%2Findex.php&path=%2Fhome%2Fbmofiscom%2Fpublic_html%2Fwp-content HTTP/2" 200 4762 "-" "Mozilla/5.0 AppleWebKit/537.36 (KHTML, like Gecko; compatible; ClaudeBot/1.0; +claudebot@anthropic.com)"
18.217.150.104 - - [05/May/2025:15:51:14 +0300] "GET /?filesrc=%2Fhome%2Fbmofiscom%2Fpublic_html%2Fwp-includes%2Fwp-db.php&path=%2Fhome%2Fbmofiscom%2Fpublic_html%2Fwp-includes HTTP/2" 200 2242 "-" "Mozilla/5.0 AppleWebKit/537.36 (KHTML, like Gecko; compatible; ClaudeBot/1.0; +claudebot@anthropic.com)"
18.217.150.104 - - [05/May/2025:15:51:14 +0300] "GET /?filesrc=%2Fhome%2Fbmofiscom%2Fpublic_html%2Fwp-includes%2Fcache-compat.php&path=%2Fhome%2Fbmofiscom%2Fpublic_html%2Fwp-includes HTTP/2" 200 3358 "-" "Mozilla/5.0 AppleWebKit/537.36 (KHTML, like Gecko; compatible; ClaudeBot/1.0; +claudebot@anthropic.com)"
45.84.191.11 - - [05/May/2025:15:51:15 +0300] "POST /wp-admin/admin-ajax.php?action=async_litespeed&nonce=b5W4IqDjahDWzogAePqBraWO6vvNeivb&litespeed_type=imgoptm HTTP/1.1" 200 5610 "-" "WordPress/6.5.5; https://www.bmofis.com"
40.77.167.17 - - [05/May/2025:15:51:48 +0300] "GET /en/urun-kategori/standart-cozumler/ofis-bolme-sistemleri/?b=bmo251c30000242-dsw-indigo-rd-flats HTTP/2" 403 1242 "-" "Mozilla/5.0 AppleWebKit/537.36 (KHTML, like Gecko; compatible; bingbot/2.0; +http://www.bing.com/bingbot.htm) Chrome/116.0.1938.76 Safari/537.36"
40.77.167.36 - - [05/May/2025:15:52:02 +0300] "GET /urun/standart-cozumler/dus-sistemleri-standart-cozumler/piuma-surme-dus-sistemi/piuma-cift-kanatli-surme-kose-dus-sistemi/teklif-al?b=bmo251c3113987-jordan-cabernet-wine HTTP/2" 403 1242 "-" "Mozilla/5.0 AppleWebKit/537.36 (KHTML, like Gecko; compatible; bingbot/2.0; +http://www.bing.com/bingbot.htm) Chrome/116.0.1938.76 Safari/537.36"
54.36.148.105 - - [05/May/2025:15:52:01 +0300] "GET /urun/hidrolik-cozumler/hidrolik-dis-kapi-sistemleri/menteseler-hidrolik-dis-kapi-sistemleri/biloba-evo-hidrolik-cam-kapi-mentesesi-cam-cama-90da-durmaz/teklif-al?filesrc=/home/bmofiscom/public_html/wp-includes/block-bindings.php&path=/home/bmofiscom/public_html/wp-includes HTTP/2" 200 3690 "-" "Mozilla/5.0 (compatible; AhrefsBot/7.0; +http://ahrefs.com/robot/)"
40.77.167.36 - - [05/May/2025:15:52:22 +0300] "GET /uygulamalar/dus-kabini-aksesuarlari/nis-uygulamalar-icin-dus-teknesi-ebadi-/coleman-system/4/86.aspx?b=bmo251c32200028-jonathan-d-gerber-appointed-by HTTP/2" 403 1242 "-" "Mozilla/5.0 AppleWebKit/537.36 (KHTML, like Gecko; compatible; bingbot/2.0; +http://www.bing.com/bingbot.htm) Chrome/116.0.1938.76 Safari/537.36"
40.77.167.36 - - [05/May/2025:15:52:43 +0300] "GET /uygulamalar/dus-kabini-aksesuarlari/nis-uygulamalar-icin-dus-teknesi-ebadi-/coleman-system/4/86.aspx?b=bmo251c42500130-naot-slippers HTTP/2" 403 1242 "-" "Mozilla/5.0 AppleWebKit/537.36 (KHTML, like Gecko; compatible; bingbot/2.0; +http://www.bing.com/bingbot.htm) Chrome/116.0.1938.76 Safari/537.36"
45.84.191.11 - - [05/May/2025:15:52:51 +0300] "POST /wp-admin/admin-ajax.php?action=async_litespeed&nonce=FHtQDauTgR1RruOftZh4SMqSFvsjduC7&litespeed_type=imgoptm HTTP/1.1" 200 5924 "-" "WordPress/6.5.5; https://www.bmofis.com"
40.77.167.36 - - [05/May/2025:15:53:02 +0300] "GET /urun/standart-cozumler/dus-sistemleri-standart-cozumler/piuma-surme-dus-sistemi/piuma-cift-kanatli-surme-kose-dus-sistemi/teklif-al?b=bmo251c28000261-hestra-elisabeth-gloves HTTP/2" 403 1242 "-" "Mozilla/5.0 AppleWebKit/537.36 (KHTML, like Gecko; compatible; bingbot/2.0; +http://www.bing.com/bingbot.htm) Chrome/116.0.1938.76 Safari/537.36"
45.84.191.11 - - [05/May/2025:15:53:08 +0300] "POST /wp-cron.php?doing_wp_cron=1746449588.0405468940734863281250 HTTP/1.1" 200 0 "-" "WordPress/6.5.5; https://www.bmofis.com"
45.84.191.11 - - [05/May/2025:15:53:09 +0300] "POST /wp-admin/admin-ajax.php?action=async_litespeed&nonce=R43CJqdnzeswfxAKMtFPkFptJcMVAuR7&litespeed_type=imgoptm HTTP/1.1" 200 5610 "-" "WordPress/6.5.5; https://www.bmofis.com"
176.55.177.15 - - [05/May/2025:15:53:37 +0300] "GET /wp-content/uploads/2019/06/%C3%87er%C3%A7eveli-ve-Ah%C5%9Fap-Kap%C4%B1lar-i%C3%A7in-Hidrolik-Mente%C5%9Fe-1.pdf HTTP/2" 200 362898 "-" "Mozilla/5.0 (Linux; Android 10; K) AppleWebKit/537.36 (KHTML, like Gecko) Chrome/135.0.0.0 Mobile Safari/537.36"
40.77.167.36 - - [05/May/2025:15:53:42 +0300] "GET /urun/hidrolik-sistemler/hidrolik-dis-kapi-sistemleri/menteseler-hidrolik-dis-kapi-sistemleri/biloba-unica-pivot-kullanima-uygun-hidrolik-mentese/teklif-al?b=bmo251c45800410-pacific-links-bear-mountain-championship HTTP/2" 403 1242 "-" "Mozilla/5.0 AppleWebKit/537.36 (KHTML, like Gecko; compatible; bingbot/2.0; +http://www.bing.com/bingbot.htm) Chrome/116.0.1938.76 Safari/537.36"
45.84.191.11 - - [05/May/2025:15:54:13 +0300] "POST /wp-cron.php?doing_wp_cron=1746449653.5018749237060546875000 HTTP/1.1" 200 0 "-" "WordPress/6.5.5; https://www.bmofis.com"
18.191.102.140 - - [05/May/2025:15:54:12 +0300] "GET /?filesrc=%2Fhome%2Fbmofiscom%2Fpublic_html%2Fwp-includes%2Fcache.php&path=%2Fhome%2Fbmofiscom%2Fpublic_html%2Fwp-includes HTTP/2" 200 4630 "-" "Mozilla/5.0 AppleWebKit/537.36 (KHTML, like Gecko; compatible; ClaudeBot/1.0; +claudebot@anthropic.com)"
18.191.102.140 - - [05/May/2025:15:54:12 +0300] "GET /?filesrc=%2Fhome%2Fbmofiscom%2Fpublic_html%2Fwp-admin%2Fcustom-header.php&path=%2Fhome%2Fbmofiscom%2Fpublic_html%2Fwp-admin HTTP/2" 200 2197 "-" "Mozilla/5.0 AppleWebKit/537.36 (KHTML, like Gecko; compatible; ClaudeBot/1.0; +claudebot@anthropic.com)"
18.191.102.140 - - [05/May/2025:15:54:12 +0300] "GET /?filesrc=%2Fhome%2Fbmofiscom%2Fpublic_html%2Fwp-includes%2Fhttps-migration.php&path=%2Fhome%2Fbmofiscom%2Fpublic_html%2Fwp-includes HTTP/2" 200 3601 "-" "Mozilla/5.0 AppleWebKit/537.36 (KHTML, like Gecko; compatible; ClaudeBot/1.0; +claudebot@anthropic.com)"
18.191.102.140 - - [05/May/2025:15:54:12 +0300] "GET /?filesrc=%2Fhome%2Fbmofiscom%2Fpublic_html%2Fwp-includes%2Fcompat.php&path=%2Fhome%2Fbmofiscom%2Fpublic_html%2Fwp-includes HTTP/2" 200 6165 "-" "Mozilla/5.0 AppleWebKit/537.36 (KHTML, like Gecko; compatible; ClaudeBot/1.0; +claudebot@anthropic.com)"
18.191.102.140 - - [05/May/2025:15:54:12 +0300] "GET /?filesrc=%2Fhome%2Fbmofiscom%2Fpublic_html%2Fwp-includes%2Fsession.php&path=%2Fhome%2Fbmofiscom%2Fpublic_html%2Fwp-includes HTTP/2" 200 2154 "-" "Mozilla/5.0 AppleWebKit/537.36 (KHTML, like Gecko; compatible; ClaudeBot/1.0; +claudebot@anthropic.com)"
20.99.210.65 - - [05/May/2025:15:54:14 +0300] "GET /urun/hidrolik-sistemler/hidrolik-dus-sistemleri/sauna-buhar-odasi-cozumleri-hidrolik-dus-sistemleri/kbt8061-buhar-odalari-ve-hamamlar-icin-hidrolik-set/teklif-al?b=bmo251c56200053-things-to-do-in-rockport-tx HTTP/1.1" 403 1242 "-" "Mozilla/5.0 (Windows NT 10.0; Win64; x64) AppleWebKit/537.36 (KHTML, like Gecko) Chrome/131.0.0.0 Safari/537.36 Edg/131.0.0.0"
18.191.102.140 - - [05/May/2025:15:54:13 +0300] "GET /?filesrc=%2Fhome%2Fbmofiscom%2Fpublic_html%2Fwp-includes%2Frobots-template.php&path=%2Fhome%2Fbmofiscom%2Fpublic_html%2Fwp-includes HTTP/2" 200 3209 "-" "Mozilla/5.0 AppleWebKit/537.36 (KHTML, like Gecko; compatible; ClaudeBot/1.0; +claudebot@anthropic.com)"
18.191.102.140 - - [05/May/2025:15:54:13 +0300] "GET /?filesrc=%2Fhome%2Fbmofiscom%2Fpublic_html%2Fwp-includes%2Fms-network.php&path=%2Fhome%2Fbmofiscom%2Fpublic_html%2Fwp-includes HTTP/2" 200 3407 "-" "Mozilla/5.0 AppleWebKit/537.36 (KHTML, like Gecko; compatible; ClaudeBot/1.0; +claudebot@anthropic.com)"
45.84.191.11 - - [05/May/2025:15:54:15 +0300] "POST /wp-admin/admin-ajax.php?action=async_litespeed&nonce=TXJi2KdUymCXNE3O2jxXtyW0o9nAHTpw&litespeed_type=imgoptm HTTP/1.1" 200 5610 "-" "WordPress/6.5.5; https://www.bmofis.com"
3.16.24.18 - - [05/May/2025:15:52:48 +0300] "GET /?filesrc=%2Fhome%2Fbmofiscom%2Fpublic_html%2Fwp-includes%2Fcomment.php&path=%2Fhome%2Fbmofiscom%2Fpublic_html%2Fwp-includes HTTP/2" 200 32232 "-" "Mozilla/5.0 AppleWebKit/537.36 (KHTML, like Gecko; compatible; ClaudeBot/1.0; +claudebot@anthropic.com)"
3.16.24.18 - - [05/May/2025:15:52:49 +0300] "GET /?filesrc=%2Fhome%2Fbmofiscom%2Fpublic_html%2Fwp-includes%2Fclass-wp-image-editor-gd.php&path=%2Fhome%2Fbmofiscom%2Fpublic_html%2Fwp-includes HTTP/2" 200 6774 "-" "Mozilla/5.0 AppleWebKit/537.36 (KHTML, like Gecko; compatible; ClaudeBot/1.0; +claudebot@anthropic.com)"
3.16.24.18 - - [05/May/2025:15:52:50 +0300] "GET /?filesrc=%2Fhome%2Fbmofiscom%2Fpublic_html%2Fwp-includes%2Fdeprecated.php&path=%2Fhome%2Fbmofiscom%2Fpublic_html%2Fwp-includes HTTP/2" 200 44327 "-" "Mozilla/5.0 AppleWebKit/537.36 (KHTML, like Gecko; compatible; ClaudeBot/1.0; +claudebot@anthropic.com)"
5.255.231.106 - - [05/May/2025:15:52:59 +0300] "GET /urun/490w10-316-kalite-kare-cam-tutucu/ HTTP/1.1" 200 5216 "-" "Mozilla/5.0 (compatible; YandexBot/3.0; +http://yandex.com/bots)"
54.36.148.237 - - [05/May/2025:15:53:06 +0300] "GET /urun/hidrolik-cozumler/hidrolik-dis-kapi-sistemleri/menteseler-hidrolik-dis-kapi-sistemleri/biloba-evo-hidrolik-cam-kapi-mentesesi-cam-cama-90da-durmaz/teklif-al?filesrc=/home/bmofiscom/public_html/wp-includes/block-editor.php&path=/home/bmofiscom/public_html/wp-includes HTTP/2" 200 8636 "-" "Mozilla/5.0 (compatible; AhrefsBot/7.0; +http://ahrefs.com/robot/)"
40.77.167.36 - - [05/May/2025:15:53:22 +0300] "GET /urun/standart-cozumler/dus-sistemleri-standart-cozumler/yaprak-menteseler-dus-sistemleri-standart-cozumler/8501-yayli-dus-mentesesi-duvar-cam-asimetrik-montaj-plakali/teklif-al?b=bmo251c48400359-how-do-i-appeal-a-facebook-ban HTTP/2" 403 1242 "-" "Mozilla/5.0 AppleWebKit/537.36 (KHTML, like Gecko; compatible; bingbot/2.0; +http://www.bing.com/bingbot.htm) Chrome/116.0.1938.76 Safari/537.36"
149.140.25.205 - - [05/May/2025:15:54:06 +0300] "GET /wp-content/uploads/2019/06/%C3%87er%C3%A7eveli-ve-Ah%C5%9Fap-Kap%C4%B1lar-i%C3%A7in-Hidrolik-Mente%C5%9Fe-1.pdf HTTP/2" 200 362898 "https://www.bmofis.com/dokumanlar/" "Mozilla/5.0 (iPhone; CPU iPhone OS 18_4_1 like Mac OS X) AppleWebKit/605.1.15 (KHTML, like Gecko) GSA/365.1.750410080 Mobile/15E148 Safari/604.1"
54.36.149.77 - - [05/May/2025:15:54:17 +0300] "GET /urun/hidrolik-cozumler/hidrolik-dis-kapi-sistemleri/menteseler-hidrolik-dis-kapi-sistemleri/biloba-evo-hidrolik-cam-kapi-mentesesi-cam-cama-90da-durmaz/teklif-al?filesrc=/home/bmofiscom/public_html/wp-includes/block-i18n.json&path=/home/bmofiscom/public_html/wp-includes HTTP/2" 200 2148 "-" "Mozilla/5.0 (compatible; AhrefsBot/7.0; +http://ahrefs.com/robot/)"
114.119.147.240 - - [05/May/2025:15:54:26 +0300] "GET /en/urun-kategori/shower-systems?b=bmo251c30700253-j-slides-alara-platform-slip-on-sneaker HTTP/1.1" 403 1242 "https://www.bmofis.com/en/urun-kategori/shower-systems?b=bmo251c30679321" "Mozilla/5.0 (Linux; Android 7.0;) AppleWebKit/537.36 (KHTML, like Gecko) Mobile Safari/537.36 (compatible; PetalBot;+https://webmaster.petalsearch.com/site/petalbot)"
20.240.18.41 - - [05/May/2025:15:55:01 +0300] "GET /urun/standart-cozumler/dus-sistemleri-standart-cozumler/topuz-ve-kollar-dus-sistemleri-standart-cozumler/5q12-kapi-kolu/teklif-al?b=bmo251c41900653-brands-like-monrow HTTP/1.1" 403 1242 "-" "Mozilla/5.0 (Windows NT 10.0; Win64; x64) AppleWebKit/537.36 (KHTML, like Gecko) Chrome/131.0.0.0 Safari/537.36 Edg/131.0.0.0"
45.84.191.11 - - [05/May/2025:15:55:16 +0300] "POST /wp-admin/admin-ajax.php?action=async_litespeed&nonce=gY8u3jwzoWbbFRucXv9vZbBjz4ziqdzz&litespeed_type=imgoptm HTTP/1.1" 200 5610 "-" "WordPress/6.5.5; https://www.bmofis.com"
72.14.201.55 - - [05/May/2025:15:55:20 +0300] "GET /en/urun/standard-solutions/handles-and-locks/flexa-lock-key-knob/ HTTP/2" 200 19857 "https://www.google.com/" "Mozilla/5.0 (Macintosh; Intel Mac OS X 10_15_7) AppleWebKit/537.36 (KHTML, like Gecko) Chrome/136.0.0.0 Safari/537.36"
52.167.144.191 - - [05/May/2025:15:54:22 +0300] "GET /urun/hidrolik-sistemler/hidrolik-dus-sistemleri/sauna-buhar-odasi-cozumleri-hidrolik-dus-sistemleri/kbt8061-buhar-odalari-ve-hamamlar-icin-hidrolik-set/teklif-al?b=bmo251c44806416-i-just-keep-on-running-back-to-you HTTP/2" 403 1242 "-" "Mozilla/5.0 AppleWebKit/537.36 (KHTML, like Gecko; compatible; bingbot/2.0; +http://www.bing.com/bingbot.htm) Chrome/116.0.1938.76 Safari/537.36"
66.249.66.166 - - [05/May/2025:15:54:33 +0300] "GET /wp-content/uploads/2019/05/835E11-1.jpg HTTP/1.1" 200 599737 "-" "Googlebot-Image/1.0"
