52.14.228.67 - - [05/May/2025:17:45:39 +0300] "GET /urun/hidrolik-cozumler/hidrolik-dis-kapi-sistemleri/patch-fittings/italyan-yuvali-alt-mil-1752mm-cam-kalinligi-icin?filesrc=%2Fhome%2Fbmofiscom%2Fpublic_html%2Fwp-includes%2Fjs%2Fbackbone.js&path=%2Fhome%2Fbmofiscom%2Fpublic_html%2Fwp-includes%2Fjs HTTP/2" 200 25498 "-" "Mozilla/5.0 AppleWebKit/537.36 (KHTML, like Gecko; compatible; ClaudeBot/1.0; +claudebot@anthropic.com)"
52.14.228.67 - - [05/May/2025:17:45:41 +0300] "GET /urun/hidrolik-cozumler/hidrolik-dis-kapi-sistemleri/patch-fittings/italyan-yuvali-alt-mil-1752mm-cam-kalinligi-icin?filesrc=%2Fhome%2Fbmofiscom%2Fpublic_html%2Fwp-includes%2Fjs%2Fshortcode.min.js&path=%2Fhome%2Fbmofiscom%2Fpublic_html%2Fwp-includes%2Fjs HTTP/2" 200 3293 "-" "Mozilla/5.0 AppleWebKit/537.36 (KHTML, like Gecko; compatible; ClaudeBot/1.0; +claudebot@anthropic.com)"
52.14.228.67 - - [05/May/2025:17:45:41 +0300] "GET /urun/hidrolik-cozumler/hidrolik-dis-kapi-sistemleri/patch-fittings/italyan-yuvali-alt-mil-1752mm-cam-kalinligi-icin?filesrc=%2Fhome%2Fbmofiscom%2Fpublic_html%2Fwp-admin%2Fjs%2Fcustomize-controls.js&path=%2Fhome%2Fbmofiscom%2Fpublic_html%2Fwp-admin%2Fjs HTTP/2" 200 71445 "-" "Mozilla/5.0 AppleWebKit/537.36 (KHTML, like Gecko; compatible; ClaudeBot/1.0; +claudebot@anthropic.com)"
52.14.228.67 - - [05/May/2025:17:45:42 +0300] "GET /en/urun-kategori/qub-series?path=%2Fhome%2Fbmofiscom%2Fpublic_html%2Fwp-includes%2Fpomo HTTP/2" 200 2633 "-" "Mozilla/5.0 AppleWebKit/537.36 (KHTML, like Gecko; compatible; ClaudeBot/1.0; +claudebot@anthropic.com)"
52.167.144.163 - - [05/May/2025:17:45:43 +0300] "GET /urun/standart-cozumler/dus-sistemleri-standart-cozumler/piuma-surme-dus-sistemi/piuma-cift-kanatli-surme-kose-dus-sistemi/teklif-al?b=bmo251c27000330-grundens-emails HTTP/2" 403 1242 "-" "Mozilla/5.0 AppleWebKit/537.36 (KHTML, like Gecko; compatible; bingbot/2.0; +http://www.bing.com/bingbot.htm) Chrome/116.0.1938.76 Safari/537.36"
52.14.228.67 - - [05/May/2025:17:45:42 +0300] "GET /urun/hidrolik-cozumler/hidrolik-dis-kapi-sistemleri/patch-fittings/italyan-yuvali-alt-mil-1752mm-cam-kalinligi-icin?filesrc=%2Fhome%2Fbmofiscom%2Fpublic_html%2Fwp-includes%2Fjs%2Fwpdialog.min.js&path=%2Fhome%2Fbmofiscom%2Fpublic_html%2Fwp-includes%2Fjs HTTP/2" 200 2204 "-" "Mozilla/5.0 AppleWebKit/537.36 (KHTML, like Gecko; compatible; ClaudeBot/1.0; +claudebot@anthropic.com)"
52.14.228.67 - - [05/May/2025:17:45:42 +0300] "GET /urun/hidrolik-cozumler/hidrolik-dis-kapi-sistemleri/patch-fittings/italyan-yuvali-alt-mil-1752mm-cam-kalinligi-icin?filesrc=%2Fhome%2Fbmofiscom%2Fpublic_html%2Fwp-includes%2Fjs%2Fcustomize-loader.min.js&path=%2Fhome%2Fbmofiscom%2Fpublic_html%2Fwp-includes%2Fjs HTTP/2" 200 3461 "-" "Mozilla/5.0 AppleWebKit/537.36 (KHTML, like Gecko; compatible; ClaudeBot/1.0; +claudebot@anthropic.com)"
52.14.228.67 - - [05/May/2025:17:45:43 +0300] "GET /urun/hidrolik-cozumler/hidrolik-dis-kapi-sistemleri/patch-fittings/italyan-yuvali-alt-mil-1752mm-cam-kalinligi-icin?filesrc=%2Fhome%2Fbmofiscom%2Fpublic_html%2Fwp-includes%2Fjs%2Futils.min.js&path=%2Fhome%2Fbmofiscom%2Fpublic_html%2Fwp-includes%2Fjs HTTP/2" 200 2880 "-" "Mozilla/5.0 AppleWebKit/537.36 (KHTML, like Gecko; compatible; ClaudeBot/1.0; +claudebot@anthropic.com)"
52.14.228.67 - - [05/May/2025:17:45:43 +0300] "GET /en/urun-kategori/qub-series?path=%2Fhome%2Fbmofiscom%2Fpublic_html%2Fwp-includes%2Fimages HTTP/2" 200 3346 "-" "Mozilla/5.0 AppleWebKit/537.36 (KHTML, like Gecko; compatible; ClaudeBot/1.0; +claudebot@anthropic.com)"
52.14.228.67 - - [05/May/2025:17:45:43 +0300] "GET /en/urun-kategori/qub-series?path=%2Fhome%2Fbmofiscom%2Fpublic_html%2Fwp-content%2Fupgrade HTTP/2" 200 2146 "-" "Mozilla/5.0 AppleWebKit/537.36 (KHTML, like Gecko; compatible; ClaudeBot/1.0; +claudebot@anthropic.com)"
52.14.228.67 - - [05/May/2025:17:45:44 +0300] "GET /urun/hidrolik-cozumler/hidrolik-dis-kapi-sistemleri/patch-fittings/italyan-yuvali-alt-mil-1752mm-cam-kalinligi-icin?filesrc=%2Fhome%2Fbmofiscom%2Fpublic_html%2Fwp-includes%2Fjs%2Fmedia-editor.js&path=%2Fhome%2Fbmofiscom%2Fpublic_html%2Fwp-includes%2Fjs HTTP/2" 200 9941 "-" "Mozilla/5.0 AppleWebKit/537.36 (KHTML, like Gecko; compatible; ClaudeBot/1.0; +claudebot@anthropic.com)"
66.249.66.10 - - [05/May/2025:17:45:56 +0300] "GET /?b=302836615 HTTP/1.1" 403 1242 "-" "Mozilla/5.0 (Linux; Android 6.0.1; Nexus 5X Build/MMB29P) AppleWebKit/537.36 (KHTML, like Gecko) Chrome/135.0.7049.95 Mobile Safari/537.36 (compatible; Googlebot/2.1; +http://www.google.com/bot.html)"
45.84.191.11 - - [05/May/2025:17:46:05 +0300] "POST /wp-cron.php?doing_wp_cron=1746456365.6303200721740722656250 HTTP/1.1" 200 0 "-" "WordPress/6.5.5; https://www.bmofis.com"
54.36.149.58 - - [05/May/2025:17:46:04 +0300] "GET /en/urun-kategori/glass-joint-joint-laths?filesrc=/home/bmofiscom/public_html/wp-includes/bookmark.php&path=/home/bmofiscom/public_html/wp-includes HTTP/2" 200 6407 "-" "Mozilla/5.0 (compatible; AhrefsBot/7.0; +http://ahrefs.com/robot/)"
66.249.66.74 - - [05/May/2025:17:46:06 +0300] "GET /?b=524104515 HTTP/1.1" 403 1242 "-" "Mozilla/5.0 (Linux; Android 6.0.1; Nexus 5X Build/MMB29P) AppleWebKit/537.36 (KHTML, like Gecko) Chrome/135.0.7049.95 Mobile Safari/537.36 (compatible; Googlebot/2.1; +http://www.google.com/bot.html)"
66.249.66.11 - - [05/May/2025:17:46:18 +0300] "GET /?b=371260215 HTTP/1.1" 403 1242 "-" "Mozilla/5.0 (Linux; Android 6.0.1; Nexus 5X Build/MMB29P) AppleWebKit/537.36 (KHTML, like Gecko) Chrome/135.0.7049.95 Mobile Safari/537.36 (compatible; Googlebot/2.1; +http://www.google.com/bot.html)"
52.167.144.163 - - [05/May/2025:17:46:42 +0300] "GET /urun/hidrolik-sistemler/hidrolik-dis-kapi-sistemleri/menteseler-hidrolik-dis-kapi-sistemleri/triloba-150kg-kapasiteli-hidrolik-mentese-alt-mentese/teklif-al?b=bmo251c14302088 HTTP/2" 403 1242 "-" "Mozilla/5.0 AppleWebKit/537.36 (KHTML, like Gecko; compatible; bingbot/2.0; +http://www.bing.com/bingbot.htm) Chrome/116.0.1938.76 Safari/537.36"
66.249.66.195 - - [05/May/2025:17:46:54 +0300] "GET /?b=542635515 HTTP/1.1" 403 1242 "-" "Mozilla/5.0 (Linux; Android 6.0.1; Nexus 5X Build/MMB29P) AppleWebKit/537.36 (KHTML, like Gecko) Chrome/135.0.7049.95 Mobile Safari/537.36 (compatible; Googlebot/2.1; +http://www.google.com/bot.html)"
54.36.148.78 - - [05/May/2025:17:47:00 +0300] "GET /en/urun-kategori/glass-joint-joint-laths?filesrc=/home/bmofiscom/public_html/wp-includes/cache-compat.php&path=/home/bmofiscom/public_html/wp-includes HTTP/2" 200 3358 "-" "Mozilla/5.0 (compatible; AhrefsBot/7.0; +http://ahrefs.com/robot/)"
66.249.66.161 - - [05/May/2025:17:47:04 +0300] "GET /?b=66512415 HTTP/1.1" 403 1242 "-" "Mozilla/5.0 (Linux; Android 6.0.1; Nexus 5X Build/MMB29P) AppleWebKit/537.36 (KHTML, like Gecko) Chrome/135.0.7049.95 Mobile Safari/537.36 (compatible; Googlebot/2.1; +http://www.google.com/bot.html)"
45.84.191.11 - - [05/May/2025:17:47:10 +0300] "POST /wp-cron.php?doing_wp_cron=1746456430.4987320899963378906250 HTTP/1.1" 200 0 "-" "WordPress/6.5.5; https://www.bmofis.com"
18.188.77.203 - - [05/May/2025:17:47:09 +0300] "GET /urun/hidrolik-cozumler/hidrolik-dis-kapi-sistemleri/patch-fittings/italyan-yuvali-alt-mil-1752mm-cam-kalinligi-icin?filesrc=%2Fhome%2Fbmofiscom%2Fpublic_html%2Fwp-admin%2Fjs%2Fwidgets.js&path=%2Fhome%2Fbmofiscom%2Fpublic_html%2Fwp-admin%2Fjs HTTP/2" 200 8600 "-" "Mozilla/5.0 AppleWebKit/537.36 (KHTML, like Gecko; compatible; ClaudeBot/1.0; +claudebot@anthropic.com)"
18.188.77.203 - - [05/May/2025:17:47:09 +0300] "GET /urun/hidrolik-cozumler/hidrolik-dis-kapi-sistemleri/patch-fittings/italyan-yuvali-alt-mil-1752mm-cam-kalinligi-icin?filesrc=%2Fhome%2Fbmofiscom%2Fpublic_html%2Fwp-admin%2Fjs%2Feditor.js&path=%2Fhome%2Fbmofiscom%2Fpublic_html%2Fwp-admin%2Fjs HTTP/2" 200 15314 "-" "Mozilla/5.0 AppleWebKit/537.36 (KHTML, like Gecko; compatible; ClaudeBot/1.0; +claudebot@anthropic.com)"
18.188.77.203 - - [05/May/2025:17:47:09 +0300] "GET /urun/hidrolik-cozumler/hidrolik-dis-kapi-sistemleri/patch-fittings/italyan-yuvali-alt-mil-1752mm-cam-kalinligi-icin?filesrc=%2Fhome%2Fbmofiscom%2Fpublic_html%2Fwp-includes%2Fjs%2Fcustomize-base.min.js&path=%2Fhome%2Fbmofiscom%2Fpublic_html%2Fwp-includes%2Fjs HTTP/2" 200 4649 "-" "Mozilla/5.0 AppleWebKit/537.36 (KHTML, like Gecko; compatible; ClaudeBot/1.0; +claudebot@anthropic.com)"
18.188.77.203 - - [05/May/2025:17:47:09 +0300] "GET /urun/hidrolik-cozumler/hidrolik-dis-kapi-sistemleri/patch-fittings/italyan-yuvali-alt-mil-1752mm-cam-kalinligi-icin?filesrc=%2Fhome%2Fbmofiscom%2Fpublic_html%2Fwp-includes%2Fjs%2Ftw-sack.js&path=%2Fhome%2Fbmofiscom%2Fpublic_html%2Fwp-includes%2Fjs HTTP/2" 200 2029 "-" "Mozilla/5.0 AppleWebKit/537.36 (KHTML, like Gecko; compatible; ClaudeBot/1.0; +claudebot@anthropic.com)"
18.188.77.203 - - [05/May/2025:17:47:09 +0300] "GET /urun/hidrolik-cozumler/hidrolik-dis-kapi-sistemleri/patch-fittings/italyan-yuvali-alt-mil-1752mm-cam-kalinligi-icin?filesrc=%2Fhome%2Fbmofiscom%2Fpublic_html%2Fwp-admin%2Fjs%2Fedit-comments.js&path=%2Fhome%2Fbmofiscom%2Fpublic_html%2Fwp-admin%2Fjs HTTP/2" 200 12354 "-" "Mozilla/5.0 AppleWebKit/537.36 (KHTML, like Gecko; compatible; ClaudeBot/1.0; +claudebot@anthropic.com)"
18.188.77.203 - - [05/May/2025:17:47:10 +0300] "GET /urun/hidrolik-cozumler/hidrolik-dis-kapi-sistemleri/patch-fittings/italyan-yuvali-alt-mil-1752mm-cam-kalinligi-icin?filesrc=%2Fhome%2Fbmofiscom%2Fpublic_html%2Fwp-admin%2Fjs%2Fimage-edit.js&path=%2Fhome%2Fbmofiscom%2Fpublic_html%2Fwp-admin%2Fjs HTTP/2" 200 12207 "-" "Mozilla/5.0 AppleWebKit/537.36 (KHTML, like Gecko; compatible; ClaudeBot/1.0; +claudebot@anthropic.com)"
18.188.77.203 - - [05/May/2025:17:47:11 +0300] "GET /urun/hidrolik-cozumler/hidrolik-dis-kapi-sistemleri/patch-fittings/italyan-yuvali-alt-mil-1752mm-cam-kalinligi-icin?filesrc=%2Fhome%2Fbmofiscom%2Fpublic_html%2Fwp-includes%2Fjs%2Fcustomize-preview.min.js&path=%2Fhome%2Fbmofiscom%2Fpublic_html%2Fwp-includes%2Fjs HTTP/2" 200 5332 "-" "Mozilla/5.0 AppleWebKit/537.36 (KHTML, like Gecko; compatible; ClaudeBot/1.0; +claudebot@anthropic.com)"
18.188.77.203 - - [05/May/2025:17:47:11 +0300] "GET /urun/hidrolik-cozumler/hidrolik-dis-kapi-sistemleri/patch-fittings/italyan-yuvali-alt-mil-1752mm-cam-kalinligi-icin?filesrc=%2Fhome%2Fbmofiscom%2Fpublic_html%2Fwp-includes%2Fjs%2Fcustomize-views.min.js&path=%2Fhome%2Fbmofiscom%2Fpublic_html%2Fwp-includes%2Fjs HTTP/2" 200 2913 "-" "Mozilla/5.0 AppleWebKit/537.36 (KHTML, like Gecko; compatible; ClaudeBot/1.0; +claudebot@anthropic.com)"
18.188.77.203 - - [05/May/2025:17:47:11 +0300] "GET /urun/hidrolik-cozumler/hidrolik-dis-kapi-sistemleri/patch-fittings/italyan-yuvali-alt-mil-1752mm-cam-kalinligi-icin?filesrc=%2Fhome%2Fbmofiscom%2Fpublic_html%2Fwp-includes%2Fjs%2FhoverIntent.min.js&path=%2Fhome%2Fbmofiscom%2Fpublic_html%2Fwp-includes%2Fjs HTTP/2" 200 2774 "-" "Mozilla/5.0 AppleWebKit/537.36 (KHTML, like Gecko; compatible; ClaudeBot/1.0; +claudebot@anthropic.com)"
18.188.77.203 - - [05/May/2025:17:47:11 +0300] "GET /urun/hidrolik-cozumler/hidrolik-dis-kapi-sistemleri/patch-fittings/italyan-yuvali-alt-mil-1752mm-cam-kalinligi-icin?filesrc=%2Fhome%2Fbmofiscom%2Fpublic_html%2Fwp-admin%2Fjs%2Fpassword-toggle.js&path=%2Fhome%2Fbmofiscom%2Fpublic_html%2Fwp-admin%2Fjs HTTP/2" 200 2479 "-" "Mozilla/5.0 AppleWebKit/537.36 (KHTML, like Gecko; compatible; ClaudeBot/1.0; +claudebot@anthropic.com)"
18.188.77.203 - - [05/May/2025:17:47:12 +0300] "GET /urun/hidrolik-cozumler/hidrolik-dis-kapi-sistemleri/patch-fittings/italyan-yuvali-alt-mil-1752mm-cam-kalinligi-icin?filesrc=%2Fhome%2Fbmofiscom%2Fpublic_html%2Fwp-includes%2Fjs%2Fwp-util.min.js&path=%2Fhome%2Fbmofiscom%2Fpublic_html%2Fwp-includes%2Fjs HTTP/2" 200 2796 "-" "Mozilla/5.0 AppleWebKit/537.36 (KHTML, like Gecko; compatible; ClaudeBot/1.0; +claudebot@anthropic.com)"
45.84.191.11 - - [05/May/2025:17:47:12 +0300] "POST /wp-admin/admin-ajax.php?action=async_litespeed&nonce=uWexAA51Qrroreys4LKgzhKnFkxsC5rd&litespeed_type=imgoptm HTTP/1.1" 200 5610 "-" "WordPress/6.5.5; https://www.bmofis.com"
52.167.144.163 - - [05/May/2025:17:45:22 +0300] "GET /urun/standart-cozumler/surme-sistemleri/kelepce-kilit-ve-kollar/b95-surme-kapilar-icin-kilit-karsiligi/teklif-al?b=bmo251c22200274-elephantito-toddler-size-chart HTTP/2" 403 1242 "-" "Mozilla/5.0 AppleWebKit/537.36 (KHTML, like Gecko; compatible; bingbot/2.0; +http://www.bing.com/bingbot.htm) Chrome/116.0.1938.76 Safari/537.36"
114.119.137.85 - - [05/May/2025:17:45:36 +0300] "GET /en/urun-kategori/shower-systems?b=bmo251c26100110-giorgio-brutini-shoes-amazon HTTP/1.1" 403 1242 "https://www.bmofis.com/en/urun-kategori/shower-systems" "Mozilla/5.0 (Linux; Android 7.0;) AppleWebKit/537.36 (KHTML, like Gecko) Mobile Safari/537.36 (compatible; PetalBot;+https://webmaster.petalsearch.com/site/petalbot)"
52.167.144.217 - - [05/May/2025:17:46:02 +0300] "GET /urun/hidrolik-sistemler/hidrolik-dus-sistemleri/sauna-buhar-odasi-cozumleri-hidrolik-dus-sistemleri/kbt8061-buhar-odalari-ve-hamamlar-icin-hidrolik-set/teklif-al?b=bmo251c17200040-cole-haan-black-shoes HTTP/2" 403 1242 "-" "Mozilla/5.0 AppleWebKit/537.36 (KHTML, like Gecko; compatible; bingbot/2.0; +http://www.bing.com/bingbot.htm) Chrome/116.0.1938.76 Safari/537.36"
45.84.191.11 - - [05/May/2025:17:46:06 +0300] "POST /wp-admin/admin-ajax.php?action=async_litespeed&nonce=29QZ5BZbYALG4N2YbkjehcQNrSfwj1M1&litespeed_type=imgoptm HTTP/1.1" 200 5610 "-" "WordPress/6.5.5; https://www.bmofis.com"
52.167.144.163 - - [05/May/2025:17:46:22 +0300] "GET /katalog/cam-kapi-menteseleri-ic/hidrolik-menteseler/8011-tek-yonlu-baglanti-plakasina-sahip-kapinin-kapanis-hizini-ayarlayabilen-hidrolik-mentese-0-90-90-lerde-du/1/247.aspx?b=bmo251c59227124-shimano-dura-ace-power-meter-manual HTTP/2" 403 1242 "-" "Mozilla/5.0 AppleWebKit/537.36 (KHTML, like Gecko; compatible; bingbot/2.0; +http://www.bing.com/bingbot.htm) Chrome/116.0.1938.76 Safari/537.36"
52.167.144.163 - - [05/May/2025:17:47:02 +0300] "GET /katalog/cam-kapi-kilitleri-ve-cam-kapi-kollari/cam-kapi-kilitleri/a695-a69-icin-kilit-mekanizmasi-/1/513.aspx?b=bmo251c52805758-color-street-london-fog-and-fort-worth-it HTTP/2" 403 1242 "-" "Mozilla/5.0 AppleWebKit/537.36 (KHTML, like Gecko; compatible; bingbot/2.0; +http://www.bing.com/bingbot.htm) Chrome/116.0.1938.76 Safari/537.36"
66.249.66.33 - - [05/May/2025:17:47:13 +0300] "GET /?b=263686815 HTTP/1.1" 403 1242 "-" "Mozilla/5.0 (Linux; Android 6.0.1; Nexus 5X Build/MMB29P) AppleWebKit/537.36 (KHTML, like Gecko) Chrome/135.0.7049.95 Mobile Safari/537.36 (compatible; Googlebot/2.1; +http://www.google.com/bot.html)"
52.167.144.217 - - [05/May/2025:17:47:22 +0300] "GET /urun/standart-cozumler/ofis-bolme-sistemleri/cam-birlesim-derz-citalari/pcc17-3-iki-yollu-aluminyum-birlesim-profili-8-1238mm/?b=bmo251c6400253-jimmy-kimmel-herschel-walker HTTP/2" 403 1242 "-" "Mozilla/5.0 AppleWebKit/537.36 (KHTML, like Gecko; compatible; bingbot/2.0; +http://www.bing.com/bingbot.htm) Chrome/116.0.1938.76 Safari/537.36"
52.167.144.217 - - [05/May/2025:17:47:43 +0300] "GET /urun/hidrolik-sistemler/hidrolik-dis-kapi-sistemleri/menteseler-hidrolik-dis-kapi-sistemleri/triloba-150kg-kapasiteli-hidrolik-mentese-alt-mentese/teklif-al?b=bmo251c66570798 HTTP/2" 403 1242 "-" "Mozilla/5.0 AppleWebKit/537.36 (KHTML, like Gecko; compatible; bingbot/2.0; +http://www.bing.com/bingbot.htm) Chrome/116.0.1938.76 Safari/537.36"
45.84.191.11 - - [05/May/2025:17:47:49 +0300] "POST /wp-cron.php?doing_wp_cron=1746456469.5196149349212646484375 HTTP/1.1" 200 0 "-" "WordPress/6.5.5; https://www.bmofis.com"
66.249.66.73 - - [05/May/2025:17:48:01 +0300] "GET /?b=257460015 HTTP/1.1" 403 1242 "-" "Mozilla/5.0 (Linux; Android 6.0.1; Nexus 5X Build/MMB29P) AppleWebKit/537.36 (KHTML, like Gecko) Chrome/135.0.7049.95 Mobile Safari/537.36 (compatible; Googlebot/2.1; +http://www.google.com/bot.html)"
66.249.66.169 - - [05/May/2025:17:48:12 +0300] "GET /?b=22478315 HTTP/1.1" 403 1242 "-" "Mozilla/5.0 (Linux; Android 6.0.1; Nexus 5X Build/MMB29P) AppleWebKit/537.36 (KHTML, like Gecko) Chrome/135.0.7049.95 Mobile Safari/537.36 (compatible; Googlebot/2.1; +http://www.google.com/bot.html)"
18.188.77.203 - - [05/May/2025:17:47:12 +0300] "GET /urun/hidrolik-cozumler/hidrolik-dis-kapi-sistemleri/patch-fittings/italyan-yuvali-alt-mil-1752mm-cam-kalinligi-icin?filesrc=%2Fhome%2Fbmofiscom%2Fpublic_html%2Fwp-includes%2Fjs%2Fjson2.js&path=%2Fhome%2Fbmofiscom%2Fpublic_html%2Fwp-includes%2Fjs HTTP/2" 200 7721 "-" "Mozilla/5.0 AppleWebKit/537.36 (KHTML, like Gecko; compatible; ClaudeBot/1.0; +claudebot@anthropic.com)"
18.188.77.203 - - [05/May/2025:17:47:12 +0300] "GET /urun/hidrolik-cozumler/hidrolik-dis-kapi-sistemleri/patch-fittings/italyan-yuvali-alt-mil-1752mm-cam-kalinligi-icin?filesrc=%2Fhome%2Fbmofiscom%2Fpublic_html%2Fwp-includes%2Fjs%2Fwp-backbone.js&path=%2Fhome%2Fbmofiscom%2Fpublic_html%2Fwp-includes%2Fjs HTTP/2" 200 5795 "-" "Mozilla/5.0 AppleWebKit/537.36 (KHTML, like Gecko; compatible; ClaudeBot/1.0; +claudebot@anthropic.com)"
18.188.77.203 - - [05/May/2025:17:47:13 +0300] "GET /urun/hidrolik-cozumler/hidrolik-dis-kapi-sistemleri/patch-fittings/italyan-yuvali-alt-mil-1752mm-cam-kalinligi-icin?filesrc=%2Fhome%2Fbmofiscom%2Fpublic_html%2Fwp-includes%2Fjs%2Fwplink.js&path=%2Fhome%2Fbmofiscom%2Fpublic_html%2Fwp-includes%2Fjs HTTP/2" 200 8390 "-" "Mozilla/5.0 AppleWebKit/537.36 (KHTML, like Gecko; compatible; ClaudeBot/1.0; +claudebot@anthropic.com)"
66.249.66.10 - - [05/May/2025:17:47:27 +0300] "GET /?b=111304315 HTTP/1.1" 403 1242 "-" "Mozilla/5.0 (Linux; Android 6.0.1; Nexus 5X Build/MMB29P) AppleWebKit/537.36 (KHTML, like Gecko) Chrome/135.0.7049.95 Mobile Safari/537.36 (compatible; Googlebot/2.1; +http://www.google.com/bot.html)"
54.36.149.98 - - [05/May/2025:17:47:48 +0300] "GET /en/urun-kategori/glass-joint-joint-laths?filesrc=/home/bmofiscom/public_html/wp-includes/cache.php&path=/home/bmofiscom/public_html/wp-includes HTTP/2" 200 4630 "-" "Mozilla/5.0 (compatible; AhrefsBot/7.0; +http://ahrefs.com/robot/)"
52.167.144.217 - - [05/May/2025:17:48:03 +0300] "GET /urun/hidrolik-sistemler/hidrolik-dus-sistemleri/hidrolik-dus-kabini/slash-hidrolik-dus-kabini-iki-sabit-cam-arasi-bir-kanat-bir-sabit/teklif-al?b=bmo251c36500402-le-grand-mystere-des-mathematiques-youtube HTTP/2" 403 1242 "-" "Mozilla/5.0 AppleWebKit/537.36 (KHTML, like Gecko; compatible; bingbot/2.0; +http://www.bing.com/bingbot.htm) Chrome/116.0.1938.76 Safari/537.36"
66.249.66.195 - - [05/May/2025:17:48:19 +0300] "GET /?b=416034815 HTTP/1.1" 403 1242 "-" "Mozilla/5.0 (Linux; Android 6.0.1; Nexus 5X Build/MMB29P) AppleWebKit/537.36 (KHTML, like Gecko) Chrome/135.0.7049.95 Mobile Safari/537.36 (compatible; Googlebot/2.1; +http://www.google.com/bot.html)"
40.77.167.151 - - [05/May/2025:17:48:42 +0300] "GET /urun/hidrolik-sistemler/hidrolik-dus-sistemleri/sauna-buhar-odasi-cozumleri-hidrolik-dus-sistemleri/kbt8061-buhar-odalari-ve-hamamlar-icin-hidrolik-set/teklif-al?b=bmo251c69521134-volcom-the-style-outlets HTTP/2" 403 1242 "-" "Mozilla/5.0 AppleWebKit/537.36 (KHTML, like Gecko; compatible; bingbot/2.0; +http://www.bing.com/bingbot.htm) Chrome/116.0.1938.76 Safari/537.36"
54.36.148.223 - - [05/May/2025:17:48:41 +0300] "GET /en/urun-kategori/glass-joint-joint-laths?filesrc=/home/bmofiscom/public_html/wp-includes/canonical.php&path=/home/bmofiscom/public_html/wp-includes HTTP/2" 200 11051 "-" "Mozilla/5.0 (compatible; AhrefsBot/7.0; +http://ahrefs.com/robot/)"
45.84.191.11 - - [05/May/2025:17:48:44 +0300] "POST /wp-admin/admin-ajax.php?action=async_litespeed&nonce=FzQLz3Gw0fzQHvoaH5pJPgIqRyob5avM&litespeed_type=imgoptm HTTP/1.1" 200 5610 "-" "WordPress/6.5.5; https://www.bmofis.com"
3.131.93.117 - - [05/May/2025:17:48:49 +0300] "GET /urun/hidrolik-cozumler/hidrolik-dis-kapi-sistemleri/patch-fittings/italyan-yuvali-alt-mil-1752mm-cam-kalinligi-icin?filesrc=%2Fhome%2Fbmofiscom%2Fpublic_html%2Fwp-admin%2Fjs%2Feditor-expand.js&path=%2Fhome%2Fbmofiscom%2Fpublic_html%2Fwp-admin%2Fjs HTTP/2" 200 12544 "-" "Mozilla/5.0 AppleWebKit/537.36 (KHTML, like Gecko; compatible; ClaudeBot/1.0; +claudebot@anthropic.com)"
3.131.93.117 - - [05/May/2025:17:48:49 +0300] "GET /urun/hidrolik-cozumler/hidrolik-dis-kapi-sistemleri/patch-fittings/italyan-yuvali-alt-mil-1752mm-cam-kalinligi-icin?filesrc=%2Fhome%2Fbmofiscom%2Fpublic_html%2Fwp-admin%2Fjs%2Flink.js&path=%2Fhome%2Fbmofiscom%2Fpublic_html%2Fwp-admin%2Fjs HTTP/2" 200 3588 "-" "Mozilla/5.0 AppleWebKit/537.36 (KHTML, like Gecko; compatible; ClaudeBot/1.0; +claudebot@anthropic.com)"
3.131.93.117 - - [05/May/2025:17:48:49 +0300] "GET /urun/hidrolik-cozumler/hidrolik-dis-kapi-sistemleri/patch-fittings/italyan-yuvali-alt-mil-1752mm-cam-kalinligi-icin?filesrc=%2Fhome%2Fbmofiscom%2Fpublic_html%2Fwp-includes%2Fjs%2Fautosave.js&path=%2Fhome%2Fbmofiscom%2Fpublic_html%2Fwp-includes%2Fjs HTTP/2" 200 8120 "-" "Mozilla/5.0 AppleWebKit/537.36 (KHTML, like Gecko; compatible; ClaudeBot/1.0; +claudebot@anthropic.com)"
3.131.93.117 - - [05/May/2025:17:48:49 +0300] "GET /urun/hidrolik-cozumler/hidrolik-dis-kapi-sistemleri/patch-fittings/italyan-yuvali-alt-mil-1752mm-cam-kalinligi-icin?filesrc=%2Fhome%2Fbmofiscom%2Fpublic_html%2Fwp-admin%2Fjs%2Fcommon.js&path=%2Fhome%2Fbmofiscom%2Fpublic_html%2Fwp-admin%2Fjs HTTP/2" 200 18173 "-" "Mozilla/5.0 AppleWebKit/537.36 (KHTML, like Gecko; compatible; ClaudeBot/1.0; +claudebot@anthropic.com)"
3.131.93.117 - - [05/May/2025:17:48:49 +0300] "GET /en/urun-kategori/qub-series?path=%2Fhome%2Fbmofiscom%2Fpublic_html%2Fwp-content%2Fwflogs HTTP/2" 200 2782 "-" "Mozilla/5.0 AppleWebKit/537.36 (KHTML, like Gecko; compatible; ClaudeBot/1.0; +claudebot@anthropic.com)"
3.131.93.117 - - [05/May/2025:17:48:50 +0300] "GET /urun/hidrolik-cozumler/hidrolik-dis-kapi-sistemleri/patch-fittings/italyan-yuvali-alt-mil-1752mm-cam-kalinligi-icin?filesrc=%2Fhome%2Fbmofiscom%2Fpublic_html%2Fwp-includes%2Fjs%2Fmedia-editor.min.js&path=%2Fhome%2Fbmofiscom%2Fpublic_html%2Fwp-includes%2Fjs HTTP/2" 200 5899 "-" "Mozilla/5.0 AppleWebKit/537.36 (KHTML, like Gecko; compatible; ClaudeBot/1.0; +claudebot@anthropic.com)"
3.131.93.117 - - [05/May/2025:17:48:51 +0300] "GET /urun/hidrolik-cozumler/hidrolik-dis-kapi-sistemleri/patch-fittings/italyan-yuvali-alt-mil-1752mm-cam-kalinligi-icin?filesrc=%2Fhome%2Fbmofiscom%2Fpublic_html%2Fwp-includes%2Fjs%2Fmedia-grid.js&path=%2Fhome%2Fbmofiscom%2Fpublic_html%2Fwp-includes%2Fjs HTTP/2" 200 9208 "-" "Mozilla/5.0 AppleWebKit/537.36 (KHTML, like Gecko; compatible; ClaudeBot/1.0; +claudebot@anthropic.com)"
3.131.93.117 - - [05/May/2025:17:48:51 +0300] "GET /urun/hidrolik-cozumler/hidrolik-dis-kapi-sistemleri/patch-fittings/italyan-yuvali-alt-mil-1752mm-cam-kalinligi-icin?filesrc=%2Fhome%2Fbmofiscom%2Fpublic_html%2Fwp-admin%2Fjs%2Fcustomize-widgets.min.js&path=%2Fhome%2Fbmofiscom%2Fpublic_html%2Fwp-admin%2Fjs HTTP/2" 200 10709 "-" "Mozilla/5.0 AppleWebKit/537.36 (KHTML, like Gecko; compatible; ClaudeBot/1.0; +claudebot@anthropic.com)"
3.131.93.117 - - [05/May/2025:17:48:51 +0300] "GET /en/urun-kategori/qub-series?path=%2Fhome%2Fbmofiscom%2Fpublic_html%2Fwp-includes%2Fphp-compat HTTP/2" 200 2445 "-" "Mozilla/5.0 AppleWebKit/537.36 (KHTML, like Gecko; compatible; ClaudeBot/1.0; +claudebot@anthropic.com)"
3.131.93.117 - - [05/May/2025:17:48:51 +0300] "GET /urun/hidrolik-cozumler/hidrolik-dis-kapi-sistemleri/patch-fittings/italyan-yuvali-alt-mil-1752mm-cam-kalinligi-icin?filesrc=%2Fhome%2Fbmofiscom%2Fpublic_html%2Fwp-includes%2Fjs%2Fcustomize-models.min.js&path=%2Fhome%2Fbmofiscom%2Fpublic_html%2Fwp-includes%2Fjs HTTP/2" 200 3256 "-" "Mozilla/5.0 AppleWebKit/537.36 (KHTML, like Gecko; compatible; ClaudeBot/1.0; +claudebot@anthropic.com)"
3.131.93.117 - - [05/May/2025:17:48:52 +0300] "GET /en/urun-kategori/qub-series?path=%2Fhome%2Fbmofiscom%2Fpublic_html%2Fwp-admin%2Fmaint HTTP/2" 200 2569 "-" "Mozilla/5.0 AppleWebKit/537.36 (KHTML, like Gecko; compatible; ClaudeBot/1.0; +claudebot@anthropic.com)"
40.77.167.151 - - [05/May/2025:17:48:22 +0300] "GET /urun/pcc17-3-iki-yollu-aluminyum-birlesim-profili-8-1238mm/?b=bmo251c49300299-gazini-national-costume HTTP/2" 403 1242 "-" "Mozilla/5.0 AppleWebKit/537.36 (KHTML, like Gecko; compatible; bingbot/2.0; +http://www.bing.com/bingbot.htm) Chrome/116.0.1938.76 Safari/537.36"
45.84.191.11 - - [05/May/2025:17:48:42 +0300] "POST /wp-cron.php?doing_wp_cron=1746456522.5749270915985107421875 HTTP/1.1" 200 0 "-" "WordPress/6.5.5; https://www.bmofis.com"
66.249.66.10 - - [05/May/2025:17:48:56 +0300] "GET /?b=142297915 HTTP/1.1" 403 1242 "-" "Mozilla/5.0 (Linux; Android 6.0.1; Nexus 5X Build/MMB29P) AppleWebKit/537.36 (KHTML, like Gecko) Chrome/135.0.7049.95 Mobile Safari/537.36 (compatible; Googlebot/2.1; +http://www.google.com/bot.html)"
40.77.167.151 - - [05/May/2025:17:49:02 +0300] "GET /urun/standart-cozumler/dus-sistemleri-standart-cozumler/piuma-surme-dus-sistemi/piuma-cift-kanatli-surme-kose-dus-sistemi/teklif-al?b=bmo251c4000070-all-nike-sacai-shoes HTTP/2" 403 1242 "-" "Mozilla/5.0 AppleWebKit/537.36 (KHTML, like Gecko; compatible; bingbot/2.0; +http://www.bing.com/bingbot.htm) Chrome/116.0.1938.76 Safari/537.36"
40.77.167.151 - - [05/May/2025:17:49:22 +0300] "GET /uygulamalar/dus-kabini-aksesuarlari/nis-uygulamalar-icin-dus-teknesi-ebadi-/coleman-system/4/86.aspx?b=bmo251c34900163-koi-footwear-takeda-sword-trainers HTTP/2" 403 1242 "-" "Mozilla/5.0 AppleWebKit/537.36 (KHTML, like Gecko; compatible; bingbot/2.0; +http://www.bing.com/bingbot.htm) Chrome/116.0.1938.76 Safari/537.36"
40.77.190.108 - - [05/May/2025:17:49:27 +0300] "GET /wp-content/plugins/mystickymenu/js/mystickymenu.min.js?ver=2.2.6 HTTP/2" 200 3980 "-" "Mozilla/5.0 AppleWebKit/537.36 (KHTML, like Gecko; compatible; bingbot/2.0; +http://www.bing.com/bingbot.htm) Chrome/100.0.4896.127 Safari/537.36"
40.77.188.147 - - [05/May/2025:17:49:27 +0300] "GET /wp-content/plugins/mystickymenu/js/detectmobilebrowser.js?ver=2.2.6 HTTP/2" 200 2217 "-" "Mozilla/5.0 AppleWebKit/537.36 (KHTML, like Gecko; compatible; bingbot/2.0; +http://www.bing.com/bingbot.htm) Chrome/100.0.4896.127 Safari/537.36"
40.77.188.178 - - [05/May/2025:17:49:27 +0300] "GET /wp-content/cache/wpfc-minified/jqx7ktz2/24hs7.js HTTP/2" 200 129204 "-" "Mozilla/5.0 AppleWebKit/537.36 (KHTML, like Gecko; compatible; bingbot/2.0; +http://www.bing.com/bingbot.htm) Chrome/100.0.4896.127 Safari/537.36"
40.77.190.108 - - [05/May/2025:17:49:28 +0300] "GET /wp-includes/js/hoverIntent.min.js?ver=1.8.1 HTTP/2" 200 1499 "-" "Mozilla/5.0 AppleWebKit/537.36 (KHTML, like Gecko; compatible; bingbot/2.0; +http://www.bing.com/bingbot.htm) Chrome/100.0.4896.127 Safari/537.36"
40.77.190.1 - - [05/May/2025:17:49:29 +0300] "GET /wp-includes/js/wp-emoji-release.min.js?ver=5.3.8 HTTP/2" 200 18726 "-" "Mozilla/5.0 AppleWebKit/537.36 (KHTML, like Gecko; compatible; bingbot/2.0; +http://www.bing.com/bingbot.htm) Chrome/100.0.4896.127 Safari/537.36"
40.77.190.44 - - [05/May/2025:17:49:29 +0300] "POST /?wc-ajax=get_refreshed_fragments HTTP/2" 200 121344 "-" "Mozilla/5.0 AppleWebKit/537.36 (KHTML, like Gecko; compatible; bingbot/2.0; +http://www.bing.com/bingbot.htm) Chrome/100.0.4896.127 Safari/537.36"
54.36.148.235 - - [05/May/2025:17:49:32 +0300] "GET /en/urun-kategori/glass-joint-joint-laths?filesrc=/home/bmofiscom/public_html/wp-includes/capabilities.php&path=/home/bmofiscom/public_html/wp-includes HTTP/2" 200 9163 "-" "Mozilla/5.0 (compatible; AhrefsBot/7.0; +http://ahrefs.com/robot/)"
66.249.66.66 - - [05/May/2025:17:49:36 +0300] "GET /feature/sale2411-5/index.html HTTP/1.1" 200 19920 "-" "Mozilla/5.0 (Linux; Android 6.0.1; Nexus 5X Build/MMB29P) AppleWebKit/537.36 (KHTML, like Gecko) Chrome/135.0.7049.95 Mobile Safari/537.36 (compatible; GoogleOther)"
3.131.93.117 - - [05/May/2025:17:48:52 +0300] "GET /urun/hidrolik-cozumler/hidrolik-dis-kapi-sistemleri/patch-fittings/italyan-yuvali-alt-mil-1752mm-cam-kalinligi-icin?filesrc=%2Fhome%2Fbmofiscom%2Fpublic_html%2Fwp-includes%2Fjs%2Fmce-view.js&path=%2Fhome%2Fbmofiscom%2Fpublic_html%2Fwp-includes%2Fjs HTTP/2" 200 9301 "-" "Mozilla/5.0 AppleWebKit/537.36 (KHTML, like Gecko; compatible; ClaudeBot/1.0; +claudebot@anthropic.com)"
3.131.93.117 - - [05/May/2025:17:48:52 +0300] "GET /en/urun-kategori/qub-series?path=%2Fhome%2Fbmofiscom%2Fpublic_html%2Fwp-includes%2Ftheme-compat HTTP/2" 200 2693 "-" "Mozilla/5.0 AppleWebKit/537.36 (KHTML, like Gecko; compatible; ClaudeBot/1.0; +claudebot@anthropic.com)"
3.131.93.117 - - [05/May/2025:17:48:52 +0300] "GET /urun/hidrolik-cozumler/hidrolik-dis-kapi-sistemleri/patch-fittings/italyan-yuvali-alt-mil-1752mm-cam-kalinligi-icin?filesrc=%2Fhome%2Fbmofiscom%2Fpublic_html%2Fwp-includes%2Fjs%2Fclipboard.js&path=%2Fhome%2Fbmofiscom%2Fpublic_html%2Fwp-includes%2Fjs HTTP/2" 200 9182 "-" "Mozilla/5.0 AppleWebKit/537.36 (KHTML, like Gecko; compatible; ClaudeBot/1.0; +claudebot@anthropic.com)"
66.249.66.11 - - [05/May/2025:17:49:05 +0300] "GET /?b=338863115 HTTP/1.1" 403 1242 "-" "Mozilla/5.0 (Linux; Android 6.0.1; Nexus 5X Build/MMB29P) AppleWebKit/537.36 (KHTML, like Gecko) Chrome/135.0.7049.95 Mobile Safari/537.36 (compatible; Googlebot/2.1; +http://www.google.com/bot.html)"
66.249.66.73 - - [05/May/2025:17:49:15 +0300] "GET /?b=58011915 HTTP/1.1" 403 1242 "-" "Mozilla/5.0 (Linux; Android 6.0.1; Nexus 5X Build/MMB29P) AppleWebKit/537.36 (KHTML, like Gecko) Chrome/135.0.7049.95 Mobile Safari/537.36 (compatible; Googlebot/2.1; +http://www.google.com/bot.html)"
40.77.190.3 - - [05/May/2025:17:49:27 +0300] "GET /wp-content/cache/wpfc-minified/jnefd3tt/24hs7.js HTTP/2" 200 201456 "-" "Mozilla/5.0 AppleWebKit/537.36 (KHTML, like Gecko; compatible; bingbot/2.0; +http://www.bing.com/bingbot.htm) Chrome/100.0.4896.127 Safari/537.36"
40.77.189.198 - - [05/May/2025:17:49:28 +0300] "GET /wp-content/plugins/woocommerce/assets/js/frontend/woocommerce.min.js?ver=3.8.0 HTTP/2" 200 1472 "-" "Mozilla/5.0 AppleWebKit/537.36 (KHTML, like Gecko; compatible; bingbot/2.0; +http://www.bing.com/bingbot.htm) Chrome/100.0.4896.127 Safari/537.36"
40.77.190.1 - - [05/May/2025:17:49:28 +0300] "GET /wp-content/plugins/woocommerce/assets/js/frontend/cart-fragments.min.js?ver=3.8.0 HTTP/2" 200 2940 "-" "Mozilla/5.0 AppleWebKit/537.36 (KHTML, like Gecko; compatible; bingbot/2.0; +http://www.bing.com/bingbot.htm) Chrome/100.0.4896.127 Safari/537.36"
40.77.188.131 - - [05/May/2025:17:49:28 +0300] "GET /wp-includes/js/wp-embed.min.js?ver=5.3.8 HTTP/2" 200 1251 "-" "Mozilla/5.0 AppleWebKit/537.36 (KHTML, like Gecko; compatible; bingbot/2.0; +http://www.bing.com/bingbot.htm) Chrome/100.0.4896.127 Safari/537.36"
40.77.188.88 - - [05/May/2025:17:49:29 +0300] "GET /wp-content/cache/wpfc-minified/qx7ku4ym/24hs7.css HTTP/2" 200 6758 "-" "Mozilla/5.0 AppleWebKit/537.36 (KHTML, like Gecko; compatible; bingbot/2.0; +http://www.bing.com/bingbot.htm) Chrome/100.0.4896.127 Safari/537.36"
45.84.191.11 - - [05/May/2025:17:49:33 +0300] "POST /wp-cron.php?doing_wp_cron=1746456573.6351110935211181640625 HTTP/1.1" 200 0 "-" "WordPress/6.5.5; https://www.bmofis.com"
45.84.191.11 - - [05/May/2025:17:49:35 +0300] "POST /wp-admin/admin-ajax.php?action=async_litespeed&nonce=MHSbrS8AQsDqf8af6cwD4zN8mVWg17OR&litespeed_type=imgoptm HTTP/1.1" 200 5610 "-" "WordPress/6.5.5; https://www.bmofis.com"
66.249.66.195 - - [05/May/2025:17:49:51 +0300] "GET /?b=530085615 HTTP/1.1" 403 1242 "-" "Mozilla/5.0 (Linux; Android 6.0.1; Nexus 5X Build/MMB29P) AppleWebKit/537.36 (KHTML, like Gecko) Chrome/135.0.7049.95 Mobile Safari/537.36 (compatible; Googlebot/2.1; +http://www.google.com/bot.html)"
40.77.167.151 - - [05/May/2025:17:49:42 +0300] "GET /uygulamalar/dus-kabini-aksesuarlari/nis-uygulamalar-icin-dus-teknesi-ebadi-/coleman-system/4/86.aspx?b=bmo251c17900187-copper-fit-customer-service HTTP/2" 403 1242 "-" "Mozilla/5.0 AppleWebKit/537.36 (KHTML, like Gecko; compatible; bingbot/2.0; +http://www.bing.com/bingbot.htm) Chrome/116.0.1938.76 Safari/537.36"
45.84.191.11 - - [05/May/2025:17:50:16 +0300] "POST /wp-cron.php?doing_wp_cron=1746456616.3585200309753417968750 HTTP/1.1" 200 0 "-" "WordPress/6.5.5; https://www.bmofis.com"
45.84.191.11 - - [05/May/2025:17:50:17 +0300] "POST /wp-admin/admin-ajax.php?action=async_litespeed&nonce=FrfmAt99thb3VJmvd2XazFbqFTsIC5GM&litespeed_type=imgoptm HTTP/1.1" 200 5610 "-" "WordPress/6.5.5; https://www.bmofis.com"
52.15.66.233 - - [05/May/2025:17:50:18 +0300] "GET /urun/hidrolik-cozumler/hidrolik-dis-kapi-sistemleri/patch-fittings/italyan-yuvali-alt-mil-1752mm-cam-kalinligi-icin?filesrc=%2Fhome%2Fbmofiscom%2Fpublic_html%2Fwp-admin%2Fjs%2Fmedia-upload.js&path=%2Fhome%2Fbmofiscom%2Fpublic_html%2Fwp-admin%2Fjs HTTP/2" 200 3376 "-" "Mozilla/5.0 AppleWebKit/537.36 (KHTML, like Gecko; compatible; ClaudeBot/1.0; +claudebot@anthropic.com)"
52.15.66.233 - - [05/May/2025:17:50:18 +0300] "GET /urun/hidrolik-cozumler/hidrolik-dis-kapi-sistemleri/patch-fittings/italyan-yuvali-alt-mil-1752mm-cam-kalinligi-icin?filesrc=%2Fhome%2Fbmofiscom%2Fpublic_html%2Fwp-includes%2Fjs%2Fwplink.min.js&path=%2Fhome%2Fbmofiscom%2Fpublic_html%2Fwp-includes%2Fjs HTTP/2" 200 6186 "-" "Mozilla/5.0 AppleWebKit/537.36 (KHTML, like Gecko; compatible; ClaudeBot/1.0; +claudebot@anthropic.com)"
52.15.66.233 - - [05/May/2025:17:50:18 +0300] "GET /urun/hidrolik-cozumler/hidrolik-dis-kapi-sistemleri/patch-fittings/italyan-yuvali-alt-mil-1752mm-cam-kalinligi-icin?filesrc=%2Fhome%2Fbmofiscom%2Fpublic_html%2Fwp-admin%2Fjs%2Fnav-menu.js&path=%2Fhome%2Fbmofiscom%2Fpublic_html%2Fwp-admin%2Fjs HTTP/2" 200 15543 "-" "Mozilla/5.0 AppleWebKit/537.36 (KHTML, like Gecko; compatible; ClaudeBot/1.0; +claudebot@anthropic.com)"
52.15.66.233 - - [05/May/2025:17:50:19 +0300] "GET /urun/hidrolik-cozumler/hidrolik-dis-kapi-sistemleri/patch-fittings/italyan-yuvali-alt-mil-1752mm-cam-kalinligi-icin?filesrc=%2Fhome%2Fbmofiscom%2Fpublic_html%2Fwp-includes%2Fjs%2Fheartbeat.js&path=%2Fhome%2Fbmofiscom%2Fpublic_html%2Fwp-includes%2Fjs HTTP/2" 200 8778 "-" "Mozilla/5.0 AppleWebKit/537.36 (KHTML, like Gecko; compatible; ClaudeBot/1.0; +claudebot@anthropic.com)"
52.15.66.233 - - [05/May/2025:17:50:19 +0300] "GET /urun/hidrolik-cozumler/hidrolik-dis-kapi-sistemleri/patch-fittings/italyan-yuvali-alt-mil-1752mm-cam-kalinligi-icin?filesrc=%2Fhome%2Fbmofiscom%2Fpublic_html%2Fwp-includes%2Fjs%2Fadmin-bar.min.js&path=%2Fhome%2Fbmofiscom%2Fpublic_html%2Fwp-includes%2Fjs HTTP/2" 200 3531 "-" "Mozilla/5.0 AppleWebKit/537.36 (KHTML, like Gecko; compatible; ClaudeBot/1.0; +claudebot@anthropic.com)"
52.15.66.233 - - [05/May/2025:17:50:20 +0300] "GET /urun/hidrolik-cozumler/hidrolik-dis-kapi-sistemleri/patch-fittings/italyan-yuvali-alt-mil-1752mm-cam-kalinligi-icin?filesrc=%2Fhome%2Fbmofiscom%2Fpublic_html%2Fwp-includes%2Fjs%2Fwp-sanitize.min.js&path=%2Fhome%2Fbmofiscom%2Fpublic_html%2Fwp-includes%2Fjs HTTP/2" 200 2278 "-" "Mozilla/5.0 AppleWebKit/537.36 (KHTML, like Gecko; compatible; ClaudeBot/1.0; +claudebot@anthropic.com)"
52.15.66.233 - - [05/May/2025:17:50:20 +0300] "GET /en/urun-kategori/qub-series?path=%2Fhome%2Fbmofiscom%2Fpublic_html%2Fwp-admin%2Fimages HTTP/2" 200 4498 "-" "Mozilla/5.0 AppleWebKit/537.36 (KHTML, like Gecko; compatible; ClaudeBot/1.0; +claudebot@anthropic.com)"
52.15.66.233 - - [05/May/2025:17:50:20 +0300] "GET /urun/hidrolik-cozumler/hidrolik-dis-kapi-sistemleri/patch-fittings/italyan-yuvali-alt-mil-1752mm-cam-kalinligi-icin?filesrc=%2Fhome%2Fbmofiscom%2Fpublic_html%2Fwp-admin%2Fjs%2Flanguage-chooser.js&path=%2Fhome%2Fbmofiscom%2Fpublic_html%2Fwp-admin%2Fjs HTTP/2" 200 2434 "-" "Mozilla/5.0 AppleWebKit/537.36 (KHTML, like Gecko; compatible; ClaudeBot/1.0; +claudebot@anthropic.com)"
52.15.66.233 - - [05/May/2025:17:50:20 +0300] "GET /urun/hidrolik-cozumler/hidrolik-dis-kapi-sistemleri/patch-fittings/italyan-yuvali-alt-mil-1752mm-cam-kalinligi-icin?filesrc=%2Fhome%2Fbmofiscom%2Fpublic_html%2Fwp-includes%2Fjs%2Fbackbone.min.js&path=%2Fhome%2Fbmofiscom%2Fpublic_html%2Fwp-includes%2Fjs HTTP/2" 200 10582 "-" "Mozilla/5.0 AppleWebKit/537.36 (KHTML, like Gecko; compatible; ClaudeBot/1.0; +claudebot@anthropic.com)"
52.15.66.233 - - [05/May/2025:17:50:21 +0300] "GET /urun/hidrolik-cozumler/hidrolik-dis-kapi-sistemleri/patch-fittings/italyan-yuvali-alt-mil-1752mm-cam-kalinligi-icin?filesrc=%2Fhome%2Fbmofiscom%2Fpublic_html%2Fwp-admin%2Fjs%2Fdashboard.js&path=%2Fhome%2Fbmofiscom%2Fpublic_html%2Fwp-admin%2Fjs HTTP/2" 200 10611 "-" "Mozilla/5.0 AppleWebKit/537.36 (KHTML, like Gecko; compatible; ClaudeBot/1.0; +claudebot@anthropic.com)"
52.15.66.233 - - [05/May/2025:17:50:21 +0300] "GET /en/urun-kategori/qub-series?path=%2Fhome%2Fbmofiscom%2Fpublic_html%2Fwp-content%2Fthemes HTTP/2" 200 2686 "-" "Mozilla/5.0 AppleWebKit/537.36 (KHTML, like Gecko; compatible; ClaudeBot/1.0; +claudebot@anthropic.com)"
52.15.66.233 - - [05/May/2025:17:50:22 +0300] "GET /urun/hidrolik-cozumler/hidrolik-dis-kapi-sistemleri/patch-fittings/italyan-yuvali-alt-mil-1752mm-cam-kalinligi-icin?filesrc=%2Fhome%2Fbmofiscom%2Fpublic_html%2Fwp-admin%2Fjs%2Fcustom-background.js&path=%2Fhome%2Fbmofiscom%2Fpublic_html%2Fwp-admin%2Fjs HTTP/2" 200 3151 "-" "Mozilla/5.0 AppleWebKit/537.36 (KHTML, like Gecko; compatible; ClaudeBot/1.0; +claudebot@anthropic.com)"
40.77.167.151 - - [05/May/2025:17:50:23 +0300] "GET /urun/standart-cozumler/kol-ve-kilitler/cam-kapi-kilitleri/685w30-kirmizi-yesil-gostergeli-wc-kilidi/teklif-al?b=bmo251c24200010-fear-of-god-essentials-kids HTTP/2" 403 1242 "-" "Mozilla/5.0 AppleWebKit/537.36 (KHTML, like Gecko; compatible; bingbot/2.0; +http://www.bing.com/bingbot.htm) Chrome/116.0.1938.76 Safari/537.36"
52.15.66.233 - - [05/May/2025:17:50:22 +0300] "GET /urun/hidrolik-cozumler/hidrolik-dis-kapi-sistemleri/patch-fittings/italyan-yuvali-alt-mil-1752mm-cam-kalinligi-icin?filesrc=%2Fhome%2Fbmofiscom%2Fpublic_html%2Fwp-admin%2Fjs%2Fplugin-install.js&path=%2Fhome%2Fbmofiscom%2Fpublic_html%2Fwp-admin%2Fjs HTTP/2" 200 4659 "-" "Mozilla/5.0 AppleWebKit/537.36 (KHTML, like Gecko; compatible; ClaudeBot/1.0; +claudebot@anthropic.com)"
52.15.66.233 - - [05/May/2025:17:50:22 +0300] "GET /urun/hidrolik-cozumler/hidrolik-dis-kapi-sistemleri/patch-fittings/italyan-yuvali-alt-mil-1752mm-cam-kalinligi-icin?filesrc=%2Fhome%2Fbmofiscom%2Fpublic_html%2Fwp-admin%2Fjs%2Fcustomize-controls.min.js&path=%2Fhome%2Fbmofiscom%2Fpublic_html%2Fwp-admin%2Fjs HTTP/2" 200 32953 "-" "Mozilla/5.0 AppleWebKit/537.36 (KHTML, like Gecko; compatible; ClaudeBot/1.0; +claudebot@anthropic.com)"
66.249.66.10 - - [05/May/2025:17:51:01 +0300] "GET /?b=253681415 HTTP/1.1" 403 1242 "-" "Mozilla/5.0 (Linux; Android 6.0.1; Nexus 5X Build/MMB29P) AppleWebKit/537.36 (KHTML, like Gecko) Chrome/135.0.7049.95 Mobile Safari/537.36 (compatible; Googlebot/2.1; +http://www.google.com/bot.html)"
66.249.66.1 - - [05/May/2025:17:51:03 +0300] "GET /en/contact-us/ HTTP/1.1" 200 19114 "-" "Mozilla/5.0 (Linux; Android 6.0.1; Nexus 5X Build/MMB29P) AppleWebKit/537.36 (KHTML, like Gecko) Chrome/135.0.7049.95 Mobile Safari/537.36 (compatible; Googlebot/2.1; +http://www.google.com/bot.html)"
114.119.147.240 - - [05/May/2025:17:51:10 +0300] "GET /en/urun-kategori/shower-systems?b=bmo251c26100104-giorgio-brutini-review HTTP/1.1" 403 1242 "https://www.bmofis.com/en/urun-kategori/shower-systems" "Mozilla/5.0 (Linux; Android 7.0;) AppleWebKit/537.36 (KHTML, like Gecko) Mobile Safari/537.36 (compatible; PetalBot;+https://webmaster.petalsearch.com/site/petalbot)"
66.249.66.166 - - [05/May/2025:17:51:13 +0300] "POST /get-message-notify HTTP/1.1" 200 19704 "https://www.bmofis.com/en/contact-us/" "Mozilla/5.0 (Linux; Android 6.0.1; Nexus 5X Build/MMB29P) AppleWebKit/537.36 (KHTML, like Gecko) Chrome/134.0.6998.165 Mobile Safari/537.36 (compatible; Googlebot/2.1; +http://www.google.com/bot.html)"
66.249.66.195 - - [05/May/2025:17:50:01 +0300] "GET /?b=269243415 HTTP/1.1" 403 1242 "-" "Mozilla/5.0 (Linux; Android 6.0.1; Nexus 5X Build/MMB29P) AppleWebKit/537.36 (KHTML, like Gecko) Chrome/135.0.7049.95 Mobile Safari/537.36 (compatible; Googlebot/2.1; +http://www.google.com/bot.html)"
40.77.167.151 - - [05/May/2025:17:50:03 +0300] "GET /urun/standart-cozumler/dus-sistemleri-standart-cozumler/topuz-ve-kollar-dus-sistemleri-standart-cozumler/5q12-kapi-kolu/teklif-al?b=bmo251c20100155-diemme-filtration HTTP/2" 403 1242 "-" "Mozilla/5.0 AppleWebKit/537.36 (KHTML, like Gecko; compatible; bingbot/2.0; +http://www.bing.com/bingbot.htm) Chrome/116.0.1938.76 Safari/537.36"
66.249.66.10 - - [05/May/2025:17:50:10 +0300] "GET /?b=542224415 HTTP/1.1" 403 1242 "-" "Mozilla/5.0 (Linux; Android 6.0.1; Nexus 5X Build/MMB29P) AppleWebKit/537.36 (KHTML, like Gecko) Chrome/135.0.7049.95 Mobile Safari/537.36 (compatible; Googlebot/2.1; +http://www.google.com/bot.html)"
54.36.148.252 - - [05/May/2025:17:50:15 +0300] "GET /en/urun-kategori/glass-joint-joint-laths?filesrc=/home/bmofiscom/public_html/wp-includes/category-template.php&path=/home/bmofiscom/public_html/wp-includes HTTP/2" 200 15754 "-" "Mozilla/5.0 (compatible; AhrefsBot/7.0; +http://ahrefs.com/robot/)"
66.249.66.73 - - [05/May/2025:17:50:27 +0300] "GET /?b=487315315 HTTP/1.1" 403 1242 "-" "Mozilla/5.0 (Linux; Android 6.0.1; Nexus 5X Build/MMB29P) AppleWebKit/537.36 (KHTML, like Gecko) Chrome/135.0.7049.95 Mobile Safari/537.36 (compatible; Googlebot/2.1; +http://www.google.com/bot.html)"
52.167.144.16 - - [05/May/2025:17:50:42 +0300] "GET /urun/hidrolik-sistemler/hidrolik-dus-sistemleri/sauna-buhar-odasi-cozumleri-hidrolik-dus-sistemleri/kbt8061-buhar-odalari-ve-hamamlar-icin-hidrolik-set/teklif-al?b=bmo251c33300163-kaanas-aurora-labyrinth-leather-sandal HTTP/2" 403 1242 "-" "Mozilla/5.0 AppleWebKit/537.36 (KHTML, like Gecko; compatible; bingbot/2.0; +http://www.bing.com/bingbot.htm) Chrome/116.0.1938.76 Safari/537.36"
66.249.66.73 - - [05/May/2025:17:50:48 +0300] "GET /?b=96618315 HTTP/1.1" 403 1242 "-" "Mozilla/5.0 (Linux; Android 6.0.1; Nexus 5X Build/MMB29P) AppleWebKit/537.36 (KHTML, like Gecko) Chrome/135.0.7049.95 Mobile Safari/537.36 (compatible; Googlebot/2.1; +http://www.google.com/bot.html)"
40.77.167.151 - - [05/May/2025:17:51:02 +0300] "GET /urun/hidrolik-sistemler/hidrolik-dus-sistemleri/sauna-buhar-odasi-cozumleri-hidrolik-dus-sistemleri/kbt8061-buhar-odalari-ve-hamamlar-icin-hidrolik-set/teklif-al?b=bmo251c22900127-babybjorn-vs-ergobaby HTTP/2" 403 1242 "-" "Mozilla/5.0 AppleWebKit/537.36 (KHTML, like Gecko; compatible; bingbot/2.0; +http://www.bing.com/bingbot.htm) Chrome/116.0.1938.76 Safari/537.36"
45.84.191.11 - - [05/May/2025:17:51:14 +0300] "POST /wp-cron.php?doing_wp_cron=1746456674.5525269508361816406250 HTTP/1.1" 200 0 "-" "WordPress/6.5.5; https://www.bmofis.com"
66.249.66.34 - - [05/May/2025:17:51:19 +0300] "GET /?b=354589315 HTTP/1.1" 403 1242 "-" "Mozilla/5.0 (Linux; Android 6.0.1; Nexus 5X Build/MMB29P) AppleWebKit/537.36 (KHTML, like Gecko) Chrome/135.0.7049.95 Mobile Safari/537.36 (compatible; Googlebot/2.1; +http://www.google.com/bot.html)"
40.77.167.151 - - [05/May/2025:17:51:22 +0300] "GET /urun/standart-cozumler/dus-sistemleri-standart-cozumler/topuz-ve-kollar-dus-sistemleri-standart-cozumler/5c00-kapi-kolu/teklif-al?b=bmo251c3600225-mizuna-restaurant-in-denver HTTP/2" 403 1242 "-" "Mozilla/5.0 AppleWebKit/537.36 (KHTML, like Gecko; compatible; bingbot/2.0; +http://www.bing.com/bingbot.htm) Chrome/116.0.1938.76 Safari/537.36"
52.167.144.163 - - [05/May/2025:17:51:42 +0300] "GET /urun/pcc17-3-iki-yollu-aluminyum-birlesim-profili-8-1238mm/?b=bmo251c35800042-lanz-of-salzburg-size-chart HTTP/2" 403 1242 "-" "Mozilla/5.0 AppleWebKit/537.36 (KHTML, like Gecko; compatible; bingbot/2.0; +http://www.bing.com/bingbot.htm) Chrome/116.0.1938.76 Safari/537.36"
66.249.66.10 - - [05/May/2025:17:51:51 +0300] "GET /?b=221200615 HTTP/1.1" 403 1242 "-" "Mozilla/5.0 (Linux; Android 6.0.1; Nexus 5X Build/MMB29P) AppleWebKit/537.36 (KHTML, like Gecko) Chrome/135.0.7049.95 Mobile Safari/537.36 (compatible; Googlebot/2.1; +http://www.google.com/bot.html)"
18.223.121.54 - - [05/May/2025:17:51:50 +0300] "GET /urun/hidrolik-cozumler/hidrolik-dis-kapi-sistemleri/patch-fittings/italyan-yuvali-alt-mil-1752mm-cam-kalinligi-icin?filesrc=%2Fhome%2Fbmofiscom%2Fpublic_html%2Fwp-admin%2Fjs%2Fedit-comments.min.js&path=%2Fhome%2Fbmofiscom%2Fpublic_html%2Fwp-admin%2Fjs HTTP/2" 200 7641 "-" "Mozilla/5.0 AppleWebKit/537.36 (KHTML, like Gecko; compatible; ClaudeBot/1.0; +claudebot@anthropic.com)"
18.223.121.54 - - [05/May/2025:17:51:50 +0300] "GET /urun/hidrolik-cozumler/hidrolik-dis-kapi-sistemleri/patch-fittings/italyan-yuvali-alt-mil-1752mm-cam-kalinligi-icin?filesrc=%2Fhome%2Fbmofiscom%2Fpublic_html%2Fwp-admin%2Fjs%2Ftheme.js&path=%2Fhome%2Fbmofiscom%2Fpublic_html%2Fwp-admin%2Fjs HTTP/2" 200 16963 "-" "Mozilla/5.0 AppleWebKit/537.36 (KHTML, like Gecko; compatible; ClaudeBot/1.0; +claudebot@anthropic.com)"
18.223.121.54 - - [05/May/2025:17:51:50 +0300] "GET /urun/hidrolik-cozumler/hidrolik-dis-kapi-sistemleri/patch-fittings/italyan-yuvali-alt-mil-1752mm-cam-kalinligi-icin?filesrc=%2Fhome%2Fbmofiscom%2Fpublic_html%2Fwp-includes%2Fjs%2Fzxcvbn.min.js&path=%2Fhome%2Fbmofiscom%2Fpublic_html%2Fwp-includes%2Fjs HTTP/2" 200 397201 "-" "Mozilla/5.0 AppleWebKit/537.36 (KHTML, like Gecko; compatible; ClaudeBot/1.0; +claudebot@anthropic.com)"
18.223.121.54 - - [05/May/2025:17:51:50 +0300] "GET /urun/hidrolik-cozumler/hidrolik-dis-kapi-sistemleri/patch-fittings/italyan-yuvali-alt-mil-1752mm-cam-kalinligi-icin?filesrc=%2Fhome%2Fbmofiscom%2Fpublic_html%2Fwp-admin%2Fjs%2Fsite-icon.js&path=%2Fhome%2Fbmofiscom%2Fpublic_html%2Fwp-admin%2Fjs HTTP/2" 200 3870 "-" "Mozilla/5.0 AppleWebKit/537.36 (KHTML, like Gecko; compatible; ClaudeBot/1.0; +claudebot@anthropic.com)"
18.223.121.54 - - [05/May/2025:17:51:51 +0300] "GET /urun/hidrolik-cozumler/hidrolik-dis-kapi-sistemleri/patch-fittings/italyan-yuvali-alt-mil-1752mm-cam-kalinligi-icin?filesrc=%2Fhome%2Fbmofiscom%2Fpublic_html%2Fwp-admin%2Fjs%2Fimage-edit.min.js&path=%2Fhome%2Fbmofiscom%2Fpublic_html%2Fwp-admin%2Fjs HTTP/2" 200 6945 "-" "Mozilla/5.0 AppleWebKit/537.36 (KHTML, like Gecko; compatible; ClaudeBot/1.0; +claudebot@anthropic.com)"
18.223.121.54 - - [05/May/2025:17:51:52 +0300] "GET /urun/hidrolik-cozumler/hidrolik-dis-kapi-sistemleri/patch-fittings/italyan-yuvali-alt-mil-1752mm-cam-kalinligi-icin?filesrc=%2Fhome%2Fbmofiscom%2Fpublic_html%2Fwp-admin%2Fjs%2Frevisions.js&path=%2Fhome%2Fbmofiscom%2Fpublic_html%2Fwp-admin%2Fjs HTTP/2" 200 11103 "-" "Mozilla/5.0 AppleWebKit/537.36 (KHTML, like Gecko; compatible; ClaudeBot/1.0; +claudebot@anthropic.com)"
18.223.121.54 - - [05/May/2025:17:51:52 +0300] "GET /urun/hidrolik-cozumler/hidrolik-dis-kapi-sistemleri/patch-fittings/italyan-yuvali-alt-mil-1752mm-cam-kalinligi-icin?filesrc=%2Fhome%2Fbmofiscom%2Fpublic_html%2Fwp-admin%2Fjs%2Fauth-app.js&path=%2Fhome%2Fbmofiscom%2Fpublic_html%2Fwp-admin%2Fjs HTTP/2" 200 3964 "-" "Mozilla/5.0 AppleWebKit/537.36 (KHTML, like Gecko; compatible; ClaudeBot/1.0; +claudebot@anthropic.com)"
18.223.121.54 - - [05/May/2025:17:51:52 +0300] "GET /urun/hidrolik-cozumler/hidrolik-dis-kapi-sistemleri/patch-fittings/italyan-yuvali-alt-mil-1752mm-cam-kalinligi-icin?filesrc=%2Fhome%2Fbmofiscom%2Fpublic_html%2Fwp-admin%2Fjs%2Fcomment.js&path=%2Fhome%2Fbmofiscom%2Fpublic_html%2Fwp-admin%2Fjs HTTP/2" 200 3073 "-" "Mozilla/5.0 AppleWebKit/537.36 (KHTML, like Gecko; compatible; ClaudeBot/1.0; +claudebot@anthropic.com)"
18.223.121.54 - - [05/May/2025:17:51:52 +0300] "GET /en/urun-kategori/qub-series?filesrc=%2Fhome%2Fbmofiscom%2Fpublic_html%2F252f%2Fphpfm.png&path=%2Fhome%2Fbmofiscom%2Fpublic_html%2F252f HTTP/2" 200 2012 "-" "Mozilla/5.0 AppleWebKit/537.36 (KHTML, like Gecko; compatible; ClaudeBot/1.0; +claudebot@anthropic.com)"
18.223.121.54 - - [05/May/2025:17:51:53 +0300] "GET /urun/hidrolik-cozumler/hidrolik-dis-kapi-sistemleri/patch-fittings/italyan-yuvali-alt-mil-1752mm-cam-kalinligi-icin?filesrc=%2Fhome%2Fbmofiscom%2Fpublic_html%2Fwp-includes%2Fjs%2Fwp-backbone.min.js&path=%2Fhome%2Fbmofiscom%2Fpublic_html%2Fwp-includes%2Fjs HTTP/2" 200 3256 "-" "Mozilla/5.0 AppleWebKit/537.36 (KHTML, like Gecko; compatible; ClaudeBot/1.0; +claudebot@anthropic.com)"
18.223.121.54 - - [05/May/2025:17:51:53 +0300] "GET /urun/hidrolik-cozumler/hidrolik-dis-kapi-sistemleri/patch-fittings/italyan-yuvali-alt-mil-1752mm-cam-kalinligi-icin?filesrc=%2Fhome%2Fbmofiscom%2Fpublic_html%2Fwp-includes%2Fjs%2Fjson2.min.js&path=%2Fhome%2Fbmofiscom%2Fpublic_html%2Fwp-includes%2Fjs HTTP/2" 200 3522 "-" "Mozilla/5.0 AppleWebKit/537.36 (KHTML, like Gecko; compatible; ClaudeBot/1.0; +claudebot@anthropic.com)"
18.223.121.54 - - [05/May/2025:17:51:54 +0300] "GET /urun/hidrolik-cozumler/hidrolik-dis-kapi-sistemleri/patch-fittings/italyan-yuvali-alt-mil-1752mm-cam-kalinligi-icin?filesrc=%2Fhome%2Fbmofiscom%2Fpublic_html%2Fwp-includes%2Fjs%2Fmedia-views.js&path=%2Fhome%2Fbmofiscom%2Fpublic_html%2Fwp-includes%2Fjs HTTP/2" 200 59750 "-" "Mozilla/5.0 AppleWebKit/537.36 (KHTML, like Gecko; compatible; ClaudeBot/1.0; +claudebot@anthropic.com)"
18.223.121.54 - - [05/May/2025:17:51:54 +0300] "GET /urun/hidrolik-cozumler/hidrolik-dis-kapi-sistemleri/patch-fittings/italyan-yuvali-alt-mil-1752mm-cam-kalinligi-icin?filesrc=%2Fhome%2Fbmofiscom%2Fpublic_html%2Fwp-admin%2Fjs%2Fpostbox.js&path=%2Fhome%2Fbmofiscom%2Fpublic_html%2Fwp-admin%2Fjs HTTP/2" 200 7111 "-" "Mozilla/5.0 AppleWebKit/537.36 (KHTML, like Gecko; compatible; ClaudeBot/1.0; +claudebot@anthropic.com)"
18.223.121.54 - - [05/May/2025:17:51:54 +0300] "GET /urun/hidrolik-cozumler/hidrolik-dis-kapi-sistemleri/patch-fittings/italyan-yuvali-alt-mil-1752mm-cam-kalinligi-icin?filesrc=%2Fhome%2Fbmofiscom%2Fpublic_html%2Fwp-admin%2Fjs%2Fapplication-passwords.js&path=%2Fhome%2Fbmofiscom%2Fpublic_html%2Fwp-admin%2Fjs HTTP/2" 200 3920 "-" "Mozilla/5.0 AppleWebKit/537.36 (KHTML, like Gecko; compatible; ClaudeBot/1.0; +claudebot@anthropic.com)"
66.249.66.73 - - [05/May/2025:17:52:01 +0300] "GET /?b=35638315 HTTP/1.1" 403 1242 "-" "Mozilla/5.0 (Linux; Android 6.0.1; Nexus 5X Build/MMB29P) AppleWebKit/537.36 (KHTML, like Gecko) Chrome/135.0.7049.95 Mobile Safari/537.36 (compatible; Googlebot/2.1; +http://www.google.com/bot.html)"
