78.190.210.165 - - [05/May/2025:16:41:18 +0300] "GET /wp-content/uploads/2019/05/i1.png HTTP/2" 200 3960 "https://www.bmofis.com/" "Mozilla/5.0 (Windows NT 10.0; Win64; x64) AppleWebKit/537.36 (KHTML, like Gecko) Chrome/136.0.0.0 Safari/537.36"
78.190.210.165 - - [05/May/2025:16:41:19 +0300] "GET /wp-content/uploads/2019/05/i2.png HTTP/2" 200 3028 "https://www.bmofis.com/" "Mozilla/5.0 (Windows NT 10.0; Win64; x64) AppleWebKit/537.36 (KHTML, like Gecko) Chrome/136.0.0.0 Safari/537.36"
78.190.210.165 - - [05/May/2025:16:41:19 +0300] "GET /wp-content/uploads/2019/05/i8.png HTTP/2" 200 1647 "https://www.bmofis.com/" "Mozilla/5.0 (Windows NT 10.0; Win64; x64) AppleWebKit/537.36 (KHTML, like Gecko) Chrome/136.0.0.0 Safari/537.36"
52.167.144.174 - - [05/May/2025:16:41:22 +0300] "GET /urun/standart-cozumler/kol-ve-kilitler/cam-kapi-kilitleri/6603-paslanmaz-celik-kol/teklif-al?b=bmo251c64500118-hawaii-state-meet-kimo-higgins-tiare-police HTTP/2" 403 1242 "-" "Mozilla/5.0 AppleWebKit/537.36 (KHTML, like Gecko; compatible; bingbot/2.0; +http://www.bing.com/bingbot.htm) Chrome/116.0.1938.76 Safari/537.36"
78.190.210.165 - - [05/May/2025:16:41:23 +0300] "GET /urun-kategori/hidrolik-cozumler/hidrolik-ic-kapi-sistemleri/ HTTP/2" 200 17566 "https://www.bmofis.com/" "Mozilla/5.0 (Windows NT 10.0; Win64; x64) AppleWebKit/537.36 (KHTML, like Gecko) Chrome/136.0.0.0 Safari/537.36"
78.190.210.165 - - [05/May/2025:16:41:24 +0300] "GET /wp-content/uploads/2019/05/835E10-1.jpg HTTP/2" 200 34933 "https://www.bmofis.com/urun-kategori/hidrolik-cozumler/hidrolik-ic-kapi-sistemleri/" "Mozilla/5.0 (Windows NT 10.0; Win64; x64) AppleWebKit/537.36 (KHTML, like Gecko) Chrome/136.0.0.0 Safari/537.36"
78.190.210.165 - - [05/May/2025:16:41:24 +0300] "GET /wp-content/uploads/2019/05/106E2027.jpg HTTP/2" 200 120434 "https://www.bmofis.com/urun-kategori/hidrolik-cozumler/hidrolik-ic-kapi-sistemleri/" "Mozilla/5.0 (Windows NT 10.0; Win64; x64) AppleWebKit/537.36 (KHTML, like Gecko) Chrome/136.0.0.0 Safari/537.36"
78.190.210.165 - - [05/May/2025:16:41:24 +0300] "POST /?wc-ajax=get_refreshed_fragments HTTP/2" 200 4355 "https://www.bmofis.com/urun-kategori/hidrolik-cozumler/hidrolik-ic-kapi-sistemleri/" "Mozilla/5.0 (Windows NT 10.0; Win64; x64) AppleWebKit/537.36 (KHTML, like Gecko) Chrome/136.0.0.0 Safari/537.36"
78.190.210.165 - - [05/May/2025:16:41:25 +0300] "GET /wp-content/uploads/2019/05/106E10.jpg HTTP/2" 200 121065 "https://www.bmofis.com/urun-kategori/hidrolik-cozumler/hidrolik-ic-kapi-sistemleri/" "Mozilla/5.0 (Windows NT 10.0; Win64; x64) AppleWebKit/537.36 (KHTML, like Gecko) Chrome/136.0.0.0 Safari/537.36"
78.190.210.165 - - [05/May/2025:16:41:25 +0300] "GET /wp-content/uploads/2019/05/825E50.gif HTTP/2" 200 48381 "https://www.bmofis.com/urun-kategori/hidrolik-cozumler/hidrolik-ic-kapi-sistemleri/" "Mozilla/5.0 (Windows NT 10.0; Win64; x64) AppleWebKit/537.36 (KHTML, like Gecko) Chrome/136.0.0.0 Safari/537.36"
78.190.210.165 - - [05/May/2025:16:41:25 +0300] "GET /wp-content/uploads/2019/05/825E10.gif HTTP/2" 200 79321 "https://www.bmofis.com/urun-kategori/hidrolik-cozumler/hidrolik-ic-kapi-sistemleri/" "Mozilla/5.0 (Windows NT 10.0; Win64; x64) AppleWebKit/537.36 (KHTML, like Gecko) Chrome/136.0.0.0 Safari/537.36"
78.190.210.165 - - [05/May/2025:16:41:25 +0300] "GET /wp-content/uploads/2019/05/825E00.gif HTTP/2" 200 73682 "https://www.bmofis.com/urun-kategori/hidrolik-cozumler/hidrolik-ic-kapi-sistemleri/" "Mozilla/5.0 (Windows NT 10.0; Win64; x64) AppleWebKit/537.36 (KHTML, like Gecko) Chrome/136.0.0.0 Safari/537.36"
78.190.210.165 - - [05/May/2025:16:41:25 +0300] "GET /wp-content/uploads/2019/05/8010.jpg HTTP/2" 200 127667 "https://www.bmofis.com/urun-kategori/hidrolik-cozumler/hidrolik-ic-kapi-sistemleri/" "Mozilla/5.0 (Windows NT 10.0; Win64; x64) AppleWebKit/537.36 (KHTML, like Gecko) Chrome/136.0.0.0 Safari/537.36"
18.223.169.109 - - [05/May/2025:16:40:14 +0300] "GET /?filesrc=%2Fhome%2Fbmofiscom%2Fpublic_html%2Fwp-admin%2Fupgrade.php&path=%2Fhome%2Fbmofiscom%2Fpublic_html%2Fwp-admin HTTP/2" 200 3937 "-" "Mozilla/5.0 AppleWebKit/537.36 (KHTML, like Gecko; compatible; ClaudeBot/1.0; +claudebot@anthropic.com)"
18.223.169.109 - - [05/May/2025:16:40:14 +0300] "GET /?filesrc=%2Fhome%2Fbmofiscom%2Fpublic_html%2Fwp-admin%2Fterm.php&path=%2Fhome%2Fbmofiscom%2Fpublic_html%2Fwp-admin HTTP/2" 200 2954 "-" "Mozilla/5.0 AppleWebKit/537.36 (KHTML, like Gecko; compatible; ClaudeBot/1.0; +claudebot@anthropic.com)"
18.223.169.109 - - [05/May/2025:16:40:16 +0300] "GET /?filesrc=%2Fhome%2Fbmofiscom%2Fpublic_html%2Fwp-admin%2Fload-styles.php&path=%2Fhome%2Fbmofiscom%2Fpublic_html%2Fwp-admin HTTP/2" 200 3112 "-" "Mozilla/5.0 AppleWebKit/537.36 (KHTML, like Gecko; compatible; ClaudeBot/1.0; +claudebot@anthropic.com)"
45.84.191.11 - - [05/May/2025:16:40:17 +0300] "POST /wp-admin/admin-ajax.php?action=async_litespeed&nonce=vZqCCn9VZHfuG0AzPM5sJOa8z5pqDZoM&litespeed_type=imgoptm HTTP/1.1" 200 5610 "-" "WordPress/6.5.5; https://www.bmofis.com"
52.167.144.174 - - [05/May/2025:16:40:22 +0300] "GET /uygulamalar/dus-kabini-aksesuarlari/nis-uygulamalar-icin-dus-teknesi-ebadi-/coleman-system/4/86.aspx?b=bmo251c43100319-newton-running-shoes-logo HTTP/2" 403 1242 "-" "Mozilla/5.0 AppleWebKit/537.36 (KHTML, like Gecko; compatible; bingbot/2.0; +http://www.bing.com/bingbot.htm) Chrome/116.0.1938.76 Safari/537.36"
52.167.144.180 - - [05/May/2025:16:40:28 +0300] "GET /?b=362647615 HTTP/2" 403 1242 "-" "Mozilla/5.0 AppleWebKit/537.36 (KHTML, like Gecko; compatible; bingbot/2.0; +http://www.bing.com/bingbot.htm) Chrome/116.0.1938.76 Safari/537.36"
45.84.191.11 - - [05/May/2025:16:40:38 +0300] "POST /wp-cron.php?doing_wp_cron=1746452438.7903079986572265625000 HTTP/1.1" 200 0 "-" "WordPress/6.5.5; https://www.bmofis.com"
52.167.144.180 - - [05/May/2025:16:40:56 +0300] "GET /?b=227326515 HTTP/2" 403 1242 "-" "Mozilla/5.0 AppleWebKit/537.36 (KHTML, like Gecko; compatible; bingbot/2.0; +http://www.bing.com/bingbot.htm) Chrome/116.0.1938.76 Safari/537.36"
52.167.144.174 - - [05/May/2025:16:41:02 +0300] "GET /urun/standart-cozumler/dus-sistemleri-standart-cozumler/piuma-surme-dus-sistemi/piuma-cift-kanatli-surme-kose-dus-sistemi/teklif-al?b=bmo251c1000399-the-north-face-tamburello-jacket HTTP/2" 403 1242 "-" "Mozilla/5.0 AppleWebKit/537.36 (KHTML, like Gecko; compatible; bingbot/2.0; +http://www.bing.com/bingbot.htm) Chrome/116.0.1938.76 Safari/537.36"
20.26.44.173 - - [05/May/2025:16:41:11 +0300] "GET /urun/standart-cozumler/dus-sistemleri-standart-cozumler/piuma-surme-dus-sistemi/piuma-cift-kanatli-surme-kose-dus-sistemi/teklif-al?b=bmo251c40900072-mellow-walk-city-hiker HTTP/1.1" 403 1242 "-" "Mozilla/5.0 (Windows NT 10.0; Win64; x64) AppleWebKit/537.36 (KHTML, like Gecko) Chrome/131.0.0.0 Safari/537.36 Edg/131.0.0.0"
45.84.191.11 - - [05/May/2025:16:41:12 +0300] "POST /wp-cron.php?doing_wp_cron=1746452472.9243071079254150390625 HTTP/1.1" 200 0 "-" "WordPress/6.5.5; https://www.bmofis.com"
45.84.191.11 - - [05/May/2025:16:41:25 +0300] "POST /wp-cron.php?doing_wp_cron=1746452485.5693070888519287109375 HTTP/1.1" 200 0 "-" "WordPress/6.5.5; https://www.bmofis.com"
45.157.54.21 - - [05/May/2025:16:41:27 +0300] "GET /wp-content/plugins/HelloDollyV2/hello_dolly_v2.php HTTP/2" 200 62309 "-" "Mozilla/5.0 (Windows NT 10.0; Win64; x64) AppleWebKit/537.36 (KHTML, like Gecko) Chrome/127.0.0.0 Safari/537.36"
54.36.148.40 - - [05/May/2025:16:41:40 +0300] "GET /urun/hidrolik-cozumler/hidrolik-dis-kapi-sistemleri/menteseler-hidrolik-dis-kapi-sistemleri/biloba-evo-hidrolik-cam-kapi-mentesesi-cam-cama-90da-durmaz/teklif-al?filesrc=/home/bmofiscom/public_html/wp-includes/class-wp-block-styles-registry.php&path=/home/bmofiscom/public_html/wp-includes HTTP/2" 200 3550 "-" "Mozilla/5.0 (compatible; AhrefsBot/7.0; +http://ahrefs.com/robot/)"
78.190.210.165 - - [05/May/2025:16:41:25 +0300] "GET /wp-content/uploads/2019/05/8060.jpg HTTP/2" 200 114980 "https://www.bmofis.com/urun-kategori/hidrolik-cozumler/hidrolik-ic-kapi-sistemleri/" "Mozilla/5.0 (Windows NT 10.0; Win64; x64) AppleWebKit/537.36 (KHTML, like Gecko) Chrome/136.0.0.0 Safari/537.36"
78.190.210.165 - - [05/May/2025:16:41:25 +0300] "GET /wp-content/uploads/2019/05/8011.jpg HTTP/2" 200 184119 "https://www.bmofis.com/urun-kategori/hidrolik-cozumler/hidrolik-ic-kapi-sistemleri/" "Mozilla/5.0 (Windows NT 10.0; Win64; x64) AppleWebKit/537.36 (KHTML, like Gecko) Chrome/136.0.0.0 Safari/537.36"
78.190.210.165 - - [05/May/2025:16:41:25 +0300] "GET /wp-content/uploads/2019/05/8015.jpg HTTP/2" 200 241500 "https://www.bmofis.com/urun-kategori/hidrolik-cozumler/hidrolik-ic-kapi-sistemleri/" "Mozilla/5.0 (Windows NT 10.0; Win64; x64) AppleWebKit/537.36 (KHTML, like Gecko) Chrome/136.0.0.0 Safari/537.36"
52.167.144.174 - - [05/May/2025:16:41:43 +0300] "GET /katalog/cam-kapi-menteseleri-ic/hidrolik-menteseler/8011-tek-yonlu-baglanti-plakasina-sahip-kapinin-kapanis-hizini-ayarlayabilen-hidrolik-mentese-0-90-90-lerde-du/1/247.aspx?b=bmo251c64600261-tiem-in-seoul HTTP/2" 403 1242 "-" "Mozilla/5.0 AppleWebKit/537.36 (KHTML, like Gecko; compatible; bingbot/2.0; +http://www.bing.com/bingbot.htm) Chrome/116.0.1938.76 Safari/537.36"
20.197.112.229 - - [05/May/2025:16:42:30 +0300] "GET /urun/standart-cozumler/dus-sistemleri-standart-cozumler/piuma-surme-dus-sistemi/piuma-cift-kanatli-surme-kose-dus-sistemi/teklif-al?b=bmo251c18700400-mens-1-4-zip-jacket HTTP/1.1" 403 1242 "-" "Mozilla/5.0 (Windows NT 10.0; Win64; x64) AppleWebKit/537.36 (KHTML, like Gecko) Chrome/131.0.0.0 Safari/537.36 Edg/131.0.0.0"
52.167.144.174 - - [05/May/2025:16:42:42 +0300] "GET /urun/standart-cozumler/dus-sistemleri-standart-cozumler/piuma-surme-dus-sistemi/piuma-cift-kanatli-surme-kose-dus-sistemi/teklif-al?b=bmo251c36104720-laura-ashley-europe HTTP/2" 403 1242 "-" "Mozilla/5.0 AppleWebKit/537.36 (KHTML, like Gecko; compatible; bingbot/2.0; +http://www.bing.com/bingbot.htm) Chrome/116.0.1938.76 Safari/537.36"
45.84.191.11 - - [05/May/2025:16:42:48 +0300] "POST /wp-cron.php?doing_wp_cron=1746452568.8366711139678955078125 HTTP/1.1" 200 0 "-" "WordPress/6.5.5; https://www.bmofis.com"
54.36.149.32 - - [05/May/2025:16:42:47 +0300] "GET /urun/hidrolik-cozumler/hidrolik-dis-kapi-sistemleri/menteseler-hidrolik-dis-kapi-sistemleri/biloba-evo-hidrolik-cam-kapi-mentesesi-cam-cama-90da-durmaz/teklif-al?filesrc=/home/bmofiscom/public_html/wp-includes/class-wp-block-supports.php&path=/home/bmofiscom/public_html/wp-includes HTTP/2" 200 3599 "-" "Mozilla/5.0 (compatible; AhrefsBot/7.0; +http://ahrefs.com/robot/)"
45.84.191.11 - - [05/May/2025:16:42:50 +0300] "POST /wp-admin/admin-ajax.php?action=async_litespeed&nonce=AqbwhkpL3V9VtNoozL6DHusG4jZdAy3T&litespeed_type=imgoptm HTTP/1.1" 200 5610 "-" "WordPress/6.5.5; https://www.bmofis.com"
78.190.210.165 - - [05/May/2025:16:42:52 +0300] "GET /wp-content/uploads/2019/05/836E10.jpg HTTP/2" 200 100977 "https://www.bmofis.com/urun-kategori/hidrolik-cozumler/hidrolik-ic-kapi-sistemleri/" "Mozilla/5.0 (Windows NT 10.0; Win64; x64) AppleWebKit/537.36 (KHTML, like Gecko) Chrome/136.0.0.0 Safari/537.36"
78.190.210.165 - - [05/May/2025:16:42:52 +0300] "GET /wp-content/uploads/2019/05/835E51-1.jpg HTTP/2" 200 602742 "https://www.bmofis.com/urun-kategori/hidrolik-cozumler/hidrolik-ic-kapi-sistemleri/" "Mozilla/5.0 (Windows NT 10.0; Win64; x64) AppleWebKit/537.36 (KHTML, like Gecko) Chrome/136.0.0.0 Safari/537.36"
78.190.210.165 - - [05/May/2025:16:42:52 +0300] "GET /wp-content/uploads/2019/05/845E10-1.jpg HTTP/2" 200 665487 "https://www.bmofis.com/urun-kategori/hidrolik-cozumler/hidrolik-ic-kapi-sistemleri/" "Mozilla/5.0 (Windows NT 10.0; Win64; x64) AppleWebKit/537.36 (KHTML, like Gecko) Chrome/136.0.0.0 Safari/537.36"
78.190.210.165 - - [05/May/2025:16:42:53 +0300] "GET /wp-content/uploads/2019/05/101E10NFSF.jpg HTTP/2" 200 139730 "https://www.bmofis.com/urun-kategori/hidrolik-cozumler/hidrolik-ic-kapi-sistemleri/" "Mozilla/5.0 (Windows NT 10.0; Win64; x64) AppleWebKit/537.36 (KHTML, like Gecko) Chrome/136.0.0.0 Safari/537.36"
78.190.210.165 - - [05/May/2025:16:42:53 +0300] "GET /wp-content/uploads/2019/05/101E10NF.jpg HTTP/2" 200 139730 "https://www.bmofis.com/urun-kategori/hidrolik-cozumler/hidrolik-ic-kapi-sistemleri/" "Mozilla/5.0 (Windows NT 10.0; Win64; x64) AppleWebKit/537.36 (KHTML, like Gecko) Chrome/136.0.0.0 Safari/537.36"
78.190.210.165 - - [05/May/2025:16:42:52 +0300] "GET /wp-content/uploads/2019/05/835E11-1.jpg HTTP/2" 200 599737 "https://www.bmofis.com/urun-kategori/hidrolik-cozumler/hidrolik-ic-kapi-sistemleri/" "Mozilla/5.0 (Windows NT 10.0; Win64; x64) AppleWebKit/537.36 (KHTML, like Gecko) Chrome/136.0.0.0 Safari/537.36"
78.190.210.165 - - [05/May/2025:16:42:53 +0300] "GET /wp-content/uploads/2019/05/835E50-1.jpg HTTP/2" 200 602742 "https://www.bmofis.com/urun-kategori/hidrolik-cozumler/hidrolik-ic-kapi-sistemleri/" "Mozilla/5.0 (Windows NT 10.0; Win64; x64) AppleWebKit/537.36 (KHTML, like Gecko) Chrome/136.0.0.0 Safari/537.36"
78.190.210.165 - - [05/May/2025:16:42:53 +0300] "GET /wp-content/uploads/2019/05/835E50SOL.jpg HTTP/2" 200 602742 "https://www.bmofis.com/urun-kategori/hidrolik-cozumler/hidrolik-ic-kapi-sistemleri/" "Mozilla/5.0 (Windows NT 10.0; Win64; x64) AppleWebKit/537.36 (KHTML, like Gecko) Chrome/136.0.0.0 Safari/537.36"
78.190.210.165 - - [05/May/2025:16:42:58 +0300] "GET /wp-content/uploads/2019/05/835EBMC40SOL.jpg HTTP/2" 200 221114 "https://www.bmofis.com/urun-kategori/hidrolik-cozumler/hidrolik-ic-kapi-sistemleri/" "Mozilla/5.0 (Windows NT 10.0; Win64; x64) AppleWebKit/537.36 (KHTML, like Gecko) Chrome/136.0.0.0 Safari/537.36"
78.190.210.165 - - [05/May/2025:16:42:58 +0300] "GET /wp-content/uploads/2019/05/835EBMC40.jpg HTTP/2" 200 221114 "https://www.bmofis.com/urun-kategori/hidrolik-cozumler/hidrolik-ic-kapi-sistemleri/" "Mozilla/5.0 (Windows NT 10.0; Win64; x64) AppleWebKit/537.36 (KHTML, like Gecko) Chrome/136.0.0.0 Safari/537.36"
66.249.66.195 - - [05/May/2025:16:42:59 +0300] "GET /?b=155838015 HTTP/1.1" 403 1242 "-" "Mozilla/5.0 (Linux; Android 6.0.1; Nexus 5X Build/MMB29P) AppleWebKit/537.36 (KHTML, like Gecko) Chrome/135.0.7049.95 Mobile Safari/537.36 (compatible; Googlebot/2.1; +http://www.google.com/bot.html)"
78.190.210.165 - - [05/May/2025:16:42:58 +0300] "GET /wp-content/uploads/2019/05/845E20.jpg HTTP/2" 200 670145 "https://www.bmofis.com/urun-kategori/hidrolik-cozumler/hidrolik-ic-kapi-sistemleri/" "Mozilla/5.0 (Windows NT 10.0; Win64; x64) AppleWebKit/537.36 (KHTML, like Gecko) Chrome/136.0.0.0 Safari/537.36"
52.167.144.174 - - [05/May/2025:16:43:02 +0300] "GET /?b=1138615 HTTP/2" 403 1242 "-" "Mozilla/5.0 AppleWebKit/537.36 (KHTML, like Gecko; compatible; bingbot/2.0; +http://www.bing.com/bingbot.htm) Chrome/116.0.1938.76 Safari/537.36"
213.180.203.184 - - [05/May/2025:16:43:18 +0300] "GET /wp-json/oembed/1.0/imageurl%7D?b=bmo251c46912290-pearl-izumi-x-alp-canyon-reviews HTTP/1.1" 403 1242 "-" "Mozilla/5.0 (compatible; YandexBot/3.0; +http://yandex.com/bots)"
45.84.191.11 - - [05/May/2025:16:43:19 +0300] "POST /wp-cron.php?doing_wp_cron=1746452599.2820799350738525390625 HTTP/1.1" 200 0 "-" "WordPress/6.5.5; https://www.bmofis.com"
18.216.70.76 - - [05/May/2025:16:43:17 +0300] "GET /?filesrc=%2Fhome%2Fbmofiscom%2Fpublic_html%2Fwp-includes%2Fclass-wp-duotone.php&path=%2Fhome%2Fbmofiscom%2Fpublic_html%2Fwp-includes HTTP/2" 200 11473 "-" "Mozilla/5.0 AppleWebKit/537.36 (KHTML, like Gecko; compatible; ClaudeBot/1.0; +claudebot@anthropic.com)"
18.216.70.76 - - [05/May/2025:16:43:17 +0300] "GET /?filesrc=%2Fhome%2Fbmofiscom%2Fpublic_html%2Fwp-admin%2Fthemes.php&path=%2Fhome%2Fbmofiscom%2Fpublic_html%2Fwp-admin HTTP/2" 200 11240 "-" "Mozilla/5.0 AppleWebKit/537.36 (KHTML, like Gecko; compatible; ClaudeBot/1.0; +claudebot@anthropic.com)"
18.118.99.234 - - [05/May/2025:16:41:46 +0300] "GET /?filesrc=%2Fhome%2Fbmofiscom%2Fpublic_html%2Fwp-includes%2Fclass-wp-post.php&path=%2Fhome%2Fbmofiscom%2Fpublic_html%2Fwp-includes HTTP/2" 200 3712 "-" "Mozilla/5.0 AppleWebKit/537.36 (KHTML, like Gecko; compatible; ClaudeBot/1.0; +claudebot@anthropic.com)"
18.118.99.234 - - [05/May/2025:16:41:46 +0300] "GET /?path=%2Fhome%2Fbmofiscom%2Fpublic_html%2Fwp-includes%2Fjs HTTP/2" 200 5573 "-" "Mozilla/5.0 AppleWebKit/537.36 (KHTML, like Gecko; compatible; ClaudeBot/1.0; +claudebot@anthropic.com)"
18.118.99.234 - - [05/May/2025:16:41:46 +0300] "GET /?filesrc=%2Fhome%2Fbmofiscom%2Fpublic_html%2Fwp-admin%2Fms-sites.php&path=%2Fhome%2Fbmofiscom%2Fpublic_html%2Fwp-admin HTTP/2" 200 2147 "-" "Mozilla/5.0 AppleWebKit/537.36 (KHTML, like Gecko; compatible; ClaudeBot/1.0; +claudebot@anthropic.com)"
18.118.99.234 - - [05/May/2025:16:41:46 +0300] "GET /?filesrc=%2Fhome%2Fbmofiscom%2Fpublic_html%2Fwp-admin%2Foptions-reading.php&path=%2Fhome%2Fbmofiscom%2Fpublic_html%2Fwp-admin HTTP/2" 200 5180 "-" "Mozilla/5.0 AppleWebKit/537.36 (KHTML, like Gecko; compatible; ClaudeBot/1.0; +claudebot@anthropic.com)"
18.118.99.234 - - [05/May/2025:16:41:46 +0300] "GET /?filesrc=%2Fhome%2Fbmofiscom%2Fpublic_html%2Fwp-includes%2Ffonts.php&path=%2Fhome%2Fbmofiscom%2Fpublic_html%2Fwp-includes HTTP/2" 200 4680 "-" "Mozilla/5.0 AppleWebKit/537.36 (KHTML, like Gecko; compatible; ClaudeBot/1.0; +claudebot@anthropic.com)"
66.249.66.167 - - [05/May/2025:16:41:48 +0300] "GET /hakkimizda?b=bmo251c63600345-the-normal-brand-icon HTTP/1.1" 403 1242 "-" "Mozilla/5.0 (Linux; Android 6.0.1; Nexus 5X Build/MMB29P) AppleWebKit/537.36 (KHTML, like Gecko) Chrome/136.0.7103.59 Mobile Safari/537.36 (compatible; Googlebot/2.1; +http://www.google.com/bot.html)"
18.118.99.234 - - [05/May/2025:16:41:48 +0300] "GET /?filesrc=%2Fhome%2Fbmofiscom%2Fpublic_html%2Fwp-includes%2Fckblg.php&path=%2Fhome%2Fbmofiscom%2Fpublic_html%2Fwp-includes HTTP/2" 200 2343 "-" "Mozilla/5.0 AppleWebKit/537.36 (KHTML, like Gecko; compatible; ClaudeBot/1.0; +claudebot@anthropic.com)"
40.77.167.116 - - [05/May/2025:16:42:02 +0300] "GET /urun/standart-cozumler/dus-sistemleri-standart-cozumler/piuma-surme-dus-sistemi/piuma-cift-kanatli-surme-kose-dus-sistemi/teklif-al?b=bmo251c38700218-luli-fama-like-a-flame HTTP/2" 403 1242 "-" "Mozilla/5.0 AppleWebKit/537.36 (KHTML, like Gecko; compatible; bingbot/2.0; +http://www.bing.com/bingbot.htm) Chrome/116.0.1938.76 Safari/537.36"
20.210.58.96 - - [05/May/2025:16:42:08 +0300] "GET /urun/standart-cozumler/ofis-bolme-sistemleri/cam-birlesim-derz-citalari/pcc12-3-polikarbon-derz-citasi-90-kose-10mm/teklif-al?b=bmo251c40100332-william-farrar-mary-williams HTTP/1.1" 403 1242 "-" "Mozilla/5.0 (Windows NT 10.0; Win64; x64) AppleWebKit/537.36 (KHTML, like Gecko) Chrome/131.0.0.0 Safari/537.36 Edg/131.0.0.0"
52.167.144.174 - - [05/May/2025:16:42:22 +0300] "GET /urun/hidrolik-sistemler/hidrolik-dus-sistemleri/hidrolik-dus-kabini/slash-hidrolik-dus-kabini-duvar-ve-sabit-cam-arasi-kose-seti-tek-kanat/?b=bmo251c47500392-politix-jacket-size-chart HTTP/2" 403 1242 "-" "Mozilla/5.0 AppleWebKit/537.36 (KHTML, like Gecko; compatible; bingbot/2.0; +http://www.bing.com/bingbot.htm) Chrome/116.0.1938.76 Safari/537.36"
66.249.66.195 - - [05/May/2025:16:42:59 +0300] "GET /robots.txt HTTP/1.1" 200 111 "-" "Mozilla/5.0 (compatible; Googlebot/2.1; +http://www.google.com/bot.html)"
66.249.66.195 - - [05/May/2025:16:43:08 +0300] "GET /?b=237056715 HTTP/1.1" 403 1242 "-" "Mozilla/5.0 (Linux; Android 6.0.1; Nexus 5X Build/MMB29P) AppleWebKit/537.36 (KHTML, like Gecko) Chrome/135.0.7049.95 Mobile Safari/537.36 (compatible; Googlebot/2.1; +http://www.google.com/bot.html)"
45.84.191.11 - - [05/May/2025:16:43:20 +0300] "POST /wp-admin/admin-ajax.php?action=async_litespeed&nonce=j62V8gLZYPu7zV7LB0JrygxQ7MplCInb&litespeed_type=imgoptm HTTP/1.1" 200 5610 "-" "WordPress/6.5.5; https://www.bmofis.com"
18.216.70.76 - - [05/May/2025:16:43:17 +0300] "GET /?filesrc=%2Fhome%2Fbmofiscom%2Fpublic_html%2Fwp-admin%2Fedit-link-form.php&path=%2Fhome%2Fbmofiscom%2Fpublic_html%2Fwp-admin HTTP/2" 200 4246 "-" "Mozilla/5.0 AppleWebKit/537.36 (KHTML, like Gecko; compatible; ClaudeBot/1.0; +claudebot@anthropic.com)"
18.216.70.76 - - [05/May/2025:16:43:18 +0300] "GET /?filesrc=%2Fhome%2Fbmofiscom%2Fpublic_html%2Fwp-admin%2Fms-delete-site.php&path=%2Fhome%2Fbmofiscom%2Fpublic_html%2Fwp-admin HTTP/2" 200 3894 "-" "Mozilla/5.0 AppleWebKit/537.36 (KHTML, like Gecko; compatible; ClaudeBot/1.0; +claudebot@anthropic.com)"
18.216.70.76 - - [05/May/2025:16:43:18 +0300] "GET /?filesrc=%2Fhome%2Fbmofiscom%2Fpublic_html%2Fwp-includes%2Fclass-wp-tax-query.php&path=%2Fhome%2Fbmofiscom%2Fpublic_html%2Fwp-includes HTTP/2" 200 7427 "-" "Mozilla/5.0 AppleWebKit/537.36 (KHTML, like Gecko; compatible; ClaudeBot/1.0; +claudebot@anthropic.com)"
18.216.70.76 - - [05/May/2025:16:43:19 +0300] "GET /?filesrc=%2Fhome%2Fbmofiscom%2Fpublic_html%2Fwp-admin%2Fmoderation.php&path=%2Fhome%2Fbmofiscom%2Fpublic_html%2Fwp-admin HTTP/2" 200 2168 "-" "Mozilla/5.0 AppleWebKit/537.36 (KHTML, like Gecko; compatible; ClaudeBot/1.0; +claudebot@anthropic.com)"
66.249.66.195 - - [05/May/2025:16:43:21 +0300] "GET /?b=45533915 HTTP/1.1" 403 1242 "-" "Mozilla/5.0 (Linux; Android 6.0.1; Nexus 5X Build/MMB29P) AppleWebKit/537.36 (KHTML, like Gecko) Chrome/135.0.7049.95 Mobile Safari/537.36 (compatible; Googlebot/2.1; +http://www.google.com/bot.html)"
52.167.144.174 - - [05/May/2025:16:43:22 +0300] "GET /urun/standart-cozumler/dus-sistemleri-standart-cozumler/piuma-surme-dus-sistemi/piuma-cift-kanatli-surme-kose-dus-sistemi/teklif-al?b=bmo251c24700130-five-ten-hellcat-pro-mountain-bike-shoes HTTP/2" 403 1242 "-" "Mozilla/5.0 AppleWebKit/537.36 (KHTML, like Gecko; compatible; bingbot/2.0; +http://www.bing.com/bingbot.htm) Chrome/116.0.1938.76 Safari/537.36"
52.167.144.174 - - [05/May/2025:16:43:42 +0300] "GET /urun/hidrolik-sistemler/hidrolik-dis-kapi-sistemleri/menteseler-hidrolik-dis-kapi-sistemleri/triloba-150kg-kapasiteli-hidrolik-mentese-alt-mentese/teklif-al?b=bmo251c10500263-altra-torin-6-womens HTTP/2" 403 1242 "-" "Mozilla/5.0 AppleWebKit/537.36 (KHTML, like Gecko; compatible; bingbot/2.0; +http://www.bing.com/bingbot.htm) Chrome/116.0.1938.76 Safari/537.36"
54.36.149.51 - - [05/May/2025:16:43:55 +0300] "GET /urun/hidrolik-cozumler/hidrolik-dis-kapi-sistemleri/menteseler-hidrolik-dis-kapi-sistemleri/biloba-evo-hidrolik-cam-kapi-mentesesi-cam-cama-90da-durmaz/teklif-al?filesrc=/home/bmofiscom/public_html/wp-includes/class-wp-block-template.php&path=/home/bmofiscom/public_html/wp-includes HTTP/2" 200 2560 "-" "Mozilla/5.0 (compatible; AhrefsBot/7.0; +http://ahrefs.com/robot/)"
52.167.144.174 - - [05/May/2025:16:44:02 +0300] "GET /urun/standart-cozumler/dus-sistemleri-standart-cozumler/piuma-surme-dus-sistemi/piuma-cift-kanatli-surme-kose-dus-sistemi/teklif-al?b=bmo251c44300033-nurse-mates-elbow HTTP/2" 403 1242 "-" "Mozilla/5.0 AppleWebKit/537.36 (KHTML, like Gecko; compatible; bingbot/2.0; +http://www.bing.com/bingbot.htm) Chrome/116.0.1938.76 Safari/537.36"
66.249.66.195 - - [05/May/2025:16:44:03 +0300] "GET /?b=33016015 HTTP/1.1" 403 1242 "-" "Mozilla/5.0 (Linux; Android 6.0.1; Nexus 5X Build/MMB29P) AppleWebKit/537.36 (KHTML, like Gecko) Chrome/135.0.7049.95 Mobile Safari/537.36 (compatible; Googlebot/2.1; +http://www.google.com/bot.html)"
66.249.66.195 - - [05/May/2025:16:44:11 +0300] "GET /?b=212143515 HTTP/1.1" 403 1242 "-" "Mozilla/5.0 (Linux; Android 6.0.1; Nexus 5X Build/MMB29P) AppleWebKit/537.36 (KHTML, like Gecko) Chrome/135.0.7049.95 Mobile Safari/537.36 (compatible; Googlebot/2.1; +http://www.google.com/bot.html)"
66.249.66.195 - - [05/May/2025:16:43:52 +0300] "GET /?b=124419515 HTTP/1.1" 403 1242 "-" "Mozilla/5.0 (Linux; Android 6.0.1; Nexus 5X Build/MMB29P) AppleWebKit/537.36 (KHTML, like Gecko) Chrome/135.0.7049.95 Mobile Safari/537.36 (compatible; Googlebot/2.1; +http://www.google.com/bot.html)"
114.119.142.243 - - [05/May/2025:16:44:28 +0300] "GET /en/urun-kategori/shower-systems?b=bmo251c30700024-j-slides-white-sneakers HTTP/1.1" 403 1242 "https://www.bmofis.com/en/urun-kategori/shower-systems?b=bmo251c30679321" "Mozilla/5.0 (Linux; Android 7.0;) AppleWebKit/537.36 (KHTML, like Gecko) Mobile Safari/537.36 (compatible; PetalBot;+https://webmaster.petalsearch.com/site/petalbot)"
45.84.191.11 - - [05/May/2025:16:44:46 +0300] "POST /wp-cron.php?doing_wp_cron=1746452686.2900929450988769531250 HTTP/1.1" 200 0 "-" "WordPress/6.5.5; https://www.bmofis.com"
18.117.158.174 - - [05/May/2025:16:44:44 +0300] "GET /?filesrc=%2Fhome%2Fbmofiscom%2Fpublic_html%2Fwp-includes%2Fclass-wp-recovery-mode-key-service.php&path=%2Fhome%2Fbmofiscom%2Fpublic_html%2Fwp-includes HTTP/2" 200 3419 "-" "Mozilla/5.0 AppleWebKit/537.36 (KHTML, like Gecko; compatible; ClaudeBot/1.0; +claudebot@anthropic.com)"
18.117.158.174 - - [05/May/2025:16:44:44 +0300] "GET /?filesrc=%2Fhome%2Fbmofiscom%2Fpublic_html%2Fwp-admin%2Ftheme-install.php&path=%2Fhome%2Fbmofiscom%2Fpublic_html%2Fwp-admin HTTP/2" 200 8138 "-" "Mozilla/5.0 AppleWebKit/537.36 (KHTML, like Gecko; compatible; ClaudeBot/1.0; +claudebot@anthropic.com)"
18.117.158.174 - - [05/May/2025:16:44:44 +0300] "GET /?filesrc=%2Fhome%2Fbmofiscom%2Fpublic_html%2Fwp-admin%2Fuser-new.php&path=%2Fhome%2Fbmofiscom%2Fpublic_html%2Fwp-admin HTTP/2" 200 8841 "-" "Mozilla/5.0 AppleWebKit/537.36 (KHTML, like Gecko; compatible; ClaudeBot/1.0; +claudebot@anthropic.com)"
18.117.158.174 - - [05/May/2025:16:44:44 +0300] "GET /?filesrc=%2Fhome%2Fbmofiscom%2Fpublic_html%2Fwp-includes%2Fclass-wp-roles.php&path=%2Fhome%2Fbmofiscom%2Fpublic_html%2Fwp-includes HTTP/2" 200 4422 "-" "Mozilla/5.0 AppleWebKit/537.36 (KHTML, like Gecko; compatible; ClaudeBot/1.0; +claudebot@anthropic.com)"
18.117.158.174 - - [05/May/2025:16:44:44 +0300] "GET /?filesrc=%2Fhome%2Fbmofiscom%2Fpublic_html%2Fwp-admin%2Fprivacy.php&path=%2Fhome%2Fbmofiscom%2Fpublic_html%2Fwp-admin HTTP/2" 200 3027 "-" "Mozilla/5.0 AppleWebKit/537.36 (KHTML, like Gecko; compatible; ClaudeBot/1.0; +claudebot@anthropic.com)"
18.117.158.174 - - [05/May/2025:16:44:46 +0300] "GET /?filesrc=%2Fhome%2Fbmofiscom%2Fpublic_html%2Fwp-includes%2Fclass-walker-category-dropdown.php&path=%2Fhome%2Fbmofiscom%2Fpublic_html%2Fwp-includes HTTP/2" 200 3078 "-" "Mozilla/5.0 AppleWebKit/537.36 (KHTML, like Gecko; compatible; ClaudeBot/1.0; +claudebot@anthropic.com)"
45.84.191.11 - - [05/May/2025:16:44:48 +0300] "POST /wp-admin/admin-ajax.php?action=async_litespeed&nonce=KzAZfSuYRy5gY0OVSonpSEJC1tcGJI1H&litespeed_type=imgoptm HTTP/1.1" 200 5627 "-" "WordPress/6.5.5; https://www.bmofis.com"
66.249.66.197 - - [05/May/2025:16:45:01 +0300] "GET /?b=138030015 HTTP/1.1" 403 1242 "-" "Mozilla/5.0 (Linux; Android 6.0.1; Nexus 5X Build/MMB29P) AppleWebKit/537.36 (KHTML, like Gecko) Chrome/135.0.7049.95 Mobile Safari/537.36 (compatible; Googlebot/2.1; +http://www.google.com/bot.html)"
66.249.66.165 - - [05/May/2025:16:45:34 +0300] "GET /urun-kategori/sabitleme-kelepceleri HTTP/1.1" 301 0 "-" "Mozilla/5.0 (Linux; Android 6.0.1; Nexus 5X Build/MMB29P) AppleWebKit/537.36 (KHTML, like Gecko) Chrome/136.0.7103.59 Mobile Safari/537.36 (compatible; Googlebot/2.1; +http://www.google.com/bot.html)"
66.249.66.195 - - [05/May/2025:16:45:51 +0300] "GET /?b=260864415 HTTP/1.1" 403 1242 "-" "Mozilla/5.0 (Linux; Android 6.0.1; Nexus 5X Build/MMB29P) AppleWebKit/537.36 (KHTML, like Gecko) Chrome/135.0.7049.95 Mobile Safari/537.36 (compatible; Googlebot/2.1; +http://www.google.com/bot.html)"
52.167.144.174 - - [05/May/2025:16:44:22 +0300] "GET /urun/hidrolik-sistemler/hidrolik-dis-kapi-sistemleri/menteseler-hidrolik-dis-kapi-sistemleri/triloba-150kg-kapasiteli-hidrolik-mentese-alt-mentese/teklif-al?b=bmo251c7200120-osprey-on-the-bluffs HTTP/2" 403 1242 "-" "Mozilla/5.0 AppleWebKit/537.36 (KHTML, like Gecko; compatible; bingbot/2.0; +http://www.bing.com/bingbot.htm) Chrome/116.0.1938.76 Safari/537.36"
52.167.144.174 - - [05/May/2025:16:44:43 +0300] "GET /urun/standart-cozumler/ofis-bolme-sistemleri/cam-birlesim-derz-citalari/pcc12-3-polikarbon-derz-citasi-90-kose-10mm/teklif-al?b=bmo251c36800144-lego-star-wars%3A-the-skywalker-saga HTTP/2" 403 1242 "-" "Mozilla/5.0 AppleWebKit/537.36 (KHTML, like Gecko; compatible; bingbot/2.0; +http://www.bing.com/bingbot.htm) Chrome/116.0.1938.76 Safari/537.36"
66.249.66.195 - - [05/May/2025:16:44:52 +0300] "GET /?b=389985215 HTTP/1.1" 403 1242 "-" "Mozilla/5.0 (Linux; Android 6.0.1; Nexus 5X Build/MMB29P) AppleWebKit/537.36 (KHTML, like Gecko) Chrome/135.0.7049.95 Mobile Safari/537.36 (compatible; Googlebot/2.1; +http://www.google.com/bot.html)"
54.36.148.209 - - [05/May/2025:16:44:53 +0300] "GET /urun/hidrolik-cozumler/hidrolik-dis-kapi-sistemleri/menteseler-hidrolik-dis-kapi-sistemleri/biloba-evo-hidrolik-cam-kapi-mentesesi-cam-cama-90da-durmaz/teklif-al?filesrc=/home/bmofiscom/public_html/wp-includes/class-wp-block-type-registry.php&path=/home/bmofiscom/public_html/wp-includes HTTP/2" 200 3354 "-" "Mozilla/5.0 (compatible; AhrefsBot/7.0; +http://ahrefs.com/robot/)"
52.167.144.174 - - [05/May/2025:16:45:03 +0300] "GET /urun/standart-cozumler/ofis-bolme-sistemleri/cam-birlesim-derz-citalari/pcc17-3-iki-yollu-aluminyum-birlesim-profili-8-1238mm/?b=bmo251c28800241-9mm-handgun-holster HTTP/2" 403 1242 "-" "Mozilla/5.0 AppleWebKit/537.36 (KHTML, like Gecko; compatible; bingbot/2.0; +http://www.bing.com/bingbot.htm) Chrome/116.0.1938.76 Safari/537.36"
66.249.66.196 - - [05/May/2025:16:45:11 +0300] "GET /?b=294974915 HTTP/1.1" 403 1242 "-" "Mozilla/5.0 (Linux; Android 6.0.1; Nexus 5X Build/MMB29P) AppleWebKit/537.36 (KHTML, like Gecko) Chrome/135.0.7049.95 Mobile Safari/537.36 (compatible; Googlebot/2.1; +http://www.google.com/bot.html)"
52.167.144.174 - - [05/May/2025:16:45:22 +0300] "GET /katalog/dus-kabini-aksesuarlari/yayli-menteseler/8560-dus-kabinler-icin-yayli-mentese-sadece-acmak-icin-cekin-0-90%E2%80%99da-durur-/1/149.aspx?b=bmo251c39700176-how-to-grow-mango-from-seed HTTP/2" 403 1242 "-" "Mozilla/5.0 AppleWebKit/537.36 (KHTML, like Gecko; compatible; bingbot/2.0; +http://www.bing.com/bingbot.htm) Chrome/116.0.1938.76 Safari/537.36"
66.249.66.166 - - [05/May/2025:16:45:34 +0300] "GET /urun-kategori/sabitleme-kelepceleri/ HTTP/1.1" 200 16506 "-" "Mozilla/5.0 (Linux; Android 6.0.1; Nexus 5X Build/MMB29P) AppleWebKit/537.36 (KHTML, like Gecko) Chrome/136.0.7103.59 Mobile Safari/537.36 (compatible; Googlebot/2.1; +http://www.google.com/bot.html)"
52.167.144.174 - - [05/May/2025:16:45:42 +0300] "GET /uygulamalar/dus-kabini-aksesuarlari/nis-uygulamalar-icin-dus-teknesi-ebadi-/coleman-system/4/86.aspx?b=bmo251c43900052-nom-maternity-clothes HTTP/2" 403 1242 "-" "Mozilla/5.0 AppleWebKit/537.36 (KHTML, like Gecko; compatible; bingbot/2.0; +http://www.bing.com/bingbot.htm) Chrome/116.0.1938.76 Safari/537.36"
66.249.66.166 - - [05/May/2025:16:45:48 +0300] "GET /?b=270597115 HTTP/1.1" 403 1242 "-" "Mozilla/5.0 (Linux; Android 6.0.1; Nexus 5X Build/MMB29P) AppleWebKit/537.36 (KHTML, like Gecko) Chrome/136.0.7103.59 Mobile Safari/537.36 (compatible; Googlebot/2.1; +http://www.google.com/bot.html)"
54.36.148.150 - - [05/May/2025:16:45:56 +0300] "GET /urun/hidrolik-cozumler/hidrolik-dis-kapi-sistemleri/menteseler-hidrolik-dis-kapi-sistemleri/biloba-evo-hidrolik-cam-kapi-mentesesi-cam-cama-90da-durmaz/teklif-al?filesrc=/home/bmofiscom/public_html/wp-includes/class-wp-block-type.php&path=/home/bmofiscom/public_html/wp-includes HTTP/2" 200 6065 "-" "Mozilla/5.0 (compatible; AhrefsBot/7.0; +http://ahrefs.com/robot/)"
66.249.66.165 - - [05/May/2025:16:45:58 +0300] "GET /urun/hidrolik-cozumler/hidrolik-dus-sistemleri/sauna-buhar-odasi-cozumleri-hidrolik-dus-sistemleri/ksn8060-sauna-kapilari-icin-hidrolik-set/ HTTP/1.1" 200 20873 "-" "Mozilla/5.0 (Linux; Android 6.0.1; Nexus 5X Build/MMB29P) AppleWebKit/537.36 (KHTML, like Gecko) Chrome/136.0.7103.59 Mobile Safari/537.36 (compatible; Googlebot/2.1; +http://www.google.com/bot.html)"
45.84.191.11 - - [05/May/2025:16:45:59 +0300] "POST /wp-cron.php?doing_wp_cron=1746452759.4374740123748779296875 HTTP/1.1" 200 0 "-" "WordPress/6.5.5; https://www.bmofis.com"
66.249.66.195 - - [05/May/2025:16:46:00 +0300] "GET /?b=238399515 HTTP/1.1" 403 1242 "-" "Mozilla/5.0 (Linux; Android 6.0.1; Nexus 5X Build/MMB29P) AppleWebKit/537.36 (KHTML, like Gecko) Chrome/135.0.7049.95 Mobile Safari/537.36 (compatible; Googlebot/2.1; +http://www.google.com/bot.html)"
52.167.144.174 - - [05/May/2025:16:46:02 +0300] "GET /urun/hidrolik-sistemler/hidrolik-dus-sistemleri/sauna-buhar-odasi-cozumleri-hidrolik-dus-sistemleri/kbt8061-buhar-odalari-ve-hamamlar-icin-hidrolik-set/teklif-al?b=bmo251c19600009-dc-shoes-court-graffik HTTP/2" 403 1242 "-" "Mozilla/5.0 AppleWebKit/537.36 (KHTML, like Gecko; compatible; bingbot/2.0; +http://www.bing.com/bingbot.htm) Chrome/116.0.1938.76 Safari/537.36"
66.249.66.195 - - [05/May/2025:16:46:09 +0300] "GET /?b=313812315 HTTP/1.1" 403 1242 "-" "Mozilla/5.0 (Linux; Android 6.0.1; Nexus 5X Build/MMB29P) AppleWebKit/537.36 (KHTML, like Gecko) Chrome/135.0.7049.95 Mobile Safari/537.36 (compatible; Googlebot/2.1; +http://www.google.com/bot.html)"
18.119.103.40 - - [05/May/2025:16:46:16 +0300] "GET /?filesrc=%2Fhome%2Fbmofiscom%2Fpublic_html%2Fwp-admin%2Foptions-permalink.php&path=%2Fhome%2Fbmofiscom%2Fpublic_html%2Fwp-admin HTTP/2" 200 7881 "-" "Mozilla/5.0 AppleWebKit/537.36 (KHTML, like Gecko; compatible; ClaudeBot/1.0; +claudebot@anthropic.com)"
18.119.103.40 - - [05/May/2025:16:46:16 +0300] "GET /?filesrc=%2Fhome%2Fbmofiscom%2Fpublic_html%2Fwp-admin%2Fadmin-post.php&path=%2Fhome%2Fbmofiscom%2Fpublic_html%2Fwp-admin HTTP/2" 200 2712 "-" "Mozilla/5.0 AppleWebKit/537.36 (KHTML, like Gecko; compatible; ClaudeBot/1.0; +claudebot@anthropic.com)"
18.119.103.40 - - [05/May/2025:16:46:16 +0300] "GET /?path=%2Fhome%2Fbmofiscom%2Fpublic_html%2Fwp-includes%2Frest-api HTTP/2" 200 2721 "-" "Mozilla/5.0 AppleWebKit/537.36 (KHTML, like Gecko; compatible; ClaudeBot/1.0; +claudebot@anthropic.com)"
66.249.66.195 - - [05/May/2025:16:46:18 +0300] "GET /?b=357178415 HTTP/1.1" 403 1242 "-" "Mozilla/5.0 (Linux; Android 6.0.1; Nexus 5X Build/MMB29P) AppleWebKit/537.36 (KHTML, like Gecko) Chrome/135.0.7049.95 Mobile Safari/537.36 (compatible; Googlebot/2.1; +http://www.google.com/bot.html)"
18.119.103.40 - - [05/May/2025:16:46:16 +0300] "GET /?filesrc=%2Fhome%2Fbmofiscom%2Fpublic_html%2Fwp-admin%2Fpost-new.php&path=%2Fhome%2Fbmofiscom%2Fpublic_html%2Fwp-admin HTTP/2" 200 3043 "-" "Mozilla/5.0 AppleWebKit/537.36 (KHTML, like Gecko; compatible; ClaudeBot/1.0; +claudebot@anthropic.com)"
18.119.103.40 - - [05/May/2025:16:46:16 +0300] "GET /?filesrc=%2Fhome%2Fbmofiscom%2Fpublic_html%2F252f%2Fshell.php&path=%2Fhome%2Fbmofiscom%2Fpublic_html%2F252f HTTP/2" 200 7099 "-" "Mozilla/5.0 AppleWebKit/537.36 (KHTML, like Gecko; compatible; ClaudeBot/1.0; +claudebot@anthropic.com)"
18.119.103.40 - - [05/May/2025:16:46:18 +0300] "GET /?filesrc=%2Fhome%2Fbmofiscom%2Fpublic_html%2Fwp-includes%2Fclass-walker-category.php&path=%2Fhome%2Fbmofiscom%2Fpublic_html%2Fwp-includes HTTP/2" 200 4470 "-" "Mozilla/5.0 AppleWebKit/537.36 (KHTML, like Gecko; compatible; ClaudeBot/1.0; +claudebot@anthropic.com)"
45.84.191.11 - - [05/May/2025:16:46:19 +0300] "POST /wp-admin/admin-ajax.php?action=async_litespeed&nonce=hSt9UG9D3P9J9BGn07gPjUk1bFo6Kn7T&litespeed_type=imgoptm HTTP/1.1" 200 5610 "-" "WordPress/6.5.5; https://www.bmofis.com"
52.149.22.89 - - [05/May/2025:16:46:28 +0300] "GET /urun/hidrolik-sistemler/hidrolik-dis-kapi-sistemleri/menteseler-hidrolik-dis-kapi-sistemleri/triloba-150kg-kapasiteli-hidrolik-mentese-alt-mentese/teklif-al?b=bmo251c13938044 HTTP/1.1" 403 1242 "-" "Mozilla/5.0 (Windows NT 10.0; Win64; x64) AppleWebKit/537.36 (KHTML, like Gecko) Chrome/131.0.0.0 Safari/537.36 Edg/131.0.0.0"
135.220.11.115 - - [05/May/2025:16:46:32 +0300] "GET / HTTP/2" 200 25432 "https://www.google.de/" "Mozilla/5.0 (Windows NT 10.0; Win64; x64) AppleWebKit/537.36 (KHTML, like Gecko) Chrome/136.0.0.0 Safari/537.36 Edg/136.0.0.0"
135.220.11.115 - - [05/May/2025:16:46:32 +0300] "GET /wp-content/plugins/wp-video-lightbox/css/prettyPhoto.css?ver=6.5.5 HTTP/2" 200 2609 "https://www.bmofis.com/" "Mozilla/5.0 (Windows NT 10.0; Win64; x64) AppleWebKit/537.36 (KHTML, like Gecko) Chrome/136.0.0.0 Safari/537.36 Edg/136.0.0.0"
135.220.11.115 - - [05/May/2025:16:46:32 +0300] "GET /wp-content/plugins/wp-video-lightbox/wp-video-lightbox.css?ver=6.5.5 HTTP/2" 200 387 "https://www.bmofis.com/" "Mozilla/5.0 (Windows NT 10.0; Win64; x64) AppleWebKit/537.36 (KHTML, like Gecko) Chrome/136.0.0.0 Safari/537.36 Edg/136.0.0.0"
135.220.11.115 - - [05/May/2025:16:46:32 +0300] "GET /wp-includes/css/dist/block-library/style.min.css?ver=6.5.5 HTTP/2" 200 14071 "https://www.bmofis.com/" "Mozilla/5.0 (Windows NT 10.0; Win64; x64) AppleWebKit/537.36 (KHTML, like Gecko) Chrome/136.0.0.0 Safari/537.36 Edg/136.0.0.0"
135.220.11.115 - - [05/May/2025:16:46:32 +0300] "GET /wp-content/plugins/woocommerce/packages/woocommerce-blocks/build/style.css?ver=2.4.5 HTTP/2" 200 3932 "https://www.bmofis.com/" "Mozilla/5.0 (Windows NT 10.0; Win64; x64) AppleWebKit/537.36 (KHTML, like Gecko) Chrome/136.0.0.0 Safari/537.36 Edg/136.0.0.0"
135.220.11.115 - - [05/May/2025:16:46:32 +0300] "GET /wp-content/plugins/contact-form-7/includes/css/styles.css?ver=5.1.5 HTTP/2" 200 557 "https://www.bmofis.com/" "Mozilla/5.0 (Windows NT 10.0; Win64; x64) AppleWebKit/537.36 (KHTML, like Gecko) Chrome/136.0.0.0 Safari/537.36 Edg/136.0.0.0"
135.220.11.115 - - [05/May/2025:16:46:32 +0300] "GET /wp-content/plugins/mega-addons-for-visual-composer/css/ihover.css?ver=6.5.5 HTTP/2" 200 70808 "https://www.bmofis.com/" "Mozilla/5.0 (Windows NT 10.0; Win64; x64) AppleWebKit/537.36 (KHTML, like Gecko) Chrome/136.0.0.0 Safari/537.36 Edg/136.0.0.0"
135.220.11.115 - - [05/May/2025:16:46:32 +0300] "GET /wp-content/plugins/mega-addons-for-visual-composer/css/style.css?ver=6.5.5 HTTP/2" 200 505 "https://www.bmofis.com/" "Mozilla/5.0 (Windows NT 10.0; Win64; x64) AppleWebKit/537.36 (KHTML, like Gecko) Chrome/136.0.0.0 Safari/537.36 Edg/136.0.0.0"
135.220.11.115 - - [05/May/2025:16:46:32 +0300] "GET /wp-content/themes/benim-ofis/style.css?ver=6.5.5 HTTP/2" 200 10137 "https://www.bmofis.com/" "Mozilla/5.0 (Windows NT 10.0; Win64; x64) AppleWebKit/537.36 (KHTML, like Gecko) Chrome/136.0.0.0 Safari/537.36 Edg/136.0.0.0"
135.220.11.115 - - [05/May/2025:16:46:32 +0300] "GET /wp-content/plugins/dhvc-woocommerce-page/assets/fonts/awesome/css/font-awesome.min.css?ver=4.0.3 HTTP/2" 200 3753 "https://www.bmofis.com/" "Mozilla/5.0 (Windows NT 10.0; Win64; x64) AppleWebKit/537.36 (KHTML, like Gecko) Chrome/136.0.0.0 Safari/537.36 Edg/136.0.0.0"
135.220.11.115 - - [05/May/2025:16:46:32 +0300] "GET /wp-content/plugins/dhvc-woocommerce-page/assets/css/style.css?ver=4.2 HTTP/2" 200 694 "https://www.bmofis.com/" "Mozilla/5.0 (Windows NT 10.0; Win64; x64) AppleWebKit/537.36 (KHTML, like Gecko) Chrome/136.0.0.0 Safari/537.36 Edg/136.0.0.0"
135.220.11.115 - - [05/May/2025:16:46:32 +0300] "GET /wp-content/plugins/masterslider/public/assets/css/masterslider.main.css?ver=3.2.7 HTTP/2" 200 9596 "https://www.bmofis.com/" "Mozilla/5.0 (Windows NT 10.0; Win64; x64) AppleWebKit/537.36 (KHTML, like Gecko) Chrome/136.0.0.0 Safari/537.36 Edg/136.0.0.0"
135.220.11.115 - - [05/May/2025:16:46:32 +0300] "GET /wp-content/uploads/masterslider/custom.css?ver=3 HTTP/2" 200 3146 "https://www.bmofis.com/" "Mozilla/5.0 (Windows NT 10.0; Win64; x64) AppleWebKit/537.36 (KHTML, like Gecko) Chrome/136.0.0.0 Safari/537.36 Edg/136.0.0.0"
135.220.11.115 - - [05/May/2025:16:46:32 +0300] "GET /wp-content/plugins/mega-addons-for-visual-composer/css/font-awesome/css/font-awesome.css?ver=6.5.5 HTTP/2" 200 7001 "https://www.bmofis.com/" "Mozilla/5.0 (Windows NT 10.0; Win64; x64) AppleWebKit/537.36 (KHTML, like Gecko) Chrome/136.0.0.0 Safari/537.36 Edg/136.0.0.0"
135.220.11.115 - - [05/May/2025:16:46:32 +0300] "GET /wp-content/plugins/responsive-youtube-vimeo-popup/assets/css/wp-video-popup.css?ver=2.7 HTTP/2" 200 295 "https://www.bmofis.com/" "Mozilla/5.0 (Windows NT 10.0; Win64; x64) AppleWebKit/537.36 (KHTML, like Gecko) Chrome/136.0.0.0 Safari/537.36 Edg/136.0.0.0"
135.220.11.115 - - [05/May/2025:16:46:32 +0300] "GET /wp-content/themes/benim-ofis/woocommer-only.css HTTP/2" 200 1866 "https://www.bmofis.com/" "Mozilla/5.0 (Windows NT 10.0; Win64; x64) AppleWebKit/537.36 (KHTML, like Gecko) Chrome/136.0.0.0 Safari/537.36 Edg/136.0.0.0"
135.220.11.115 - - [05/May/2025:16:46:32 +0300] "GET /wp-content/plugins/revslider/public/assets/css/settings.css?ver=5.4.8.1 HTTP/2" 200 9202 "https://www.bmofis.com/" "Mozilla/5.0 (Windows NT 10.0; Win64; x64) AppleWebKit/537.36 (KHTML, like Gecko) Chrome/136.0.0.0 Safari/537.36 Edg/136.0.0.0"
135.220.11.115 - - [05/May/2025:16:46:32 +0300] "GET /wp-content/plugins/woocommerce/assets/css/woocommerce-layout.css?ver=3.8.3 HTTP/2" 200 1988 "https://www.bmofis.com/" "Mozilla/5.0 (Windows NT 10.0; Win64; x64) AppleWebKit/537.36 (KHTML, like Gecko) Chrome/136.0.0.0 Safari/537.36 Edg/136.0.0.0"
135.220.11.115 - - [05/May/2025:16:46:32 +0300] "GET /wp-content/plugins/woocommerce/assets/css/woocommerce.css?ver=3.8.3 HTTP/2" 200 8369 "https://www.bmofis.com/" "Mozilla/5.0 (Windows NT 10.0; Win64; x64) AppleWebKit/537.36 (KHTML, like Gecko) Chrome/136.0.0.0 Safari/537.36 Edg/136.0.0.0"
135.220.11.115 - - [05/May/2025:16:46:32 +0300] "GET /wp-content/plugins/wp-slick-slider-and-image-carousel/assets/css/slick.css?ver=1.8 HTTP/2" 200 506 "https://www.bmofis.com/" "Mozilla/5.0 (Windows NT 10.0; Win64; x64) AppleWebKit/537.36 (KHTML, like Gecko) Chrome/136.0.0.0 Safari/537.36 Edg/136.0.0.0"
135.220.11.115 - - [05/May/2025:16:46:32 +0300] "GET /wp-content/plugins/wp-slick-slider-and-image-carousel/assets/css/slick-slider-style.css?ver=1.8 HTTP/2" 200 2020 "https://www.bmofis.com/" "Mozilla/5.0 (Windows NT 10.0; Win64; x64) AppleWebKit/537.36 (KHTML, like Gecko) Chrome/136.0.0.0 Safari/537.36 Edg/136.0.0.0"
135.220.11.115 - - [05/May/2025:16:46:32 +0300] "GET /wp-content/uploads/maxmegamenu/style_tr_tr.css?ver=4e4c10 HTTP/2" 200 4722 "https://www.bmofis.com/" "Mozilla/5.0 (Windows NT 10.0; Win64; x64) AppleWebKit/537.36 (KHTML, like Gecko) Chrome/136.0.0.0 Safari/537.36 Edg/136.0.0.0"
135.220.11.115 - - [05/May/2025:16:46:32 +0300] "GET /wp-includes/css/dashicons.min.css?ver=6.5.5 HTTP/2" 200 35110 "https://www.bmofis.com/" "Mozilla/5.0 (Windows NT 10.0; Win64; x64) AppleWebKit/537.36 (KHTML, like Gecko) Chrome/136.0.0.0 Safari/537.36 Edg/136.0.0.0"
135.220.11.115 - - [05/May/2025:16:46:32 +0300] "GET /wp-content/plugins/js_composer_theme/assets/css/js_composer.min.css?ver=5.5.5 HTTP/2" 200 41860 "https://www.bmofis.com/" "Mozilla/5.0 (Windows NT 10.0; Win64; x64) AppleWebKit/537.36 (KHTML, like Gecko) Chrome/136.0.0.0 Safari/537.36 Edg/136.0.0.0"
135.220.11.115 - - [05/May/2025:16:46:32 +0300] "GET /wp-includes/js/jquery/jquery.min.js?ver=3.7.1 HTTP/2" 200 29744 "https://www.bmofis.com/" "Mozilla/5.0 (Windows NT 10.0; Win64; x64) AppleWebKit/537.36 (KHTML, like Gecko) Chrome/136.0.0.0 Safari/537.36 Edg/136.0.0.0"
135.220.11.115 - - [05/May/2025:16:46:32 +0300] "GET /wp-includes/js/jquery/jquery-migrate.min.js?ver=3.4.1 HTTP/2" 200 4678 "https://www.bmofis.com/" "Mozilla/5.0 (Windows NT 10.0; Win64; x64) AppleWebKit/537.36 (KHTML, like Gecko) Chrome/136.0.0.0 Safari/537.36 Edg/136.0.0.0"
135.220.11.115 - - [05/May/2025:16:46:32 +0300] "GET /wp-content/plugins/wp-video-lightbox/js/jquery.prettyPhoto.min.js?ver=3.1.6 HTTP/2" 200 5554 "https://www.bmofis.com/" "Mozilla/5.0 (Windows NT 10.0; Win64; x64) AppleWebKit/537.36 (KHTML, like Gecko) Chrome/136.0.0.0 Safari/537.36 Edg/136.0.0.0"
135.220.11.115 - - [05/May/2025:16:46:32 +0300] "GET /wp-content/plugins/wp-video-lightbox/js/video-lightbox.js?ver=3.1.6 HTTP/2" 200 1237 "https://www.bmofis.com/" "Mozilla/5.0 (Windows NT 10.0; Win64; x64) AppleWebKit/537.36 (KHTML, like Gecko) Chrome/136.0.0.0 Safari/537.36 Edg/136.0.0.0"
135.220.11.115 - - [05/May/2025:16:46:32 +0300] "GET /wp-includes/js/jquery/ui/core.min.js?ver=1.13.2 HTTP/2" 200 6801 "https://www.bmofis.com/" "Mozilla/5.0 (Windows NT 10.0; Win64; x64) AppleWebKit/537.36 (KHTML, like Gecko) Chrome/136.0.0.0 Safari/537.36 Edg/136.0.0.0"
135.220.11.115 - - [05/May/2025:16:46:32 +0300] "GET /wp-content/plugins/mega-addons-for-visual-composer/js/script.js?ver=6.5.5 HTTP/2" 200 1364 "https://www.bmofis.com/" "Mozilla/5.0 (Windows NT 10.0; Win64; x64) AppleWebKit/537.36 (KHTML, like Gecko) Chrome/136.0.0.0 Safari/537.36 Edg/136.0.0.0"
135.220.11.115 - - [05/May/2025:16:46:32 +0300] "GET /wp-content/plugins/revslider/public/assets/js/jquery.themepunch.tools.min.js?ver=5.4.8.1 HTTP/2" 200 37078 "https://www.bmofis.com/" "Mozilla/5.0 (Windows NT 10.0; Win64; x64) AppleWebKit/537.36 (KHTML, like Gecko) Chrome/136.0.0.0 Safari/537.36 Edg/136.0.0.0"
135.220.11.115 - - [05/May/2025:16:46:32 +0300] "GET /wp-content/plugins/revslider/public/assets/js/jquery.themepunch.revolution.min.js?ver=5.4.8.1 HTTP/2" 200 17404 "https://www.bmofis.com/" "Mozilla/5.0 (Windows NT 10.0; Win64; x64) AppleWebKit/537.36 (KHTML, like Gecko) Chrome/136.0.0.0 Safari/537.36 Edg/136.0.0.0"
135.220.11.115 - - [05/May/2025:16:46:32 +0300] "GET /wp-content/plugins/woocommerce/assets/js/jquery-blockui/jquery.blockUI.min.js?ver=2.70 HTTP/2" 200 3280 "https://www.bmofis.com/" "Mozilla/5.0 (Windows NT 10.0; Win64; x64) AppleWebKit/537.36 (KHTML, like Gecko) Chrome/136.0.0.0 Safari/537.36 Edg/136.0.0.0"
135.220.11.115 - - [05/May/2025:16:46:32 +0300] "GET /wp-content/plugins/woocommerce/assets/js/frontend/add-to-cart.min.js?ver=3.8.3 HTTP/2" 200 906 "https://www.bmofis.com/" "Mozilla/5.0 (Windows NT 10.0; Win64; x64) AppleWebKit/537.36 (KHTML, like Gecko) Chrome/136.0.0.0 Safari/537.36 Edg/136.0.0.0"
135.220.11.115 - - [05/May/2025:16:46:32 +0300] "GET /wp-content/plugins/duracelltomi-google-tag-manager/js/gtm4wp-contact-form-7-tracker.js?ver=1.11.2 HTTP/2" 200 247 "https://www.bmofis.com/" "Mozilla/5.0 (Windows NT 10.0; Win64; x64) AppleWebKit/537.36 (KHTML, like Gecko) Chrome/136.0.0.0 Safari/537.36 Edg/136.0.0.0"
135.220.11.115 - - [05/May/2025:16:46:32 +0300] "GET /wp-content/plugins/duracelltomi-google-tag-manager/js/gtm4wp-form-move-tracker.js?ver=1.11.2 HTTP/2" 200 284 "https://www.bmofis.com/" "Mozilla/5.0 (Windows NT 10.0; Win64; x64) AppleWebKit/537.36 (KHTML, like Gecko) Chrome/136.0.0.0 Safari/537.36 Edg/136.0.0.0"
135.220.11.115 - - [05/May/2025:16:46:32 +0300] "GET /wp-content/plugins/js_composer_theme/assets/js/vendors/woocommerce-add-to-cart.js?ver=5.5.5 HTTP/2" 200 287 "https://www.bmofis.com/" "Mozilla/5.0 (Windows NT 10.0; Win64; x64) AppleWebKit/537.36 (KHTML, like Gecko) Chrome/136.0.0.0 Safari/537.36 Edg/136.0.0.0"
135.220.11.115 - - [05/May/2025:16:46:32 +0300] "GET /wp-content/plugins/revslider/admin/assets/images/transparent.png HTTP/2" 200 71 "https://www.bmofis.com/" "Mozilla/5.0 (Windows NT 10.0; Win64; x64) AppleWebKit/537.36 (KHTML, like Gecko) Chrome/136.0.0.0 Safari/537.36 Edg/136.0.0.0"
135.220.11.115 - - [05/May/2025:16:46:32 +0300] "GET /wp-content/plugins/contact-form-7/includes/js/scripts.js?ver=5.1.5 HTTP/2" 200 3752 "https://www.bmofis.com/" "Mozilla/5.0 (Windows NT 10.0; Win64; x64) AppleWebKit/537.36 (KHTML, like Gecko) Chrome/136.0.0.0 Safari/537.36 Edg/136.0.0.0"
135.220.11.115 - - [05/May/2025:16:46:32 +0300] "GET /wp-content/plugins/responsive-youtube-vimeo-popup/assets/js/wp-video-popup.js?ver=2.7 HTTP/2" 200 551 "https://www.bmofis.com/" "Mozilla/5.0 (Windows NT 10.0; Win64; x64) AppleWebKit/537.36 (KHTML, like Gecko) Chrome/136.0.0.0 Safari/537.36 Edg/136.0.0.0"
135.220.11.115 - - [05/May/2025:16:46:32 +0300] "GET /wp-content/plugins/woocommerce/assets/js/js-cookie/js.cookie.min.js?ver=2.1.4 HTTP/2" 200 894 "https://www.bmofis.com/" "Mozilla/5.0 (Windows NT 10.0; Win64; x64) AppleWebKit/537.36 (KHTML, like Gecko) Chrome/136.0.0.0 Safari/537.36 Edg/136.0.0.0"
135.220.11.115 - - [05/May/2025:16:46:32 +0300] "GET /wp-content/plugins/woocommerce/assets/js/frontend/woocommerce.min.js?ver=3.8.3 HTTP/2" 200 522 "https://www.bmofis.com/" "Mozilla/5.0 (Windows NT 10.0; Win64; x64) AppleWebKit/537.36 (KHTML, like Gecko) Chrome/136.0.0.0 Safari/537.36 Edg/136.0.0.0"
135.220.11.115 - - [05/May/2025:16:46:32 +0300] "GET /wp-content/plugins/woocommerce/assets/js/frontend/cart-fragments.min.js?ver=3.8.3 HTTP/2" 200 938 "https://www.bmofis.com/" "Mozilla/5.0 (Windows NT 10.0; Win64; x64) AppleWebKit/537.36 (KHTML, like Gecko) Chrome/136.0.0.0 Safari/537.36 Edg/136.0.0.0"
135.220.11.115 - - [05/May/2025:16:46:32 +0300] "GET /wp-content/plugins/wpcf7-redirect/js/wpcf7-redirect-script.js HTTP/2" 200 754 "https://www.bmofis.com/" "Mozilla/5.0 (Windows NT 10.0; Win64; x64) AppleWebKit/537.36 (KHTML, like Gecko) Chrome/136.0.0.0 Safari/537.36 Edg/136.0.0.0"
135.220.11.115 - - [05/May/2025:16:46:32 +0300] "GET /wp-content/plugins/wp-smushit/app/assets/js/smush-lazy-load.min.js?ver=3.3.2 HTTP/2" 200 3557 "https://www.bmofis.com/" "Mozilla/5.0 (Windows NT 10.0; Win64; x64) AppleWebKit/537.36 (KHTML, like Gecko) Chrome/136.0.0.0 Safari/537.36 Edg/136.0.0.0"
135.220.11.115 - - [05/May/2025:16:46:32 +0300] "GET /wp-content/themes/benim-ofis/js/navigation.js?ver=20151215 HTTP/2" 200 952 "https://www.bmofis.com/" "Mozilla/5.0 (Windows NT 10.0; Win64; x64) AppleWebKit/537.36 (KHTML, like Gecko) Chrome/136.0.0.0 Safari/537.36 Edg/136.0.0.0"
135.220.11.115 - - [05/May/2025:16:46:32 +0300] "GET /wp-content/themes/benim-ofis/js/skip-link-focus-fix.js?ver=20151215 HTTP/2" 200 332 "https://www.bmofis.com/" "Mozilla/5.0 (Windows NT 10.0; Win64; x64) AppleWebKit/537.36 (KHTML, like Gecko) Chrome/136.0.0.0 Safari/537.36 Edg/136.0.0.0"
135.220.11.115 - - [05/May/2025:16:46:32 +0300] "GET /wp-includes/js/hoverIntent.min.js?ver=1.10.2 HTTP/2" 200 668 "https://www.bmofis.com/" "Mozilla/5.0 (Windows NT 10.0; Win64; x64) AppleWebKit/537.36 (KHTML, like Gecko) Chrome/136.0.0.0 Safari/537.36 Edg/136.0.0.0"
