109.169.10.5 - - [05/May/2025:19:04:24 +0300] "GET /wp-content/plugins/mystickymenu/js/mystickymenu.min.js?ver=2.7.7 HTTP/2" 200 1345 "https://www.bmofis.com/" "Mozilla/5.0 (Macintosh; Intel Mac OS X 10_15_7) AppleWebKit/537.36 (KHTML, like Gecko, Foregenix) Chrome/133.0.0.0 Safari/537.36"
109.169.10.5 - - [05/May/2025:19:04:24 +0300] "GET /wp-content/plugins/woocommerce/assets/css/woocommerce-smallscreen.css?ver=3.8.3 HTTP/2" 200 944 "https://www.bmofis.com/" "Mozilla/5.0 (Macintosh; Intel Mac OS X 10_15_7) AppleWebKit/537.36 (KHTML, like Gecko, Foregenix) Chrome/133.0.0.0 Safari/537.36"
109.169.10.5 - - [05/May/2025:19:04:24 +0300] "GET /wp-content/themes/benim-ofis/img/flag.png HTTP/2" 200 724 "https://www.bmofis.com/wp-content/themes/benim-ofis/style.css?ver=6.5.5" "Mozilla/5.0 (Macintosh; Intel Mac OS X 10_15_7) AppleWebKit/537.36 (KHTML, like Gecko, Foregenix) Chrome/133.0.0.0 Safari/537.36"
109.169.10.5 - - [05/May/2025:19:04:24 +0300] "GET /wp-content/plugins/dhvc-woocommerce-page/assets/fonts/awesome/fonts/fontawesome-webfont.woff?v=4.0.3 HTTP/2" 200 44432 "https://www.bmofis.com/wp-content/plugins/dhvc-woocommerce-page/assets/fonts/awesome/css/font-awesome.min.css?ver=4.0.3" "Mozilla/5.0 (Macintosh; Intel Mac OS X 10_15_7) AppleWebKit/537.36 (KHTML, like Gecko, Foregenix) Chrome/133.0.0.0 Safari/537.36"
109.169.10.5 - - [05/May/2025:19:04:24 +0300] "GET /wp-content/themes/benim-ofis/img/phone.svg HTTP/2" 200 621 "https://www.bmofis.com/wp-content/themes/benim-ofis/style.css?ver=6.5.5" "Mozilla/5.0 (Macintosh; Intel Mac OS X 10_15_7) AppleWebKit/537.36 (KHTML, like Gecko, Foregenix) Chrome/133.0.0.0 Safari/537.36"
109.169.10.5 - - [05/May/2025:19:04:24 +0300] "GET /wp-content/uploads/2019/05/banner-header-1.png HTTP/2" 200 3242 "https://www.bmofis.com/" "Mozilla/5.0 (Macintosh; Intel Mac OS X 10_15_7) AppleWebKit/537.36 (KHTML, like Gecko, Foregenix) Chrome/133.0.0.0 Safari/537.36"
109.169.10.5 - - [05/May/2025:19:04:24 +0300] "GET /wp-content/uploads/2019/05/head-banner-1-1.png HTTP/2" 200 18193 "https://www.bmofis.com/" "Mozilla/5.0 (Macintosh; Intel Mac OS X 10_15_7) AppleWebKit/537.36 (KHTML, like Gecko, Foregenix) Chrome/133.0.0.0 Safari/537.36"
109.169.10.5 - - [05/May/2025:19:04:24 +0300] "GET /wp-includes/js/wp-emoji-release.min.js?ver=6.5.5 HTTP/2" 200 4676 "https://www.bmofis.com/" "Mozilla/5.0 (Macintosh; Intel Mac OS X 10_15_7) AppleWebKit/537.36 (KHTML, like Gecko, Foregenix) Chrome/133.0.0.0 Safari/537.36"
109.169.10.5 - - [05/May/2025:19:04:24 +0300] "GET /wp-content/plugins/revslider/public/assets/js/extensions/revolution.extension.slideanims.min.js?version=5.4.8 HTTP/2" 200 6505 "https://www.bmofis.com/" "Mozilla/5.0 (Macintosh; Intel Mac OS X 10_15_7) AppleWebKit/537.36 (KHTML, like Gecko, Foregenix) Chrome/133.0.0.0 Safari/537.36"
109.169.10.5 - - [05/May/2025:19:04:25 +0300] "GET /wp-content/plugins/revslider/public/assets/js/extensions/revolution.extension.layeranimation.min.js?version=5.4.8 HTTP/2" 200 13733 "https://www.bmofis.com/" "Mozilla/5.0 (Macintosh; Intel Mac OS X 10_15_7) AppleWebKit/537.36 (KHTML, like Gecko, Foregenix) Chrome/133.0.0.0 Safari/537.36"
109.169.10.5 - - [05/May/2025:19:04:25 +0300] "GET /wp-content/plugins/revslider/public/assets/js/extensions/revolution.extension.navigation.min.js?version=5.4.8 HTTP/2" 200 6681 "https://www.bmofis.com/" "Mozilla/5.0 (Macintosh; Intel Mac OS X 10_15_7) AppleWebKit/537.36 (KHTML, like Gecko, Foregenix) Chrome/133.0.0.0 Safari/537.36"
109.169.10.5 - - [05/May/2025:19:04:25 +0300] "GET /wp-content/plugins/revslider/public/assets/js/extensions/revolution.extension.parallax.min.js?version=5.4.8 HTTP/2" 200 3009 "https://www.bmofis.com/" "Mozilla/5.0 (Macintosh; Intel Mac OS X 10_15_7) AppleWebKit/537.36 (KHTML, like Gecko, Foregenix) Chrome/133.0.0.0 Safari/537.36"
109.169.10.5 - - [05/May/2025:19:04:25 +0300] "GET /wp-content/plugins/wp-slick-slider-and-image-carousel/assets/css/ajax-loader.gif HTTP/2" 200 4178 "https://www.bmofis.com/wp-content/plugins/wp-slick-slider-and-image-carousel/assets/css/slick.css?ver=1.8" "Mozilla/5.0 (Macintosh; Intel Mac OS X 10_15_7) AppleWebKit/537.36 (KHTML, like Gecko, Foregenix) Chrome/133.0.0.0 Safari/537.36"
109.169.10.5 - - [05/May/2025:19:04:25 +0300] "GET /wp-content/uploads/2019/05/div00_sing01.jpg HTTP/2" 200 110359 "https://www.bmofis.com/" "Mozilla/5.0 (Macintosh; Intel Mac OS X 10_15_7) AppleWebKit/537.36 (KHTML, like Gecko, Foregenix) Chrome/133.0.0.0 Safari/537.36"
109.169.10.5 - - [05/May/2025:19:04:25 +0300] "GET /wp-content/plugins/revslider/public/assets/assets/coloredbg.png HTTP/2" 200 184 "https://www.bmofis.com/wp-content/plugins/revslider/public/assets/css/settings.css?ver=5.4.8.1" "Mozilla/5.0 (Macintosh; Intel Mac OS X 10_15_7) AppleWebKit/537.36 (KHTML, like Gecko, Foregenix) Chrome/133.0.0.0 Safari/537.36"
109.169.10.5 - - [05/May/2025:19:04:25 +0300] "GET /wp-content/uploads/2019/05/SL01-2.jpg HTTP/2" 200 166294 "https://www.bmofis.com/" "Mozilla/5.0 (Macintosh; Intel Mac OS X 10_15_7) AppleWebKit/537.36 (KHTML, like Gecko, Foregenix) Chrome/133.0.0.0 Safari/537.36"
109.169.10.5 - - [05/May/2025:19:04:25 +0300] "GET /wp-content/uploads/2019/04/c1.png HTTP/2" 200 8325 "https://www.bmofis.com/" "Mozilla/5.0 (Macintosh; Intel Mac OS X 10_15_7) AppleWebKit/537.36 (KHTML, like Gecko, Foregenix) Chrome/133.0.0.0 Safari/537.36"
109.169.10.5 - - [05/May/2025:19:04:25 +0300] "GET /wp-content/uploads/2019/04/c2.png HTTP/2" 200 3559 "https://www.bmofis.com/" "Mozilla/5.0 (Macintosh; Intel Mac OS X 10_15_7) AppleWebKit/537.36 (KHTML, like Gecko, Foregenix) Chrome/133.0.0.0 Safari/537.36"
109.169.10.5 - - [05/May/2025:19:04:25 +0300] "GET /wp-content/uploads/2019/04/c3.png HTTP/2" 200 2432 "https://www.bmofis.com/" "Mozilla/5.0 (Macintosh; Intel Mac OS X 10_15_7) AppleWebKit/537.36 (KHTML, like Gecko, Foregenix) Chrome/133.0.0.0 Safari/537.36"
109.169.10.5 - - [05/May/2025:19:04:25 +0300] "GET /wp-content/uploads/2019/05/bb1.png HTTP/2" 200 3682 "https://www.bmofis.com/" "Mozilla/5.0 (Macintosh; Intel Mac OS X 10_15_7) AppleWebKit/537.36 (KHTML, like Gecko, Foregenix) Chrome/133.0.0.0 Safari/537.36"
109.169.10.5 - - [05/May/2025:19:04:25 +0300] "GET /wp-content/uploads/2019/04/c5.png HTTP/2" 200 2648 "https://www.bmofis.com/" "Mozilla/5.0 (Macintosh; Intel Mac OS X 10_15_7) AppleWebKit/537.36 (KHTML, like Gecko, Foregenix) Chrome/133.0.0.0 Safari/537.36"
109.169.10.5 - - [05/May/2025:19:04:25 +0300] "GET /wp-content/uploads/2019/05/bb2.png HTTP/2" 200 993 "https://www.bmofis.com/" "Mozilla/5.0 (Macintosh; Intel Mac OS X 10_15_7) AppleWebKit/537.36 (KHTML, like Gecko, Foregenix) Chrome/133.0.0.0 Safari/537.36"
109.169.10.5 - - [05/May/2025:19:04:25 +0300] "GET /wp-content/uploads/2019/05/bb3.png HTTP/2" 200 1916 "https://www.bmofis.com/" "Mozilla/5.0 (Macintosh; Intel Mac OS X 10_15_7) AppleWebKit/537.36 (KHTML, like Gecko, Foregenix) Chrome/133.0.0.0 Safari/537.36"
109.169.10.5 - - [05/May/2025:19:04:25 +0300] "GET /wp-content/uploads/2019/05/c8.png HTTP/2" 200 1797 "https://www.bmofis.com/" "Mozilla/5.0 (Macintosh; Intel Mac OS X 10_15_7) AppleWebKit/537.36 (KHTML, like Gecko, Foregenix) Chrome/133.0.0.0 Safari/537.36"
109.169.10.5 - - [05/May/2025:19:04:25 +0300] "GET /wp-content/plugins/revslider/public/assets/fonts/revicons/revicons.woff?5510888 HTTP/2" 200 7536 "https://www.bmofis.com/wp-content/plugins/revslider/public/assets/css/settings.css?ver=5.4.8.1" "Mozilla/5.0 (Macintosh; Intel Mac OS X 10_15_7) AppleWebKit/537.36 (KHTML, like Gecko, Foregenix) Chrome/133.0.0.0 Safari/537.36"
109.169.10.5 - - [05/May/2025:19:04:25 +0300] "GET /wp-content/uploads/2019/05/cropped-bm_ico-32x32.png HTTP/2" 200 476 "https://www.bmofis.com/" "Mozilla/5.0 (Macintosh; Intel Mac OS X 10_15_7) AppleWebKit/537.36 (KHTML, like Gecko, Foregenix) Chrome/133.0.0.0 Safari/537.36"
109.169.10.5 - - [05/May/2025:19:04:25 +0300] "POST /?wc-ajax=get_refreshed_fragments HTTP/2" 200 3774 "https://www.bmofis.com/" "Mozilla/5.0 (Macintosh; Intel Mac OS X 10_15_7) AppleWebKit/537.36 (KHTML, like Gecko, Foregenix) Chrome/133.0.0.0 Safari/537.36"
109.169.10.5 - - [05/May/2025:19:04:25 +0300] "GET /wp-content/uploads/2019/09/SL01-v5.jpg HTTP/2" 200 188813 "https://www.bmofis.com/" "Mozilla/5.0 (Macintosh; Intel Mac OS X 10_15_7) AppleWebKit/537.36 (KHTML, like Gecko, Foregenix) Chrome/133.0.0.0 Safari/537.36"
109.169.10.5 - - [05/May/2025:19:04:26 +0300] "GET /wp-content/uploads/2019/09/SL02-v5.jpg HTTP/2" 200 190615 "https://www.bmofis.com/" "Mozilla/5.0 (Macintosh; Intel Mac OS X 10_15_7) AppleWebKit/537.36 (KHTML, like Gecko, Foregenix) Chrome/133.0.0.0 Safari/537.36"
109.169.10.5 - - [05/May/2025:19:04:26 +0300] "GET /wp-content/uploads/2019/09/SL02-v5m.jpg HTTP/2" 200 127898 "https://www.bmofis.com/" "Mozilla/5.0 (Macintosh; Intel Mac OS X 10_15_7) AppleWebKit/537.36 (KHTML, like Gecko, Foregenix) Chrome/133.0.0.0 Safari/537.36"
109.169.10.5 - - [05/May/2025:19:04:26 +0300] "GET /wp-content/uploads/2019/05/div02_sing01_v2.jpg HTTP/2" 200 391274 "https://www.bmofis.com/" "Mozilla/5.0 (Macintosh; Intel Mac OS X 10_15_7) AppleWebKit/537.36 (KHTML, like Gecko, Foregenix) Chrome/133.0.0.0 Safari/537.36"
109.169.10.5 - - [05/May/2025:19:04:26 +0300] "GET /wp-content/uploads/2019/09/SL03-v5.jpg HTTP/2" 200 535420 "https://www.bmofis.com/" "Mozilla/5.0 (Macintosh; Intel Mac OS X 10_15_7) AppleWebKit/537.36 (KHTML, like Gecko, Foregenix) Chrome/133.0.0.0 Safari/537.36"
109.169.10.5 - - [05/May/2025:19:04:26 +0300] "GET /wp-content/uploads/2019/09/SL03-v5m.jpg HTTP/2" 200 108746 "https://www.bmofis.com/" "Mozilla/5.0 (Macintosh; Intel Mac OS X 10_15_7) AppleWebKit/537.36 (KHTML, like Gecko, Foregenix) Chrome/133.0.0.0 Safari/537.36"
109.169.10.5 - - [05/May/2025:19:04:26 +0300] "GET /wp-content/uploads/2019/09/SL04-v5.jpg HTTP/2" 200 68087 "https://www.bmofis.com/" "Mozilla/5.0 (Macintosh; Intel Mac OS X 10_15_7) AppleWebKit/537.36 (KHTML, like Gecko, Foregenix) Chrome/133.0.0.0 Safari/537.36"
109.169.10.5 - - [05/May/2025:19:04:26 +0300] "GET /wp-content/uploads/2019/09/SL04-v5m.jpg HTTP/2" 200 28973 "https://www.bmofis.com/" "Mozilla/5.0 (Macintosh; Intel Mac OS X 10_15_7) AppleWebKit/537.36 (KHTML, like Gecko, Foregenix) Chrome/133.0.0.0 Safari/537.36"
109.169.10.5 - - [05/May/2025:19:04:26 +0300] "GET /wp-content/uploads/2019/09/SL05-v5.jpg HTTP/2" 200 160627 "https://www.bmofis.com/" "Mozilla/5.0 (Macintosh; Intel Mac OS X 10_15_7) AppleWebKit/537.36 (KHTML, like Gecko, Foregenix) Chrome/133.0.0.0 Safari/537.36"
109.169.10.5 - - [05/May/2025:19:04:26 +0300] "GET /wp-content/uploads/2019/09/SL05-v5m.jpg HTTP/2" 200 53206 "https://www.bmofis.com/" "Mozilla/5.0 (Macintosh; Intel Mac OS X 10_15_7) AppleWebKit/537.36 (KHTML, like Gecko, Foregenix) Chrome/133.0.0.0 Safari/537.36"
109.169.10.5 - - [05/May/2025:19:04:26 +0300] "GET /wp-content/uploads/2019/09/SL06-v5m.jpg HTTP/2" 200 57752 "https://www.bmofis.com/" "Mozilla/5.0 (Macintosh; Intel Mac OS X 10_15_7) AppleWebKit/537.36 (KHTML, like Gecko, Foregenix) Chrome/133.0.0.0 Safari/537.36"
109.169.10.5 - - [05/May/2025:19:04:26 +0300] "GET /wp-content/uploads/2019/09/SL06-v5.jpg HTTP/2" 200 179421 "https://www.bmofis.com/" "Mozilla/5.0 (Macintosh; Intel Mac OS X 10_15_7) AppleWebKit/537.36 (KHTML, like Gecko, Foregenix) Chrome/133.0.0.0 Safari/537.36"
109.169.10.5 - - [05/May/2025:19:04:26 +0300] "GET /wp-content/uploads/2019/09/SL07-v5m.jpg HTTP/2" 200 83870 "https://www.bmofis.com/" "Mozilla/5.0 (Macintosh; Intel Mac OS X 10_15_7) AppleWebKit/537.36 (KHTML, like Gecko, Foregenix) Chrome/133.0.0.0 Safari/537.36"
109.169.10.5 - - [05/May/2025:19:04:26 +0300] "GET /wp-content/uploads/2019/09/SL07-v5.jpg HTTP/2" 200 277451 "https://www.bmofis.com/" "Mozilla/5.0 (Macintosh; Intel Mac OS X 10_15_7) AppleWebKit/537.36 (KHTML, like Gecko, Foregenix) Chrome/133.0.0.0 Safari/537.36"
45.84.191.11 - - [05/May/2025:19:03:18 +0300] "POST /wp-cron.php?doing_wp_cron=1746460998.0151851177215576171875 HTTP/1.1" 200 0 "-" "WordPress/6.5.5; https://www.bmofis.com"
54.36.149.2 - - [05/May/2025:19:03:16 +0300] "GET /en/urun-kategori/glass-joint-joint-laths?filesrc=/home/bmofiscom/public_html/wp-includes/class-wp-recovery-mode-email-service.php&path=/home/bmofiscom/public_html/wp-includes HTTP/2" 200 5588 "-" "Mozilla/5.0 (compatible; AhrefsBot/7.0; +http://ahrefs.com/robot/)"
213.180.203.127 - - [05/May/2025:19:03:22 +0300] "GET /wp-json/oembed/1.0/imageurl}?b=bmo251c31400297-jansport-pleasanton HTTP/1.1" 403 1242 "-" "Mozilla/5.0 (compatible; YandexBot/3.0; +http://yandex.com/bots)"
45.84.191.11 - - [05/May/2025:19:04:05 +0300] "POST /wp-cron.php?doing_wp_cron=1746461045.3986740112304687500000 HTTP/1.1" 200 0 "-" "WordPress/6.5.5; https://www.bmofis.com"
54.36.148.149 - - [05/May/2025:19:04:07 +0300] "GET /en/urun-kategori/glass-joint-joint-laths?filesrc=/home/bmofiscom/public_html/wp-includes/class-wp-recovery-mode-key-service.php&path=/home/bmofiscom/public_html/wp-includes HTTP/2" 200 3419 "-" "Mozilla/5.0 (compatible; AhrefsBot/7.0; +http://ahrefs.com/robot/)"
109.169.10.5 - - [05/May/2025:19:04:21 +0300] "HEAD / HTTP/2" 200 0 "-" "Foregenix ThreatView Security Auditor (threatview.app)"
109.169.10.5 - - [05/May/2025:19:04:22 +0300] "GET /aKPRvOzqGnJM HTTP/2" 200 5225 "-" "Foregenix ThreatView Security Auditor (threatview.app)"
109.169.10.5 - - [05/May/2025:19:04:23 +0300] "GET / HTTP/2" 200 29817 "-" "Foregenix ThreatView Security Auditor (threatview.app)"
109.169.10.5 - - [05/May/2025:19:04:23 +0300] "GET /robots.txt HTTP/2" 200 111 "-" "Foregenix ThreatView Security Auditor (threatview.app)"
109.169.10.5 - - [05/May/2025:19:04:25 +0300] "GET /wp-admin/ HTTP/2" 200 7193 "-" "Foregenix ThreatView Security Auditor (threatview.app)"
52.167.144.167 - - [05/May/2025:19:05:02 +0300] "GET /urun/hidrolik-sistemler/hidrolik-dus-sistemleri/hidrolik-dus-kabini/slash-hidrolik-dus-kabini-duvar-ve-sabit-cam-arasi-kose-seti-tek-kanat/teklif-al?b=bmo251c48900499-donna-bishop-young-women-of-the-year-brio-magazine HTTP/2" 403 1242 "-" "Mozilla/5.0 AppleWebKit/537.36 (KHTML, like Gecko; compatible; bingbot/2.0; +http://www.bing.com/bingbot.htm) Chrome/116.0.1938.76 Safari/537.36"
3.137.172.252 - - [05/May/2025:19:05:37 +0300] "GET /urun/hidrolik-cozumler/hidrolik-dis-kapi-sistemleri/patch-fittings/italyan-yuvali-alt-mil-1752mm-cam-kalinligi-icin?path=%2Fhome%2Fbmofiscom%2Fpublic_html%2Fwp-includes%2Fblocks%2Fgroup HTTP/2" 200 2786 "-" "Mozilla/5.0 AppleWebKit/537.36 (KHTML, like Gecko; compatible; ClaudeBot/1.0; +claudebot@anthropic.com)"
3.137.172.252 - - [05/May/2025:19:05:37 +0300] "GET /urun/hidrolik-cozumler/hidrolik-dis-kapi-sistemleri/patch-fittings/italyan-yuvali-alt-mil-1752mm-cam-kalinligi-icin?filesrc=%2Fhome%2Fbmofiscom%2Fpublic_html%2Fwp-admin%2Fimages%2Ficons32-vs.png&path=%2Fhome%2Fbmofiscom%2Fpublic_html%2Fwp-admin%2Fimages HTTP/2" 200 2034 "-" "Mozilla/5.0 AppleWebKit/537.36 (KHTML, like Gecko; compatible; ClaudeBot/1.0; +claudebot@anthropic.com)"
3.137.172.252 - - [05/May/2025:19:05:37 +0300] "GET /urun/hidrolik-cozumler/hidrolik-dis-kapi-sistemleri/patch-fittings/italyan-yuvali-alt-mil-1752mm-cam-kalinligi-icin?path=%2Fhome%2Fbmofiscom%2Fpublic_html%2Fwp-includes%2Fblocks%2Fcomment-author-name HTTP/2" 200 2487 "-" "Mozilla/5.0 AppleWebKit/537.36 (KHTML, like Gecko; compatible; ClaudeBot/1.0; +claudebot@anthropic.com)"
3.137.172.252 - - [05/May/2025:19:05:38 +0300] "GET /urun/hidrolik-cozumler/hidrolik-dis-kapi-sistemleri/patch-fittings/italyan-yuvali-alt-mil-1752mm-cam-kalinligi-icin?path=%2Fhome%2Fbmofiscom%2Fpublic_html%2Fwp-admin%2Fjs%2Fmedias HTTP/2" 200 2445 "-" "Mozilla/5.0 AppleWebKit/537.36 (KHTML, like Gecko; compatible; ClaudeBot/1.0; +claudebot@anthropic.com)"
109.169.10.5 - - [05/May/2025:19:04:26 +0300] "GET /wp-content/uploads/2019/09/SL08-v5.jpg HTTP/2" 200 159593 "https://www.bmofis.com/" "Mozilla/5.0 (Macintosh; Intel Mac OS X 10_15_7) AppleWebKit/537.36 (KHTML, like Gecko, Foregenix) Chrome/133.0.0.0 Safari/537.36"
109.169.10.5 - - [05/May/2025:19:04:27 +0300] "GET /wp-content/uploads/2019/09/SL08-v5m.jpg HTTP/2" 200 28447 "https://www.bmofis.com/" "Mozilla/5.0 (Macintosh; Intel Mac OS X 10_15_7) AppleWebKit/537.36 (KHTML, like Gecko, Foregenix) Chrome/133.0.0.0 Safari/537.36"
52.167.144.234 - - [05/May/2025:19:04:42 +0300] "GET /urun/standart-cozumler/dus-sistemleri-standart-cozumler/piuma-surme-dus-sistemi/piuma-cift-kanatli-surme-kose-dus-sistemi/teklif-al?b=bmo251c25100263-dont-forsake-the-assembly HTTP/2" 403 1242 "-" "Mozilla/5.0 AppleWebKit/537.36 (KHTML, like Gecko; compatible; bingbot/2.0; +http://www.bing.com/bingbot.htm) Chrome/116.0.1938.76 Safari/537.36"
54.36.148.160 - - [05/May/2025:19:04:52 +0300] "GET /en/urun-kategori/glass-joint-joint-laths?filesrc=/home/bmofiscom/public_html/wp-includes/class-wp-recovery-mode-link-service.php&path=/home/bmofiscom/public_html/wp-includes HTTP/2" 200 3160 "-" "Mozilla/5.0 (compatible; AhrefsBot/7.0; +http://ahrefs.com/robot/)"
66.249.66.33 - - [05/May/2025:19:05:13 +0300] "GET /wp-content/uploads/2019/05/footer_colcom_image_v3.png HTTP/1.1" 200 17820 "-" "Mozilla/5.0 (Linux; Android 6.0.1; Nexus 5X Build/MMB29P) AppleWebKit/537.36 (KHTML, like Gecko) Chrome/135.0.7049.95 Mobile Safari/537.36 (compatible; Googlebot/2.1; +http://www.google.com/bot.html)"
52.167.144.167 - - [05/May/2025:19:05:23 +0300] "GET /urun/hidrolik-cozumler/hidrolik-dus-sistemleri/hidrolik-dus-kabini/slash-hidrolik-dus-kabini-duvar-ve-sabit-cam-arasi-kose-seti-tek-kanat/?b=bmo251c17600025-kids-converse-sneakers HTTP/2" 403 1242 "-" "Mozilla/5.0 AppleWebKit/537.36 (KHTML, like Gecko; compatible; bingbot/2.0; +http://www.bing.com/bingbot.htm) Chrome/116.0.1938.76 Safari/537.36"
45.84.191.11 - - [05/May/2025:19:05:39 +0300] "POST /wp-cron.php?doing_wp_cron=1746461138.9447700977325439453125 HTTP/1.1" 200 0 "-" "WordPress/6.5.5; https://www.bmofis.com"
52.167.144.167 - - [05/May/2025:19:05:42 +0300] "GET /urun/standart-cozumler/dus-sistemleri-standart-cozumler/yaprak-menteseler-dus-sistemleri-standart-cozumler/8501-yayli-dus-mentesesi-duvar-cam-asimetrik-montaj-plakali/teklif-al?b=bmo251c17200350-cole-haan-men%27s-grandpro-topspin-sneakers HTTP/2" 403 1242 "-" "Mozilla/5.0 AppleWebKit/537.36 (KHTML, like Gecko; compatible; bingbot/2.0; +http://www.bing.com/bingbot.htm) Chrome/116.0.1938.76 Safari/537.36"
45.84.191.11 - - [05/May/2025:19:05:40 +0300] "POST /wp-admin/admin-ajax.php?action=async_litespeed&nonce=ZmSv3clDRsV9iyjToDYmgtju9fybSula&litespeed_type=imgoptm HTTP/1.1" 200 5610 "-" "WordPress/6.5.5; https://www.bmofis.com"
54.36.149.27 - - [05/May/2025:19:05:41 +0300] "GET /en/urun-kategori/glass-joint-joint-laths?filesrc=/home/bmofiscom/public_html/wp-includes/class-wp-recovery-mode.php&path=/home/bmofiscom/public_html/wp-includes HTTP/2" 200 5280 "-" "Mozilla/5.0 (compatible; AhrefsBot/7.0; +http://ahrefs.com/robot/)"
171.36.6.46 - - [05/May/2025:19:05:54 +0300] "GET /favicon.ico HTTP/1.1" 404 1251 "-" "Mozilla/5.067805899 Mozilla/5.0 (Windows NT 6.1; WOW64) AppleWebKit/537.36 (KHTML, like Gecko) Chrome/63.0.3239.132 Safari/537.36"
123.245.84.79 - - [05/May/2025:19:05:55 +0300] "GET / HTTP/1.1" 200 29817 "-" "Mozilla/5.064213590 Mozilla/5.0 (Windows NT 6.1) AppleWebKit/537.36 (KHTML, like Gecko) Chrome/68.0.3440.106 Safari/537.36"
20.26.44.173 - - [05/May/2025:19:06:15 +0300] "GET /urun/slash-hidrolik-dus-kabini-duvar-ve-sabit-cam-arasi-kose-seti-bir-kanat-bir-sabit/?b=bmo251c29100204-hudson-and-barrow-slim-stretch-jeans HTTP/1.1" 403 1242 "-" "Mozilla/5.0 (Windows NT 10.0; Win64; x64) AppleWebKit/537.36 (KHTML, like Gecko) Chrome/131.0.0.0 Safari/537.36 Edg/131.0.0.0"
45.84.191.11 - - [05/May/2025:19:06:20 +0300] "POST /wp-cron.php?doing_wp_cron=1746461180.8886818885803222656250 HTTP/1.1" 200 0 "-" "WordPress/6.5.5; https://www.bmofis.com"
3.137.172.252 - - [05/May/2025:19:05:38 +0300] "GET /urun/hidrolik-cozumler/hidrolik-dis-kapi-sistemleri/patch-fittings/italyan-yuvali-alt-mil-1752mm-cam-kalinligi-icin?path=%2Fhome%2Fbmofiscom%2Fpublic_html%2Fwp-content%2Fuploads%2F2023 HTTP/2" 200 2614 "-" "Mozilla/5.0 AppleWebKit/537.36 (KHTML, like Gecko; compatible; ClaudeBot/1.0; +claudebot@anthropic.com)"
3.137.172.252 - - [05/May/2025:19:05:39 +0300] "GET /urun/hidrolik-cozumler/hidrolik-dis-kapi-sistemleri/patch-fittings/italyan-yuvali-alt-mil-1752mm-cam-kalinligi-icin?path=%2Fhome%2Fbmofiscom%2Fpublic_html%2Fwp-includes%2Fblocks%2Faudio HTTP/2" 200 2788 "-" "Mozilla/5.0 AppleWebKit/537.36 (KHTML, like Gecko; compatible; ClaudeBot/1.0; +claudebot@anthropic.com)"
3.137.172.252 - - [05/May/2025:19:05:39 +0300] "GET /urun/hidrolik-cozumler/hidrolik-dis-kapi-sistemleri/patch-fittings/italyan-yuvali-alt-mil-1752mm-cam-kalinligi-icin?filesrc=%2Fhome%2Fbmofiscom%2Fpublic_html%2Fwp-admin%2Fimages%2Fno.png&path=%2Fhome%2Fbmofiscom%2Fpublic_html%2Fwp-admin%2Fimages HTTP/2" 200 2027 "-" "Mozilla/5.0 AppleWebKit/537.36 (KHTML, like Gecko; compatible; ClaudeBot/1.0; +claudebot@anthropic.com)"
3.137.172.252 - - [05/May/2025:19:05:39 +0300] "GET /urun/hidrolik-cozumler/hidrolik-dis-kapi-sistemleri/patch-fittings/italyan-yuvali-alt-mil-1752mm-cam-kalinligi-icin?path=%2Fhome%2Fbmofiscom%2Fpublic_html%2Fwp-includes%2Fblocks%2Fembed HTTP/2" 200 2794 "-" "Mozilla/5.0 AppleWebKit/537.36 (KHTML, like Gecko; compatible; ClaudeBot/1.0; +claudebot@anthropic.com)"
3.137.172.252 - - [05/May/2025:19:05:39 +0300] "GET /urun/hidrolik-cozumler/hidrolik-dis-kapi-sistemleri/patch-fittings/italyan-yuvali-alt-mil-1752mm-cam-kalinligi-icin?path=%2Fhome%2Fbmofiscom%2Fpublic_html%2Fwp-content%2Fuploads%2F2019 HTTP/2" 200 2587 "-" "Mozilla/5.0 AppleWebKit/537.36 (KHTML, like Gecko; compatible; ClaudeBot/1.0; +claudebot@anthropic.com)"
3.137.172.252 - - [05/May/2025:19:05:39 +0300] "GET /urun/hidrolik-cozumler/hidrolik-dis-kapi-sistemleri/patch-fittings/italyan-yuvali-alt-mil-1752mm-cam-kalinligi-icin?filesrc=%2Fhome%2Fbmofiscom%2Fpublic_html%2Fwp-admin%2Fimages%2Fstars.png&path=%2Fhome%2Fbmofiscom%2Fpublic_html%2Fwp-admin%2Fimages HTTP/2" 200 2028 "-" "Mozilla/5.0 AppleWebKit/537.36 (KHTML, like Gecko; compatible; ClaudeBot/1.0; +claudebot@anthropic.com)"
3.137.172.252 - - [05/May/2025:19:05:40 +0300] "GET /urun/hidrolik-cozumler/hidrolik-dis-kapi-sistemleri/patch-fittings/italyan-yuvali-alt-mil-1752mm-cam-kalinligi-icin?path=%2Fhome%2Fbmofiscom%2Fpublic_html%2Fwp-includes%2Fblocks%2Favatar HTTP/2" 200 2699 "-" "Mozilla/5.0 AppleWebKit/537.36 (KHTML, like Gecko; compatible; ClaudeBot/1.0; +claudebot@anthropic.com)"
3.137.172.252 - - [05/May/2025:19:05:40 +0300] "GET /urun/hidrolik-cozumler/hidrolik-dis-kapi-sistemleri/patch-fittings/italyan-yuvali-alt-mil-1752mm-cam-kalinligi-icin?filesrc=%2Fhome%2Fbmofiscom%2Fpublic_html%2Fwp-admin%2Fimages%2Fyes.png&path=%2Fhome%2Fbmofiscom%2Fpublic_html%2Fwp-admin%2Fimages HTTP/2" 200 2028 "-" "Mozilla/5.0 AppleWebKit/537.36 (KHTML, like Gecko; compatible; ClaudeBot/1.0; +claudebot@anthropic.com)"
3.137.172.252 - - [05/May/2025:19:05:41 +0300] "GET /urun/hidrolik-cozumler/hidrolik-dis-kapi-sistemleri/patch-fittings/italyan-yuvali-alt-mil-1752mm-cam-kalinligi-icin?path=%2Fhome%2Fbmofiscom%2Fpublic_html%2Fwp-includes%2Fsitemaps%2Fproviders HTTP/2" 200 2539 "-" "Mozilla/5.0 AppleWebKit/537.36 (KHTML, like Gecko; compatible; ClaudeBot/1.0; +claudebot@anthropic.com)"
52.167.144.167 - - [05/May/2025:19:06:02 +0300] "GET /urun/hidrolik-cozumler/hidrolik-dus-sistemleri/hidrolik-dus-kabini/slash-hidrolik-dus-kabini-duvar-ve-sabit-cam-arasi-kose-seti-bir-kanat-bir-sabit/?b=bmo251c60000088-fat-boy-sissy-bar HTTP/2" 403 1242 "-" "Mozilla/5.0 AppleWebKit/537.36 (KHTML, like Gecko; compatible; bingbot/2.0; +http://www.bing.com/bingbot.htm) Chrome/116.0.1938.76 Safari/537.36"
52.167.144.167 - - [05/May/2025:19:06:22 +0300] "GET /urun/hidrolik-sistemler/hidrolik-dus-sistemleri/sauna-buhar-odasi-cozumleri-hidrolik-dus-sistemleri/kbt8061-buhar-odalari-ve-hamamlar-icin-hidrolik-set/teklif-al?b=bmo251c60600282-sorel-kids-joan-of-arctic-little-kid-big-kid HTTP/2" 403 1242 "-" "Mozilla/5.0 AppleWebKit/537.36 (KHTML, like Gecko; compatible; bingbot/2.0; +http://www.bing.com/bingbot.htm) Chrome/116.0.1938.76 Safari/537.36"
45.84.191.11 - - [05/May/2025:19:06:22 +0300] "POST /wp-admin/admin-ajax.php?action=async_litespeed&nonce=FkSARnXk4BV6bGWj8FV6x4GypkE3O0g3&litespeed_type=imgoptm HTTP/1.1" 200 5638 "-" "WordPress/6.5.5; https://www.bmofis.com"
3.141.35.52 - - [05/May/2025:19:07:28 +0300] "GET /urun/hidrolik-cozumler/hidrolik-dis-kapi-sistemleri/patch-fittings/italyan-yuvali-alt-mil-1752mm-cam-kalinligi-icin?filesrc=%2Fhome%2Fbmofiscom%2Fpublic_html%2Fwp-admin%2Fimages%2Ficons32-2x.png&path=%2Fhome%2Fbmofiscom%2Fpublic_html%2Fwp-admin%2Fimages HTTP/2" 200 2035 "-" "Mozilla/5.0 AppleWebKit/537.36 (KHTML, like Gecko; compatible; ClaudeBot/1.0; +claudebot@anthropic.com)"
3.141.35.52 - - [05/May/2025:19:07:28 +0300] "GET /urun/hidrolik-cozumler/hidrolik-dis-kapi-sistemleri/patch-fittings/italyan-yuvali-alt-mil-1752mm-cam-kalinligi-icin?path=%2Fhome%2Fbmofiscom%2Fpublic_html%2Fwp-content%2Fuploads%2F2024 HTTP/2" 200 2614 "-" "Mozilla/5.0 AppleWebKit/537.36 (KHTML, like Gecko; compatible; ClaudeBot/1.0; +claudebot@anthropic.com)"
3.141.35.52 - - [05/May/2025:19:07:28 +0300] "GET /urun/hidrolik-cozumler/hidrolik-dis-kapi-sistemleri/patch-fittings/italyan-yuvali-alt-mil-1752mm-cam-kalinligi-icin?path=%2Fhome%2Fbmofiscom%2Fpublic_html%2Fwp-includes%2Fblocks%2Fpost-author-name HTTP/2" 200 2477 "-" "Mozilla/5.0 AppleWebKit/537.36 (KHTML, like Gecko; compatible; ClaudeBot/1.0; +claudebot@anthropic.com)"
3.141.35.52 - - [05/May/2025:19:07:28 +0300] "GET /urun/hidrolik-cozumler/hidrolik-dis-kapi-sistemleri/patch-fittings/italyan-yuvali-alt-mil-1752mm-cam-kalinligi-icin?path=%2Fhome%2Fbmofiscom%2Fpublic_html%2Fwp-includes%2Fblocks%2Farchives HTTP/2" 200 2696 "-" "Mozilla/5.0 AppleWebKit/537.36 (KHTML, like Gecko; compatible; ClaudeBot/1.0; +claudebot@anthropic.com)"
3.141.35.52 - - [05/May/2025:19:07:28 +0300] "GET /urun/hidrolik-cozumler/hidrolik-dis-kapi-sistemleri/patch-fittings/italyan-yuvali-alt-mil-1752mm-cam-kalinligi-icin?path=%2Fhome%2Fbmofiscom%2Fpublic_html%2Fwp-includes%2Fblocks%2Fheading HTTP/2" 200 2609 "-" "Mozilla/5.0 AppleWebKit/537.36 (KHTML, like Gecko; compatible; ClaudeBot/1.0; +claudebot@anthropic.com)"
3.141.35.52 - - [05/May/2025:19:07:29 +0300] "GET /urun/hidrolik-cozumler/hidrolik-dis-kapi-sistemleri/patch-fittings/italyan-yuvali-alt-mil-1752mm-cam-kalinligi-icin?path=%2Fhome%2Fbmofiscom%2Fpublic_html%2Fwp-content%2Fuploads%2F2021 HTTP/2" 200 2614 "-" "Mozilla/5.0 AppleWebKit/537.36 (KHTML, like Gecko; compatible; ClaudeBot/1.0; +claudebot@anthropic.com)"
3.141.35.52 - - [05/May/2025:19:07:29 +0300] "GET /urun/hidrolik-cozumler/hidrolik-dis-kapi-sistemleri/patch-fittings/italyan-yuvali-alt-mil-1752mm-cam-kalinligi-icin?path=%2Fhome%2Fbmofiscom%2Fpublic_html%2Fwp-includes%2Fblocks%2Fparagraph HTTP/2" 200 2710 "-" "Mozilla/5.0 AppleWebKit/537.36 (KHTML, like Gecko; compatible; ClaudeBot/1.0; +claudebot@anthropic.com)"
3.141.35.52 - - [05/May/2025:19:07:30 +0300] "GET /urun/hidrolik-cozumler/hidrolik-dis-kapi-sistemleri/patch-fittings/italyan-yuvali-alt-mil-1752mm-cam-kalinligi-icin?aksi=buatfolder&path=%2Fhome%2Fbmofiscom%2Fpublic_html%2Fwp-includes%2Finteractivity-api HTTP/2" 200 2098 "-" "Mozilla/5.0 AppleWebKit/537.36 (KHTML, like Gecko; compatible; ClaudeBot/1.0; +claudebot@anthropic.com)"
3.141.35.52 - - [05/May/2025:19:07:30 +0300] "GET /urun/hidrolik-cozumler/hidrolik-dis-kapi-sistemleri/patch-fittings/italyan-yuvali-alt-mil-1752mm-cam-kalinligi-icin?path=%2Fhome%2Fbmofiscom%2Fpublic_html%2Fwp-includes%2Fblocks%2Fverse HTTP/2" 200 2595 "-" "Mozilla/5.0 AppleWebKit/537.36 (KHTML, like Gecko; compatible; ClaudeBot/1.0; +claudebot@anthropic.com)"
54.36.149.11 - - [05/May/2025:19:06:19 +0300] "GET /en/urun-kategori/glass-joint-joint-laths?filesrc=/home/bmofiscom/public_html/wp-includes/class-wp-rewrite.php&path=/home/bmofiscom/public_html/wp-includes HTTP/2" 200 17498 "-" "Mozilla/5.0 (compatible; AhrefsBot/7.0; +http://ahrefs.com/robot/)"
52.167.144.205 - - [05/May/2025:19:06:30 +0300] "GET /?b=420638515 HTTP/2" 403 1242 "-" "Mozilla/5.0 AppleWebKit/537.36 (KHTML, like Gecko; compatible; bingbot/2.0; +http://www.bing.com/bingbot.htm) Chrome/116.0.1938.76 Safari/537.36"
52.167.144.167 - - [05/May/2025:19:06:42 +0300] "GET /urun/standart-cozumler/dus-sistemleri-standart-cozumler/piuma-surme-dus-sistemi/piuma-cift-kanatli-surme-kose-dus-sistemi/teklif-al?b=bmo251c35500248-la-sportiva-skis HTTP/2" 403 1242 "-" "Mozilla/5.0 AppleWebKit/537.36 (KHTML, like Gecko; compatible; bingbot/2.0; +http://www.bing.com/bingbot.htm) Chrome/116.0.1938.76 Safari/537.36"
52.167.144.167 - - [05/May/2025:19:07:02 +0300] "GET /urun/slash-hidrolik-dus-kabini-duvar-ve-sabit-cam-arasi-kose-seti-tek-kanat/?b=bmo251c21000194-dusen-dusen-swimsuit HTTP/2" 403 1242 "-" "Mozilla/5.0 AppleWebKit/537.36 (KHTML, like Gecko; compatible; bingbot/2.0; +http://www.bing.com/bingbot.htm) Chrome/116.0.1938.76 Safari/537.36"
45.84.191.11 - - [05/May/2025:19:07:05 +0300] "POST /wp-cron.php?doing_wp_cron=1746461225.0800039768218994140625 HTTP/1.1" 200 0 "-" "WordPress/6.5.5; https://www.bmofis.com"
54.36.148.52 - - [05/May/2025:19:07:03 +0300] "GET /en/urun-kategori/glass-joint-joint-laths?filesrc=/home/bmofiscom/public_html/wp-includes/class-wp-role.php&path=/home/bmofiscom/public_html/wp-includes HTTP/2" 200 2759 "-" "Mozilla/5.0 (compatible; AhrefsBot/7.0; +http://ahrefs.com/robot/)"
45.84.191.11 - - [05/May/2025:19:07:06 +0300] "POST /wp-admin/admin-ajax.php?action=async_litespeed&nonce=OVbq6AF7HBAXrJ8ZAiEL59bbzfik8SRn&litespeed_type=imgoptm HTTP/1.1" 200 5610 "-" "WordPress/6.5.5; https://www.bmofis.com"
52.167.144.196 - - [05/May/2025:19:07:23 +0300] "GET /urun/hidrolik-sistemler/hidrolik-dus-sistemleri/sauna-buhar-odasi-cozumleri-hidrolik-dus-sistemleri/kbt8061-buhar-odalari-ve-hamamlar-icin-hidrolik-set/teklif-al?b=bmo251c53800292-ororo-heated-vest-battery-charging HTTP/2" 403 1242 "-" "Mozilla/5.0 AppleWebKit/537.36 (KHTML, like Gecko; compatible; bingbot/2.0; +http://www.bing.com/bingbot.htm) Chrome/116.0.1938.76 Safari/537.36"
52.167.144.196 - - [05/May/2025:19:07:43 +0300] "GET /urun/standart-cozumler/dus-sistemleri-standart-cozumler/cam-tutucular-dus-sistemleri-standart-cozumler/bm-dct201-cam-sabitleme-duvar-cam/teklif-al?b=bmo251c43015883-how-to-use-nespresso-machine-for-hot-water HTTP/2" 403 1242 "-" "Mozilla/5.0 AppleWebKit/537.36 (KHTML, like Gecko; compatible; bingbot/2.0; +http://www.bing.com/bingbot.htm) Chrome/116.0.1938.76 Safari/537.36"
54.36.148.0 - - [05/May/2025:19:07:48 +0300] "GET /en/urun-kategori/glass-joint-joint-laths?filesrc=/home/bmofiscom/public_html/wp-includes/class-wp-roles.php&path=/home/bmofiscom/public_html/wp-includes HTTP/2" 200 4422 "-" "Mozilla/5.0 (compatible; AhrefsBot/7.0; +http://ahrefs.com/robot/)"
52.167.144.196 - - [05/May/2025:19:08:02 +0300] "GET /urun/hidrolik-sistemler/hidrolik-dus-sistemleri/sauna-buhar-odasi-cozumleri-hidrolik-dus-sistemleri/kbt8061-buhar-odalari-ve-hamamlar-icin-hidrolik-set/teklif-al?b=bmo251c29500362-clarion-inn-hurley-wi HTTP/2" 403 1242 "-" "Mozilla/5.0 AppleWebKit/537.36 (KHTML, like Gecko; compatible; bingbot/2.0; +http://www.bing.com/bingbot.htm) Chrome/116.0.1938.76 Safari/537.36"
45.84.191.11 - - [05/May/2025:19:08:29 +0300] "POST /wp-cron.php?doing_wp_cron=1746461309.0540928840637207031250 HTTP/1.1" 200 0 "-" "WordPress/6.5.5; https://www.bmofis.com"
166.108.236.124 - - [05/May/2025:19:08:28 +0300] "GET /en/urun/hydraulic-solutions/hydraulic-shower-systems-en/hydraulic-shower-cabin/slash-hydraulic-shower-cabin-between-2-fixed-glasses-one-door/teklif-al HTTP/1.1" 200 5252 "-" "Mozilla/5.0 (Windows; U; Windows NT 5.1; en-US; rv:1.9.2.20) Gecko/20110803 AskTbFWV5/3.13.0.17701 Firefox/3.6.20 ( .NET CLR 3.5.30729)"
45.84.191.11 - - [05/May/2025:19:08:30 +0300] "POST /wp-admin/admin-ajax.php?action=async_litespeed&nonce=icVWtpoqHOgWC0BP7I35AwSlYcsowWnc&litespeed_type=imgoptm HTTP/1.1" 200 5610 "-" "WordPress/6.5.5; https://www.bmofis.com"
52.167.144.196 - - [05/May/2025:19:08:42 +0300] "GET /urun/standart-cozumler/dus-sistemleri-standart-cozumler/antibakteriyel-fitiller-ve-profiller/8pt1-10-duvar-cam-fitil/teklif-al?b=bmo251c18100088-how-to-crazy-legs-roller-skates HTTP/2" 403 1242 "-" "Mozilla/5.0 AppleWebKit/537.36 (KHTML, like Gecko; compatible; bingbot/2.0; +http://www.bing.com/bingbot.htm) Chrome/116.0.1938.76 Safari/537.36"
52.167.144.205 - - [05/May/2025:19:09:08 +0300] "GET /en/urun-kategori/standart-cozumler/ofis-bolme-sistemleri/?b=bmo251c32200348-dr-jonathan-d-arthur-state-geologist-florida HTTP/2" 403 1242 "-" "Mozilla/5.0 AppleWebKit/537.36 (KHTML, like Gecko; compatible; bingbot/2.0; +http://www.bing.com/bingbot.htm) Chrome/116.0.1938.76 Safari/537.36"
18.191.154.2 - - [05/May/2025:19:09:08 +0300] "GET /urun/hidrolik-cozumler/hidrolik-dis-kapi-sistemleri/patch-fittings/italyan-yuvali-alt-mil-1752mm-cam-kalinligi-icin?path=%2Fhome%2Fbmofiscom%2Fpublic_html%2Fwp-includes%2Fblocks%2Fvideo HTTP/2" 200 2801 "-" "Mozilla/5.0 AppleWebKit/537.36 (KHTML, like Gecko; compatible; ClaudeBot/1.0; +claudebot@anthropic.com)"
18.191.154.2 - - [05/May/2025:19:09:08 +0300] "GET /urun/hidrolik-cozumler/hidrolik-dis-kapi-sistemleri/patch-fittings/italyan-yuvali-alt-mil-1752mm-cam-kalinligi-icin?path=%2Fhome%2Fbmofiscom%2Fpublic_html%2Fwp-includes%2Fblocks%2Fmore HTTP/2" 200 2612 "-" "Mozilla/5.0 AppleWebKit/537.36 (KHTML, like Gecko; compatible; ClaudeBot/1.0; +claudebot@anthropic.com)"
18.191.154.2 - - [05/May/2025:19:09:08 +0300] "GET /urun/hidrolik-cozumler/hidrolik-dis-kapi-sistemleri/patch-fittings/italyan-yuvali-alt-mil-1752mm-cam-kalinligi-icin?path=%2Fhome%2Fbmofiscom%2Fpublic_html%2Fwp-includes%2Fblocks%2Fquote HTTP/2" 200 2700 "-" "Mozilla/5.0 AppleWebKit/537.36 (KHTML, like Gecko; compatible; ClaudeBot/1.0; +claudebot@anthropic.com)"
18.191.154.2 - - [05/May/2025:19:09:08 +0300] "GET /urun/hidrolik-cozumler/hidrolik-dis-kapi-sistemleri/patch-fittings/italyan-yuvali-alt-mil-1752mm-cam-kalinligi-icin?path=%2Fhome%2Fbmofiscom%2Fpublic_html%2Fwp-content%2Fuploads%2F2025 HTTP/2" 200 2527 "-" "Mozilla/5.0 AppleWebKit/537.36 (KHTML, like Gecko; compatible; ClaudeBot/1.0; +claudebot@anthropic.com)"
18.191.154.2 - - [05/May/2025:19:09:09 +0300] "GET /urun/hidrolik-cozumler/hidrolik-dis-kapi-sistemleri/patch-fittings/italyan-yuvali-alt-mil-1752mm-cam-kalinligi-icin?aksi=buatfile&path=%2Fhome%2Fbmofiscom%2Fpublic_html%2Fwp-includes%2Fhtml-api HTTP/2" 200 2783 "-" "Mozilla/5.0 AppleWebKit/537.36 (KHTML, like Gecko; compatible; ClaudeBot/1.0; +claudebot@anthropic.com)"
18.191.154.2 - - [05/May/2025:19:09:10 +0300] "GET /urun/hidrolik-cozumler/hidrolik-dis-kapi-sistemleri/patch-fittings/italyan-yuvali-alt-mil-1752mm-cam-kalinligi-icin?path=%2Fhome%2Fbmofiscom%2Fpublic_html%2Fwp-includes%2Fblocks%2Fmedia-text HTTP/2" 200 2716 "-" "Mozilla/5.0 AppleWebKit/537.36 (KHTML, like Gecko; compatible; ClaudeBot/1.0; +claudebot@anthropic.com)"
18.191.154.2 - - [05/May/2025:19:09:10 +0300] "GET /urun/hidrolik-cozumler/hidrolik-dis-kapi-sistemleri/patch-fittings/italyan-yuvali-alt-mil-1752mm-cam-kalinligi-icin?path=%2Fhome%2Fbmofiscom%2Fpublic_html%2Fwp-includes%2Fblocks%2Fsocial-link HTTP/2" 200 2603 "-" "Mozilla/5.0 AppleWebKit/537.36 (KHTML, like Gecko; compatible; ClaudeBot/1.0; +claudebot@anthropic.com)"
18.191.154.2 - - [05/May/2025:19:09:10 +0300] "GET /urun/hidrolik-cozumler/hidrolik-dis-kapi-sistemleri/patch-fittings/italyan-yuvali-alt-mil-1752mm-cam-kalinligi-icin?path=%2Fhome%2Fbmofiscom%2Fpublic_html%2Fwp-includes%2Fblocks%2Fcalendar HTTP/2" 200 2607 "-" "Mozilla/5.0 AppleWebKit/537.36 (KHTML, like Gecko; compatible; ClaudeBot/1.0; +claudebot@anthropic.com)"
3.141.35.52 - - [05/May/2025:19:07:30 +0300] "GET /urun/hidrolik-cozumler/hidrolik-dis-kapi-sistemleri/patch-fittings/italyan-yuvali-alt-mil-1752mm-cam-kalinligi-icin?path=%2Fhome%2Fbmofiscom%2Fpublic_html%2Fwp-admin%2Fcss%2Fcolors HTTP/2" 200 2855 "-" "Mozilla/5.0 AppleWebKit/537.36 (KHTML, like Gecko; compatible; ClaudeBot/1.0; +claudebot@anthropic.com)"
3.141.35.52 - - [05/May/2025:19:07:31 +0300] "GET /urun/hidrolik-cozumler/hidrolik-dis-kapi-sistemleri/patch-fittings/italyan-yuvali-alt-mil-1752mm-cam-kalinligi-icin?filesrc=%2Fhome%2Fbmofiscom%2Fpublic_html%2Fwp-admin%2Fimages%2Fstars-2x.png&path=%2Fhome%2Fbmofiscom%2Fpublic_html%2Fwp-admin%2Fimages HTTP/2" 200 2032 "-" "Mozilla/5.0 AppleWebKit/537.36 (KHTML, like Gecko; compatible; ClaudeBot/1.0; +claudebot@anthropic.com)"
3.141.35.52 - - [05/May/2025:19:07:31 +0300] "GET /urun/hidrolik-cozumler/hidrolik-dis-kapi-sistemleri/patch-fittings/italyan-yuvali-alt-mil-1752mm-cam-kalinligi-icin?path=%2Fhome%2Fbmofiscom%2Fpublic_html%2Fwp-content%2Fuploads%2F2022 HTTP/2" 200 2612 "-" "Mozilla/5.0 AppleWebKit/537.36 (KHTML, like Gecko; compatible; ClaudeBot/1.0; +claudebot@anthropic.com)"
3.141.35.52 - - [05/May/2025:19:07:31 +0300] "GET /urun/hidrolik-cozumler/hidrolik-dis-kapi-sistemleri/patch-fittings/italyan-yuvali-alt-mil-1752mm-cam-kalinligi-icin?path=%2Fhome%2Fbmofiscom%2Fpublic_html%2Fwp-includes%2Fblocks%2Flist-item HTTP/2" 200 2474 "-" "Mozilla/5.0 AppleWebKit/537.36 (KHTML, like Gecko; compatible; ClaudeBot/1.0; +claudebot@anthropic.com)"
52.167.144.196 - - [05/May/2025:19:08:22 +0300] "GET /urun/hidrolik-sistemler/hidrolik-dus-sistemleri/sauna-buhar-odasi-cozumleri-hidrolik-dus-sistemleri/kbt8061-buhar-odalari-ve-hamamlar-icin-hidrolik-set/teklif-al?b=bmo251c9400145-adidas-by-stella-mccartney-skirt HTTP/2" 403 1242 "-" "Mozilla/5.0 AppleWebKit/537.36 (KHTML, like Gecko; compatible; bingbot/2.0; +http://www.bing.com/bingbot.htm) Chrome/116.0.1938.76 Safari/537.36"
54.36.149.38 - - [05/May/2025:19:08:43 +0300] "GET /en/urun-kategori/glass-joint-joint-laths?filesrc=/home/bmofiscom/public_html/wp-includes/class-wp-script-modules.php&path=/home/bmofiscom/public_html/wp-includes HTTP/2" 200 5037 "-" "Mozilla/5.0 (compatible; AhrefsBot/7.0; +http://ahrefs.com/robot/)"
52.167.144.196 - - [05/May/2025:19:09:02 +0300] "GET /urun/hidrolik-sistemler/hidrolik-dis-kapi-sistemleri/menteseler-hidrolik-dis-kapi-sistemleri/triloba-150kg-kapasiteli-hidrolik-mentese-alt-mentese/teklif-al?b=bmo251c65900142-tretorn-size-chart HTTP/2" 403 1242 "-" "Mozilla/5.0 AppleWebKit/537.36 (KHTML, like Gecko; compatible; bingbot/2.0; +http://www.bing.com/bingbot.htm) Chrome/116.0.1938.76 Safari/537.36"
114.119.139.104 - - [05/May/2025:19:09:06 +0300] "GET /en/urun-kategori/paradus-hinges?b=bmo251c50732130 HTTP/1.1" 403 1242 "https://www.bmofis.com/en/urun-kategori/paradus-hinges?b=bmo251c31600336-jen7-sateen-slim-straight-leg-jean-mens" "Mozilla/5.0 (Linux; Android 7.0;) AppleWebKit/537.36 (KHTML, like Gecko) Mobile Safari/537.36 (compatible; PetalBot;+https://webmaster.petalsearch.com/site/petalbot)"
45.84.191.11 - - [05/May/2025:19:09:09 +0300] "POST /wp-cron.php?doing_wp_cron=1746461349.6947839260101318359375 HTTP/1.1" 200 0 "-" "WordPress/6.5.5; https://www.bmofis.com"
45.84.191.11 - - [05/May/2025:19:09:11 +0300] "POST /wp-admin/admin-ajax.php?action=async_litespeed&nonce=UMOvIO2T809kihk6f0EHCYp9jPXKPp7U&litespeed_type=imgoptm HTTP/1.1" 200 5610 "-" "WordPress/6.5.5; https://www.bmofis.com"
52.167.144.196 - - [05/May/2025:19:09:22 +0300] "GET /urun/hidrolik-sistemler/hidrolik-ic-kapi-sistemleri/bilobina-centrale-hidrolik-dus-mentesesi-duvar-cam-2/ HTTP/2" 200 19815 "-" "Mozilla/5.0 AppleWebKit/537.36 (KHTML, like Gecko; compatible; bingbot/2.0; +http://www.bing.com/bingbot.htm) Chrome/116.0.1938.76 Safari/537.36"
54.36.148.22 - - [05/May/2025:19:09:29 +0300] "GET /en/urun-kategori/glass-joint-joint-laths?filesrc=/home/bmofiscom/public_html/wp-includes/class-wp-scripts.php&path=/home/bmofiscom/public_html/wp-includes HTTP/2" 200 8944 "-" "Mozilla/5.0 (compatible; AhrefsBot/7.0; +http://ahrefs.com/robot/)"
52.167.144.196 - - [05/May/2025:19:09:43 +0300] "GET /urun/standart-cozumler/dus-sistemleri-standart-cozumler/cam-tutucular-dus-sistemleri-standart-cozumler/bm-dct201-cam-sabitleme-duvar-cam/teklif-al?b=bmo251c47600432-who-played-a-leading-role-in-paris-texas-from-1984 HTTP/2" 403 1242 "-" "Mozilla/5.0 AppleWebKit/537.36 (KHTML, like Gecko; compatible; bingbot/2.0; +http://www.bing.com/bingbot.htm) Chrome/116.0.1938.76 Safari/537.36"
20.240.18.33 - - [05/May/2025:19:10:03 +0300] "GET /urun/hidrolik-sistemler/hidrolik-dis-kapi-sistemleri/menteseler-hidrolik-dis-kapi-sistemleri/triloba-150kg-kapasiteli-hidrolik-mentese-alt-mentese/teklif-al?b=bmo251c2400113-abercrombie-shirts HTTP/1.1" 403 1242 "-" "Mozilla/5.0 (Windows NT 10.0; Win64; x64) AppleWebKit/537.36 (KHTML, like Gecko) Chrome/131.0.0.0 Safari/537.36 Edg/131.0.0.0"
45.84.191.11 - - [05/May/2025:19:10:17 +0300] "POST /wp-cron.php?doing_wp_cron=1746461417.0614008903503417968750 HTTP/1.1" 200 0 "-" "WordPress/6.5.5; https://www.bmofis.com"
45.84.191.11 - - [05/May/2025:19:10:18 +0300] "POST /wp-admin/admin-ajax.php?action=async_litespeed&nonce=Cu5QY1V2v2PqkqJ9wzOcDktjuQTNSYRi&litespeed_type=imgoptm HTTP/1.1" 200 5610 "-" "WordPress/6.5.5; https://www.bmofis.com"
52.167.144.196 - - [05/May/2025:19:10:22 +0300] "GET /urun/hidrolik-sistemler/hidrolik-dis-kapi-sistemleri/menteseler-hidrolik-dis-kapi-sistemleri/triloba-150kg-kapasiteli-hidrolik-mentese-alt-mentese/teklif-al?b=bmo251c36893841 HTTP/2" 403 1242 "-" "Mozilla/5.0 AppleWebKit/537.36 (KHTML, like Gecko; compatible; bingbot/2.0; +http://www.bing.com/bingbot.htm) Chrome/116.0.1938.76 Safari/537.36"
45.84.191.11 - - [05/May/2025:19:10:40 +0300] "POST /wp-cron.php?doing_wp_cron=1746461440.8125500679016113281250 HTTP/1.1" 200 0 "-" "WordPress/6.5.5; https://www.bmofis.com"
18.218.60.55 - - [05/May/2025:19:10:39 +0300] "GET /urun/hidrolik-cozumler/hidrolik-dis-kapi-sistemleri/patch-fittings/italyan-yuvali-alt-mil-1752mm-cam-kalinligi-icin?aksi=buatfolder&path=%2Fhome%2Fbmofiscom%2Fpublic_html%2Fwp-includes%2Frest-api HTTP/2" 200 2089 "-" "Mozilla/5.0 AppleWebKit/537.36 (KHTML, like Gecko; compatible; ClaudeBot/1.0; +claudebot@anthropic.com)"
18.218.60.55 - - [05/May/2025:19:10:39 +0300] "GET /urun/hidrolik-cozumler/hidrolik-dis-kapi-sistemleri/patch-fittings/italyan-yuvali-alt-mil-1752mm-cam-kalinligi-icin?filesrc=%2Fhome%2Fbmofiscom%2F.cl.selector%2Fhtaccess_cache&path=%2Fhome%2Fbmofiscom%2F.cl.selector HTTP/2" 200 2256 "-" "Mozilla/5.0 AppleWebKit/537.36 (KHTML, like Gecko; compatible; ClaudeBot/1.0; +claudebot@anthropic.com)"
18.218.60.55 - - [05/May/2025:19:10:39 +0300] "GET /urun/hidrolik-cozumler/hidrolik-dis-kapi-sistemleri/patch-fittings/italyan-yuvali-alt-mil-1752mm-cam-kalinligi-icin?aksi=buatfolder&path=%2Fhome%2Fbmofiscom%2Fpublic_html%2Fwp-content%2Fupgrade-temp-backup HTTP/2" 200 2104 "-" "Mozilla/5.0 AppleWebKit/537.36 (KHTML, like Gecko; compatible; ClaudeBot/1.0; +claudebot@anthropic.com)"
18.218.60.55 - - [05/May/2025:19:10:39 +0300] "GET /urun/hidrolik-cozumler/hidrolik-dis-kapi-sistemleri/patch-fittings/italyan-yuvali-alt-mil-1752mm-cam-kalinligi-icin?aksi=buatfolder&path=%2Fhome%2Fbmofiscom%2Fpublic_html%2Fwp-content%2Fplugins2 HTTP/2" 200 2088 "-" "Mozilla/5.0 AppleWebKit/537.36 (KHTML, like Gecko; compatible; ClaudeBot/1.0; +claudebot@anthropic.com)"
18.218.60.55 - - [05/May/2025:19:10:39 +0300] "GET /urun/hidrolik-cozumler/hidrolik-dis-kapi-sistemleri/patch-fittings/italyan-yuvali-alt-mil-1752mm-cam-kalinligi-icin?aksi=buatfile&path=%2Fhome%2Fbmofiscom%2Fpublic_html%2Fwp-includes%2Finteractivity-api HTTP/2" 200 2545 "-" "Mozilla/5.0 AppleWebKit/537.36 (KHTML, like Gecko; compatible; ClaudeBot/1.0; +claudebot@anthropic.com)"
18.191.154.2 - - [05/May/2025:19:09:10 +0300] "GET /urun/hidrolik-cozumler/hidrolik-dis-kapi-sistemleri/patch-fittings/italyan-yuvali-alt-mil-1752mm-cam-kalinligi-icin?aksi=ransom&path=%2Fhome%2Fbmofiscom%2Fpublic_html%2Fwp-includes%2Fhtml-api HTTP/2" 200 2783 "-" "Mozilla/5.0 AppleWebKit/537.36 (KHTML, like Gecko; compatible; ClaudeBot/1.0; +claudebot@anthropic.com)"
18.191.154.2 - - [05/May/2025:19:09:10 +0300] "GET /urun/hidrolik-cozumler/hidrolik-dis-kapi-sistemleri/patch-fittings/italyan-yuvali-alt-mil-1752mm-cam-kalinligi-icin?path=%2Fhome%2Fbmofiscom%2Fpublic_html%2Fwp-includes%2Fblocks%2Ffile HTTP/2" 200 2865 "-" "Mozilla/5.0 AppleWebKit/537.36 (KHTML, like Gecko; compatible; ClaudeBot/1.0; +claudebot@anthropic.com)"
18.191.154.2 - - [05/May/2025:19:09:11 +0300] "GET /urun/hidrolik-cozumler/hidrolik-dis-kapi-sistemleri/patch-fittings/italyan-yuvali-alt-mil-1752mm-cam-kalinligi-icin?path=%2Fhome%2Fbmofiscom%2Fpublic_html%2Fwp-includes%2Fblocks%2Fsocial-links HTTP/2" 200 2697 "-" "Mozilla/5.0 AppleWebKit/537.36 (KHTML, like Gecko; compatible; ClaudeBot/1.0; +claudebot@anthropic.com)"
18.191.154.2 - - [05/May/2025:19:09:11 +0300] "GET /urun/hidrolik-cozumler/hidrolik-dis-kapi-sistemleri/patch-fittings/italyan-yuvali-alt-mil-1752mm-cam-kalinligi-icin?path=%2Fhome%2Fbmofiscom%2Fpublic_html%2Fwp-includes%2Fblocks%2Fspacer HTTP/2" 200 2704 "-" "Mozilla/5.0 AppleWebKit/537.36 (KHTML, like Gecko; compatible; ClaudeBot/1.0; +claudebot@anthropic.com)"
18.191.154.2 - - [05/May/2025:19:09:11 +0300] "GET /urun/hidrolik-cozumler/hidrolik-dis-kapi-sistemleri/patch-fittings/italyan-yuvali-alt-mil-1752mm-cam-kalinligi-icin?filesrc=%2Fhome%2Fbmofiscom%2Fpublic_html%2Fwp-admin%2Fimages%2Ficons32.png&path=%2Fhome%2Fbmofiscom%2Fpublic_html%2Fwp-admin%2Fimages HTTP/2" 200 2031 "-" "Mozilla/5.0 AppleWebKit/537.36 (KHTML, like Gecko; compatible; ClaudeBot/1.0; +claudebot@anthropic.com)"
52.167.144.196 - - [05/May/2025:19:10:02 +0300] "GET /urun/standart-cozumler/dus-sistemleri-standart-cozumler/piuma-surme-dus-sistemi/piuma-cift-kanatli-surme-kose-dus-sistemi/teklif-al?b=bmo251c51300045-danika-robe-homebodii HTTP/2" 403 1242 "-" "Mozilla/5.0 AppleWebKit/537.36 (KHTML, like Gecko; compatible; bingbot/2.0; +http://www.bing.com/bingbot.htm) Chrome/116.0.1938.76 Safari/537.36"
54.36.149.18 - - [05/May/2025:19:10:16 +0300] "GET /en/urun-kategori/glass-joint-joint-laths?filesrc=/home/bmofiscom/public_html/wp-includes/class-wp-session-tokens.php&path=/home/bmofiscom/public_html/wp-includes HTTP/2" 200 3986 "-" "Mozilla/5.0 (compatible; AhrefsBot/7.0; +http://ahrefs.com/robot/)"
45.84.191.11 - - [05/May/2025:19:11:07 +0300] "POST /wp-cron.php?doing_wp_cron=1746461467.7815101146697998046875 HTTP/1.1" 200 0 "-" "WordPress/6.5.5; https://www.bmofis.com"
54.36.148.125 - - [05/May/2025:19:11:05 +0300] "GET /en/urun-kategori/glass-joint-joint-laths?filesrc=/home/bmofiscom/public_html/wp-includes/class-wp-simplepie-file.php&path=/home/bmofiscom/public_html/wp-includes HTTP/2" 200 3328 "-" "Mozilla/5.0 (compatible; AhrefsBot/7.0; +http://ahrefs.com/robot/)"
45.84.191.11 - - [05/May/2025:19:11:09 +0300] "POST /wp-admin/admin-ajax.php?action=async_litespeed&nonce=Ag2MlHo8lmhwx5IW17EQTZ5FzrJ2btPO&litespeed_type=imgoptm HTTP/1.1" 200 5610 "-" "WordPress/6.5.5; https://www.bmofis.com"
52.167.144.196 - - [05/May/2025:19:11:22 +0300] "GET /en/urun/standard-solutions/shower-systems/hip-zac-sliding-shower-system/bz06-hip-zac-kit-with-two-fixed-panels-round-profile-2/teklif-al?b=bmo251c24200139-fear-of-god-essentials-bucket-hat HTTP/2" 403 1242 "-" "Mozilla/5.0 AppleWebKit/537.36 (KHTML, like Gecko; compatible; bingbot/2.0; +http://www.bing.com/bingbot.htm) Chrome/116.0.1938.76 Safari/537.36"
18.218.60.55 - - [05/May/2025:19:10:41 +0300] "GET /urun/hidrolik-cozumler/hidrolik-dis-kapi-sistemleri/patch-fittings/italyan-yuvali-alt-mil-1752mm-cam-kalinligi-icin?aksi=buatfolder&path=%2Fhome%2Fbmofiscom%2Fpublic_html%2Fwp-includes%2Fblock-patterns HTTP/2" 200 2091 "-" "Mozilla/5.0 AppleWebKit/537.36 (KHTML, like Gecko; compatible; ClaudeBot/1.0; +claudebot@anthropic.com)"
18.218.60.55 - - [05/May/2025:19:10:41 +0300] "GET /urun/hidrolik-cozumler/hidrolik-dis-kapi-sistemleri/patch-fittings/italyan-yuvali-alt-mil-1752mm-cam-kalinligi-icin?path=%2Fhome%2Fbmofiscom%2Fpublic_html%2Fwp-includes%2Fblocks%2Fsite-logo HTTP/2" 200 2714 "-" "Mozilla/5.0 AppleWebKit/537.36 (KHTML, like Gecko; compatible; ClaudeBot/1.0; +claudebot@anthropic.com)"
52.167.144.196 - - [05/May/2025:19:10:42 +0300] "GET /urun/standart-cozumler/dus-sistemleri-standart-cozumler/piuma-surme-dus-sistemi/piuma-cift-kanatli-surme-kose-dus-sistemi/teklif-al?b=bmo251c26200455-can-you-wear-glerups-barefoot HTTP/2" 403 1242 "-" "Mozilla/5.0 AppleWebKit/537.36 (KHTML, like Gecko; compatible; bingbot/2.0; +http://www.bing.com/bingbot.htm) Chrome/116.0.1938.76 Safari/537.36"
18.218.60.55 - - [05/May/2025:19:10:41 +0300] "GET /urun/hidrolik-cozumler/hidrolik-dis-kapi-sistemleri/patch-fittings/italyan-yuvali-alt-mil-1752mm-cam-kalinligi-icin?aksi=ransom&path=%2Fhome%2Fbmofiscom%2Fpublic_html%2Fwp-includes%2Finteractivity-api HTTP/2" 200 2545 "-" "Mozilla/5.0 AppleWebKit/537.36 (KHTML, like Gecko; compatible; ClaudeBot/1.0; +claudebot@anthropic.com)"
18.218.60.55 - - [05/May/2025:19:10:41 +0300] "GET /urun/hidrolik-cozumler/hidrolik-dis-kapi-sistemleri/patch-fittings/italyan-yuvali-alt-mil-1752mm-cam-kalinligi-icin?path=%2Fhome%2Fbmofiscom%2Fpublic_html%2Fwp-includes%2Fblocks%2Fcover HTTP/2" 200 2705 "-" "Mozilla/5.0 AppleWebKit/537.36 (KHTML, like Gecko; compatible; ClaudeBot/1.0; +claudebot@anthropic.com)"
18.218.60.55 - - [05/May/2025:19:10:41 +0300] "GET /urun/hidrolik-cozumler/hidrolik-dis-kapi-sistemleri/patch-fittings/italyan-yuvali-alt-mil-1752mm-cam-kalinligi-icin?path=%2Fhome%2Fbmofiscom%2Fpublic_html%2Fwp-includes%2Fblocks%2Fdetails HTTP/2" 200 2702 "-" "Mozilla/5.0 AppleWebKit/537.36 (KHTML, like Gecko; compatible; ClaudeBot/1.0; +claudebot@anthropic.com)"
18.218.60.55 - - [05/May/2025:19:10:42 +0300] "GET /urun/hidrolik-cozumler/hidrolik-dis-kapi-sistemleri/patch-fittings/italyan-yuvali-alt-mil-1752mm-cam-kalinligi-icin?path=%2Fhome%2Fbmofiscom%2Fpublic_html%2Fwp-content%2Fuploads%2Fmaxmegamenu HTTP/2" 200 2490 "-" "Mozilla/5.0 AppleWebKit/537.36 (KHTML, like Gecko; compatible; ClaudeBot/1.0; +claudebot@anthropic.com)"
