149.140.25.205 - - [05/May/2025:15:31:51 +0300] "GET /wp-content/plugins/js_composer_theme/assets/css/js_composer.min.css?ver=5.5.5 HTTP/2" 200 41860 "https://www.bmofis.com/dokumanlar/" "Mozilla/5.0 (iPhone; CPU iPhone OS 18_4_1 like Mac OS X) AppleWebKit/605.1.15 (KHTML, like Gecko) GSA/365.1.750410080 Mobile/15E148 Safari/604.1"
149.140.25.205 - - [05/May/2025:15:31:52 +0300] "GET /wp-content/plugins/dhvc-woocommerce-page/assets/fonts/awesome/fonts/fontawesome-webfont.woff?v=4.0.3 HTTP/2" 200 44432 "https://www.bmofis.com/dokumanlar/" "Mozilla/5.0 (iPhone; CPU iPhone OS 18_4_1 like Mac OS X) AppleWebKit/605.1.15 (KHTML, like Gecko) GSA/365.1.750410080 Mobile/15E148 Safari/604.1"
149.140.25.205 - - [05/May/2025:15:31:52 +0300] "GET /wp-content/themes/benim-ofis/img/phone.svg HTTP/2" 200 621 "https://www.bmofis.com/dokumanlar/" "Mozilla/5.0 (iPhone; CPU iPhone OS 18_4_1 like Mac OS X) AppleWebKit/605.1.15 (KHTML, like Gecko) GSA/365.1.750410080 Mobile/15E148 Safari/604.1"
149.140.25.205 - - [05/May/2025:15:31:52 +0300] "GET /wp-content/plugins/js_composer_theme/assets/lib/bower/font-awesome/fonts/fontawesome-webfont.woff2?v=4.7.0 HTTP/2" 200 77160 "https://www.bmofis.com/dokumanlar/" "Mozilla/5.0 (iPhone; CPU iPhone OS 18_4_1 like Mac OS X) AppleWebKit/605.1.15 (KHTML, like Gecko) GSA/365.1.750410080 Mobile/15E148 Safari/604.1"
149.140.25.205 - - [05/May/2025:15:31:52 +0300] "GET /wp-content/themes/benim-ofis/img/flag.png HTTP/2" 200 724 "https://www.bmofis.com/dokumanlar/" "Mozilla/5.0 (iPhone; CPU iPhone OS 18_4_1 like Mac OS X) AppleWebKit/605.1.15 (KHTML, like Gecko) GSA/365.1.750410080 Mobile/15E148 Safari/604.1"
149.140.25.205 - - [05/May/2025:15:31:52 +0300] "GET /wp-content/uploads/2019/09/01_ENG.jpg HTTP/2" 200 127329 "https://www.bmofis.com/dokumanlar/" "Mozilla/5.0 (iPhone; CPU iPhone OS 18_4_1 like Mac OS X) AppleWebKit/605.1.15 (KHTML, like Gecko) GSA/365.1.750410080 Mobile/15E148 Safari/604.1"
149.140.25.205 - - [05/May/2025:15:31:52 +0300] "GET /wp-content/uploads/2020/01/02_bmkat.jpg HTTP/2" 200 107675 "https://www.bmofis.com/dokumanlar/" "Mozilla/5.0 (iPhone; CPU iPhone OS 18_4_1 like Mac OS X) AppleWebKit/605.1.15 (KHTML, like Gecko) GSA/365.1.750410080 Mobile/15E148 Safari/604.1"
149.140.25.205 - - [05/May/2025:15:31:52 +0300] "GET /wp-content/uploads/2019/09/0103_archi-1.jpg HTTP/2" 200 102410 "https://www.bmofis.com/dokumanlar/" "Mozilla/5.0 (iPhone; CPU iPhone OS 18_4_1 like Mac OS X) AppleWebKit/605.1.15 (KHTML, like Gecko) GSA/365.1.750410080 Mobile/15E148 Safari/604.1"
149.140.25.205 - - [05/May/2025:15:31:52 +0300] "GET /wp-content/uploads/2019/05/head-banner-1-1.png HTTP/2" 200 18193 "https://www.bmofis.com/dokumanlar/" "Mozilla/5.0 (iPhone; CPU iPhone OS 18_4_1 like Mac OS X) AppleWebKit/605.1.15 (KHTML, like Gecko) GSA/365.1.750410080 Mobile/15E148 Safari/604.1"
149.140.25.205 - - [05/May/2025:15:31:52 +0300] "GET /wp-content/uploads/2019/09/0201_piu.jpg HTTP/2" 200 173214 "https://www.bmofis.com/dokumanlar/" "Mozilla/5.0 (iPhone; CPU iPhone OS 18_4_1 like Mac OS X) AppleWebKit/605.1.15 (KHTML, like Gecko) GSA/365.1.750410080 Mobile/15E148 Safari/604.1"
149.140.25.205 - - [05/May/2025:15:31:52 +0300] "GET /wp-content/uploads/2019/06/14_unica.jpg HTTP/2" 200 23926 "https://www.bmofis.com/dokumanlar/" "Mozilla/5.0 (iPhone; CPU iPhone OS 18_4_1 like Mac OS X) AppleWebKit/605.1.15 (KHTML, like Gecko) GSA/365.1.750410080 Mobile/15E148 Safari/604.1"
149.140.25.205 - - [05/May/2025:15:31:52 +0300] "GET /wp-content/uploads/2019/06/slak_t.jpg HTTP/2" 200 31922 "https://www.bmofis.com/dokumanlar/" "Mozilla/5.0 (iPhone; CPU iPhone OS 18_4_1 like Mac OS X) AppleWebKit/605.1.15 (KHTML, like Gecko) GSA/365.1.750410080 Mobile/15E148 Safari/604.1"
149.140.25.205 - - [05/May/2025:15:31:52 +0300] "GET /wp-content/uploads/2019/06/flu110.jpg HTTP/2" 200 27171 "https://www.bmofis.com/dokumanlar/" "Mozilla/5.0 (iPhone; CPU iPhone OS 18_4_1 like Mac OS X) AppleWebKit/605.1.15 (KHTML, like Gecko) GSA/365.1.750410080 Mobile/15E148 Safari/604.1"
149.140.25.205 - - [05/May/2025:15:31:52 +0300] "GET /wp-content/uploads/2019/09/0403_8060.jpg HTTP/2" 200 44861 "https://www.bmofis.com/dokumanlar/" "Mozilla/5.0 (iPhone; CPU iPhone OS 18_4_1 like Mac OS X) AppleWebKit/605.1.15 (KHTML, like Gecko) GSA/365.1.750410080 Mobile/15E148 Safari/604.1"
149.140.25.205 - - [05/May/2025:15:31:52 +0300] "GET /wp-content/uploads/2019/06/flu_150.jpg HTTP/2" 200 29532 "https://www.bmofis.com/dokumanlar/" "Mozilla/5.0 (iPhone; CPU iPhone OS 18_4_1 like Mac OS X) AppleWebKit/605.1.15 (KHTML, like Gecko) GSA/365.1.750410080 Mobile/15E148 Safari/604.1"
149.140.25.205 - - [05/May/2025:15:31:52 +0300] "GET /wp-content/uploads/2019/06/slak.jpg HTTP/2" 200 25405 "https://www.bmofis.com/dokumanlar/" "Mozilla/5.0 (iPhone; CPU iPhone OS 18_4_1 like Mac OS X) AppleWebKit/605.1.15 (KHTML, like Gecko) GSA/365.1.750410080 Mobile/15E148 Safari/604.1"
149.140.25.205 - - [05/May/2025:15:31:52 +0300] "GET /wp-content/uploads/2019/06/p20e.jpg HTTP/2" 200 30410 "https://www.bmofis.com/dokumanlar/" "Mozilla/5.0 (iPhone; CPU iPhone OS 18_4_1 like Mac OS X) AppleWebKit/605.1.15 (KHTML, like Gecko) GSA/365.1.750410080 Mobile/15E148 Safari/604.1"
149.140.25.205 - - [05/May/2025:15:31:52 +0300] "GET /wp-content/uploads/2019/06/flexa.jpg HTTP/2" 200 21527 "https://www.bmofis.com/dokumanlar/" "Mozilla/5.0 (iPhone; CPU iPhone OS 18_4_1 like Mac OS X) AppleWebKit/605.1.15 (KHTML, like Gecko) GSA/365.1.750410080 Mobile/15E148 Safari/604.1"
149.140.25.205 - - [05/May/2025:15:31:52 +0300] "GET /wp-content/uploads/2019/06/zemin.jpg HTTP/2" 200 20043 "https://www.bmofis.com/dokumanlar/" "Mozilla/5.0 (iPhone; CPU iPhone OS 18_4_1 like Mac OS X) AppleWebKit/605.1.15 (KHTML, like Gecko) GSA/365.1.750410080 Mobile/15E148 Safari/604.1"
149.140.25.205 - - [05/May/2025:15:31:52 +0300] "GET /wp-content/uploads/2019/06/duseykilit.jpg HTTP/2" 200 24643 "https://www.bmofis.com/dokumanlar/" "Mozilla/5.0 (iPhone; CPU iPhone OS 18_4_1 like Mac OS X) AppleWebKit/605.1.15 (KHTML, like Gecko) GSA/365.1.750410080 Mobile/15E148 Safari/604.1"
149.140.25.205 - - [05/May/2025:15:31:52 +0300] "GET /wp-content/uploads/2019/06/borukollar.jpg HTTP/2" 200 24360 "https://www.bmofis.com/dokumanlar/" "Mozilla/5.0 (iPhone; CPU iPhone OS 18_4_1 like Mac OS X) AppleWebKit/605.1.15 (KHTML, like Gecko) GSA/365.1.750410080 Mobile/15E148 Safari/604.1"
149.140.25.205 - - [05/May/2025:15:31:52 +0300] "GET /wp-content/uploads/2019/06/loq.jpg HTTP/2" 200 19356 "https://www.bmofis.com/dokumanlar/" "Mozilla/5.0 (iPhone; CPU iPhone OS 18_4_1 like Mac OS X) AppleWebKit/605.1.15 (KHTML, like Gecko) GSA/365.1.750410080 Mobile/15E148 Safari/604.1"
149.140.25.205 - - [05/May/2025:15:31:52 +0300] "GET /wp-content/uploads/2019/06/manyetik.jpg HTTP/2" 200 27102 "https://www.bmofis.com/dokumanlar/" "Mozilla/5.0 (iPhone; CPU iPhone OS 18_4_1 like Mac OS X) AppleWebKit/605.1.15 (KHTML, like Gecko) GSA/365.1.750410080 Mobile/15E148 Safari/604.1"
149.140.25.205 - - [05/May/2025:15:31:52 +0300] "GET /wp-content/uploads/2019/09/01_05_blck.jpg HTTP/2" 200 63482 "https://www.bmofis.com/dokumanlar/" "Mozilla/5.0 (iPhone; CPU iPhone OS 18_4_1 like Mac OS X) AppleWebKit/605.1.15 (KHTML, like Gecko) GSA/365.1.750410080 Mobile/15E148 Safari/604.1"
149.140.25.205 - - [05/May/2025:15:31:52 +0300] "GET /wp-content/uploads/2019/09/08_sau.jpg HTTP/2" 200 59368 "https://www.bmofis.com/dokumanlar/" "Mozilla/5.0 (iPhone; CPU iPhone OS 18_4_1 like Mac OS X) AppleWebKit/605.1.15 (KHTML, like Gecko) GSA/365.1.750410080 Mobile/15E148 Safari/604.1"
149.140.25.205 - - [05/May/2025:15:31:52 +0300] "GET /wp-content/uploads/2019/09/09_hipzac.jpg HTTP/2" 200 55352 "https://www.bmofis.com/dokumanlar/" "Mozilla/5.0 (iPhone; CPU iPhone OS 18_4_1 like Mac OS X) AppleWebKit/605.1.15 (KHTML, like Gecko) GSA/365.1.750410080 Mobile/15E148 Safari/604.1"
149.140.25.205 - - [05/May/2025:15:31:52 +0300] "GET /wp-content/uploads/2019/09/bilobajc.jpg HTTP/2" 200 58894 "https://www.bmofis.com/dokumanlar/" "Mozilla/5.0 (iPhone; CPU iPhone OS 18_4_1 like Mac OS X) AppleWebKit/605.1.15 (KHTML, like Gecko) GSA/365.1.750410080 Mobile/15E148 Safari/604.1"
149.140.25.205 - - [05/May/2025:15:31:52 +0300] "POST /?wc-ajax=get_refreshed_fragments HTTP/2" 200 4327 "https://www.bmofis.com/dokumanlar/" "Mozilla/5.0 (iPhone; CPU iPhone OS 18_4_1 like Mac OS X) AppleWebKit/605.1.15 (KHTML, like Gecko) GSA/365.1.750410080 Mobile/15E148 Safari/604.1"
149.140.25.205 - - [05/May/2025:15:31:52 +0300] "GET /wp-content/uploads/2019/06/nt_flu_279259.jpg HTTP/2" 200 39542 "https://www.bmofis.com/dokumanlar/" "Mozilla/5.0 (iPhone; CPU iPhone OS 18_4_1 like Mac OS X) AppleWebKit/605.1.15 (KHTML, like Gecko) GSA/365.1.750410080 Mobile/15E148 Safari/604.1"
149.140.25.205 - - [05/May/2025:15:31:52 +0300] "GET /wp-content/uploads/2019/06/bmprofil.jpg HTTP/2" 200 35671 "https://www.bmofis.com/dokumanlar/" "Mozilla/5.0 (iPhone; CPU iPhone OS 18_4_1 like Mac OS X) AppleWebKit/605.1.15 (KHTML, like Gecko) GSA/365.1.750410080 Mobile/15E148 Safari/604.1"
149.140.25.205 - - [05/May/2025:15:31:52 +0300] "GET /wp-content/uploads/2019/06/nt_pol279259_.jpg HTTP/2" 200 43974 "https://www.bmofis.com/dokumanlar/" "Mozilla/5.0 (iPhone; CPU iPhone OS 18_4_1 like Mac OS X) AppleWebKit/605.1.15 (KHTML, like Gecko) GSA/365.1.750410080 Mobile/15E148 Safari/604.1"
149.140.25.205 - - [05/May/2025:15:31:52 +0300] "GET /wp-content/uploads/2019/07/99_balust.jpg HTTP/2" 200 44182 "https://www.bmofis.com/dokumanlar/" "Mozilla/5.0 (iPhone; CPU iPhone OS 18_4_1 like Mac OS X) AppleWebKit/605.1.15 (KHTML, like Gecko) GSA/365.1.750410080 Mobile/15E148 Safari/604.1"
149.140.25.205 - - [05/May/2025:15:31:52 +0300] "GET /wp-content/uploads/2019/07/99_sacak.jpg HTTP/2" 200 42267 "https://www.bmofis.com/dokumanlar/" "Mozilla/5.0 (iPhone; CPU iPhone OS 18_4_1 like Mac OS X) AppleWebKit/605.1.15 (KHTML, like Gecko) GSA/365.1.750410080 Mobile/15E148 Safari/604.1"
149.140.25.205 - - [05/May/2025:15:31:52 +0300] "GET /wp-content/uploads/2019/09/0201_slash.jpg HTTP/2" 200 85942 "https://www.bmofis.com/dokumanlar/" "Mozilla/5.0 (iPhone; CPU iPhone OS 18_4_1 like Mac OS X) AppleWebKit/605.1.15 (KHTML, like Gecko) GSA/365.1.750410080 Mobile/15E148 Safari/604.1"
149.140.25.205 - - [05/May/2025:15:31:52 +0300] "GET /wp-content/uploads/2019/09/unicaslim.jpg HTTP/2" 200 76062 "https://www.bmofis.com/dokumanlar/" "Mozilla/5.0 (iPhone; CPU iPhone OS 18_4_1 like Mac OS X) AppleWebKit/605.1.15 (KHTML, like Gecko) GSA/365.1.750410080 Mobile/15E148 Safari/604.1"
149.140.25.205 - - [05/May/2025:15:31:52 +0300] "GET /wp-content/uploads/2019/09/0402_evo.jpg HTTP/2" 200 81953 "https://www.bmofis.com/dokumanlar/" "Mozilla/5.0 (iPhone; CPU iPhone OS 18_4_1 like Mac OS X) AppleWebKit/605.1.15 (KHTML, like Gecko) GSA/365.1.750410080 Mobile/15E148 Safari/604.1"
149.140.25.205 - - [05/May/2025:15:31:52 +0300] "GET /wp-content/uploads/2019/09/evoframe_a1-1.jpg HTTP/2" 200 88979 "https://www.bmofis.com/dokumanlar/" "Mozilla/5.0 (iPhone; CPU iPhone OS 18_4_1 like Mac OS X) AppleWebKit/605.1.15 (KHTML, like Gecko) GSA/365.1.750410080 Mobile/15E148 Safari/604.1"
149.140.25.205 - - [05/May/2025:15:31:52 +0300] "GET /wp-content/uploads/2019/09/biloba.jpg HTTP/2" 200 104237 "https://www.bmofis.com/dokumanlar/" "Mozilla/5.0 (iPhone; CPU iPhone OS 18_4_1 like Mac OS X) AppleWebKit/605.1.15 (KHTML, like Gecko) GSA/365.1.750410080 Mobile/15E148 Safari/604.1"
149.140.25.205 - - [05/May/2025:15:31:52 +0300] "GET /wp-content/uploads/2019/09/flu70.jpg HTTP/2" 200 71669 "https://www.bmofis.com/dokumanlar/" "Mozilla/5.0 (iPhone; CPU iPhone OS 18_4_1 like Mac OS X) AppleWebKit/605.1.15 (KHTML, like Gecko) GSA/365.1.750410080 Mobile/15E148 Safari/604.1"
149.140.25.205 - - [05/May/2025:15:31:52 +0300] "GET /wp-content/uploads/2020/08/rd1.jpg HTTP/2" 200 34931 "https://www.bmofis.com/dokumanlar/" "Mozilla/5.0 (iPhone; CPU iPhone OS 18_4_1 like Mac OS X) AppleWebKit/605.1.15 (KHTML, like Gecko) GSA/365.1.750410080 Mobile/15E148 Safari/604.1"
149.140.25.205 - - [05/May/2025:15:31:52 +0300] "GET /wp-content/uploads/2019/09/0301_centrale.jpg HTTP/2" 200 122969 "https://www.bmofis.com/dokumanlar/" "Mozilla/5.0 (iPhone; CPU iPhone OS 18_4_1 like Mac OS X) AppleWebKit/605.1.15 (KHTML, like Gecko) GSA/365.1.750410080 Mobile/15E148 Safari/604.1"
149.140.25.205 - - [05/May/2025:15:31:52 +0300] "GET /wp-content/uploads/2019/09/10_vela.jpg HTTP/2" 200 103031 "https://www.bmofis.com/dokumanlar/" "Mozilla/5.0 (iPhone; CPU iPhone OS 18_4_1 like Mac OS X) AppleWebKit/605.1.15 (KHTML, like Gecko) GSA/365.1.750410080 Mobile/15E148 Safari/604.1"
149.140.25.205 - - [05/May/2025:15:31:52 +0300] "GET /wp-content/uploads/2019/09/triloba.jpg HTTP/2" 200 118136 "https://www.bmofis.com/dokumanlar/" "Mozilla/5.0 (iPhone; CPU iPhone OS 18_4_1 like Mac OS X) AppleWebKit/605.1.15 (KHTML, like Gecko) GSA/365.1.750410080 Mobile/15E148 Safari/604.1"
149.140.25.205 - - [05/May/2025:15:31:55 +0300] "GET /wp-content/uploads/2019/08/arrow-up-1.png HTTP/2" 200 444 "https://www.bmofis.com/dokumanlar/" "Mozilla/5.0 (iPhone; CPU iPhone OS 18_4_1 like Mac OS X) AppleWebKit/605.1.15 (KHTML, like Gecko) GSA/365.1.750410080 Mobile/15E148 Safari/604.1"
52.167.144.204 - - [05/May/2025:15:29:22 +0300] "GET /urun/hidrolik-sistemler/hidrolik-dus-sistemleri/hidrolik-dus-kabini/slash-hidrolik-dus-kabini-iki-sabit-cam-arasi-bir-kanat-bir-sabit/teklif-al?b=bmo251c57400305-borje-salming-tribute-last-night HTTP/2" 403 1242 "-" "Mozilla/5.0 AppleWebKit/537.36 (KHTML, like Gecko; compatible; bingbot/2.0; +http://www.bing.com/bingbot.htm) Chrome/116.0.1938.76 Safari/537.36"
45.84.191.11 - - [05/May/2025:15:29:33 +0300] "POST /wp-cron.php?doing_wp_cron=1746448173.0899009704589843750000 HTTP/1.1" 200 0 "-" "WordPress/6.5.5; https://www.bmofis.com"
3.21.248.40 - - [05/May/2025:15:29:31 +0300] "GET /urun/hidrolik-cozumler/hidrolik-dis-kapi-sistemleri/patch-fittings/italyan-yuvali-alt-mil-1752mm-cam-kalinligi-icin?path=%2F%2Fwww HTTP/2" 200 2359 "-" "Mozilla/5.0 AppleWebKit/537.36 (KHTML, like Gecko; compatible; ClaudeBot/1.0; +claudebot@anthropic.com)"
3.21.248.40 - - [05/May/2025:15:29:31 +0300] "GET /urun/hidrolik-cozumler/hidrolik-dis-kapi-sistemleri/patch-fittings/italyan-yuvali-alt-mil-1752mm-cam-kalinligi-icin?path=%2F%2Froot HTTP/2" 200 2262 "-" "Mozilla/5.0 AppleWebKit/537.36 (KHTML, like Gecko; compatible; ClaudeBot/1.0; +claudebot@anthropic.com)"
3.21.248.40 - - [05/May/2025:15:29:31 +0300] "GET /urun/hidrolik-cozumler/hidrolik-dis-kapi-sistemleri/patch-fittings/italyan-yuvali-alt-mil-1752mm-cam-kalinligi-icin?path=%2F%2Frun HTTP/2" 200 4679 "-" "Mozilla/5.0 AppleWebKit/537.36 (KHTML, like Gecko; compatible; ClaudeBot/1.0; +claudebot@anthropic.com)"
3.21.248.40 - - [05/May/2025:15:29:31 +0300] "GET /urun/hidrolik-cozumler/hidrolik-dis-kapi-sistemleri/patch-fittings/italyan-yuvali-alt-mil-1752mm-cam-kalinligi-icin?path=%2F%2Fmnt HTTP/2" 200 2081 "-" "Mozilla/5.0 AppleWebKit/537.36 (KHTML, like Gecko; compatible; ClaudeBot/1.0; +claudebot@anthropic.com)"
45.84.191.11 - - [05/May/2025:15:29:34 +0300] "POST /wp-admin/admin-ajax.php?action=async_litespeed&nonce=TQDWMIdNr7ZwU56GQDPcUudsmmKDHcxU&litespeed_type=imgoptm HTTP/1.1" 200 5656 "-" "WordPress/6.5.5; https://www.bmofis.com"
52.167.144.204 - - [05/May/2025:15:30:02 +0300] "GET /urun/hidrolik-sistemler/hidrolik-dus-sistemleri/sauna-buhar-odasi-cozumleri-hidrolik-dus-sistemleri/kbt8061-buhar-odalari-ve-hamamlar-icin-hidrolik-set/teklif-al?b=bmo251c13200421-bogs-infant-rain-boots HTTP/2" 403 1242 "-" "Mozilla/5.0 AppleWebKit/537.36 (KHTML, like Gecko; compatible; bingbot/2.0; +http://www.bing.com/bingbot.htm) Chrome/116.0.1938.76 Safari/537.36"
45.84.191.11 - - [05/May/2025:15:31:05 +0300] "POST /wp-cron.php?doing_wp_cron=1746448265.2563769817352294921875 HTTP/1.1" 200 0 "-" "WordPress/6.5.5; https://www.bmofis.com"
45.84.191.11 - - [05/May/2025:15:31:05 +0300] "POST /wp-cron.php?doing_wp_cron=1746448265.2625799179077148437500 HTTP/1.1" 200 0 "-" "WordPress/6.5.5; https://www.bmofis.com"
52.167.144.204 - - [05/May/2025:15:31:23 +0300] "GET /urun/standart-cozumler/dus-sistemleri-standart-cozumler/piuma-surme-dus-sistemi/piuma-cift-kanatli-surme-kose-dus-sistemi/teklif-al?b=bmo251c41900471-25486-springhill-dr-monrow-or-97456-county HTTP/2" 403 1242 "-" "Mozilla/5.0 AppleWebKit/537.36 (KHTML, like Gecko; compatible; bingbot/2.0; +http://www.bing.com/bingbot.htm) Chrome/116.0.1938.76 Safari/537.36"
54.36.148.50 - - [05/May/2025:15:31:43 +0300] "GET /uygulamalar/dus-kabini-aksesuarlari/kose-uygulamalar-icin-dus-teknesi-ebadi-/coleman-system/4/79.aspx HTTP/2" 200 4241 "-" "Mozilla/5.0 (compatible; AhrefsBot/7.0; +http://ahrefs.com/robot/)"
54.36.148.82 - - [05/May/2025:15:31:59 +0300] "GET /en/urun-kategori/glass-joint-joint-laths?path=/ HTTP/2" 200 3275 "-" "Mozilla/5.0 (compatible; AhrefsBot/7.0; +http://ahrefs.com/robot/)"
52.167.144.204 - - [05/May/2025:15:32:02 +0300] "GET /urun/hidrolik-sistemler/hidrolik-dus-sistemleri/hidrolik-dus-kabini/slash-hidrolik-dus-kabini-iki-sabit-cam-arasi-bir-kanat-bir-sabit/teklif-al?b=bmo251c21700275-eddie-bauer-hiking-boot HTTP/2" 403 1242 "-" "Mozilla/5.0 AppleWebKit/537.36 (KHTML, like Gecko; compatible; bingbot/2.0; +http://www.bing.com/bingbot.htm) Chrome/116.0.1938.76 Safari/537.36"
52.167.144.204 - - [05/May/2025:15:32:22 +0300] "GET /urun/standart-cozumler/dus-sistemleri-standart-cozumler/antibakteriyel-fitiller-ve-profiller/8pt1-60-61-90-kose-miknatisli-fitil/teklif-al?b=bmo251c16000215-botas-de-monta%C3%B1a-chiruca-mujer HTTP/2" 403 1242 "-" "Mozilla/5.0 AppleWebKit/537.36 (KHTML, like Gecko; compatible; bingbot/2.0; +http://www.bing.com/bingbot.htm) Chrome/116.0.1938.76 Safari/537.36"
45.84.191.11 - - [05/May/2025:15:32:26 +0300] "POST /wp-cron.php?doing_wp_cron=1746448346.6207759380340576171875 HTTP/1.1" 200 0 "-" "WordPress/6.5.5; https://www.bmofis.com"
18.225.175.56 - - [05/May/2025:15:32:25 +0300] "GET /en/urun-kategori/qub-series?keluar=true HTTP/2" 200 4227 "-" "Mozilla/5.0 AppleWebKit/537.36 (KHTML, like Gecko; compatible; ClaudeBot/1.0; +claudebot@anthropic.com)"
18.225.175.56 - - [05/May/2025:15:32:25 +0300] "GET /urun/hidrolik-cozumler/hidrolik-dis-kapi-sistemleri/patch-fittings/italyan-yuvali-alt-mil-1752mm-cam-kalinligi-icin?aksi=buatfile&path=%2Fhome HTTP/2" 200 2260 "-" "Mozilla/5.0 AppleWebKit/537.36 (KHTML, like Gecko; compatible; ClaudeBot/1.0; +claudebot@anthropic.com)"
18.225.175.56 - - [05/May/2025:15:32:25 +0300] "GET /urun/hidrolik-cozumler/hidrolik-dis-kapi-sistemleri/patch-fittings/italyan-yuvali-alt-mil-1752mm-cam-kalinligi-icin?aksi=ransom&path=%2Fhome HTTP/2" 200 2260 "-" "Mozilla/5.0 AppleWebKit/537.36 (KHTML, like Gecko; compatible; ClaudeBot/1.0; +claudebot@anthropic.com)"
18.225.175.56 - - [05/May/2025:15:32:25 +0300] "GET /urun/hidrolik-cozumler/hidrolik-dis-kapi-sistemleri/patch-fittings/italyan-yuvali-alt-mil-1752mm-cam-kalinligi-icin?path=%2F%2Fmedia HTTP/2" 200 2081 "-" "Mozilla/5.0 AppleWebKit/537.36 (KHTML, like Gecko; compatible; ClaudeBot/1.0; +claudebot@anthropic.com)"
45.84.191.11 - - [05/May/2025:15:32:28 +0300] "POST /wp-admin/admin-ajax.php?action=async_litespeed&nonce=8ucoYVeOQGtuKDqoZ4a5FyoPcZtJ9Esc&litespeed_type=imgoptm HTTP/1.1" 200 5610 "-" "WordPress/6.5.5; https://www.bmofis.com"
45.84.191.11 - - [05/May/2025:15:33:05 +0300] "POST /wp-cron.php?doing_wp_cron=1746448385.6725800037384033203125 HTTP/1.1" 200 0 "-" "WordPress/6.5.5; https://www.bmofis.com"
45.84.191.11 - - [05/May/2025:15:33:11 +0300] "POST /wp-admin/admin-ajax.php?action=async_litespeed&nonce=drociWK0z0uvDd7XR4seHzFKzzZdan1P&litespeed_type=imgoptm HTTP/1.1" 200 5610 "-" "WordPress/6.5.5; https://www.bmofis.com"
52.167.144.138 - - [05/May/2025:15:33:23 +0300] "GET /urun/hidrolik-sistemler/hidrolik-dis-kapi-sistemleri/menteseler-hidrolik-dis-kapi-sistemleri/triloba-150kg-kapasiteli-hidrolik-mentese-alt-mentese/teklif-al?b=bmo251c33400812-kaizer-chiefs-vs-sekhukhune-united-lineups HTTP/2" 403 1242 "-" "Mozilla/5.0 AppleWebKit/537.36 (KHTML, like Gecko; compatible; bingbot/2.0; +http://www.bing.com/bingbot.htm) Chrome/116.0.1938.76 Safari/537.36"
149.140.25.205 - - [05/May/2025:15:33:40 +0300] "GET /wp-content/uploads/2019/06/%C3%87er%C3%A7eveli-ve-Ah%C5%9Fap-Kap%C4%B1lar-i%C3%A7in-Hidrolik-Mente%C5%9Fe-1.pdf HTTP/1.1" 200 362898 "-" "Mozilla/5.0 (iPhone; CPU iPhone OS 18_4_1 like Mac OS X) AppleWebKit/605.1.15 (KHTML, like Gecko) GSA/365.1.750410080 Mobile/22E252 Safari/604.1"
52.167.144.138 - - [05/May/2025:15:33:42 +0300] "GET /urun/hidrolik-sistemler/hidrolik-dus-sistemleri/sauna-buhar-odasi-cozumleri-hidrolik-dus-sistemleri/kbt8061-buhar-odalari-ve-hamamlar-icin-hidrolik-set/teklif-al?b=bmo251c41900464-22215-highbridge-road-monrowe-wa HTTP/2" 403 1242 "-" "Mozilla/5.0 AppleWebKit/537.36 (KHTML, like Gecko; compatible; bingbot/2.0; +http://www.bing.com/bingbot.htm) Chrome/116.0.1938.76 Safari/537.36"
3.135.248.144 - - [05/May/2025:15:33:44 +0300] "GET /urun/hidrolik-cozumler/hidrolik-dis-kapi-sistemleri/patch-fittings/italyan-yuvali-alt-mil-1752mm-cam-kalinligi-icin?aksi=buatfolder&path=%2F HTTP/2" 200 2006 "-" "Mozilla/5.0 AppleWebKit/537.36 (KHTML, like Gecko; compatible; ClaudeBot/1.0; +claudebot@anthropic.com)"
149.140.25.205 - - [05/May/2025:15:31:52 +0300] "GET /wp-content/uploads/2019/04/Foto-provisional.jpg HTTP/2" 200 1152984 "https://www.bmofis.com/dokumanlar/" "Mozilla/5.0 (iPhone; CPU iPhone OS 18_4_1 like Mac OS X) AppleWebKit/605.1.15 (KHTML, like Gecko) GSA/365.1.750410080 Mobile/15E148 Safari/604.1"
114.119.147.240 - - [05/May/2025:15:32:14 +0300] "GET /en/urun-kategori/shower-systems?b=bmo251c30700386-brightontheday-j-slides HTTP/1.1" 403 1242 "https://www.bmofis.com/en/urun-kategori/shower-systems?b=bmo251c30679321" "Mozilla/5.0 (Linux; Android 7.0;) AppleWebKit/537.36 (KHTML, like Gecko) Mobile Safari/537.36 (compatible; PetalBot;+https://webmaster.petalsearch.com/site/petalbot)"
5.255.231.59 - - [05/May/2025:15:32:42 +0300] "GET /wp-json/oembed/1.0/imageurl}?b=bmo251c46300329-papillio-birkenstock-amazon HTTP/1.1" 403 1242 "-" "Mozilla/5.0 (compatible; YandexBot/3.0; +http://yandex.com/bots)"
52.167.144.204 - - [05/May/2025:15:32:42 +0300] "GET /urun/hidrolik-sistemler/hidrolik-dis-kapi-sistemleri/menteseler-hidrolik-dis-kapi-sistemleri/triloba-150kg-kapasiteli-hidrolik-mentese-alt-mentese/teklif-al?b=bmo251c37100375-lifestride-gracie-boot HTTP/2" 403 1242 "-" "Mozilla/5.0 AppleWebKit/537.36 (KHTML, like Gecko; compatible; bingbot/2.0; +http://www.bing.com/bingbot.htm) Chrome/116.0.1938.76 Safari/537.36"
149.140.25.205 - - [05/May/2025:15:32:50 +0300] "GET /wp-content/uploads/2019/06/%C3%87er%C3%A7eveli-ve-Ah%C5%9Fap-Kap%C4%B1lar-i%C3%A7in-Hidrolik-Mente%C5%9Fe-1.pdf HTTP/2" 200 362898 "https://www.bmofis.com/dokumanlar/" "Mozilla/5.0 (iPhone; CPU iPhone OS 18_4_1 like Mac OS X) AppleWebKit/605.1.15 (KHTML, like Gecko) GSA/365.1.750410080 Mobile/15E148 Safari/604.1"
54.36.148.234 - - [05/May/2025:15:33:04 +0300] "GET /en/urun-kategori/glass-joint-joint-laths?path=/home HTTP/2" 200 2260 "-" "Mozilla/5.0 (compatible; AhrefsBot/7.0; +http://ahrefs.com/robot/)"
149.140.25.205 - - [05/May/2025:15:33:26 +0300] "GET /wp-content/uploads/2019/06/%C3%87er%C3%A7eveli-ve-Ah%C5%9Fap-Kap%C4%B1lar-i%C3%A7in-Hidrolik-Mente%C5%9Fe-1.pdf HTTP/2" 200 362898 "-" "Mozilla/5.0 (Macintosh; Intel Mac OS X 10_11_1) AppleWebKit/601.2.4 (KHTML, like Gecko) Version/9.0.1 Safari/601.2.4 facebookexternalhit/1.1 Facebot Twitterbot/1.0"
149.140.25.205 - - [05/May/2025:15:33:26 +0300] "GET /wp-content/uploads/2019/06/%C3%87er%C3%A7eveli-ve-Ah%C5%9Fap-Kap%C4%B1lar-i%C3%A7in-Hidrolik-Mente%C5%9Fe-1.pdf HTTP/2" 200 362898 "-" "Mozilla/5.0 (Macintosh; Intel Mac OS X 10_11_1) AppleWebKit/601.2.4 (KHTML, like Gecko) Version/9.0.1 Safari/601.2.4 facebookexternalhit/1.1 Facebot Twitterbot/1.0"
149.140.25.205 - - [05/May/2025:15:33:33 +0300] "GET /wp-content/uploads/2019/06/%C3%87er%C3%A7eveli-ve-Ah%C5%9Fap-Kap%C4%B1lar-i%C3%A7in-Hidrolik-Mente%C5%9Fe-1.pdf HTTP/2" 206 147447 "-" "WhatsApp/2.23.20.0"
52.167.144.138 - - [05/May/2025:15:35:02 +0300] "GET /urun/standart-cozumler/dus-sistemleri-standart-cozumler/antibakteriyel-fitiller-ve-profiller/8pt1-10-duvar-cam-fitil/teklif-al?b=bmo251c63206820-reset-not-working-tempur-pedic-ergo-extend-remote-reset HTTP/2" 403 1242 "-" "Mozilla/5.0 AppleWebKit/537.36 (KHTML, like Gecko; compatible; bingbot/2.0; +http://www.bing.com/bingbot.htm) Chrome/116.0.1938.76 Safari/537.36"
45.84.191.11 - - [05/May/2025:15:35:07 +0300] "POST /wp-cron.php?doing_wp_cron=1746448507.7163250446319580078125 HTTP/1.1" 200 0 "-" "WordPress/6.5.5; https://www.bmofis.com"
45.84.191.11 - - [05/May/2025:15:35:09 +0300] "POST /wp-admin/admin-ajax.php?action=async_litespeed&nonce=Ini6i1s0svkT0U4mRj8qGDQxcqkS6Jrr&litespeed_type=imgoptm HTTP/1.1" 200 5610 "-" "WordPress/6.5.5; https://www.bmofis.com"
52.167.144.138 - - [05/May/2025:15:35:23 +0300] "GET /urun/standart-cozumler/dus-sistemleri-standart-cozumler/piuma-surme-dus-sistemi/piuma-cift-kanatli-surme-kose-dus-sistemi/teklif-al?b=bmo251c60400192-eddie-boot-sol-sana HTTP/2" 403 1242 "-" "Mozilla/5.0 AppleWebKit/537.36 (KHTML, like Gecko; compatible; bingbot/2.0; +http://www.bing.com/bingbot.htm) Chrome/116.0.1938.76 Safari/537.36"
3.135.248.144 - - [05/May/2025:15:33:44 +0300] "GET /urun/hidrolik-cozumler/hidrolik-dis-kapi-sistemleri/patch-fittings/italyan-yuvali-alt-mil-1752mm-cam-kalinligi-icin?filesrc=%2F%2Frequirements.txt&path=%2F HTTP/2" 200 4159 "-" "Mozilla/5.0 AppleWebKit/537.36 (KHTML, like Gecko; compatible; ClaudeBot/1.0; +claudebot@anthropic.com)"
3.135.248.144 - - [05/May/2025:15:33:44 +0300] "GET /sitemap.xml HTTP/2" 200 4539 "-" "Mozilla/5.0 AppleWebKit/537.36 (KHTML, like Gecko; compatible; ClaudeBot/1.0; +claudebot@anthropic.com)"
3.135.248.144 - - [05/May/2025:15:33:45 +0300] "GET /urun/hidrolik-cozumler/hidrolik-dis-kapi-sistemleri/patch-fittings/italyan-yuvali-alt-mil-1752mm-cam-kalinligi-icin?filesrc=%2F%2F.rnd&path=%2F HTTP/2" 200 2305 "-" "Mozilla/5.0 AppleWebKit/537.36 (KHTML, like Gecko; compatible; ClaudeBot/1.0; +claudebot@anthropic.com)"
52.167.144.138 - - [05/May/2025:15:34:02 +0300] "GET /urun/hidrolik-sistemler/hidrolik-dis-kapi-sistemleri/menteseler-hidrolik-dis-kapi-sistemleri/triloba-150kg-kapasiteli-hidrolik-mentese-alt-mentese/teklif-al?b=bmo251c26800239-gravity-defyer-shoes-website HTTP/2" 403 1242 "-" "Mozilla/5.0 AppleWebKit/537.36 (KHTML, like Gecko; compatible; bingbot/2.0; +http://www.bing.com/bingbot.htm) Chrome/116.0.1938.76 Safari/537.36"
52.167.144.138 - - [05/May/2025:15:34:22 +0300] "GET /urun/hidrolik-sistemler/hidrolik-dus-sistemleri/sauna-buhar-odasi-cozumleri-hidrolik-dus-sistemleri/kbt8061-buhar-odalari-ve-hamamlar-icin-hidrolik-set/teklif-al?b=bmo251c52900372-buzzr-loreta-swift HTTP/2" 403 1242 "-" "Mozilla/5.0 AppleWebKit/537.36 (KHTML, like Gecko; compatible; bingbot/2.0; +http://www.bing.com/bingbot.htm) Chrome/116.0.1938.76 Safari/537.36"
45.84.191.11 - - [05/May/2025:15:34:24 +0300] "POST /wp-cron.php?doing_wp_cron=1746448464.2756440639495849609375 HTTP/1.1" 200 0 "-" "WordPress/6.5.5; https://www.bmofis.com"
54.36.148.244 - - [05/May/2025:15:34:23 +0300] "GET /en/urun-kategori/glass-joint-joint-laths?path=/home/bmofiscom HTTP/2" 200 3461 "-" "Mozilla/5.0 (compatible; AhrefsBot/7.0; +http://ahrefs.com/robot/)"
45.84.191.11 - - [05/May/2025:15:34:25 +0300] "POST /wp-admin/admin-ajax.php?action=async_litespeed&nonce=D7ZW8jDBRKXB7z6RyGljHZXR8NTgiZUF&litespeed_type=imgoptm HTTP/1.1" 200 5610 "-" "WordPress/6.5.5; https://www.bmofis.com"
52.167.144.138 - - [05/May/2025:15:34:42 +0300] "GET /urun/standart-cozumler/dus-sistemleri-standart-cozumler/piuma-surme-dus-sistemi/piuma-cift-kanatli-surme-kose-dus-sistemi/teklif-al?b=bmo251c54700310-public-desire-shoes-size-guide HTTP/2" 403 1242 "-" "Mozilla/5.0 AppleWebKit/537.36 (KHTML, like Gecko; compatible; bingbot/2.0; +http://www.bing.com/bingbot.htm) Chrome/116.0.1938.76 Safari/537.36"
3.140.250.173 - - [05/May/2025:15:35:06 +0300] "GET /urun/hidrolik-cozumler/hidrolik-dis-kapi-sistemleri/patch-fittings/italyan-yuvali-alt-mil-1752mm-cam-kalinligi-icin?aksi=buatfile&path=%2F HTTP/2" 200 3290 "-" "Mozilla/5.0 AppleWebKit/537.36 (KHTML, like Gecko; compatible; ClaudeBot/1.0; +claudebot@anthropic.com)"
3.140.250.173 - - [05/May/2025:15:35:06 +0300] "GET /urun/hidrolik-cozumler/hidrolik-dis-kapi-sistemleri/patch-fittings/italyan-yuvali-alt-mil-1752mm-cam-kalinligi-icin?filesrc=%2F%2F.autorelabel&path=%2F HTTP/2" 200 1947 "-" "Mozilla/5.0 AppleWebKit/537.36 (KHTML, like Gecko; compatible; ClaudeBot/1.0; +claudebot@anthropic.com)"
3.140.250.173 - - [05/May/2025:15:35:06 +0300] "GET /urun/hidrolik-cozumler/hidrolik-dis-kapi-sistemleri/patch-fittings/italyan-yuvali-alt-mil-1752mm-cam-kalinligi-icin?aksi=ransom&path=%2F HTTP/2" 200 3290 "-" "Mozilla/5.0 AppleWebKit/537.36 (KHTML, like Gecko; compatible; ClaudeBot/1.0; +claudebot@anthropic.com)"
3.140.250.173 - - [05/May/2025:15:35:06 +0300] "GET /urun/hidrolik-cozumler/hidrolik-dis-kapi-sistemleri/patch-fittings/italyan-yuvali-alt-mil-1752mm-cam-kalinligi-icin?filesrc=%2F%2Fquota.user&path=%2F HTTP/2" 200 1947 "-" "Mozilla/5.0 AppleWebKit/537.36 (KHTML, like Gecko; compatible; ClaudeBot/1.0; +claudebot@anthropic.com)"
54.36.148.17 - - [05/May/2025:15:35:29 +0300] "GET /en/urun-kategori/glass-joint-joint-laths?path=/home/bmofiscom/public_html HTTP/2" 200 4199 "-" "Mozilla/5.0 (compatible; AhrefsBot/7.0; +http://ahrefs.com/robot/)"
52.167.144.138 - - [05/May/2025:15:35:42 +0300] "GET /katalog/cam-kapi-menteseleri-ic/hidrolik-menteseler/8011-tek-yonlu-baglanti-plakasina-sahip-kapinin-kapanis-hizini-ayarlayabilen-hidrolik-mentese-0-90-90-lerde-du/1/247.aspx?b=bmo251c48400104-ban-do-cac-tinh-viet-nam HTTP/2" 403 1242 "-" "Mozilla/5.0 AppleWebKit/537.36 (KHTML, like Gecko; compatible; bingbot/2.0; +http://www.bing.com/bingbot.htm) Chrome/116.0.1938.76 Safari/537.36"
52.167.144.180 - - [05/May/2025:15:36:08 +0300] "GET /en/urun-kategori/standart-cozumler/ofis-bolme-sistemleri/?b=bmo251c13900025-saltwater-buffalo-check-duck-boot HTTP/2" 403 1242 "-" "Mozilla/5.0 AppleWebKit/537.36 (KHTML, like Gecko; compatible; bingbot/2.0; +http://www.bing.com/bingbot.htm) Chrome/116.0.1938.76 Safari/537.36"
52.167.144.138 - - [05/May/2025:15:36:22 +0300] "GET /urun/hidrolik-sistemler/hidrolik-dus-sistemleri/sauna-buhar-odasi-cozumleri-hidrolik-dus-sistemleri/kbt8061-buhar-odalari-ve-hamamlar-icin-hidrolik-set/teklif-al?b=bmo251c26507121-what-size-good-american-jeans-does-khloe-wear HTTP/2" 403 1242 "-" "Mozilla/5.0 AppleWebKit/537.36 (KHTML, like Gecko; compatible; bingbot/2.0; +http://www.bing.com/bingbot.htm) Chrome/116.0.1938.76 Safari/537.36"
78.171.238.203 - - [05/May/2025:15:36:28 +0300] "GET /urun/standart-cozumler/menteseler/yaprak-menteseler/8674-italyan-yaprak-mentese/ HTTP/2" 200 20848 "-" "Mozilla/5.0 (Linux; Android 11; SAMSUNG SM-A207F) AppleWebKit/537.36 (KHTML, like Gecko) SamsungBrowser/15.0 Chrome/90.0.4430.210 Mobile Safari/537.36"
78.171.238.203 - - [05/May/2025:15:36:29 +0300] "GET /wp-content/themes/benim-ofis/woocommer-only.css HTTP/2" 200 1866 "https://www.bmofis.com/urun/standart-cozumler/menteseler/yaprak-menteseler/8674-italyan-yaprak-mentese/" "Mozilla/5.0 (Linux; Android 11; SAMSUNG SM-A207F) AppleWebKit/537.36 (KHTML, like Gecko) SamsungBrowser/15.0 Chrome/90.0.4430.210 Mobile Safari/537.36"
78.171.238.203 - - [05/May/2025:15:36:29 +0300] "GET /wp-content/plugins/wp-video-lightbox/css/prettyPhoto.css?ver=6.5.5 HTTP/2" 200 2609 "https://www.bmofis.com/urun/standart-cozumler/menteseler/yaprak-menteseler/8674-italyan-yaprak-mentese/" "Mozilla/5.0 (Linux; Android 11; SAMSUNG SM-A207F) AppleWebKit/537.36 (KHTML, like Gecko) SamsungBrowser/15.0 Chrome/90.0.4430.210 Mobile Safari/537.36"
78.171.238.203 - - [05/May/2025:15:36:29 +0300] "GET /wp-content/plugins/wp-video-lightbox/wp-video-lightbox.css?ver=6.5.5 HTTP/2" 200 387 "https://www.bmofis.com/urun/standart-cozumler/menteseler/yaprak-menteseler/8674-italyan-yaprak-mentese/" "Mozilla/5.0 (Linux; Android 11; SAMSUNG SM-A207F) AppleWebKit/537.36 (KHTML, like Gecko) SamsungBrowser/15.0 Chrome/90.0.4430.210 Mobile Safari/537.36"
78.171.238.203 - - [05/May/2025:15:36:29 +0300] "GET /wp-includes/css/dist/block-library/style.min.css?ver=6.5.5 HTTP/2" 200 14071 "https://www.bmofis.com/urun/standart-cozumler/menteseler/yaprak-menteseler/8674-italyan-yaprak-mentese/" "Mozilla/5.0 (Linux; Android 11; SAMSUNG SM-A207F) AppleWebKit/537.36 (KHTML, like Gecko) SamsungBrowser/15.0 Chrome/90.0.4430.210 Mobile Safari/537.36"
78.171.238.203 - - [05/May/2025:15:36:29 +0300] "GET /wp-content/plugins/woocommerce/packages/woocommerce-blocks/build/style.css?ver=2.4.5 HTTP/2" 200 3932 "https://www.bmofis.com/urun/standart-cozumler/menteseler/yaprak-menteseler/8674-italyan-yaprak-mentese/" "Mozilla/5.0 (Linux; Android 11; SAMSUNG SM-A207F) AppleWebKit/537.36 (KHTML, like Gecko) SamsungBrowser/15.0 Chrome/90.0.4430.210 Mobile Safari/537.36"
78.171.238.203 - - [05/May/2025:15:36:29 +0300] "GET /wp-content/plugins/advanced-woocommerce-product-gallery-slider/assets/css/fancybox.css?ver=1 HTTP/2" 200 3719 "https://www.bmofis.com/urun/standart-cozumler/menteseler/yaprak-menteseler/8674-italyan-yaprak-mentese/" "Mozilla/5.0 (Linux; Android 11; SAMSUNG SM-A207F) AppleWebKit/537.36 (KHTML, like Gecko) SamsungBrowser/15.0 Chrome/90.0.4430.210 Mobile Safari/537.36"
78.171.238.203 - - [05/May/2025:15:36:29 +0300] "GET /wp-content/plugins/advanced-woocommerce-product-gallery-slider/assets/css/wpgis-front.css?ver=1 HTTP/2" 200 1600 "https://www.bmofis.com/urun/standart-cozumler/menteseler/yaprak-menteseler/8674-italyan-yaprak-mentese/" "Mozilla/5.0 (Linux; Android 11; SAMSUNG SM-A207F) AppleWebKit/537.36 (KHTML, like Gecko) SamsungBrowser/15.0 Chrome/90.0.4430.210 Mobile Safari/537.36"
78.171.238.203 - - [05/May/2025:15:36:29 +0300] "GET /wp-includes/css/dashicons.min.css?ver=6.5.5 HTTP/2" 200 35110 "https://www.bmofis.com/urun/standart-cozumler/menteseler/yaprak-menteseler/8674-italyan-yaprak-mentese/" "Mozilla/5.0 (Linux; Android 11; SAMSUNG SM-A207F) AppleWebKit/537.36 (KHTML, like Gecko) SamsungBrowser/15.0 Chrome/90.0.4430.210 Mobile Safari/537.36"
78.171.238.203 - - [05/May/2025:15:36:29 +0300] "GET /wp-content/plugins/contact-form-7/includes/css/styles.css?ver=5.1.5 HTTP/2" 200 557 "https://www.bmofis.com/urun/standart-cozumler/menteseler/yaprak-menteseler/8674-italyan-yaprak-mentese/" "Mozilla/5.0 (Linux; Android 11; SAMSUNG SM-A207F) AppleWebKit/537.36 (KHTML, like Gecko) SamsungBrowser/15.0 Chrome/90.0.4430.210 Mobile Safari/537.36"
78.171.238.203 - - [05/May/2025:15:36:29 +0300] "GET /wp-content/plugins/mega-addons-for-visual-composer/css/ihover.css?ver=6.5.5 HTTP/2" 200 70808 "https://www.bmofis.com/urun/standart-cozumler/menteseler/yaprak-menteseler/8674-italyan-yaprak-mentese/" "Mozilla/5.0 (Linux; Android 11; SAMSUNG SM-A207F) AppleWebKit/537.36 (KHTML, like Gecko) SamsungBrowser/15.0 Chrome/90.0.4430.210 Mobile Safari/537.36"
78.171.238.203 - - [05/May/2025:15:36:29 +0300] "GET /wp-content/plugins/mega-addons-for-visual-composer/css/style.css?ver=6.5.5 HTTP/2" 200 505 "https://www.bmofis.com/urun/standart-cozumler/menteseler/yaprak-menteseler/8674-italyan-yaprak-mentese/" "Mozilla/5.0 (Linux; Android 11; SAMSUNG SM-A207F) AppleWebKit/537.36 (KHTML, like Gecko) SamsungBrowser/15.0 Chrome/90.0.4430.210 Mobile Safari/537.36"
78.171.238.203 - - [05/May/2025:15:36:29 +0300] "GET /wp-content/plugins/mega-addons-for-visual-composer/css/font-awesome/css/font-awesome.css?ver=6.5.5 HTTP/2" 200 7001 "https://www.bmofis.com/urun/standart-cozumler/menteseler/yaprak-menteseler/8674-italyan-yaprak-mentese/" "Mozilla/5.0 (Linux; Android 11; SAMSUNG SM-A207F) AppleWebKit/537.36 (KHTML, like Gecko) SamsungBrowser/15.0 Chrome/90.0.4430.210 Mobile Safari/537.36"
78.171.238.203 - - [05/May/2025:15:36:29 +0300] "GET /wp-content/plugins/responsive-youtube-vimeo-popup/assets/css/wp-video-popup.css?ver=2.7 HTTP/2" 200 295 "https://www.bmofis.com/urun/standart-cozumler/menteseler/yaprak-menteseler/8674-italyan-yaprak-mentese/" "Mozilla/5.0 (Linux; Android 11; SAMSUNG SM-A207F) AppleWebKit/537.36 (KHTML, like Gecko) SamsungBrowser/15.0 Chrome/90.0.4430.210 Mobile Safari/537.36"
78.171.238.203 - - [05/May/2025:15:36:29 +0300] "GET /wp-content/plugins/revslider/public/assets/css/settings.css?ver=5.4.8.1 HTTP/2" 200 9202 "https://www.bmofis.com/urun/standart-cozumler/menteseler/yaprak-menteseler/8674-italyan-yaprak-mentese/" "Mozilla/5.0 (Linux; Android 11; SAMSUNG SM-A207F) AppleWebKit/537.36 (KHTML, like Gecko) SamsungBrowser/15.0 Chrome/90.0.4430.210 Mobile Safari/537.36"
78.171.238.203 - - [05/May/2025:15:36:29 +0300] "GET /wp-content/plugins/woocommerce/assets/css/photoswipe/photoswipe.css?ver=3.8.3 HTTP/2" 200 1405 "https://www.bmofis.com/urun/standart-cozumler/menteseler/yaprak-menteseler/8674-italyan-yaprak-mentese/" "Mozilla/5.0 (Linux; Android 11; SAMSUNG SM-A207F) AppleWebKit/537.36 (KHTML, like Gecko) SamsungBrowser/15.0 Chrome/90.0.4430.210 Mobile Safari/537.36"
78.171.238.203 - - [05/May/2025:15:36:29 +0300] "GET /wp-content/plugins/woocommerce/assets/css/photoswipe/default-skin/default-skin.css?ver=3.8.3 HTTP/2" 200 2758 "https://www.bmofis.com/urun/standart-cozumler/menteseler/yaprak-menteseler/8674-italyan-yaprak-mentese/" "Mozilla/5.0 (Linux; Android 11; SAMSUNG SM-A207F) AppleWebKit/537.36 (KHTML, like Gecko) SamsungBrowser/15.0 Chrome/90.0.4430.210 Mobile Safari/537.36"
78.171.238.203 - - [05/May/2025:15:36:29 +0300] "GET /wp-content/plugins/woocommerce/assets/css/woocommerce-layout.css?ver=3.8.3 HTTP/2" 200 1988 "https://www.bmofis.com/urun/standart-cozumler/menteseler/yaprak-menteseler/8674-italyan-yaprak-mentese/" "Mozilla/5.0 (Linux; Android 11; SAMSUNG SM-A207F) AppleWebKit/537.36 (KHTML, like Gecko) SamsungBrowser/15.0 Chrome/90.0.4430.210 Mobile Safari/537.36"
78.171.238.203 - - [05/May/2025:15:36:29 +0300] "GET /wp-content/plugins/woocommerce/assets/css/woocommerce-smallscreen.css?ver=3.8.3 HTTP/2" 200 944 "https://www.bmofis.com/urun/standart-cozumler/menteseler/yaprak-menteseler/8674-italyan-yaprak-mentese/" "Mozilla/5.0 (Linux; Android 11; SAMSUNG SM-A207F) AppleWebKit/537.36 (KHTML, like Gecko) SamsungBrowser/15.0 Chrome/90.0.4430.210 Mobile Safari/537.36"
78.171.238.203 - - [05/May/2025:15:36:29 +0300] "GET /wp-content/plugins/woocommerce/assets/css/woocommerce.css?ver=3.8.3 HTTP/2" 200 8369 "https://www.bmofis.com/urun/standart-cozumler/menteseler/yaprak-menteseler/8674-italyan-yaprak-mentese/" "Mozilla/5.0 (Linux; Android 11; SAMSUNG SM-A207F) AppleWebKit/537.36 (KHTML, like Gecko) SamsungBrowser/15.0 Chrome/90.0.4430.210 Mobile Safari/537.36"
78.171.238.203 - - [05/May/2025:15:36:29 +0300] "GET /wp-content/plugins/wooswipe/pswp/photoswipe.css?ver=6.5.5 HTTP/2" 200 1175 "https://www.bmofis.com/urun/standart-cozumler/menteseler/yaprak-menteseler/8674-italyan-yaprak-mentese/" "Mozilla/5.0 (Linux; Android 11; SAMSUNG SM-A207F) AppleWebKit/537.36 (KHTML, like Gecko) SamsungBrowser/15.0 Chrome/90.0.4430.210 Mobile Safari/537.36"
78.171.238.203 - - [05/May/2025:15:36:29 +0300] "GET /wp-content/plugins/wooswipe/pswp/white-skin/skin.css?ver=6.5.5 HTTP/2" 200 2815 "https://www.bmofis.com/urun/standart-cozumler/menteseler/yaprak-menteseler/8674-italyan-yaprak-mentese/" "Mozilla/5.0 (Linux; Android 11; SAMSUNG SM-A207F) AppleWebKit/537.36 (KHTML, like Gecko) SamsungBrowser/15.0 Chrome/90.0.4430.210 Mobile Safari/537.36"
78.171.238.203 - - [05/May/2025:15:36:29 +0300] "GET /wp-content/plugins/wooswipe/slick/slick.css?ver=6.5.5 HTTP/2" 200 802 "https://www.bmofis.com/urun/standart-cozumler/menteseler/yaprak-menteseler/8674-italyan-yaprak-mentese/" "Mozilla/5.0 (Linux; Android 11; SAMSUNG SM-A207F) AppleWebKit/537.36 (KHTML, like Gecko) SamsungBrowser/15.0 Chrome/90.0.4430.210 Mobile Safari/537.36"
78.171.238.203 - - [05/May/2025:15:36:29 +0300] "GET /wp-content/plugins/wooswipe/slick/slick-theme.css?ver=6.5.5 HTTP/2" 200 833 "https://www.bmofis.com/urun/standart-cozumler/menteseler/yaprak-menteseler/8674-italyan-yaprak-mentese/" "Mozilla/5.0 (Linux; Android 11; SAMSUNG SM-A207F) AppleWebKit/537.36 (KHTML, like Gecko) SamsungBrowser/15.0 Chrome/90.0.4430.210 Mobile Safari/537.36"
78.171.238.203 - - [05/May/2025:15:36:29 +0300] "GET /wp-content/plugins/wooswipe/wooswipe.css?ver=6.5.5 HTTP/2" 200 126 "https://www.bmofis.com/urun/standart-cozumler/menteseler/yaprak-menteseler/8674-italyan-yaprak-mentese/" "Mozilla/5.0 (Linux; Android 11; SAMSUNG SM-A207F) AppleWebKit/537.36 (KHTML, like Gecko) SamsungBrowser/15.0 Chrome/90.0.4430.210 Mobile Safari/537.36"
78.171.238.203 - - [05/May/2025:15:36:29 +0300] "GET /wp-content/plugins/wp-slick-slider-and-image-carousel/assets/css/slick.css?ver=1.8 HTTP/2" 200 506 "https://www.bmofis.com/urun/standart-cozumler/menteseler/yaprak-menteseler/8674-italyan-yaprak-mentese/" "Mozilla/5.0 (Linux; Android 11; SAMSUNG SM-A207F) AppleWebKit/537.36 (KHTML, like Gecko) SamsungBrowser/15.0 Chrome/90.0.4430.210 Mobile Safari/537.36"
78.171.238.203 - - [05/May/2025:15:36:29 +0300] "GET /wp-content/plugins/wp-slick-slider-and-image-carousel/assets/css/slick-slider-style.css?ver=1.8 HTTP/2" 200 2020 "https://www.bmofis.com/urun/standart-cozumler/menteseler/yaprak-menteseler/8674-italyan-yaprak-mentese/" "Mozilla/5.0 (Linux; Android 11; SAMSUNG SM-A207F) AppleWebKit/537.36 (KHTML, like Gecko) SamsungBrowser/15.0 Chrome/90.0.4430.210 Mobile Safari/537.36"
78.171.238.203 - - [05/May/2025:15:36:29 +0300] "GET /wp-content/uploads/maxmegamenu/style_tr_tr.css?ver=4e4c10 HTTP/2" 200 4722 "https://www.bmofis.com/urun/standart-cozumler/menteseler/yaprak-menteseler/8674-italyan-yaprak-mentese/" "Mozilla/5.0 (Linux; Android 11; SAMSUNG SM-A207F) AppleWebKit/537.36 (KHTML, like Gecko) SamsungBrowser/15.0 Chrome/90.0.4430.210 Mobile Safari/537.36"
78.171.238.203 - - [05/May/2025:15:36:29 +0300] "GET /wp-content/themes/benim-ofis/style.css?ver=6.5.5 HTTP/2" 200 10137 "https://www.bmofis.com/urun/standart-cozumler/menteseler/yaprak-menteseler/8674-italyan-yaprak-mentese/" "Mozilla/5.0 (Linux; Android 11; SAMSUNG SM-A207F) AppleWebKit/537.36 (KHTML, like Gecko) SamsungBrowser/15.0 Chrome/90.0.4430.210 Mobile Safari/537.36"
78.171.238.203 - - [05/May/2025:15:36:29 +0300] "GET /wp-content/plugins/js_composer_theme/assets/css/js_composer.min.css?ver=5.5.5 HTTP/2" 200 41860 "https://www.bmofis.com/urun/standart-cozumler/menteseler/yaprak-menteseler/8674-italyan-yaprak-mentese/" "Mozilla/5.0 (Linux; Android 11; SAMSUNG SM-A207F) AppleWebKit/537.36 (KHTML, like Gecko) SamsungBrowser/15.0 Chrome/90.0.4430.210 Mobile Safari/537.36"
78.171.238.203 - - [05/May/2025:15:36:29 +0300] "GET /wp-content/plugins/dhvc-woocommerce-page/assets/fonts/awesome/css/font-awesome.min.css?ver=4.0.3 HTTP/2" 200 3753 "https://www.bmofis.com/urun/standart-cozumler/menteseler/yaprak-menteseler/8674-italyan-yaprak-mentese/" "Mozilla/5.0 (Linux; Android 11; SAMSUNG SM-A207F) AppleWebKit/537.36 (KHTML, like Gecko) SamsungBrowser/15.0 Chrome/90.0.4430.210 Mobile Safari/537.36"
78.171.238.203 - - [05/May/2025:15:36:29 +0300] "GET /wp-content/plugins/dhvc-woocommerce-page/assets/css/style.css?ver=4.2 HTTP/2" 200 694 "https://www.bmofis.com/urun/standart-cozumler/menteseler/yaprak-menteseler/8674-italyan-yaprak-mentese/" "Mozilla/5.0 (Linux; Android 11; SAMSUNG SM-A207F) AppleWebKit/537.36 (KHTML, like Gecko) SamsungBrowser/15.0 Chrome/90.0.4430.210 Mobile Safari/537.36"
78.171.238.203 - - [05/May/2025:15:36:29 +0300] "GET /wp-content/plugins/custom-page-templates-by-vegacorp/assets/styles.css?ver=1.1.6 HTTP/2" 200 203 "https://www.bmofis.com/urun/standart-cozumler/menteseler/yaprak-menteseler/8674-italyan-yaprak-mentese/" "Mozilla/5.0 (Linux; Android 11; SAMSUNG SM-A207F) AppleWebKit/537.36 (KHTML, like Gecko) SamsungBrowser/15.0 Chrome/90.0.4430.210 Mobile Safari/537.36"
78.171.238.203 - - [05/May/2025:15:36:29 +0300] "GET /wp-content/plugins/masterslider/public/assets/css/masterslider.main.css?ver=3.2.7 HTTP/2" 200 9596 "https://www.bmofis.com/urun/standart-cozumler/menteseler/yaprak-menteseler/8674-italyan-yaprak-mentese/" "Mozilla/5.0 (Linux; Android 11; SAMSUNG SM-A207F) AppleWebKit/537.36 (KHTML, like Gecko) SamsungBrowser/15.0 Chrome/90.0.4430.210 Mobile Safari/537.36"
78.171.238.203 - - [05/May/2025:15:36:29 +0300] "GET /wp-content/uploads/masterslider/custom.css?ver=3 HTTP/2" 200 3146 "https://www.bmofis.com/urun/standart-cozumler/menteseler/yaprak-menteseler/8674-italyan-yaprak-mentese/" "Mozilla/5.0 (Linux; Android 11; SAMSUNG SM-A207F) AppleWebKit/537.36 (KHTML, like Gecko) SamsungBrowser/15.0 Chrome/90.0.4430.210 Mobile Safari/537.36"
78.171.238.203 - - [05/May/2025:15:36:29 +0300] "GET /wp-includes/js/jquery/jquery-migrate.min.js?ver=3.4.1 HTTP/2" 200 4678 "https://www.bmofis.com/urun/standart-cozumler/menteseler/yaprak-menteseler/8674-italyan-yaprak-mentese/" "Mozilla/5.0 (Linux; Android 11; SAMSUNG SM-A207F) AppleWebKit/537.36 (KHTML, like Gecko) SamsungBrowser/15.0 Chrome/90.0.4430.210 Mobile Safari/537.36"
78.171.238.203 - - [05/May/2025:15:36:29 +0300] "GET /wp-content/plugins/wp-video-lightbox/js/jquery.prettyPhoto.min.js?ver=3.1.6 HTTP/2" 200 5554 "https://www.bmofis.com/urun/standart-cozumler/menteseler/yaprak-menteseler/8674-italyan-yaprak-mentese/" "Mozilla/5.0 (Linux; Android 11; SAMSUNG SM-A207F) AppleWebKit/537.36 (KHTML, like Gecko) SamsungBrowser/15.0 Chrome/90.0.4430.210 Mobile Safari/537.36"
78.171.238.203 - - [05/May/2025:15:36:29 +0300] "GET /wp-content/plugins/wp-video-lightbox/js/video-lightbox.js?ver=3.1.6 HTTP/2" 200 1237 "https://www.bmofis.com/urun/standart-cozumler/menteseler/yaprak-menteseler/8674-italyan-yaprak-mentese/" "Mozilla/5.0 (Linux; Android 11; SAMSUNG SM-A207F) AppleWebKit/537.36 (KHTML, like Gecko) SamsungBrowser/15.0 Chrome/90.0.4430.210 Mobile Safari/537.36"
78.171.238.203 - - [05/May/2025:15:36:29 +0300] "GET /wp-content/plugins/advanced-woocommerce-product-gallery-slider/assets/js/slick.min.js?ver=1.6.0 HTTP/2" 200 10097 "https://www.bmofis.com/urun/standart-cozumler/menteseler/yaprak-menteseler/8674-italyan-yaprak-mentese/" "Mozilla/5.0 (Linux; Android 11; SAMSUNG SM-A207F) AppleWebKit/537.36 (KHTML, like Gecko) SamsungBrowser/15.0 Chrome/90.0.4430.210 Mobile Safari/537.36"
78.171.238.203 - - [05/May/2025:15:36:29 +0300] "GET /wp-includes/js/jquery/ui/core.min.js?ver=1.13.2 HTTP/2" 200 6801 "https://www.bmofis.com/urun/standart-cozumler/menteseler/yaprak-menteseler/8674-italyan-yaprak-mentese/" "Mozilla/5.0 (Linux; Android 11; SAMSUNG SM-A207F) AppleWebKit/537.36 (KHTML, like Gecko) SamsungBrowser/15.0 Chrome/90.0.4430.210 Mobile Safari/537.36"
78.171.238.203 - - [05/May/2025:15:36:29 +0300] "GET /wp-content/plugins/mega-addons-for-visual-composer/js/script.js?ver=6.5.5 HTTP/2" 200 1364 "https://www.bmofis.com/urun/standart-cozumler/menteseler/yaprak-menteseler/8674-italyan-yaprak-mentese/" "Mozilla/5.0 (Linux; Android 11; SAMSUNG SM-A207F) AppleWebKit/537.36 (KHTML, like Gecko) SamsungBrowser/15.0 Chrome/90.0.4430.210 Mobile Safari/537.36"
78.171.238.203 - - [05/May/2025:15:36:29 +0300] "GET /wp-content/plugins/woocommerce/assets/js/jquery-blockui/jquery.blockUI.min.js?ver=2.70 HTTP/2" 200 3280 "https://www.bmofis.com/urun/standart-cozumler/menteseler/yaprak-menteseler/8674-italyan-yaprak-mentese/" "Mozilla/5.0 (Linux; Android 11; SAMSUNG SM-A207F) AppleWebKit/537.36 (KHTML, like Gecko) SamsungBrowser/15.0 Chrome/90.0.4430.210 Mobile Safari/537.36"
78.171.238.203 - - [05/May/2025:15:36:29 +0300] "GET /wp-content/plugins/woocommerce/assets/js/frontend/add-to-cart.min.js?ver=3.8.3 HTTP/2" 200 906 "https://www.bmofis.com/urun/standart-cozumler/menteseler/yaprak-menteseler/8674-italyan-yaprak-mentese/" "Mozilla/5.0 (Linux; Android 11; SAMSUNG SM-A207F) AppleWebKit/537.36 (KHTML, like Gecko) SamsungBrowser/15.0 Chrome/90.0.4430.210 Mobile Safari/537.36"
78.171.238.203 - - [05/May/2025:15:36:29 +0300] "GET /wp-content/plugins/duracelltomi-google-tag-manager/js/gtm4wp-contact-form-7-tracker.js?ver=1.11.2 HTTP/2" 200 247 "https://www.bmofis.com/urun/standart-cozumler/menteseler/yaprak-menteseler/8674-italyan-yaprak-mentese/" "Mozilla/5.0 (Linux; Android 11; SAMSUNG SM-A207F) AppleWebKit/537.36 (KHTML, like Gecko) SamsungBrowser/15.0 Chrome/90.0.4430.210 Mobile Safari/537.36"
78.171.238.203 - - [05/May/2025:15:36:29 +0300] "GET /wp-content/plugins/duracelltomi-google-tag-manager/js/gtm4wp-form-move-tracker.js?ver=1.11.2 HTTP/2" 200 284 "https://www.bmofis.com/urun/standart-cozumler/menteseler/yaprak-menteseler/8674-italyan-yaprak-mentese/" "Mozilla/5.0 (Linux; Android 11; SAMSUNG SM-A207F) AppleWebKit/537.36 (KHTML, like Gecko) SamsungBrowser/15.0 Chrome/90.0.4430.210 Mobile Safari/537.36"
78.171.238.203 - - [05/May/2025:15:36:29 +0300] "GET /wp-content/plugins/js_composer_theme/assets/js/vendors/woocommerce-add-to-cart.js?ver=5.5.5 HTTP/2" 200 287 "https://www.bmofis.com/urun/standart-cozumler/menteseler/yaprak-menteseler/8674-italyan-yaprak-mentese/" "Mozilla/5.0 (Linux; Android 11; SAMSUNG SM-A207F) AppleWebKit/537.36 (KHTML, like Gecko) SamsungBrowser/15.0 Chrome/90.0.4430.210 Mobile Safari/537.36"
78.171.238.203 - - [05/May/2025:15:36:29 +0300] "GET /wp-content/plugins/advanced-woocommerce-product-gallery-slider/assets/js/jquery.zoom.min.js?ver=1.0 HTTP/2" 200 1033 "https://www.bmofis.com/urun/standart-cozumler/menteseler/yaprak-menteseler/8674-italyan-yaprak-mentese/" "Mozilla/5.0 (Linux; Android 11; SAMSUNG SM-A207F) AppleWebKit/537.36 (KHTML, like Gecko) SamsungBrowser/15.0 Chrome/90.0.4430.210 Mobile Safari/537.36"
