176.33.103.67 - - [05/May/2025:15:22:26 +0300] "POST /?wc-ajax=get_refreshed_fragments HTTP/2" 200 4359 "https://www.bmofis.com/urun-kategori/hidrolik-cozumler/hidrolik-dis-kapi-sistemleri/" "Mozilla/5.0 (iPhone; CPU iPhone OS 18_4_1 like Mac OS X) AppleWebKit/605.1.15 (KHTML, like Gecko) Version/18.4 Mobile/15E148 Safari/604.1"
176.33.103.67 - - [05/May/2025:15:22:30 +0300] "GET /urun-kategori/menteseler-hidrolik-dis-kapi-sistemleri HTTP/2" 301 0 "https://www.bmofis.com/urun-kategori/hidrolik-cozumler/hidrolik-dis-kapi-sistemleri/" "Mozilla/5.0 (iPhone; CPU iPhone OS 18_4_1 like Mac OS X) AppleWebKit/605.1.15 (KHTML, like Gecko) Version/18.4 Mobile/15E148 Safari/604.1"
176.33.103.67 - - [05/May/2025:15:22:30 +0300] "GET /urun-kategori/menteseler-hidrolik-dis-kapi-sistemleri/ HTTP/2" 200 17131 "https://www.bmofis.com/urun-kategori/hidrolik-cozumler/hidrolik-dis-kapi-sistemleri/" "Mozilla/5.0 (iPhone; CPU iPhone OS 18_4_1 like Mac OS X) AppleWebKit/605.1.15 (KHTML, like Gecko) Version/18.4 Mobile/15E148 Safari/604.1"
176.33.103.67 - - [05/May/2025:15:22:31 +0300] "GET /wp-content/uploads/2019/05/8201.jpg HTTP/2" 200 200181 "https://www.bmofis.com/urun-kategori/menteseler-hidrolik-dis-kapi-sistemleri/" "Mozilla/5.0 (iPhone; CPU iPhone OS 18_4_1 like Mac OS X) AppleWebKit/605.1.15 (KHTML, like Gecko) Version/18.4 Mobile/15E148 Safari/604.1"
176.33.103.67 - - [05/May/2025:15:22:31 +0300] "GET /wp-content/uploads/2019/05/8202.jpg HTTP/2" 200 109782 "https://www.bmofis.com/urun-kategori/menteseler-hidrolik-dis-kapi-sistemleri/" "Mozilla/5.0 (iPhone; CPU iPhone OS 18_4_1 like Mac OS X) AppleWebKit/605.1.15 (KHTML, like Gecko) Version/18.4 Mobile/15E148 Safari/604.1"
176.33.103.67 - - [05/May/2025:15:22:30 +0300] "POST /?wc-ajax=get_refreshed_fragments HTTP/2" 200 4332 "https://www.bmofis.com/urun-kategori/menteseler-hidrolik-dis-kapi-sistemleri/" "Mozilla/5.0 (iPhone; CPU iPhone OS 18_4_1 like Mac OS X) AppleWebKit/605.1.15 (KHTML, like Gecko) Version/18.4 Mobile/15E148 Safari/604.1"
176.33.103.67 - - [05/May/2025:15:22:31 +0300] "GET /wp-content/uploads/2019/05/8015JC.jpg HTTP/2" 200 241500 "https://www.bmofis.com/urun-kategori/menteseler-hidrolik-dis-kapi-sistemleri/" "Mozilla/5.0 (iPhone; CPU iPhone OS 18_4_1 like Mac OS X) AppleWebKit/605.1.15 (KHTML, like Gecko) Version/18.4 Mobile/15E148 Safari/604.1"
176.33.103.67 - - [05/May/2025:15:22:33 +0300] "GET /wp-content/uploads/2019/05/8010JC.jpg HTTP/2" 200 127667 "https://www.bmofis.com/urun-kategori/menteseler-hidrolik-dis-kapi-sistemleri/" "Mozilla/5.0 (iPhone; CPU iPhone OS 18_4_1 like Mac OS X) AppleWebKit/605.1.15 (KHTML, like Gecko) Version/18.4 Mobile/15E148 Safari/604.1"
176.33.103.67 - - [05/May/2025:15:22:34 +0300] "GET /wp-content/uploads/2019/05/8206.jpg HTTP/2" 200 684489 "https://www.bmofis.com/urun-kategori/menteseler-hidrolik-dis-kapi-sistemleri/" "Mozilla/5.0 (iPhone; CPU iPhone OS 18_4_1 like Mac OS X) AppleWebKit/605.1.15 (KHTML, like Gecko) Version/18.4 Mobile/15E148 Safari/604.1"
176.33.103.67 - - [05/May/2025:15:22:35 +0300] "GET /wp-content/uploads/2019/05/8205.jpg HTTP/2" 200 28564 "https://www.bmofis.com/urun-kategori/menteseler-hidrolik-dis-kapi-sistemleri/" "Mozilla/5.0 (iPhone; CPU iPhone OS 18_4_1 like Mac OS X) AppleWebKit/605.1.15 (KHTML, like Gecko) Version/18.4 Mobile/15E148 Safari/604.1"
176.33.103.67 - - [05/May/2025:15:22:35 +0300] "GET /wp-content/uploads/2019/05/8209.jpg HTTP/2" 200 21344 "https://www.bmofis.com/urun-kategori/menteseler-hidrolik-dis-kapi-sistemleri/" "Mozilla/5.0 (iPhone; CPU iPhone OS 18_4_1 like Mac OS X) AppleWebKit/605.1.15 (KHTML, like Gecko) Version/18.4 Mobile/15E148 Safari/604.1"
176.33.103.67 - - [05/May/2025:15:22:37 +0300] "GET /wp-content/uploads/2019/05/8208.jpg HTTP/2" 200 21428 "https://www.bmofis.com/urun-kategori/menteseler-hidrolik-dis-kapi-sistemleri/" "Mozilla/5.0 (iPhone; CPU iPhone OS 18_4_1 like Mac OS X) AppleWebKit/605.1.15 (KHTML, like Gecko) Version/18.4 Mobile/15E148 Safari/604.1"
176.33.103.67 - - [05/May/2025:15:22:38 +0300] "GET /wp-content/uploads/2019/05/8207.jpg HTTP/2" 200 682419 "https://www.bmofis.com/urun-kategori/menteseler-hidrolik-dis-kapi-sistemleri/" "Mozilla/5.0 (iPhone; CPU iPhone OS 18_4_1 like Mac OS X) AppleWebKit/605.1.15 (KHTML, like Gecko) Version/18.4 Mobile/15E148 Safari/604.1"
176.33.103.67 - - [05/May/2025:15:22:38 +0300] "GET /wp-content/uploads/2019/05/8204.jpg HTTP/2" 200 25257 "https://www.bmofis.com/urun-kategori/menteseler-hidrolik-dis-kapi-sistemleri/" "Mozilla/5.0 (iPhone; CPU iPhone OS 18_4_1 like Mac OS X) AppleWebKit/605.1.15 (KHTML, like Gecko) Version/18.4 Mobile/15E148 Safari/604.1"
176.33.103.67 - - [05/May/2025:15:22:40 +0300] "GET /wp-content/uploads/2019/05/A100E40.jpg HTTP/2" 200 52935 "https://www.bmofis.com/urun-kategori/menteseler-hidrolik-dis-kapi-sistemleri/" "Mozilla/5.0 (iPhone; CPU iPhone OS 18_4_1 like Mac OS X) AppleWebKit/605.1.15 (KHTML, like Gecko) Version/18.4 Mobile/15E148 Safari/604.1"
176.33.103.67 - - [05/May/2025:15:22:41 +0300] "GET /wp-content/uploads/2019/05/100E20.png HTTP/2" 200 58395 "https://www.bmofis.com/urun-kategori/menteseler-hidrolik-dis-kapi-sistemleri/" "Mozilla/5.0 (iPhone; CPU iPhone OS 18_4_1 like Mac OS X) AppleWebKit/605.1.15 (KHTML, like Gecko) Version/18.4 Mobile/15E148 Safari/604.1"
52.167.144.166 - - [05/May/2025:15:22:42 +0300] "GET /katalog/ofis-bolme-sistemleri-ve-cam-aksesuarlari/neus-sistem/4n20-farkli-aci-dereceleri-icin-cama-montaj-parcasi-/1/ HTTP/2" 200 21486 "-" "Mozilla/5.0 AppleWebKit/537.36 (KHTML, like Gecko; compatible; bingbot/2.0; +http://www.bing.com/bingbot.htm) Chrome/116.0.1938.76 Safari/537.36"
176.33.103.67 - - [05/May/2025:15:22:45 +0300] "GET /wp-content/uploads/2019/05/101E10.jpg HTTP/2" 200 139730 "https://www.bmofis.com/urun-kategori/menteseler-hidrolik-dis-kapi-sistemleri/" "Mozilla/5.0 (iPhone; CPU iPhone OS 18_4_1 like Mac OS X) AppleWebKit/605.1.15 (KHTML, like Gecko) Version/18.4 Mobile/15E148 Safari/604.1"
176.33.103.67 - - [05/May/2025:15:22:46 +0300] "GET /wp-content/uploads/2019/05/835E51.jpg HTTP/2" 200 602742 "https://www.bmofis.com/urun-kategori/menteseler-hidrolik-dis-kapi-sistemleri/" "Mozilla/5.0 (iPhone; CPU iPhone OS 18_4_1 like Mac OS X) AppleWebKit/605.1.15 (KHTML, like Gecko) Version/18.4 Mobile/15E148 Safari/604.1"
176.33.103.67 - - [05/May/2025:15:22:46 +0300] "GET /wp-content/uploads/2019/05/835E11.jpg HTTP/2" 200 599737 "https://www.bmofis.com/urun-kategori/menteseler-hidrolik-dis-kapi-sistemleri/" "Mozilla/5.0 (iPhone; CPU iPhone OS 18_4_1 like Mac OS X) AppleWebKit/605.1.15 (KHTML, like Gecko) Version/18.4 Mobile/15E148 Safari/604.1"
176.33.103.67 - - [05/May/2025:15:22:47 +0300] "GET /wp-content/uploads/2019/05/835E50.jpg HTTP/2" 200 602742 "https://www.bmofis.com/urun-kategori/menteseler-hidrolik-dis-kapi-sistemleri/" "Mozilla/5.0 (iPhone; CPU iPhone OS 18_4_1 like Mac OS X) AppleWebKit/605.1.15 (KHTML, like Gecko) Version/18.4 Mobile/15E148 Safari/604.1"
13.59.111.209 - - [05/May/2025:15:22:30 +0300] "GET /urun/hidrolik-cozumler/hidrolik-dis-kapi-sistemleri/patch-fittings/italyan-yuvali-alt-mil-1752mm-cam-kalinligi-icin?path=%2Fhome%2Fbmofiscom%2F.cagefs HTTP/2" 200 2454 "-" "Mozilla/5.0 AppleWebKit/537.36 (KHTML, like Gecko; compatible; ClaudeBot/1.0; +claudebot@anthropic.com)"
54.36.148.161 - - [05/May/2025:15:22:52 +0300] "GET /en/urun-kategori/glass-joint-joint-laths?filesrc=/home/bmofiscom/public_html/wp-shop.php&path=/home/bmofiscom/public_html HTTP/2" 200 4014 "-" "Mozilla/5.0 (compatible; AhrefsBot/7.0; +http://ahrefs.com/robot/)"
52.167.144.166 - - [05/May/2025:15:23:02 +0300] "GET /urun/standart-cozumler/dus-sistemleri-standart-cozumler/piuma-surme-dus-sistemi/piuma-cift-kanatli-surme-kose-dus-sistemi/teklif-al?b=bmo251c41000047-mercanti-fiorentini-moccasin HTTP/2" 403 1242 "-" "Mozilla/5.0 AppleWebKit/537.36 (KHTML, like Gecko; compatible; bingbot/2.0; +http://www.bing.com/bingbot.htm) Chrome/116.0.1938.76 Safari/537.36"
3.144.23.53 - - [05/May/2025:15:23:51 +0300] "GET /urun/hidrolik-cozumler/hidrolik-dis-kapi-sistemleri/patch-fittings/italyan-yuvali-alt-mil-1752mm-cam-kalinligi-icin?path=%2F%2Fsbin HTTP/2" 200 14847 "-" "Mozilla/5.0 AppleWebKit/537.36 (KHTML, like Gecko; compatible; ClaudeBot/1.0; +claudebot@anthropic.com)"
3.144.23.53 - - [05/May/2025:15:23:51 +0300] "GET /urun/hidrolik-cozumler/hidrolik-dis-kapi-sistemleri/patch-fittings/italyan-yuvali-alt-mil-1752mm-cam-kalinligi-icin?path=%2F%2Fsql HTTP/2" 200 2082 "-" "Mozilla/5.0 AppleWebKit/537.36 (KHTML, like Gecko; compatible; ClaudeBot/1.0; +claudebot@anthropic.com)"
3.144.23.53 - - [05/May/2025:15:23:51 +0300] "GET /urun/hidrolik-cozumler/hidrolik-dis-kapi-sistemleri/patch-fittings/italyan-yuvali-alt-mil-1752mm-cam-kalinligi-icin?path=%2F%2Flib64 HTTP/2" 200 41567 "-" "Mozilla/5.0 AppleWebKit/537.36 (KHTML, like Gecko; compatible; ClaudeBot/1.0; +claudebot@anthropic.com)"
3.144.23.53 - - [05/May/2025:15:23:52 +0300] "GET /urun/hidrolik-cozumler/hidrolik-dis-kapi-sistemleri/patch-fittings/italyan-yuvali-alt-mil-1752mm-cam-kalinligi-icin?path=%2F%2Flib HTTP/2" 200 3378 "-" "Mozilla/5.0 AppleWebKit/537.36 (KHTML, like Gecko; compatible; ClaudeBot/1.0; +claudebot@anthropic.com)"
54.36.148.46 - - [05/May/2025:15:24:01 +0300] "GET /en/urun-kategori/glass-joint-joint-laths?filesrc=/home/bmofiscom/public_html/wp-signup.php&path=/home/bmofiscom/public_html HTTP/2" 200 10529 "-" "Mozilla/5.0 (compatible; AhrefsBot/7.0; +http://ahrefs.com/robot/)"
52.167.144.166 - - [05/May/2025:15:24:03 +0300] "GET /urun/hidrolik-cozumler/hidrolik-dus-sistemleri/hidrolik-dus-kabini/slash-hidrolik-dus-kabini-duvar-ve-sabit-cam-arasi-kose-seti-tek-kanat/?b=bmo251c69100140-vionic-gemma-slippers HTTP/2" 403 1242 "-" "Mozilla/5.0 AppleWebKit/537.36 (KHTML, like Gecko; compatible; bingbot/2.0; +http://www.bing.com/bingbot.htm) Chrome/116.0.1938.76 Safari/537.36"
45.84.191.11 - - [05/May/2025:15:24:24 +0300] "POST /wp-admin/admin-ajax.php?action=async_litespeed&nonce=alg13Adi5nkiJJ9sTH2w3l5CwzJnMJtQ&litespeed_type=imgoptm HTTP/1.1" 200 5610 "-" "WordPress/6.5.5; https://www.bmofis.com"
52.167.144.166 - - [05/May/2025:15:24:42 +0300] "GET /urun/hidrolik-sistemler/hidrolik-dus-sistemleri/sauna-buhar-odasi-cozumleri-hidrolik-dus-sistemleri/kbt8061-buhar-odalari-ve-hamamlar-icin-hidrolik-set/teklif-al?b=bmo251c46100407-grand-palladium-colonial-resort-%26amp-spa HTTP/2" 403 1242 "-" "Mozilla/5.0 AppleWebKit/537.36 (KHTML, like Gecko; compatible; bingbot/2.0; +http://www.bing.com/bingbot.htm) Chrome/116.0.1938.76 Safari/537.36"
52.167.144.166 - - [05/May/2025:15:25:02 +0300] "GET /katalog/cam-kapi-menteseleri-ic/hidrolik-menteseler/8011-tek-yonlu-baglanti-plakasina-sahip-kapinin-kapanis-hizini-ayarlayabilen-hidrolik-mentese-0-90-90-lerde-du/1/247.aspx?b=bmo251c51887089 HTTP/2" 403 1242 "-" "Mozilla/5.0 AppleWebKit/537.36 (KHTML, like Gecko; compatible; bingbot/2.0; +http://www.bing.com/bingbot.htm) Chrome/116.0.1938.76 Safari/537.36"
54.36.149.53 - - [05/May/2025:15:25:09 +0300] "GET /en/urun-kategori/glass-joint-joint-laths?filesrc=/home/bmofiscom/public_html/wp-trackback.php&path=/home/bmofiscom/public_html HTTP/2" 200 3820 "-" "Mozilla/5.0 (compatible; AhrefsBot/7.0; +http://ahrefs.com/robot/)"
45.84.191.11 - - [05/May/2025:15:25:12 +0300] "POST /wp-admin/admin-ajax.php?action=async_litespeed&nonce=XXsg3dlIvs5WQ8zPWdaeuWDOFHVW8ozH&litespeed_type=imgoptm HTTP/1.1" 200 5610 "-" "WordPress/6.5.5; https://www.bmofis.com"
18.224.96.245 - - [05/May/2025:15:25:16 +0300] "GET /urun/hidrolik-cozumler/hidrolik-dis-kapi-sistemleri/patch-fittings/italyan-yuvali-alt-mil-1752mm-cam-kalinligi-icin?path=%2F%2Fboot HTTP/2" 200 3376 "-" "Mozilla/5.0 AppleWebKit/537.36 (KHTML, like Gecko; compatible; ClaudeBot/1.0; +claudebot@anthropic.com)"
18.224.96.245 - - [05/May/2025:15:25:16 +0300] "GET /urun/hidrolik-cozumler/hidrolik-dis-kapi-sistemleri/patch-fittings/italyan-yuvali-alt-mil-1752mm-cam-kalinligi-icin?path=%2F%2Ftmp HTTP/2" 200 3062 "-" "Mozilla/5.0 AppleWebKit/537.36 (KHTML, like Gecko; compatible; ClaudeBot/1.0; +claudebot@anthropic.com)"
18.224.96.245 - - [05/May/2025:15:25:16 +0300] "GET /urun/hidrolik-cozumler/hidrolik-dis-kapi-sistemleri/patch-fittings/italyan-yuvali-alt-mil-1752mm-cam-kalinligi-icin?path=%2F%2Fopt HTTP/2" 200 2587 "-" "Mozilla/5.0 AppleWebKit/537.36 (KHTML, like Gecko; compatible; ClaudeBot/1.0; +claudebot@anthropic.com)"
18.224.96.245 - - [05/May/2025:15:25:16 +0300] "GET /urun/hidrolik-cozumler/hidrolik-dis-kapi-sistemleri/patch-fittings/italyan-yuvali-alt-mil-1752mm-cam-kalinligi-icin?path=%2F%2Fsrv HTTP/2" 200 2082 "-" "Mozilla/5.0 AppleWebKit/537.36 (KHTML, like Gecko; compatible; ClaudeBot/1.0; +claudebot@anthropic.com)"
167.99.220.164 - - [05/May/2025:15:25:36 +0300] "GET /urun-kategori/profil-sistemleri HTTP/2" 301 0 "-" "Mozilla/5.0 (Windows NT 10.0; Win64; x64) AppleWebKit/537.36 (KHTML, like Gecko) Chrome/124.0.0.0 Safari/537.36"
52.167.144.204 - - [05/May/2025:15:25:42 +0300] "GET /sitemap_index.xml HTTP/2" 200 4541 "-" "Mozilla/5.0 AppleWebKit/537.36 (KHTML, like Gecko; compatible; bingbot/2.0; +http://www.bing.com/bingbot.htm) Chrome/116.0.1938.76 Safari/537.36"
176.33.103.67 - - [05/May/2025:15:22:57 +0300] "POST /?wc-ajax=get_refreshed_fragments HTTP/2" 200 4354 "https://www.bmofis.com/urun-kategori/hidrolik-cozumler/hidrolik-dis-kapi-sistemleri/" "Mozilla/5.0 (iPhone; CPU iPhone OS 18_4_1 like Mac OS X) AppleWebKit/605.1.15 (KHTML, like Gecko) Version/18.4 Mobile/15E148 Safari/604.1"
176.33.103.67 - - [05/May/2025:15:22:58 +0300] "POST /?wc-ajax=get_refreshed_fragments HTTP/2" 200 4354 "https://www.bmofis.com/" "Mozilla/5.0 (iPhone; CPU iPhone OS 18_4_1 like Mac OS X) AppleWebKit/605.1.15 (KHTML, like Gecko) Version/18.4 Mobile/15E148 Safari/604.1"
52.167.144.166 - - [05/May/2025:15:23:22 +0300] "GET /urun/slash-hidrolik-dus-kabini-duvar-ve-sabit-cam-arasi-kose-seti-bir-kanat-bir-sabit/?b=bmo251c47500400-politix-jeans-australia HTTP/2" 403 1242 "-" "Mozilla/5.0 AppleWebKit/537.36 (KHTML, like Gecko; compatible; bingbot/2.0; +http://www.bing.com/bingbot.htm) Chrome/116.0.1938.76 Safari/537.36"
52.167.144.166 - - [05/May/2025:15:23:42 +0300] "GET /urun/hidrolik-sistemler/hidrolik-dus-sistemleri/sauna-buhar-odasi-cozumleri-hidrolik-dus-sistemleri/kbt8061-buhar-odalari-ve-hamamlar-icin-hidrolik-set/teklif-al?b=bmo251c30900290-jack-by-bb-dakota-haddie-coat HTTP/2" 403 1242 "-" "Mozilla/5.0 AppleWebKit/537.36 (KHTML, like Gecko; compatible; bingbot/2.0; +http://www.bing.com/bingbot.htm) Chrome/116.0.1938.76 Safari/537.36"
45.84.191.11 - - [05/May/2025:15:23:53 +0300] "POST /wp-cron.php?doing_wp_cron=1746447833.0733699798583984375000 HTTP/1.1" 200 0 "-" "WordPress/6.5.5; https://www.bmofis.com"
45.84.191.11 - - [05/May/2025:15:23:54 +0300] "POST /wp-admin/admin-ajax.php?action=async_litespeed&nonce=1EnxTrIogiaiiDjmmjDFLNHjsuJ5J16H&litespeed_type=imgoptm HTTP/1.1" 200 5619 "-" "WordPress/6.5.5; https://www.bmofis.com"
52.167.144.166 - - [05/May/2025:15:24:23 +0300] "GET /urun/slash-hidrolik-dus-kabini-duvar-ve-sabit-cam-arasi-kose-seti-bir-kanat-bir-sabit/?b=bmo251c9400218-adidas-boost-by-stella-mccartney HTTP/2" 403 1242 "-" "Mozilla/5.0 AppleWebKit/537.36 (KHTML, like Gecko; compatible; bingbot/2.0; +http://www.bing.com/bingbot.htm) Chrome/116.0.1938.76 Safari/537.36"
45.84.191.11 - - [05/May/2025:15:25:11 +0300] "POST /wp-cron.php?doing_wp_cron=1746447911.1905190944671630859375 HTTP/1.1" 200 0 "-" "WordPress/6.5.5; https://www.bmofis.com"
95.108.213.86 - - [05/May/2025:15:25:12 +0300] "GET /?b=11696115 HTTP/1.1" 403 1242 "-" "Mozilla/5.0 (compatible; YandexBot/3.0; +http://yandex.com/bots)"
52.167.144.166 - - [05/May/2025:15:25:22 +0300] "GET /urun/standart-cozumler/dus-sistemleri-standart-cozumler/topuz-ve-kollar-dus-sistemleri-standart-cozumler/5h03-h-tip-boru-kol/teklif-al?b=bmo251c5555272 HTTP/2" 403 1242 "-" "Mozilla/5.0 AppleWebKit/537.36 (KHTML, like Gecko; compatible; bingbot/2.0; +http://www.bing.com/bingbot.htm) Chrome/116.0.1938.76 Safari/537.36"
18.118.28.11 - - [05/May/2025:15:26:38 +0300] "GET /urun/hidrolik-cozumler/hidrolik-dis-kapi-sistemleri/patch-fittings/italyan-yuvali-alt-mil-1752mm-cam-kalinligi-icin?path=%2F%2Fvar HTTP/2" 200 3221 "-" "Mozilla/5.0 AppleWebKit/537.36 (KHTML, like Gecko; compatible; ClaudeBot/1.0; +claudebot@anthropic.com)"
18.118.28.11 - - [05/May/2025:15:26:38 +0300] "GET /urun/hidrolik-cozumler/hidrolik-dis-kapi-sistemleri/patch-fittings/italyan-yuvali-alt-mil-1752mm-cam-kalinligi-icin?aksi=buatfolder&path=%2Fhome%2Fbmofiscom HTTP/2" 200 2037 "-" "Mozilla/5.0 AppleWebKit/537.36 (KHTML, like Gecko; compatible; ClaudeBot/1.0; +claudebot@anthropic.com)"
18.118.28.11 - - [05/May/2025:15:26:38 +0300] "GET /urun/hidrolik-cozumler/hidrolik-dis-kapi-sistemleri/patch-fittings/italyan-yuvali-alt-mil-1752mm-cam-kalinligi-icin?path=%2F%2Fbin HTTP/2" 200 42291 "-" "Mozilla/5.0 AppleWebKit/537.36 (KHTML, like Gecko; compatible; ClaudeBot/1.0; +claudebot@anthropic.com)"
18.118.28.11 - - [05/May/2025:15:26:38 +0300] "GET /urun/hidrolik-cozumler/hidrolik-dis-kapi-sistemleri/patch-fittings/italyan-yuvali-alt-mil-1752mm-cam-kalinligi-icin?filesrc=%2F%2Ferror_log&path=%2F HTTP/2" 200 3144 "-" "Mozilla/5.0 AppleWebKit/537.36 (KHTML, like Gecko; compatible; ClaudeBot/1.0; +claudebot@anthropic.com)"
52.167.144.166 - - [05/May/2025:15:27:02 +0300] "GET /urun/hidrolik-cozumler/hidrolik-dus-sistemleri/hidrolik-dus-kabini/slash-hidrolik-dus-kabini-iki-duvar-arasi-tek-kanat/teklif-al?b=bmo251c51900262-sarah-j-maas-a-court-of-frost-and-starlight-series HTTP/2" 403 1242 "-" "Mozilla/5.0 AppleWebKit/537.36 (KHTML, like Gecko; compatible; bingbot/2.0; +http://www.bing.com/bingbot.htm) Chrome/116.0.1938.76 Safari/537.36"
54.36.148.236 - - [05/May/2025:15:27:28 +0300] "GET /en/urun-kategori/glass-joint-joint-laths?filesrc=/home/bmofiscom/public_html/yedekht&path=/home/bmofiscom/public_html HTTP/2" 200 3054 "-" "Mozilla/5.0 (compatible; AhrefsBot/7.0; +http://ahrefs.com/robot/)"
52.167.144.204 - - [05/May/2025:15:27:42 +0300] "GET /urun/slash-hidrolik-dus-kabini-duvar-ve-sabit-cam-arasi-kose-seti-bir-kanat-bir-sabit/?b=bmo251c28900055-where-is-hoodrich-pablo-juan-from HTTP/2" 403 1242 "-" "Mozilla/5.0 AppleWebKit/537.36 (KHTML, like Gecko; compatible; bingbot/2.0; +http://www.bing.com/bingbot.htm) Chrome/116.0.1938.76 Safari/537.36"
40.77.167.55 - - [05/May/2025:15:27:57 +0300] "GET /en/urun-kategori/standart-cozumler/ofis-bolme-sistemleri/?b=bmo251c21700231-eddie-bauer-plus-size HTTP/2" 403 1242 "-" "Mozilla/5.0 AppleWebKit/537.36 (KHTML, like Gecko; compatible; bingbot/2.0; +http://www.bing.com/bingbot.htm) Chrome/116.0.1938.76 Safari/537.36"
3.145.86.137 - - [05/May/2025:15:28:00 +0300] "GET /urun/hidrolik-cozumler/hidrolik-dis-kapi-sistemleri/patch-fittings/italyan-yuvali-alt-mil-1752mm-cam-kalinligi-icin?path=%2F%2Fafs HTTP/2" 200 2082 "-" "Mozilla/5.0 AppleWebKit/537.36 (KHTML, like Gecko; compatible; ClaudeBot/1.0; +claudebot@anthropic.com)"
3.145.86.137 - - [05/May/2025:15:28:00 +0300] "GET /urun/hidrolik-cozumler/hidrolik-dis-kapi-sistemleri/patch-fittings/italyan-yuvali-alt-mil-1752mm-cam-kalinligi-icin?path=%2F%2Fproc HTTP/2" 200 6964 "-" "Mozilla/5.0 AppleWebKit/537.36 (KHTML, like Gecko; compatible; ClaudeBot/1.0; +claudebot@anthropic.com)"
3.145.86.137 - - [05/May/2025:15:28:00 +0300] "GET /urun/hidrolik-cozumler/hidrolik-dis-kapi-sistemleri/patch-fittings/italyan-yuvali-alt-mil-1752mm-cam-kalinligi-icin?path=%2F%2Fwebler HTTP/2" 200 2268 "-" "Mozilla/5.0 AppleWebKit/537.36 (KHTML, like Gecko; compatible; ClaudeBot/1.0; +claudebot@anthropic.com)"
3.145.86.137 - - [05/May/2025:15:28:00 +0300] "GET /urun/hidrolik-cozumler/hidrolik-dis-kapi-sistemleri/patch-fittings/italyan-yuvali-alt-mil-1752mm-cam-kalinligi-icin?path=%2F%2Fdev HTTP/2" 200 3042 "-" "Mozilla/5.0 AppleWebKit/537.36 (KHTML, like Gecko; compatible; ClaudeBot/1.0; +claudebot@anthropic.com)"
52.167.144.166 - - [05/May/2025:15:26:02 +0300] "GET /katalog/ofis-bolme-sistemleri-ve-cam-aksesuarlari/sikilastirma-ve-tutturma-braketleri/4076-810-mm-cam-icin-kucuk-kelepce-farkli-kalinliklari-belirtiniz-yaricap-ile-/1/298.aspx?b=bmo251c37800266-a-big-mistress-little-slave-trampling-and-lesbian-pee-video HTTP/2" 403 1242 "-" "Mozilla/5.0 AppleWebKit/537.36 (KHTML, like Gecko; compatible; bingbot/2.0; +http://www.bing.com/bingbot.htm) Chrome/116.0.1938.76 Safari/537.36"
37.230.196.116 - - [05/May/2025:15:26:23 +0300] "GET /wp-content/uploads/2019/04/14_CROMO_LUCIDO.jpg HTTP/1.1" 200 171887 "-" "Mozilla/5.0 (Windows NT 10.0; Win64; x64) AppleWebKit/537.36 (KHTML, like Gecko) Chrome/120.0.0.0 Safari/537.36"
45.84.191.11 - - [05/May/2025:15:26:24 +0300] "POST /wp-cron.php?doing_wp_cron=1746447984.8951470851898193359375 HTTP/1.1" 200 0 "-" "WordPress/6.5.5; https://www.bmofis.com"
54.36.148.65 - - [05/May/2025:15:26:22 +0300] "GET /en/urun-kategori/glass-joint-joint-laths?filesrc=/home/bmofiscom/public_html/xmlrpc.php&path=/home/bmofiscom/public_html HTTP/2" 200 3448 "-" "Mozilla/5.0 (compatible; AhrefsBot/7.0; +http://ahrefs.com/robot/)"
45.84.191.11 - - [05/May/2025:15:26:26 +0300] "POST /wp-admin/admin-ajax.php?action=async_litespeed&nonce=XrRi1CY6uLu5OtzxBiOUsWtRKYToT5KT&litespeed_type=imgoptm HTTP/1.1" 200 5610 "-" "WordPress/6.5.5; https://www.bmofis.com"
114.119.139.104 - - [05/May/2025:15:26:39 +0300] "GET /en/urun-kategori/shower-systems?b=bmo251c30700431-j-crew-cora-slides HTTP/1.1" 403 1242 "https://www.bmofis.com/en/urun-kategori/shower-systems?b=bmo251c30679321" "Mozilla/5.0 (Linux; Android 7.0;) AppleWebKit/537.36 (KHTML, like Gecko) Mobile Safari/537.36 (compatible; PetalBot;+https://webmaster.petalsearch.com/site/petalbot)"
52.167.144.204 - - [05/May/2025:15:26:42 +0300] "GET /urun/standart-cozumler/ofis-bolme-sistemleri/profil-sistemleri/poise-bolme-sistemi/teklif-al?b=bmo251c41200058-michael-sanchez-lauren-sanchez HTTP/2" 403 1242 "-" "Mozilla/5.0 AppleWebKit/537.36 (KHTML, like Gecko; compatible; bingbot/2.0; +http://www.bing.com/bingbot.htm) Chrome/116.0.1938.76 Safari/537.36"
52.167.144.204 - - [05/May/2025:15:27:22 +0300] "GET /urun/hidrolik-sistemler/hidrolik-dis-kapi-sistemleri/menteseler-hidrolik-dis-kapi-sistemleri/triloba-150kg-kapasiteli-hidrolik-mentese-alt-mentese/teklif-al?b=bmo251c4600418-florida-lotto-winning-numbers-for-today HTTP/2" 403 1242 "-" "Mozilla/5.0 AppleWebKit/537.36 (KHTML, like Gecko; compatible; bingbot/2.0; +http://www.bing.com/bingbot.htm) Chrome/116.0.1938.76 Safari/537.36"
45.84.191.11 - - [05/May/2025:15:27:30 +0300] "POST /wp-cron.php?doing_wp_cron=1746448050.0915110111236572265625 HTTP/1.1" 200 0 "-" "WordPress/6.5.5; https://www.bmofis.com"
45.84.191.11 - - [05/May/2025:15:27:31 +0300] "POST /wp-admin/admin-ajax.php?action=async_litespeed&nonce=KZXcs5i1GoOZijztTuzEe6h5Y8B7DxmT&litespeed_type=imgoptm HTTP/1.1" 200 5610 "-" "WordPress/6.5.5; https://www.bmofis.com"
52.167.144.204 - - [05/May/2025:15:28:02 +0300] "GET /urun/hidrolik-sistemler/hidrolik-dis-kapi-sistemleri/menteseler-hidrolik-dis-kapi-sistemleri/triloba-150kg-kapasiteli-hidrolik-mentese-alt-mentese/teklif-al?b=bmo251c19300171-danner-boot-dressing HTTP/2" 403 1242 "-" "Mozilla/5.0 AppleWebKit/537.36 (KHTML, like Gecko; compatible; bingbot/2.0; +http://www.bing.com/bingbot.htm) Chrome/116.0.1938.76 Safari/537.36"
45.84.191.11 - - [05/May/2025:15:28:28 +0300] "POST /wp-cron.php?doing_wp_cron=1746448108.3101809024810791015625 HTTP/1.1" 200 0 "-" "WordPress/6.5.5; https://www.bmofis.com"
54.36.148.152 - - [05/May/2025:15:28:31 +0300] "GET /katalog/cam-kapi-kilitleri-ve-cam-kapi-kollari/cam-kapi-kilitleri/674w02-binili-kapilar-icin-yatay-kilit-loq/1/748.aspx HTTP/2" 200 4231 "-" "Mozilla/5.0 (compatible; AhrefsBot/7.0; +http://ahrefs.com/robot/)"
52.167.144.204 - - [05/May/2025:15:28:22 +0300] "GET /urun/standart-cozumler/dus-sistemleri-standart-cozumler/piuma-surme-dus-sistemi/piuma-cift-kanatli-surme-kose-dus-sistemi/teklif-al?b=bmo251c71400330-yosi-samra-ballet-flats-gold HTTP/2" 403 1242 "-" "Mozilla/5.0 AppleWebKit/537.36 (KHTML, like Gecko; compatible; bingbot/2.0; +http://www.bing.com/bingbot.htm) Chrome/116.0.1938.76 Safari/537.36"
54.36.149.24 - - [05/May/2025:15:28:27 +0300] "GET /en/urun-kategori/glass-joint-joint-laths?info HTTP/2" 200 2219 "-" "Mozilla/5.0 (compatible; AhrefsBot/7.0; +http://ahrefs.com/robot/)"
45.84.191.11 - - [05/May/2025:15:28:29 +0300] "POST /wp-admin/admin-ajax.php?action=async_litespeed&nonce=oG3NgzssH2xUMgcH8jxYpxe8HLZh7V0E&litespeed_type=imgoptm HTTP/1.1" 200 5657 "-" "WordPress/6.5.5; https://www.bmofis.com"
52.167.144.204 - - [05/May/2025:15:28:43 +0300] "GET /urun/hidrolik-sistemler/hidrolik-dus-sistemleri/hidrolik-dus-kabini/slash-hidrolik-dus-kabini-iki-sabit-cam-arasi-bir-kanat-bir-sabit/teklif-al?b=bmo251c23300373-eytys-shoes-review HTTP/2" 403 1242 "-" "Mozilla/5.0 AppleWebKit/537.36 (KHTML, like Gecko; compatible; bingbot/2.0; +http://www.bing.com/bingbot.htm) Chrome/116.0.1938.76 Safari/537.36"
52.167.144.204 - - [05/May/2025:15:29:03 +0300] "GET /urun/standart-cozumler/ofis-bolme-sistemleri/cam-birlesim-derz-citalari/pcc17-3-iki-yollu-aluminyum-birlesim-profili-8-1238mm/?b=bmo251c12800146-bobs-from-skechers-bobs-plush-peace-%26-love-6-choc HTTP/2" 403 1242 "-" "Mozilla/5.0 AppleWebKit/537.36 (KHTML, like Gecko; compatible; bingbot/2.0; +http://www.bing.com/bingbot.htm) Chrome/116.0.1938.76 Safari/537.36"
54.36.148.218 - - [05/May/2025:15:29:37 +0300] "GET /en/urun-kategori/glass-joint-joint-laths?keluar=true HTTP/2" 200 4227 "-" "Mozilla/5.0 (compatible; AhrefsBot/7.0; +http://ahrefs.com/robot/)"
52.167.144.204 - - [05/May/2025:15:29:42 +0300] "GET /urun/pcc17-3-iki-yollu-aluminyum-birlesim-profili-8-1238mm/?b=bmo251c52500262-lee-reloading-press HTTP/2" 403 1242 "-" "Mozilla/5.0 AppleWebKit/537.36 (KHTML, like Gecko; compatible; bingbot/2.0; +http://www.bing.com/bingbot.htm) Chrome/116.0.1938.76 Safari/537.36"
52.167.144.204 - - [05/May/2025:15:30:22 +0300] "GET /urun/hidrolik-sistemler/hidrolik-dus-sistemleri/sauna-buhar-odasi-cozumleri-hidrolik-dus-sistemleri/kbt8061-buhar-odalari-ve-hamamlar-icin-hidrolik-set/teklif-al?b=bmo251c8300327-what-does-the-6-mean-on-nba-jersey HTTP/2" 403 1242 "-" "Mozilla/5.0 AppleWebKit/537.36 (KHTML, like Gecko; compatible; bingbot/2.0; +http://www.bing.com/bingbot.htm) Chrome/116.0.1938.76 Safari/537.36"
52.167.144.204 - - [05/May/2025:15:30:42 +0300] "GET /katalog/dus-kabini-aksesuarlari/yayli-menteseler/8560-dus-kabinler-icin-yayli-mentese-sadece-acmak-icin-cekin-0-90%E2%80%99da-durur-/1/149.aspx?b=bmo251c33100075-k-swiss-tennis-shoes-for-women HTTP/2" 403 1242 "-" "Mozilla/5.0 AppleWebKit/537.36 (KHTML, like Gecko; compatible; bingbot/2.0; +http://www.bing.com/bingbot.htm) Chrome/116.0.1938.76 Safari/537.36"
45.84.191.11 - - [05/May/2025:15:30:47 +0300] "POST /wp-cron.php?doing_wp_cron=1746448247.5973880290985107421875 HTTP/1.1" 200 0 "-" "WordPress/6.5.5; https://www.bmofis.com"
54.36.149.10 - - [05/May/2025:15:30:46 +0300] "GET /en/urun-kategori/glass-joint-joint-laths?option&path=/home/bmofiscom/public_html HTTP/2" 200 1964 "-" "Mozilla/5.0 (compatible; AhrefsBot/7.0; +http://ahrefs.com/robot/)"
45.84.191.11 - - [05/May/2025:15:30:49 +0300] "POST /wp-admin/admin-ajax.php?action=async_litespeed&nonce=y1fUFAT6Wa39M3wHB8f77ouU9Tod9gKh&litespeed_type=imgoptm HTTP/1.1" 200 5610 "-" "WordPress/6.5.5; https://www.bmofis.com"
52.167.144.204 - - [05/May/2025:15:31:03 +0300] "GET /urun/standart-cozumler/dus-sistemleri-standart-cozumler/hip-zac-surme-dus-sistemi/bz06-hip-zac-kit-with-two-fixed-panels-round-profile/teklif-al?b=bmo251c23600009-fair-harbor-ferry-schedule HTTP/2" 403 1242 "-" "Mozilla/5.0 AppleWebKit/537.36 (KHTML, like Gecko; compatible; bingbot/2.0; +http://www.bing.com/bingbot.htm) Chrome/116.0.1938.76 Safari/537.36"
18.116.100.166 - - [05/May/2025:15:31:03 +0300] "GET /urun/hidrolik-cozumler/hidrolik-dis-kapi-sistemleri/patch-fittings/italyan-yuvali-alt-mil-1752mm-cam-kalinligi-icin?aksi=buatfolder&path=%2Fhome HTTP/2" 200 2017 "-" "Mozilla/5.0 AppleWebKit/537.36 (KHTML, like Gecko; compatible; ClaudeBot/1.0; +claudebot@anthropic.com)"
18.116.100.166 - - [05/May/2025:15:31:03 +0300] "GET /urun/hidrolik-cozumler/hidrolik-dis-kapi-sistemleri/patch-fittings/italyan-yuvali-alt-mil-1752mm-cam-kalinligi-icin?aksi=buatfile&path=%2Fhome%2Fbmofiscom HTTP/2" 200 3451 "-" "Mozilla/5.0 AppleWebKit/537.36 (KHTML, like Gecko; compatible; ClaudeBot/1.0; +claudebot@anthropic.com)"
18.116.100.166 - - [05/May/2025:15:31:03 +0300] "GET /urun/hidrolik-cozumler/hidrolik-dis-kapi-sistemleri/patch-fittings/italyan-yuvali-alt-mil-1752mm-cam-kalinligi-icin?path=%2F%2Fsys HTTP/2" 200 2620 "-" "Mozilla/5.0 AppleWebKit/537.36 (KHTML, like Gecko; compatible; ClaudeBot/1.0; +claudebot@anthropic.com)"
18.116.100.166 - - [05/May/2025:15:31:04 +0300] "GET /urun/hidrolik-cozumler/hidrolik-dis-kapi-sistemleri/patch-fittings/italyan-yuvali-alt-mil-1752mm-cam-kalinligi-icin?aksi=ransom&path=%2Fhome%2Fbmofiscom HTTP/2" 200 3421 "-" "Mozilla/5.0 AppleWebKit/537.36 (KHTML, like Gecko; compatible; ClaudeBot/1.0; +claudebot@anthropic.com)"
45.84.191.11 - - [05/May/2025:15:31:06 +0300] "POST /wp-admin/admin-ajax.php?action=async_litespeed&nonce=7Wwn2mXyibaqbLb1l4lXixwcbSHTFKUW&litespeed_type=imgoptm HTTP/1.1" 200 5610 "-" "WordPress/6.5.5; https://www.bmofis.com"
213.180.203.190 - - [05/May/2025:15:31:33 +0300] "GET /wp-json/oembed/1.0/imageurl}?b=bmo251c55200143-remonte-maddita-70 HTTP/1.1" 403 1242 "-" "Mozilla/5.0 (compatible; YandexBot/3.0; +http://yandex.com/bots)"
52.167.144.204 - - [05/May/2025:15:31:42 +0300] "GET /urun/hidrolik-sistemler/hidrolik-dus-sistemleri/hidrolik-dus-kabini/slash-hidrolik-dus-kabini-duvar-ve-sabit-cam-arasi-kose-seti-tek-kanat/teklif-al?b=bmo251c52000204-gold-prices-jm-bullion HTTP/2" 403 1242 "-" "Mozilla/5.0 AppleWebKit/537.36 (KHTML, like Gecko; compatible; bingbot/2.0; +http://www.bing.com/bingbot.htm) Chrome/116.0.1938.76 Safari/537.36"
149.140.25.205 - - [05/May/2025:15:31:51 +0300] "GET /dokumanlar/ HTTP/2" 200 22302 "https://www.google.com/url?q=https://www.bmofis.com/dokumanlar/&sa=U&sqi=2&ved=2ahUKEwjn5Mn3qoyNAxW6BNsEHQJtDj8Q0gIoAHoECDQQAQ&usg=AOvVaw3C1D1e6v3j507QNhESq0Os" "Mozilla/5.0 (iPhone; CPU iPhone OS 18_4_1 like Mac OS X) AppleWebKit/605.1.15 (KHTML, like Gecko) GSA/365.1.750410080 Mobile/15E148 Safari/604.1"
149.140.25.205 - - [05/May/2025:15:31:51 +0300] "GET /wp-content/themes/benim-ofis/woocommer-only.css HTTP/2" 200 1866 "https://www.bmofis.com/dokumanlar/" "Mozilla/5.0 (iPhone; CPU iPhone OS 18_4_1 like Mac OS X) AppleWebKit/605.1.15 (KHTML, like Gecko) GSA/365.1.750410080 Mobile/15E148 Safari/604.1"
149.140.25.205 - - [05/May/2025:15:31:51 +0300] "GET /wp-content/plugins/wp-video-lightbox/css/prettyPhoto.css?ver=6.5.5 HTTP/2" 200 2609 "https://www.bmofis.com/dokumanlar/" "Mozilla/5.0 (iPhone; CPU iPhone OS 18_4_1 like Mac OS X) AppleWebKit/605.1.15 (KHTML, like Gecko) GSA/365.1.750410080 Mobile/15E148 Safari/604.1"
149.140.25.205 - - [05/May/2025:15:31:51 +0300] "GET /wp-content/plugins/wp-video-lightbox/wp-video-lightbox.css?ver=6.5.5 HTTP/2" 200 387 "https://www.bmofis.com/dokumanlar/" "Mozilla/5.0 (iPhone; CPU iPhone OS 18_4_1 like Mac OS X) AppleWebKit/605.1.15 (KHTML, like Gecko) GSA/365.1.750410080 Mobile/15E148 Safari/604.1"
149.140.25.205 - - [05/May/2025:15:31:51 +0300] "GET /wp-includes/css/dist/block-library/style.min.css?ver=6.5.5 HTTP/2" 200 14071 "https://www.bmofis.com/dokumanlar/" "Mozilla/5.0 (iPhone; CPU iPhone OS 18_4_1 like Mac OS X) AppleWebKit/605.1.15 (KHTML, like Gecko) GSA/365.1.750410080 Mobile/15E148 Safari/604.1"
149.140.25.205 - - [05/May/2025:15:31:51 +0300] "GET /wp-content/plugins/woocommerce/packages/woocommerce-blocks/build/style.css?ver=2.4.5 HTTP/2" 200 3932 "https://www.bmofis.com/dokumanlar/" "Mozilla/5.0 (iPhone; CPU iPhone OS 18_4_1 like Mac OS X) AppleWebKit/605.1.15 (KHTML, like Gecko) GSA/365.1.750410080 Mobile/15E148 Safari/604.1"
149.140.25.205 - - [05/May/2025:15:31:51 +0300] "GET /wp-content/plugins/contact-form-7/includes/css/styles.css?ver=5.1.5 HTTP/2" 200 557 "https://www.bmofis.com/dokumanlar/" "Mozilla/5.0 (iPhone; CPU iPhone OS 18_4_1 like Mac OS X) AppleWebKit/605.1.15 (KHTML, like Gecko) GSA/365.1.750410080 Mobile/15E148 Safari/604.1"
149.140.25.205 - - [05/May/2025:15:31:51 +0300] "GET /wp-content/plugins/mega-addons-for-visual-composer/css/style.css?ver=6.5.5 HTTP/2" 200 505 "https://www.bmofis.com/dokumanlar/" "Mozilla/5.0 (iPhone; CPU iPhone OS 18_4_1 like Mac OS X) AppleWebKit/605.1.15 (KHTML, like Gecko) GSA/365.1.750410080 Mobile/15E148 Safari/604.1"
149.140.25.205 - - [05/May/2025:15:31:51 +0300] "GET /wp-content/plugins/mega-addons-for-visual-composer/css/font-awesome/css/font-awesome.css?ver=6.5.5 HTTP/2" 200 7001 "https://www.bmofis.com/dokumanlar/" "Mozilla/5.0 (iPhone; CPU iPhone OS 18_4_1 like Mac OS X) AppleWebKit/605.1.15 (KHTML, like Gecko) GSA/365.1.750410080 Mobile/15E148 Safari/604.1"
149.140.25.205 - - [05/May/2025:15:31:51 +0300] "GET /wp-content/plugins/responsive-youtube-vimeo-popup/assets/css/wp-video-popup.css?ver=2.7 HTTP/2" 200 295 "https://www.bmofis.com/dokumanlar/" "Mozilla/5.0 (iPhone; CPU iPhone OS 18_4_1 like Mac OS X) AppleWebKit/605.1.15 (KHTML, like Gecko) GSA/365.1.750410080 Mobile/15E148 Safari/604.1"
149.140.25.205 - - [05/May/2025:15:31:51 +0300] "GET /wp-content/plugins/revslider/public/assets/css/settings.css?ver=5.4.8.1 HTTP/2" 200 9202 "https://www.bmofis.com/dokumanlar/" "Mozilla/5.0 (iPhone; CPU iPhone OS 18_4_1 like Mac OS X) AppleWebKit/605.1.15 (KHTML, like Gecko) GSA/365.1.750410080 Mobile/15E148 Safari/604.1"
149.140.25.205 - - [05/May/2025:15:31:51 +0300] "GET /wp-content/plugins/woocommerce/assets/css/woocommerce-layout.css?ver=3.8.3 HTTP/2" 200 1988 "https://www.bmofis.com/dokumanlar/" "Mozilla/5.0 (iPhone; CPU iPhone OS 18_4_1 like Mac OS X) AppleWebKit/605.1.15 (KHTML, like Gecko) GSA/365.1.750410080 Mobile/15E148 Safari/604.1"
149.140.25.205 - - [05/May/2025:15:31:51 +0300] "GET /wp-content/plugins/woocommerce/assets/css/woocommerce-smallscreen.css?ver=3.8.3 HTTP/2" 200 944 "https://www.bmofis.com/dokumanlar/" "Mozilla/5.0 (iPhone; CPU iPhone OS 18_4_1 like Mac OS X) AppleWebKit/605.1.15 (KHTML, like Gecko) GSA/365.1.750410080 Mobile/15E148 Safari/604.1"
149.140.25.205 - - [05/May/2025:15:31:51 +0300] "GET /wp-content/plugins/woocommerce/assets/css/woocommerce.css?ver=3.8.3 HTTP/2" 200 8369 "https://www.bmofis.com/dokumanlar/" "Mozilla/5.0 (iPhone; CPU iPhone OS 18_4_1 like Mac OS X) AppleWebKit/605.1.15 (KHTML, like Gecko) GSA/365.1.750410080 Mobile/15E148 Safari/604.1"
149.140.25.205 - - [05/May/2025:15:31:51 +0300] "GET /wp-content/plugins/wp-slick-slider-and-image-carousel/assets/css/slick.css?ver=1.8 HTTP/2" 200 506 "https://www.bmofis.com/dokumanlar/" "Mozilla/5.0 (iPhone; CPU iPhone OS 18_4_1 like Mac OS X) AppleWebKit/605.1.15 (KHTML, like Gecko) GSA/365.1.750410080 Mobile/15E148 Safari/604.1"
149.140.25.205 - - [05/May/2025:15:31:51 +0300] "GET /wp-content/plugins/wp-slick-slider-and-image-carousel/assets/css/slick-slider-style.css?ver=1.8 HTTP/2" 200 2020 "https://www.bmofis.com/dokumanlar/" "Mozilla/5.0 (iPhone; CPU iPhone OS 18_4_1 like Mac OS X) AppleWebKit/605.1.15 (KHTML, like Gecko) GSA/365.1.750410080 Mobile/15E148 Safari/604.1"
149.140.25.205 - - [05/May/2025:15:31:51 +0300] "GET /wp-content/uploads/maxmegamenu/style_tr_tr.css?ver=4e4c10 HTTP/2" 200 4722 "https://www.bmofis.com/dokumanlar/" "Mozilla/5.0 (iPhone; CPU iPhone OS 18_4_1 like Mac OS X) AppleWebKit/605.1.15 (KHTML, like Gecko) GSA/365.1.750410080 Mobile/15E148 Safari/604.1"
149.140.25.205 - - [05/May/2025:15:31:51 +0300] "GET /wp-content/themes/benim-ofis/style.css?ver=6.5.5 HTTP/2" 200 10137 "https://www.bmofis.com/dokumanlar/" "Mozilla/5.0 (iPhone; CPU iPhone OS 18_4_1 like Mac OS X) AppleWebKit/605.1.15 (KHTML, like Gecko) GSA/365.1.750410080 Mobile/15E148 Safari/604.1"
149.140.25.205 - - [05/May/2025:15:31:51 +0300] "GET /wp-content/plugins/dhvc-woocommerce-page/assets/fonts/awesome/css/font-awesome.min.css?ver=4.0.3 HTTP/2" 200 3753 "https://www.bmofis.com/dokumanlar/" "Mozilla/5.0 (iPhone; CPU iPhone OS 18_4_1 like Mac OS X) AppleWebKit/605.1.15 (KHTML, like Gecko) GSA/365.1.750410080 Mobile/15E148 Safari/604.1"
149.140.25.205 - - [05/May/2025:15:31:51 +0300] "GET /wp-content/plugins/dhvc-woocommerce-page/assets/css/style.css?ver=4.2 HTTP/2" 200 694 "https://www.bmofis.com/dokumanlar/" "Mozilla/5.0 (iPhone; CPU iPhone OS 18_4_1 like Mac OS X) AppleWebKit/605.1.15 (KHTML, like Gecko) GSA/365.1.750410080 Mobile/15E148 Safari/604.1"
149.140.25.205 - - [05/May/2025:15:31:51 +0300] "GET /wp-content/plugins/custom-page-templates-by-vegacorp/assets/styles.css?ver=1.1.6 HTTP/2" 200 203 "https://www.bmofis.com/dokumanlar/" "Mozilla/5.0 (iPhone; CPU iPhone OS 18_4_1 like Mac OS X) AppleWebKit/605.1.15 (KHTML, like Gecko) GSA/365.1.750410080 Mobile/15E148 Safari/604.1"
149.140.25.205 - - [05/May/2025:15:31:51 +0300] "GET /wp-content/plugins/masterslider/public/assets/css/masterslider.main.css?ver=3.2.7 HTTP/2" 200 9596 "https://www.bmofis.com/dokumanlar/" "Mozilla/5.0 (iPhone; CPU iPhone OS 18_4_1 like Mac OS X) AppleWebKit/605.1.15 (KHTML, like Gecko) GSA/365.1.750410080 Mobile/15E148 Safari/604.1"
149.140.25.205 - - [05/May/2025:15:31:51 +0300] "GET /wp-content/uploads/masterslider/custom.css?ver=3 HTTP/2" 200 3146 "https://www.bmofis.com/dokumanlar/" "Mozilla/5.0 (iPhone; CPU iPhone OS 18_4_1 like Mac OS X) AppleWebKit/605.1.15 (KHTML, like Gecko) GSA/365.1.750410080 Mobile/15E148 Safari/604.1"
149.140.25.205 - - [05/May/2025:15:31:51 +0300] "GET /wp-content/plugins/woocommerce/assets/js/jquery-blockui/jquery.blockUI.min.js?ver=2.70 HTTP/2" 200 3280 "https://www.bmofis.com/dokumanlar/" "Mozilla/5.0 (iPhone; CPU iPhone OS 18_4_1 like Mac OS X) AppleWebKit/605.1.15 (KHTML, like Gecko) GSA/365.1.750410080 Mobile/15E148 Safari/604.1"
149.140.25.205 - - [05/May/2025:15:31:51 +0300] "GET /wp-content/plugins/woocommerce/assets/js/frontend/add-to-cart.min.js?ver=3.8.3 HTTP/2" 200 906 "https://www.bmofis.com/dokumanlar/" "Mozilla/5.0 (iPhone; CPU iPhone OS 18_4_1 like Mac OS X) AppleWebKit/605.1.15 (KHTML, like Gecko) GSA/365.1.750410080 Mobile/15E148 Safari/604.1"
149.140.25.205 - - [05/May/2025:15:31:51 +0300] "GET /wp-content/plugins/duracelltomi-google-tag-manager/js/gtm4wp-contact-form-7-tracker.js?ver=1.11.2 HTTP/2" 200 247 "https://www.bmofis.com/dokumanlar/" "Mozilla/5.0 (iPhone; CPU iPhone OS 18_4_1 like Mac OS X) AppleWebKit/605.1.15 (KHTML, like Gecko) GSA/365.1.750410080 Mobile/15E148 Safari/604.1"
149.140.25.205 - - [05/May/2025:15:31:51 +0300] "GET /wp-content/plugins/duracelltomi-google-tag-manager/js/gtm4wp-form-move-tracker.js?ver=1.11.2 HTTP/2" 200 284 "https://www.bmofis.com/dokumanlar/" "Mozilla/5.0 (iPhone; CPU iPhone OS 18_4_1 like Mac OS X) AppleWebKit/605.1.15 (KHTML, like Gecko) GSA/365.1.750410080 Mobile/15E148 Safari/604.1"
149.140.25.205 - - [05/May/2025:15:31:51 +0300] "GET /wp-content/plugins/js_composer_theme/assets/js/vendors/woocommerce-add-to-cart.js?ver=5.5.5 HTTP/2" 200 287 "https://www.bmofis.com/dokumanlar/" "Mozilla/5.0 (iPhone; CPU iPhone OS 18_4_1 like Mac OS X) AppleWebKit/605.1.15 (KHTML, like Gecko) GSA/365.1.750410080 Mobile/15E148 Safari/604.1"
149.140.25.205 - - [05/May/2025:15:31:51 +0300] "GET /wp-content/plugins/js_composer_theme/assets/css/js_composer_tta.min.css?ver=5.5.5 HTTP/2" 200 15081 "https://www.bmofis.com/dokumanlar/" "Mozilla/5.0 (iPhone; CPU iPhone OS 18_4_1 like Mac OS X) AppleWebKit/605.1.15 (KHTML, like Gecko) GSA/365.1.750410080 Mobile/15E148 Safari/604.1"
149.140.25.205 - - [05/May/2025:15:31:51 +0300] "GET /wp-content/plugins/js_composer_theme/assets/lib/bower/font-awesome/css/font-awesome.min.css?ver=5.5.5 HTTP/2" 200 6584 "https://www.bmofis.com/dokumanlar/" "Mozilla/5.0 (iPhone; CPU iPhone OS 18_4_1 like Mac OS X) AppleWebKit/605.1.15 (KHTML, like Gecko) GSA/365.1.750410080 Mobile/15E148 Safari/604.1"
149.140.25.205 - - [05/May/2025:15:31:51 +0300] "GET /wp-content/plugins/contact-form-7/includes/js/scripts.js?ver=5.1.5 HTTP/2" 200 3752 "https://www.bmofis.com/dokumanlar/" "Mozilla/5.0 (iPhone; CPU iPhone OS 18_4_1 like Mac OS X) AppleWebKit/605.1.15 (KHTML, like Gecko) GSA/365.1.750410080 Mobile/15E148 Safari/604.1"
149.140.25.205 - - [05/May/2025:15:31:51 +0300] "GET /wp-content/plugins/mystickymenu/js/morphext/morphext.min.js?ver=2.7.7 HTTP/2" 200 532 "https://www.bmofis.com/dokumanlar/" "Mozilla/5.0 (iPhone; CPU iPhone OS 18_4_1 like Mac OS X) AppleWebKit/605.1.15 (KHTML, like Gecko) GSA/365.1.750410080 Mobile/15E148 Safari/604.1"
149.140.25.205 - - [05/May/2025:15:31:51 +0300] "GET /wp-content/plugins/mystickymenu/js/welcomebar-front.js?ver=2.7.7 HTTP/2" 200 3106 "https://www.bmofis.com/dokumanlar/" "Mozilla/5.0 (iPhone; CPU iPhone OS 18_4_1 like Mac OS X) AppleWebKit/605.1.15 (KHTML, like Gecko) GSA/365.1.750410080 Mobile/15E148 Safari/604.1"
149.140.25.205 - - [05/May/2025:15:31:51 +0300] "GET /wp-content/plugins/mystickymenu/js/detectmobilebrowser.js?ver=2.7.7 HTTP/2" 200 1343 "https://www.bmofis.com/dokumanlar/" "Mozilla/5.0 (iPhone; CPU iPhone OS 18_4_1 like Mac OS X) AppleWebKit/605.1.15 (KHTML, like Gecko) GSA/365.1.750410080 Mobile/15E148 Safari/604.1"
149.140.25.205 - - [05/May/2025:15:31:51 +0300] "GET /wp-content/plugins/mystickymenu/js/mystickymenu.min.js?ver=2.7.7 HTTP/2" 200 1345 "https://www.bmofis.com/dokumanlar/" "Mozilla/5.0 (iPhone; CPU iPhone OS 18_4_1 like Mac OS X) AppleWebKit/605.1.15 (KHTML, like Gecko) GSA/365.1.750410080 Mobile/15E148 Safari/604.1"
149.140.25.205 - - [05/May/2025:15:31:51 +0300] "GET /wp-content/plugins/responsive-youtube-vimeo-popup/assets/js/wp-video-popup.js?ver=2.7 HTTP/2" 200 551 "https://www.bmofis.com/dokumanlar/" "Mozilla/5.0 (iPhone; CPU iPhone OS 18_4_1 like Mac OS X) AppleWebKit/605.1.15 (KHTML, like Gecko) GSA/365.1.750410080 Mobile/15E148 Safari/604.1"
149.140.25.205 - - [05/May/2025:15:31:51 +0300] "GET /wp-content/plugins/woocommerce/assets/js/js-cookie/js.cookie.min.js?ver=2.1.4 HTTP/2" 200 894 "https://www.bmofis.com/dokumanlar/" "Mozilla/5.0 (iPhone; CPU iPhone OS 18_4_1 like Mac OS X) AppleWebKit/605.1.15 (KHTML, like Gecko) GSA/365.1.750410080 Mobile/15E148 Safari/604.1"
149.140.25.205 - - [05/May/2025:15:31:51 +0300] "GET /wp-content/plugins/woocommerce/assets/js/frontend/woocommerce.min.js?ver=3.8.3 HTTP/2" 200 522 "https://www.bmofis.com/dokumanlar/" "Mozilla/5.0 (iPhone; CPU iPhone OS 18_4_1 like Mac OS X) AppleWebKit/605.1.15 (KHTML, like Gecko) GSA/365.1.750410080 Mobile/15E148 Safari/604.1"
149.140.25.205 - - [05/May/2025:15:31:51 +0300] "GET /wp-content/plugins/woocommerce/assets/js/frontend/cart-fragments.min.js?ver=3.8.3 HTTP/2" 200 938 "https://www.bmofis.com/dokumanlar/" "Mozilla/5.0 (iPhone; CPU iPhone OS 18_4_1 like Mac OS X) AppleWebKit/605.1.15 (KHTML, like Gecko) GSA/365.1.750410080 Mobile/15E148 Safari/604.1"
149.140.25.205 - - [05/May/2025:15:31:51 +0300] "GET /wp-content/plugins/wpcf7-redirect/js/wpcf7-redirect-script.js HTTP/2" 200 754 "https://www.bmofis.com/dokumanlar/" "Mozilla/5.0 (iPhone; CPU iPhone OS 18_4_1 like Mac OS X) AppleWebKit/605.1.15 (KHTML, like Gecko) GSA/365.1.750410080 Mobile/15E148 Safari/604.1"
149.140.25.205 - - [05/May/2025:15:31:51 +0300] "GET /wp-content/plugins/wp-smushit/app/assets/js/smush-lazy-load.min.js?ver=3.3.2 HTTP/2" 200 3557 "https://www.bmofis.com/dokumanlar/" "Mozilla/5.0 (iPhone; CPU iPhone OS 18_4_1 like Mac OS X) AppleWebKit/605.1.15 (KHTML, like Gecko) GSA/365.1.750410080 Mobile/15E148 Safari/604.1"
149.140.25.205 - - [05/May/2025:15:31:51 +0300] "GET /wp-content/themes/benim-ofis/js/navigation.js?ver=20151215 HTTP/2" 200 952 "https://www.bmofis.com/dokumanlar/" "Mozilla/5.0 (iPhone; CPU iPhone OS 18_4_1 like Mac OS X) AppleWebKit/605.1.15 (KHTML, like Gecko) GSA/365.1.750410080 Mobile/15E148 Safari/604.1"
149.140.25.205 - - [05/May/2025:15:31:51 +0300] "GET /wp-content/themes/benim-ofis/js/skip-link-focus-fix.js?ver=20151215 HTTP/2" 200 332 "https://www.bmofis.com/dokumanlar/" "Mozilla/5.0 (iPhone; CPU iPhone OS 18_4_1 like Mac OS X) AppleWebKit/605.1.15 (KHTML, like Gecko) GSA/365.1.750410080 Mobile/15E148 Safari/604.1"
149.140.25.205 - - [05/May/2025:15:31:51 +0300] "GET /wp-content/plugins/custom-page-templates-by-vegacorp/assets/js/init.js?ver=1.1.6 HTTP/2" 200 2047 "https://www.bmofis.com/dokumanlar/" "Mozilla/5.0 (iPhone; CPU iPhone OS 18_4_1 like Mac OS X) AppleWebKit/605.1.15 (KHTML, like Gecko) GSA/365.1.750410080 Mobile/15E148 Safari/604.1"
149.140.25.205 - - [05/May/2025:15:31:51 +0300] "GET /wp-includes/js/hoverIntent.min.js?ver=1.10.2 HTTP/2" 200 668 "https://www.bmofis.com/dokumanlar/" "Mozilla/5.0 (iPhone; CPU iPhone OS 18_4_1 like Mac OS X) AppleWebKit/605.1.15 (KHTML, like Gecko) GSA/365.1.750410080 Mobile/15E148 Safari/604.1"
149.140.25.205 - - [05/May/2025:15:31:51 +0300] "GET /wp-content/plugins/megamenu/js/maxmegamenu.js?ver=3.4.1 HTTP/2" 200 5659 "https://www.bmofis.com/dokumanlar/" "Mozilla/5.0 (iPhone; CPU iPhone OS 18_4_1 like Mac OS X) AppleWebKit/605.1.15 (KHTML, like Gecko) GSA/365.1.750410080 Mobile/15E148 Safari/604.1"
149.140.25.205 - - [05/May/2025:15:31:51 +0300] "GET /wp-content/plugins/js_composer_theme/assets/js/dist/js_composer_front.min.js?ver=5.5.5 HTTP/2" 200 5387 "https://www.bmofis.com/dokumanlar/" "Mozilla/5.0 (iPhone; CPU iPhone OS 18_4_1 like Mac OS X) AppleWebKit/605.1.15 (KHTML, like Gecko) GSA/365.1.750410080 Mobile/15E148 Safari/604.1"
149.140.25.205 - - [05/May/2025:15:31:51 +0300] "GET /wp-content/plugins/js_composer_theme/assets/lib/vc_accordion/vc-accordion.min.js?ver=5.5.5 HTTP/2" 200 2437 "https://www.bmofis.com/dokumanlar/" "Mozilla/5.0 (iPhone; CPU iPhone OS 18_4_1 like Mac OS X) AppleWebKit/605.1.15 (KHTML, like Gecko) GSA/365.1.750410080 Mobile/15E148 Safari/604.1"
149.140.25.205 - - [05/May/2025:15:31:51 +0300] "GET /wp-content/plugins/js_composer_theme/assets/lib/vc-tta-autoplay/vc-tta-autoplay.min.js?ver=5.5.5 HTTP/2" 200 752 "https://www.bmofis.com/dokumanlar/" "Mozilla/5.0 (iPhone; CPU iPhone OS 18_4_1 like Mac OS X) AppleWebKit/605.1.15 (KHTML, like Gecko) GSA/365.1.750410080 Mobile/15E148 Safari/604.1"
149.140.25.205 - - [05/May/2025:15:31:51 +0300] "GET /wp-content/plugins/js_composer_theme/assets/lib/vc_tabs/vc-tabs.min.js?ver=5.5.5 HTTP/2" 200 1095 "https://www.bmofis.com/dokumanlar/" "Mozilla/5.0 (iPhone; CPU iPhone OS 18_4_1 like Mac OS X) AppleWebKit/605.1.15 (KHTML, like Gecko) GSA/365.1.750410080 Mobile/15E148 Safari/604.1"
149.140.25.205 - - [05/May/2025:15:31:51 +0300] "GET /wp-includes/css/dashicons.min.css?ver=6.5.5 HTTP/2" 200 35110 "https://www.bmofis.com/dokumanlar/" "Mozilla/5.0 (iPhone; CPU iPhone OS 18_4_1 like Mac OS X) AppleWebKit/605.1.15 (KHTML, like Gecko) GSA/365.1.750410080 Mobile/15E148 Safari/604.1"
149.140.25.205 - - [05/May/2025:15:31:51 +0300] "GET /wp-includes/js/jquery/jquery.min.js?ver=3.7.1 HTTP/2" 200 29744 "https://www.bmofis.com/dokumanlar/" "Mozilla/5.0 (iPhone; CPU iPhone OS 18_4_1 like Mac OS X) AppleWebKit/605.1.15 (KHTML, like Gecko) GSA/365.1.750410080 Mobile/15E148 Safari/604.1"
149.140.25.205 - - [05/May/2025:15:31:51 +0300] "GET /wp-includes/js/jquery/jquery-migrate.min.js?ver=3.4.1 HTTP/2" 200 4678 "https://www.bmofis.com/dokumanlar/" "Mozilla/5.0 (iPhone; CPU iPhone OS 18_4_1 like Mac OS X) AppleWebKit/605.1.15 (KHTML, like Gecko) GSA/365.1.750410080 Mobile/15E148 Safari/604.1"
149.140.25.205 - - [05/May/2025:15:31:51 +0300] "GET /wp-content/plugins/wp-video-lightbox/js/jquery.prettyPhoto.min.js?ver=3.1.6 HTTP/2" 200 5554 "https://www.bmofis.com/dokumanlar/" "Mozilla/5.0 (iPhone; CPU iPhone OS 18_4_1 like Mac OS X) AppleWebKit/605.1.15 (KHTML, like Gecko) GSA/365.1.750410080 Mobile/15E148 Safari/604.1"
149.140.25.205 - - [05/May/2025:15:31:51 +0300] "GET /wp-content/plugins/wp-video-lightbox/js/video-lightbox.js?ver=3.1.6 HTTP/2" 200 1237 "https://www.bmofis.com/dokumanlar/" "Mozilla/5.0 (iPhone; CPU iPhone OS 18_4_1 like Mac OS X) AppleWebKit/605.1.15 (KHTML, like Gecko) GSA/365.1.750410080 Mobile/15E148 Safari/604.1"
149.140.25.205 - - [05/May/2025:15:31:51 +0300] "GET /wp-includes/js/jquery/ui/core.min.js?ver=1.13.2 HTTP/2" 200 6801 "https://www.bmofis.com/dokumanlar/" "Mozilla/5.0 (iPhone; CPU iPhone OS 18_4_1 like Mac OS X) AppleWebKit/605.1.15 (KHTML, like Gecko) GSA/365.1.750410080 Mobile/15E148 Safari/604.1"
149.140.25.205 - - [05/May/2025:15:31:51 +0300] "GET /wp-content/plugins/mega-addons-for-visual-composer/js/script.js?ver=6.5.5 HTTP/2" 200 1364 "https://www.bmofis.com/dokumanlar/" "Mozilla/5.0 (iPhone; CPU iPhone OS 18_4_1 like Mac OS X) AppleWebKit/605.1.15 (KHTML, like Gecko) GSA/365.1.750410080 Mobile/15E148 Safari/604.1"
149.140.25.205 - - [05/May/2025:15:31:51 +0300] "GET /wp-content/plugins/revslider/public/assets/js/jquery.themepunch.tools.min.js?ver=5.4.8.1 HTTP/2" 200 37078 "https://www.bmofis.com/dokumanlar/" "Mozilla/5.0 (iPhone; CPU iPhone OS 18_4_1 like Mac OS X) AppleWebKit/605.1.15 (KHTML, like Gecko) GSA/365.1.750410080 Mobile/15E148 Safari/604.1"
149.140.25.205 - - [05/May/2025:15:31:51 +0300] "GET /wp-content/plugins/revslider/public/assets/js/jquery.themepunch.revolution.min.js?ver=5.4.8.1 HTTP/2" 200 17404 "https://www.bmofis.com/dokumanlar/" "Mozilla/5.0 (iPhone; CPU iPhone OS 18_4_1 like Mac OS X) AppleWebKit/605.1.15 (KHTML, like Gecko) GSA/365.1.750410080 Mobile/15E148 Safari/604.1"
149.140.25.205 - - [05/May/2025:15:31:51 +0300] "GET /wp-content/plugins/mega-addons-for-visual-composer/css/ihover.css?ver=6.5.5 HTTP/2" 200 70808 "https://www.bmofis.com/dokumanlar/" "Mozilla/5.0 (iPhone; CPU iPhone OS 18_4_1 like Mac OS X) AppleWebKit/605.1.15 (KHTML, like Gecko) GSA/365.1.750410080 Mobile/15E148 Safari/604.1"
