45.84.191.11 - - [05/May/2025:17:36:34 +0300] "POST /wp-admin/admin-ajax.php?action=async_litespeed&nonce=FVj4Gp3TCzeZSfHuxpRKdOJycMD9x7Js&litespeed_type=imgoptm HTTP/1.1" 200 5610 "-" "WordPress/6.5.5; https://www.bmofis.com"
52.167.144.199 - - [05/May/2025:17:36:42 +0300] "GET /urun/standart-cozumler/dus-sistemleri-standart-cozumler/piuma-surme-dus-sistemi/piuma-cift-kanatli-surme-kose-dus-sistemi/teklif-al?b=bmo251c42600009-mens-napapijri-jacket HTTP/2" 403 1242 "-" "Mozilla/5.0 AppleWebKit/537.36 (KHTML, like Gecko; compatible; bingbot/2.0; +http://www.bing.com/bingbot.htm) Chrome/116.0.1938.76 Safari/537.36"
66.249.66.195 - - [05/May/2025:17:36:52 +0300] "GET /?b=150659615 HTTP/1.1" 403 1242 "-" "Mozilla/5.0 (Linux; Android 6.0.1; Nexus 5X Build/MMB29P) AppleWebKit/537.36 (KHTML, like Gecko) Chrome/135.0.7049.95 Mobile Safari/537.36 (compatible; Googlebot/2.1; +http://www.google.com/bot.html)"
52.167.144.199 - - [05/May/2025:17:37:02 +0300] "GET /urun/standart-cozumler/dus-sistemleri-standart-cozumler/antibakteriyel-fitiller-ve-profiller/8pt8-70-71-135-kose-miknatisli-fitil/teklif-al?b=bmo251c69000003-violeta-by-mango-plus-size HTTP/2" 403 1242 "-" "Mozilla/5.0 AppleWebKit/537.36 (KHTML, like Gecko; compatible; bingbot/2.0; +http://www.bing.com/bingbot.htm) Chrome/116.0.1938.76 Safari/537.36"
45.84.191.11 - - [05/May/2025:17:37:08 +0300] "POST /wp-cron.php?doing_wp_cron=1746455828.0802490711212158203125 HTTP/1.1" 200 0 "-" "WordPress/6.5.5; https://www.bmofis.com"
3.147.67.245 - - [05/May/2025:17:37:06 +0300] "GET /?aksi=ransom&path=%2F HTTP/2" 200 3275 "-" "Mozilla/5.0 AppleWebKit/537.36 (KHTML, like Gecko; compatible; ClaudeBot/1.0; +claudebot@anthropic.com)"
3.147.67.245 - - [05/May/2025:17:37:06 +0300] "GET /?aksi=buatfile&path=%2F HTTP/2" 200 3290 "-" "Mozilla/5.0 AppleWebKit/537.36 (KHTML, like Gecko; compatible; ClaudeBot/1.0; +claudebot@anthropic.com)"
3.147.67.245 - - [05/May/2025:17:37:06 +0300] "GET /?filesrc=%2F%2F.autorelabel&path=%2F HTTP/2" 200 1947 "-" "Mozilla/5.0 AppleWebKit/537.36 (KHTML, like Gecko; compatible; ClaudeBot/1.0; +claudebot@anthropic.com)"
3.147.67.245 - - [05/May/2025:17:37:06 +0300] "GET /?aksi=buatfolder&path=%2F HTTP/2" 200 2006 "-" "Mozilla/5.0 AppleWebKit/537.36 (KHTML, like Gecko; compatible; ClaudeBot/1.0; +claudebot@anthropic.com)"
3.147.67.245 - - [05/May/2025:17:37:07 +0300] "GET /?filesrc=%2F%2Fquota.user&path=%2F HTTP/2" 200 1947 "-" "Mozilla/5.0 AppleWebKit/537.36 (KHTML, like Gecko; compatible; ClaudeBot/1.0; +claudebot@anthropic.com)"
3.147.67.245 - - [05/May/2025:17:37:08 +0300] "GET /?filesrc=%2F%2Frequirements.txt&path=%2F HTTP/2" 200 4159 "-" "Mozilla/5.0 AppleWebKit/537.36 (KHTML, like Gecko; compatible; ClaudeBot/1.0; +claudebot@anthropic.com)"
66.249.66.196 - - [05/May/2025:17:37:19 +0300] "GET /?b=141260415 HTTP/1.1" 403 1242 "-" "Mozilla/5.0 (Linux; Android 6.0.1; Nexus 5X Build/MMB29P) AppleWebKit/537.36 (KHTML, like Gecko) Chrome/135.0.7049.95 Mobile Safari/537.36 (compatible; Googlebot/2.1; +http://www.google.com/bot.html)"
52.167.144.199 - - [05/May/2025:17:37:22 +0300] "GET /urun/hidrolik-sistemler/hidrolik-dis-kapi-sistemleri/menteseler-hidrolik-dis-kapi-sistemleri/triloba-150kg-kapasiteli-hidrolik-mentese-alt-mentese/teklif-al?b=bmo251c70301873 HTTP/2" 403 1242 "-" "Mozilla/5.0 AppleWebKit/537.36 (KHTML, like Gecko; compatible; bingbot/2.0; +http://www.bing.com/bingbot.htm) Chrome/116.0.1938.76 Safari/537.36"
52.167.144.199 - - [05/May/2025:17:35:42 +0300] "GET /urun/hidrolik-sistemler/hidrolik-dus-sistemleri/sauna-buhar-odasi-cozumleri-hidrolik-dus-sistemleri/kbt8061-buhar-odalari-ve-hamamlar-icin-hidrolik-set/teklif-al?b=bmo251c20900295-dune-london-company HTTP/2" 403 1242 "-" "Mozilla/5.0 AppleWebKit/537.36 (KHTML, like Gecko; compatible; bingbot/2.0; +http://www.bing.com/bingbot.htm) Chrome/116.0.1938.76 Safari/537.36"
66.249.66.195 - - [05/May/2025:17:35:57 +0300] "GET /?b=567007915 HTTP/1.1" 403 1242 "-" "Mozilla/5.0 (Linux; Android 6.0.1; Nexus 5X Build/MMB29P) AppleWebKit/537.36 (KHTML, like Gecko) Chrome/135.0.7049.95 Mobile Safari/537.36 (compatible; Googlebot/2.1; +http://www.google.com/bot.html)"
66.249.66.197 - - [05/May/2025:17:36:06 +0300] "GET /?b=252063815 HTTP/1.1" 403 1242 "-" "Mozilla/5.0 (Linux; Android 6.0.1; Nexus 5X Build/MMB29P) AppleWebKit/537.36 (KHTML, like Gecko) Chrome/135.0.7049.95 Mobile Safari/537.36 (compatible; Googlebot/2.1; +http://www.google.com/bot.html)"
66.249.66.195 - - [05/May/2025:17:36:15 +0300] "GET /?b=283467715 HTTP/1.1" 403 1242 "-" "Mozilla/5.0 (Linux; Android 6.0.1; Nexus 5X Build/MMB29P) AppleWebKit/537.36 (KHTML, like Gecko) Chrome/135.0.7049.95 Mobile Safari/537.36 (compatible; Googlebot/2.1; +http://www.google.com/bot.html)"
52.167.144.199 - - [05/May/2025:17:36:23 +0300] "GET /katalog/cam-kapi-menteseleri-ic/hidrolik-menteseler/8011-tek-yonlu-baglanti-plakasina-sahip-kapinin-kapanis-hizini-ayarlayabilen-hidrolik-mentese-0-90-90-lerde-du/1/247.aspx?b=bmo251c60000049-sissy-boy-in-lingerie HTTP/2" 403 1242 "-" "Mozilla/5.0 AppleWebKit/537.36 (KHTML, like Gecko; compatible; bingbot/2.0; +http://www.bing.com/bingbot.htm) Chrome/116.0.1938.76 Safari/537.36"
66.249.66.195 - - [05/May/2025:17:36:27 +0300] "GET /?b=506964615 HTTP/1.1" 403 1242 "-" "Mozilla/5.0 (Linux; Android 6.0.1; Nexus 5X Build/MMB29P) AppleWebKit/537.36 (KHTML, like Gecko) Chrome/135.0.7049.95 Mobile Safari/537.36 (compatible; Googlebot/2.1; +http://www.google.com/bot.html)"
66.249.66.10 - - [05/May/2025:17:37:02 +0300] "GET /?b=570510715 HTTP/1.1" 403 1242 "-" "Mozilla/5.0 (Linux; Android 6.0.1; Nexus 5X Build/MMB29P) AppleWebKit/537.36 (KHTML, like Gecko) Chrome/135.0.7049.95 Mobile Safari/537.36 (compatible; Googlebot/2.1; +http://www.google.com/bot.html)"
45.84.191.11 - - [05/May/2025:17:37:08 +0300] "POST /wp-cron.php?doing_wp_cron=1746455828.0829110145568847656250 HTTP/1.1" 200 0 "-" "WordPress/6.5.5; https://www.bmofis.com"
45.84.191.11 - - [05/May/2025:17:37:09 +0300] "POST /wp-admin/admin-ajax.php?action=async_litespeed&nonce=bo2SVGzaDTj7Yq9qYrPFi1RkfEcorJmZ&litespeed_type=imgoptm HTTP/1.1" 200 5610 "-" "WordPress/6.5.5; https://www.bmofis.com"
66.249.66.195 - - [05/May/2025:17:38:15 +0300] "GET /?b=365970715 HTTP/1.1" 403 1242 "-" "Mozilla/5.0 (Linux; Android 6.0.1; Nexus 5X Build/MMB29P) AppleWebKit/537.36 (KHTML, like Gecko) Chrome/135.0.7049.95 Mobile Safari/537.36 (compatible; Googlebot/2.1; +http://www.google.com/bot.html)"
45.84.191.11 - - [05/May/2025:17:38:26 +0300] "POST /wp-cron.php?doing_wp_cron=1746455906.2519040107727050781250 HTTP/1.1" 200 0 "-" "WordPress/6.5.5; https://www.bmofis.com"
66.249.66.165 - - [05/May/2025:17:38:33 +0300] "GET /?b=100817315 HTTP/1.1" 403 1242 "-" "Mozilla/5.0 (Linux; Android 6.0.1; Nexus 5X Build/MMB29P) AppleWebKit/537.36 (KHTML, like Gecko) Chrome/136.0.7103.59 Mobile Safari/537.36 (compatible; Googlebot/2.1; +http://www.google.com/bot.html)"
3.142.53.239 - - [05/May/2025:17:38:48 +0300] "GET /en/urun-kategori/qub-series?path=%2Fhome%2Fbmofiscom%2Fpublic_html%2Fwp-content%2Fplugins HTTP/2" 200 4317 "-" "Mozilla/5.0 AppleWebKit/537.36 (KHTML, like Gecko; compatible; ClaudeBot/1.0; +claudebot@anthropic.com)"
3.142.53.239 - - [05/May/2025:17:38:48 +0300] "GET /en/urun-kategori/qub-series?path=%2Fhome%2Fbmofiscom%2Fpublic_html%2Fwp-includes%2FRequests HTTP/2" 200 2469 "-" "Mozilla/5.0 AppleWebKit/537.36 (KHTML, like Gecko; compatible; ClaudeBot/1.0; +claudebot@anthropic.com)"
3.142.53.239 - - [05/May/2025:17:38:48 +0300] "GET /en/urun-kategori/qub-series?path=%2Fhome%2Fbmofiscom%2Fpublic_html%2Fwp-includes%2Fcustomize HTTP/2" 200 3579 "-" "Mozilla/5.0 AppleWebKit/537.36 (KHTML, like Gecko; compatible; ClaudeBot/1.0; +claudebot@anthropic.com)"
3.142.53.239 - - [05/May/2025:17:38:48 +0300] "GET /en/urun-kategori/qub-series?filesrc=%2Fhome%2Fbmofiscom%2Fpublic_html%2F252f%2Fmaster.zip&path=%2Fhome%2Fbmofiscom%2Fpublic_html%2F252f HTTP/2" 200 2011 "-" "Mozilla/5.0 AppleWebKit/537.36 (KHTML, like Gecko; compatible; ClaudeBot/1.0; +claudebot@anthropic.com)"
3.142.53.239 - - [05/May/2025:17:38:48 +0300] "GET /en/urun-kategori/qub-series?path=%2Fhome%2Fbmofiscom%2Fpublic_html%2Fwp-admin%2Fjs HTTP/2" 200 5287 "-" "Mozilla/5.0 AppleWebKit/537.36 (KHTML, like Gecko; compatible; ClaudeBot/1.0; +claudebot@anthropic.com)"
3.142.53.239 - - [05/May/2025:17:38:50 +0300] "GET /en/urun-kategori/qub-series?path=%2Fhome%2Fbmofiscom%2Fpublic_html%2Fwp-includes%2Fjs HTTP/2" 200 5573 "-" "Mozilla/5.0 AppleWebKit/537.36 (KHTML, like Gecko; compatible; ClaudeBot/1.0; +claudebot@anthropic.com)"
3.142.53.239 - - [05/May/2025:17:38:50 +0300] "GET /en/urun-kategori/qub-series?path=%2Fhome%2Fbmofiscom%2Fpublic_html%2Fwp-includes%2Fblock-patterns HTTP/2" 200 2696 "-" "Mozilla/5.0 AppleWebKit/537.36 (KHTML, like Gecko; compatible; ClaudeBot/1.0; +claudebot@anthropic.com)"
3.142.53.239 - - [05/May/2025:17:38:50 +0300] "GET /en/urun-kategori/qub-series?path=%2Fhome%2Fbmofiscom%2Fpublic_html%2Fwp-includes%2Frest-api HTTP/2" 200 2721 "-" "Mozilla/5.0 AppleWebKit/537.36 (KHTML, like Gecko; compatible; ClaudeBot/1.0; +claudebot@anthropic.com)"
3.142.53.239 - - [05/May/2025:17:38:50 +0300] "GET /en/urun-kategori/qub-series?filesrc=%2Fhome%2Fbmofiscom%2Fpublic_html%2F252f%2FREADME.md&path=%2Fhome%2Fbmofiscom%2Fpublic_html%2F252f HTTP/2" 200 3177 "-" "Mozilla/5.0 AppleWebKit/537.36 (KHTML, like Gecko; compatible; ClaudeBot/1.0; +claudebot@anthropic.com)"
3.142.53.239 - - [05/May/2025:17:38:50 +0300] "GET /en/urun-kategori/qub-series?filesrc=%2Fhome%2Fbmofiscom%2Fpublic_html%2Frobots.txt&path=%2Fhome%2Fbmofiscom%2Fpublic_html HTTP/2" 200 2053 "-" "Mozilla/5.0 AppleWebKit/537.36 (KHTML, like Gecko; compatible; ClaudeBot/1.0; +claudebot@anthropic.com)"
3.142.53.239 - - [05/May/2025:17:38:51 +0300] "GET /en/urun-kategori/qub-series?path=%2Fhome%2Fbmofiscom%2Fpublic_html%2Fwp-includes%2Finteractivity-api HTTP/2" 200 2545 "-" "Mozilla/5.0 AppleWebKit/537.36 (KHTML, like Gecko; compatible; ClaudeBot/1.0; +claudebot@anthropic.com)"
3.142.53.239 - - [05/May/2025:17:38:51 +0300] "GET /en/urun-kategori/qub-series?path=%2Fhome%2Fbmofiscom%2Fpublic_html%2Fwp-includes%2Fhtml-api HTTP/2" 200 2783 "-" "Mozilla/5.0 AppleWebKit/537.36 (KHTML, like Gecko; compatible; ClaudeBot/1.0; +claudebot@anthropic.com)"
3.142.53.239 - - [05/May/2025:17:38:51 +0300] "GET /en/urun-kategori/qub-series?filesrc=%2Fhome%2Fbmofiscom%2Fpublic_html%2F252f%2Ffilemanager.php&path=%2Fhome%2Fbmofiscom%2Fpublic_html%2F252f HTTP/2" 200 22580 "-" "Mozilla/5.0 AppleWebKit/537.36 (KHTML, like Gecko; compatible; ClaudeBot/1.0; +claudebot@anthropic.com)"
3.142.53.239 - - [05/May/2025:17:38:52 +0300] "GET /en/urun-kategori/qub-series?filesrc=%2Fhome%2Fbmofiscom%2Fpublic_html%2F252f%2Fshell.php&path=%2Fhome%2Fbmofiscom%2Fpublic_html%2F252f HTTP/2" 200 7099 "-" "Mozilla/5.0 AppleWebKit/537.36 (KHTML, like Gecko; compatible; ClaudeBot/1.0; +claudebot@anthropic.com)"
52.167.144.199 - - [05/May/2025:17:39:02 +0300] "GET /urun/hidrolik-sistemler/hidrolik-dus-sistemleri/sauna-buhar-odasi-cozumleri-hidrolik-dus-sistemleri/kbt8061-buhar-odalari-ve-hamamlar-icin-hidrolik-set/teklif-al?b=bmo251c15902819-men%27s-ll-bean-chippewa-katahdin-iron-works-engineer-boots HTTP/2" 403 1242 "-" "Mozilla/5.0 AppleWebKit/537.36 (KHTML, like Gecko; compatible; bingbot/2.0; +http://www.bing.com/bingbot.htm) Chrome/116.0.1938.76 Safari/537.36"
66.249.66.195 - - [05/May/2025:17:39:13 +0300] "GET /?b=232780315 HTTP/1.1" 403 1242 "-" "Mozilla/5.0 (Linux; Android 6.0.1; Nexus 5X Build/MMB29P) AppleWebKit/537.36 (KHTML, like Gecko) Chrome/135.0.7049.95 Mobile Safari/537.36 (compatible; Googlebot/2.1; +http://www.google.com/bot.html)"
52.167.144.199 - - [05/May/2025:17:37:42 +0300] "GET /pdfurun2016/316_MORSETTI_INOX_cam_tutucu.pdf HTTP/2" 200 19385 "-" "Mozilla/5.0 AppleWebKit/537.36 (KHTML, like Gecko; compatible; bingbot/2.0; +http://www.bing.com/bingbot.htm) Chrome/116.0.1938.76 Safari/537.36"
66.249.66.195 - - [05/May/2025:17:37:50 +0300] "GET /?b=499693815 HTTP/1.1" 403 1242 "-" "Mozilla/5.0 (Linux; Android 6.0.1; Nexus 5X Build/MMB29P) AppleWebKit/537.36 (KHTML, like Gecko) Chrome/135.0.7049.95 Mobile Safari/537.36 (compatible; Googlebot/2.1; +http://www.google.com/bot.html)"
66.249.66.195 - - [05/May/2025:17:38:00 +0300] "GET /?b=48098215 HTTP/1.1" 403 1242 "-" "Mozilla/5.0 (Linux; Android 6.0.1; Nexus 5X Build/MMB29P) AppleWebKit/537.36 (KHTML, like Gecko) Chrome/135.0.7049.95 Mobile Safari/537.36 (compatible; Googlebot/2.1; +http://www.google.com/bot.html)"
52.167.144.199 - - [05/May/2025:17:38:23 +0300] "GET /urun/standart-cozumler/dus-sistemleri-standart-cozumler/piuma-surme-dus-sistemi/piuma-cift-kanatli-surme-kose-dus-sistemi/teklif-al?b=bmo251c21700250-women%27s-eddie-bauer-shorts HTTP/2" 403 1242 "-" "Mozilla/5.0 AppleWebKit/537.36 (KHTML, like Gecko; compatible; bingbot/2.0; +http://www.bing.com/bingbot.htm) Chrome/116.0.1938.76 Safari/537.36"
54.36.148.113 - - [05/May/2025:17:38:24 +0300] "GET /en/urun-kategori/glass-joint-joint-laths?filesrc=/home/bmofiscom/public_html/wp-includes/block-bindings.php&path=/home/bmofiscom/public_html/wp-includes HTTP/2" 200 3690 "-" "Mozilla/5.0 (compatible; AhrefsBot/7.0; +http://ahrefs.com/robot/)"
45.84.191.11 - - [05/May/2025:17:38:28 +0300] "POST /wp-admin/admin-ajax.php?action=async_litespeed&nonce=3GPqAjuQSWz1iM4mkc0hG9IrzPe0egIn&litespeed_type=imgoptm HTTP/1.1" 200 5610 "-" "WordPress/6.5.5; https://www.bmofis.com"
52.167.144.199 - - [05/May/2025:17:38:42 +0300] "GET /urun/hidrolik-sistemler/hidrolik-dus-sistemleri/hidrolik-dus-kabini/slash-hidrolik-dus-kabini-duvar-ve-sabit-cam-arasi-kose-seti-tek-kanat/teklif-al?b=bmo251c13400439-ginger-waterproof-mid-calf-platform-boot-women-bos-%26-co HTTP/2" 403 1242 "-" "Mozilla/5.0 AppleWebKit/537.36 (KHTML, like Gecko; compatible; bingbot/2.0; +http://www.bing.com/bingbot.htm) Chrome/116.0.1938.76 Safari/537.36"
66.249.66.73 - - [05/May/2025:17:38:55 +0300] "GET /?b=473515715 HTTP/1.1" 403 1242 "-" "Mozilla/5.0 (Linux; Android 6.0.1; Nexus 5X Build/MMB29P) AppleWebKit/537.36 (KHTML, like Gecko) Chrome/135.0.7049.95 Mobile Safari/537.36 (compatible; Googlebot/2.1; +http://www.google.com/bot.html)"
66.249.66.197 - - [05/May/2025:17:39:05 +0300] "GET /?b=559481015 HTTP/1.1" 403 1242 "-" "Mozilla/5.0 (Linux; Android 6.0.1; Nexus 5X Build/MMB29P) AppleWebKit/537.36 (KHTML, like Gecko) Chrome/135.0.7049.95 Mobile Safari/537.36 (compatible; Googlebot/2.1; +http://www.google.com/bot.html)"
52.167.144.196 - - [05/May/2025:17:39:42 +0300] "GET /urun/hidrolik-sistemler/hidrolik-dus-sistemleri/hidrolik-dus-kabini/slash-hidrolik-dus-kabini-iki-sabit-cam-arasi-bir-kanat-bir-sabit/teklif-al?b=bmo251c1000052-men%27s-the-north-face-gloves HTTP/2" 403 1242 "-" "Mozilla/5.0 AppleWebKit/537.36 (KHTML, like Gecko; compatible; bingbot/2.0; +http://www.bing.com/bingbot.htm) Chrome/116.0.1938.76 Safari/537.36"
66.249.66.10 - - [05/May/2025:17:39:56 +0300] "GET /?b=138399415 HTTP/1.1" 403 1242 "-" "Mozilla/5.0 (Linux; Android 6.0.1; Nexus 5X Build/MMB29P) AppleWebKit/537.36 (KHTML, like Gecko) Chrome/135.0.7049.95 Mobile Safari/537.36 (compatible; Googlebot/2.1; +http://www.google.com/bot.html)"
114.119.137.8 - - [05/May/2025:17:40:02 +0300] "GET /en/urun-kategori/shower-systems?b=bmo251c26100184-giorgio-brutini-cowell-loafer HTTP/1.1" 403 1242 "https://www.bmofis.com/en/urun-kategori/shower-systems" "Mozilla/5.0 (Linux; Android 7.0;) AppleWebKit/537.36 (KHTML, like Gecko) Mobile Safari/537.36 (compatible; PetalBot;+https://webmaster.petalsearch.com/site/petalbot)"
66.249.66.195 - - [05/May/2025:17:40:05 +0300] "GET /?b=481729115 HTTP/1.1" 403 1242 "-" "Mozilla/5.0 (Linux; Android 6.0.1; Nexus 5X Build/MMB29P) AppleWebKit/537.36 (KHTML, like Gecko) Chrome/135.0.7049.95 Mobile Safari/537.36 (compatible; Googlebot/2.1; +http://www.google.com/bot.html)"
54.36.148.240 - - [05/May/2025:17:40:18 +0300] "GET /en/urun-kategori/glass-joint-joint-laths?filesrc=/home/bmofiscom/public_html/wp-includes/block-editor.php&path=/home/bmofiscom/public_html/wp-includes HTTP/2" 200 8636 "-" "Mozilla/5.0 (compatible; AhrefsBot/7.0; +http://ahrefs.com/robot/)"
3.140.196.3 - - [05/May/2025:17:40:19 +0300] "GET /en/urun-kategori/qub-series?path=%2Fhome%2Fbmofiscom%2Fpublic_html%2Fwp-content%2Flanguages HTTP/2" 200 8024 "-" "Mozilla/5.0 AppleWebKit/537.36 (KHTML, like Gecko; compatible; ClaudeBot/1.0; +claudebot@anthropic.com)"
3.140.196.3 - - [05/May/2025:17:40:19 +0300] "GET /en/urun-kategori/qub-series?path=%2Fhome%2Fbmofiscom%2Fpublic_html%2Fwp-includes%2FIXR HTTP/2" 200 2762 "-" "Mozilla/5.0 AppleWebKit/537.36 (KHTML, like Gecko; compatible; ClaudeBot/1.0; +claudebot@anthropic.com)"
3.140.196.3 - - [05/May/2025:17:40:19 +0300] "GET /en/urun-kategori/qub-series?path=%2Fhome%2Fbmofiscom%2Fpublic_html%2F.wp-cli%2Fcache HTTP/2" 200 2463 "-" "Mozilla/5.0 AppleWebKit/537.36 (KHTML, like Gecko; compatible; ClaudeBot/1.0; +claudebot@anthropic.com)"
3.140.196.3 - - [05/May/2025:17:40:19 +0300] "GET /en/urun-kategori/qub-series?path=%2Fhome%2Fbmofiscom%2Fpublic_html%2Fwp-includes%2Fcertificates HTTP/2" 200 2472 "-" "Mozilla/5.0 AppleWebKit/537.36 (KHTML, like Gecko; compatible; ClaudeBot/1.0; +claudebot@anthropic.com)"
3.140.196.3 - - [05/May/2025:17:40:19 +0300] "GET /en/urun-kategori/qub-series?path=%2Fhome%2Fbmofiscom%2Fpublic_html%2Fwp-admin%2Fincludes HTTP/2" 200 5772 "-" "Mozilla/5.0 AppleWebKit/537.36 (KHTML, like Gecko; compatible; ClaudeBot/1.0; +claudebot@anthropic.com)"
3.140.196.3 - - [05/May/2025:17:40:22 +0300] "GET /en/urun-kategori/qub-series?path=%2Fhome%2Fbmofiscom%2Fpublic_html%2Fwp-includes%2Fblock-supports HTTP/2" 200 2951 "-" "Mozilla/5.0 AppleWebKit/537.36 (KHTML, like Gecko; compatible; ClaudeBot/1.0; +claudebot@anthropic.com)"
3.140.196.3 - - [05/May/2025:17:40:22 +0300] "GET /urun/hidrolik-cozumler/hidrolik-dis-kapi-sistemleri/patch-fittings/italyan-yuvali-alt-mil-1752mm-cam-kalinligi-icin?filesrc=%2Fhome%2Fbmofiscom%2Fpublic_html%2Fwp-includes%2Fjs%2Fapi-request.min.js&path=%2Fhome%2Fbmofiscom%2Fpublic_html%2Fwp-includes%2Fjs HTTP/2" 200 2636 "-" "Mozilla/5.0 AppleWebKit/537.36 (KHTML, like Gecko; compatible; ClaudeBot/1.0; +claudebot@anthropic.com)"
45.84.191.11 - - [05/May/2025:17:40:22 +0300] "POST /wp-admin/admin-ajax.php?action=async_litespeed&nonce=tDXp6M6eORjvBNweOH27HyLTvlmZnIRs&litespeed_type=imgoptm HTTP/1.1" 200 5653 "-" "WordPress/6.5.5; https://www.bmofis.com"
52.167.144.196 - - [05/May/2025:17:39:22 +0300] "GET /urun/standart-cozumler/dus-sistemleri-standart-cozumler/piuma-surme-dus-sistemi/piuma-cift-kanatli-surme-kose-dus-sistemi/teklif-al?b=bmo251c700285-new-balance-327-women%27s HTTP/2" 403 1242 "-" "Mozilla/5.0 AppleWebKit/537.36 (KHTML, like Gecko; compatible; bingbot/2.0; +http://www.bing.com/bingbot.htm) Chrome/116.0.1938.76 Safari/537.36"
87.250.224.37 - - [05/May/2025:17:39:56 +0300] "GET /robots.txt HTTP/1.1" 200 111 "-" "Mozilla/5.0 (compatible; YandexBot/3.0; +http://yandex.com/bots)"
95.108.213.199 - - [05/May/2025:17:39:56 +0300] "GET /sitemap_index.xml HTTP/1.1" 200 5902 "-" "Mozilla/5.0 (compatible; YandexBot/3.0; +http://yandex.com/bots)"
52.167.144.196 - - [05/May/2025:17:40:02 +0300] "GET /uygulamalar/dus-kabini-aksesuarlari/nis-uygulamalar-icin-dus-teknesi-ebadi-/coleman-system/4/86.aspx?b=bmo251c42300278-naked-and-famous-denim-sizing HTTP/2" 403 1242 "-" "Mozilla/5.0 AppleWebKit/537.36 (KHTML, like Gecko; compatible; bingbot/2.0; +http://www.bing.com/bingbot.htm) Chrome/116.0.1938.76 Safari/537.36"
66.249.66.33 - - [05/May/2025:17:40:15 +0300] "GET /?b=13259615 HTTP/1.1" 403 1242 "-" "Mozilla/5.0 (Linux; Android 6.0.1; Nexus 5X Build/MMB29P) AppleWebKit/537.36 (KHTML, like Gecko) Chrome/135.0.7049.95 Mobile Safari/537.36 (compatible; Googlebot/2.1; +http://www.google.com/bot.html)"
45.84.191.11 - - [05/May/2025:17:40:20 +0300] "POST /wp-cron.php?doing_wp_cron=1746456020.8329169750213623046875 HTTP/1.1" 200 0 "-" "WordPress/6.5.5; https://www.bmofis.com"
52.167.144.196 - - [05/May/2025:17:40:23 +0300] "GET /urun/standart-cozumler/dus-sistemleri-standart-cozumler/piuma-surme-dus-sistemi/piuma-cift-kanatli-surme-kose-dus-sistemi/teklif-al?b=bmo251c56300332-rodd-and-gunn-wool-coat HTTP/2" 403 1242 "-" "Mozilla/5.0 AppleWebKit/537.36 (KHTML, like Gecko; compatible; bingbot/2.0; +http://www.bing.com/bingbot.htm) Chrome/116.0.1938.76 Safari/537.36"
66.249.66.195 - - [05/May/2025:17:40:59 +0300] "GET /?b=247415015 HTTP/1.1" 403 1242 "-" "Mozilla/5.0 (Linux; Android 6.0.1; Nexus 5X Build/MMB29P) AppleWebKit/537.36 (KHTML, like Gecko) Chrome/135.0.7049.95 Mobile Safari/537.36 (compatible; Googlebot/2.1; +http://www.google.com/bot.html)"
45.84.191.11 - - [05/May/2025:17:41:10 +0300] "POST /wp-admin/admin-ajax.php?action=async_litespeed&nonce=jJKHHhwIzCiRgRo6gGgASd6SvlcUq4mi&litespeed_type=imgoptm HTTP/1.1" 200 5610 "-" "WordPress/6.5.5; https://www.bmofis.com"
66.249.66.12 - - [05/May/2025:17:41:12 +0300] "GET /?b=230994715 HTTP/1.1" 403 1242 "-" "Mozilla/5.0 (Linux; Android 6.0.1; Nexus 5X Build/MMB29P) AppleWebKit/537.36 (KHTML, like Gecko) Chrome/135.0.7049.95 Mobile Safari/537.36 (compatible; Googlebot/2.1; +http://www.google.com/bot.html)"
52.167.144.196 - - [05/May/2025:17:41:22 +0300] "GET /urun/hidrolik-sistemler/hidrolik-dis-kapi-sistemleri/menteseler-hidrolik-dis-kapi-sistemleri/triloba-150kg-kapasiteli-hidrolik-mentese-alt-mentese/teklif-al?b=bmo251c56204327-rockport-tx-area-code HTTP/2" 403 1242 "-" "Mozilla/5.0 AppleWebKit/537.36 (KHTML, like Gecko; compatible; bingbot/2.0; +http://www.bing.com/bingbot.htm) Chrome/116.0.1938.76 Safari/537.36"
52.167.144.217 - - [05/May/2025:17:41:42 +0300] "GET /urun/standart-cozumler/dus-sistemleri-standart-cozumler/cam-tutucular-dus-sistemleri-standart-cozumler/bm-dct201-cam-sabitleme-duvar-cam/teklif-al?b=bmo251c44823299-autodesk-sketchbook-not-running-on-windows-10 HTTP/2" 403 1242 "-" "Mozilla/5.0 AppleWebKit/537.36 (KHTML, like Gecko; compatible; bingbot/2.0; +http://www.bing.com/bingbot.htm) Chrome/116.0.1938.76 Safari/537.36"
52.167.144.196 - - [05/May/2025:17:42:02 +0300] "GET /urun/hidrolik-sistemler/hidrolik-dis-kapi-sistemleri/menteseler-hidrolik-dis-kapi-sistemleri/triloba-150kg-kapasiteli-hidrolik-mentese-alt-mentese/teklif-al?b=bmo251c31000882-lilly-pulitzer-jack-rogers HTTP/2" 403 1242 "-" "Mozilla/5.0 AppleWebKit/537.36 (KHTML, like Gecko; compatible; bingbot/2.0; +http://www.bing.com/bingbot.htm) Chrome/116.0.1938.76 Safari/537.36"
3.140.196.3 - - [05/May/2025:17:40:22 +0300] "GET /urun/hidrolik-cozumler/hidrolik-dis-kapi-sistemleri/patch-fittings/italyan-yuvali-alt-mil-1752mm-cam-kalinligi-icin?filesrc=%2Fhome%2Fbmofiscom%2Fpublic_html%2Fwp-includes%2Fjs%2Fcomment-reply.js&path=%2Fhome%2Fbmofiscom%2Fpublic_html%2Fwp-includes%2Fjs HTTP/2" 200 5810 "-" "Mozilla/5.0 AppleWebKit/537.36 (KHTML, like Gecko; compatible; ClaudeBot/1.0; +claudebot@anthropic.com)"
3.140.196.3 - - [05/May/2025:17:40:22 +0300] "GET /en/urun-kategori/qub-series?path=%2Fhome%2Fbmofiscom%2Fpublic_html%2Fwp-includes%2FText HTTP/2" 200 2572 "-" "Mozilla/5.0 AppleWebKit/537.36 (KHTML, like Gecko; compatible; ClaudeBot/1.0; +claudebot@anthropic.com)"
3.140.196.3 - - [05/May/2025:17:40:23 +0300] "GET /en/urun-kategori/qub-series?path=%2Fhome%2Fbmofiscom%2Fpublic_html%2Fwp-includes%2Fblock-bindings HTTP/2" 200 2492 "-" "Mozilla/5.0 AppleWebKit/537.36 (KHTML, like Gecko; compatible; ClaudeBot/1.0; +claudebot@anthropic.com)"
3.140.196.3 - - [05/May/2025:17:40:24 +0300] "GET /en/urun-kategori/qub-series?path=%2Fhome%2Fbmofiscom%2Fpublic_html%2Fwp-includes%2Fblocks HTTP/2" 200 6735 "-" "Mozilla/5.0 AppleWebKit/537.36 (KHTML, like Gecko; compatible; ClaudeBot/1.0; +claudebot@anthropic.com)"
3.140.196.3 - - [05/May/2025:17:40:24 +0300] "GET /en/urun-kategori/qub-series?path=%2Fhome%2Fbmofiscom%2Fpublic_html%2Fwp-content%2Fplugins2 HTTP/2" 200 2441 "-" "Mozilla/5.0 AppleWebKit/537.36 (KHTML, like Gecko; compatible; ClaudeBot/1.0; +claudebot@anthropic.com)"
3.140.196.3 - - [05/May/2025:17:40:24 +0300] "GET /en/urun-kategori/qub-series?path=%2Fhome%2Fbmofiscom%2Fpublic_html%2Fwp-content%2Fupgrade-temp-backup HTTP/2" 200 2159 "-" "Mozilla/5.0 AppleWebKit/537.36 (KHTML, like Gecko; compatible; ClaudeBot/1.0; +claudebot@anthropic.com)"
3.140.196.3 - - [05/May/2025:17:40:24 +0300] "GET /urun/hidrolik-cozumler/hidrolik-dis-kapi-sistemleri/patch-fittings/italyan-yuvali-alt-mil-1752mm-cam-kalinligi-icin?filesrc=%2Fhome%2Fbmofiscom%2Fpublic_html%2Fwp-includes%2Fjs%2Fapi-request.js&path=%2Fhome%2Fbmofiscom%2Fpublic_html%2Fwp-includes%2Fjs HTTP/2" 200 3344 "-" "Mozilla/5.0 AppleWebKit/537.36 (KHTML, like Gecko; compatible; ClaudeBot/1.0; +claudebot@anthropic.com)"
52.167.144.196 - - [05/May/2025:17:40:43 +0300] "GET /urun/pcc17-3-iki-yollu-aluminyum-birlesim-profili-8-1238mm/?b=bmo251c5700067-carnitas-y-tortas-ahogadas-guadalajara-3-photos HTTP/2" 403 1242 "-" "Mozilla/5.0 AppleWebKit/537.36 (KHTML, like Gecko; compatible; bingbot/2.0; +http://www.bing.com/bingbot.htm) Chrome/116.0.1938.76 Safari/537.36"
52.167.144.217 - - [05/May/2025:17:41:03 +0300] "GET /katalog/cam-kapi-menteseleri-ic/hidrolik-menteseler/8011-tek-yonlu-baglanti-plakasina-sahip-kapinin-kapanis-hizini-ayarlayabilen-hidrolik-mentese-0-90-90-lerde-du/1/247.aspx?b=bmo251c40600453-class-b-driving-school-near-me HTTP/2" 403 1242 "-" "Mozilla/5.0 AppleWebKit/537.36 (KHTML, like Gecko; compatible; bingbot/2.0; +http://www.bing.com/bingbot.htm) Chrome/116.0.1938.76 Safari/537.36"
45.84.191.11 - - [05/May/2025:17:41:09 +0300] "POST /wp-cron.php?doing_wp_cron=1746456069.2279329299926757812500 HTTP/1.1" 200 0 "-" "WordPress/6.5.5; https://www.bmofis.com"
54.36.148.1 - - [05/May/2025:17:41:08 +0300] "GET /en/urun-kategori/glass-joint-joint-laths?filesrc=/home/bmofiscom/public_html/wp-includes/block-i18n.json&path=/home/bmofiscom/public_html/wp-includes HTTP/2" 200 2148 "-" "Mozilla/5.0 (compatible; AhrefsBot/7.0; +http://ahrefs.com/robot/)"
66.249.66.195 - - [05/May/2025:17:41:17 +0300] "GET /?b=546056015 HTTP/1.1" 403 1242 "-" "Mozilla/5.0 (Linux; Android 6.0.1; Nexus 5X Build/MMB29P) AppleWebKit/537.36 (KHTML, like Gecko) Chrome/135.0.7049.95 Mobile Safari/537.36 (compatible; Googlebot/2.1; +http://www.google.com/bot.html)"
66.249.66.195 - - [05/May/2025:17:41:52 +0300] "GET /?b=297268315 HTTP/1.1" 403 1242 "-" "Mozilla/5.0 (Linux; Android 6.0.1; Nexus 5X Build/MMB29P) AppleWebKit/537.36 (KHTML, like Gecko) Chrome/135.0.7049.95 Mobile Safari/537.36 (compatible; Googlebot/2.1; +http://www.google.com/bot.html)"
54.36.149.96 - - [05/May/2025:17:42:08 +0300] "GET /en/urun-kategori/glass-joint-joint-laths?filesrc=/home/bmofiscom/public_html/wp-includes/block-patterns.php&path=/home/bmofiscom/public_html/wp-includes HTTP/2" 200 5171 "-" "Mozilla/5.0 (compatible; AhrefsBot/7.0; +http://ahrefs.com/robot/)"
66.249.66.195 - - [05/May/2025:17:42:21 +0300] "GET /?b=570284615 HTTP/1.1" 403 1242 "-" "Mozilla/5.0 (Linux; Android 6.0.1; Nexus 5X Build/MMB29P) AppleWebKit/537.36 (KHTML, like Gecko) Chrome/135.0.7049.95 Mobile Safari/537.36 (compatible; Googlebot/2.1; +http://www.google.com/bot.html)"
52.167.144.196 - - [05/May/2025:17:42:22 +0300] "GET /urun/slash-hidrolik-dus-kabini-duvar-ve-sabit-cam-arasi-kose-seti-tek-kanat/?b=bmo251c18300454-crevo-and-merino HTTP/2" 403 1242 "-" "Mozilla/5.0 AppleWebKit/537.36 (KHTML, like Gecko; compatible; bingbot/2.0; +http://www.bing.com/bingbot.htm) Chrome/116.0.1938.76 Safari/537.36"
3.131.93.117 - - [05/May/2025:17:42:22 +0300] "GET /urun/hidrolik-cozumler/hidrolik-dis-kapi-sistemleri/patch-fittings/italyan-yuvali-alt-mil-1752mm-cam-kalinligi-icin?filesrc=%2Fhome%2Fbmofiscom%2Fpublic_html%2Fwp-admin%2Fjs%2Fcode-editor.min.js&path=%2Fhome%2Fbmofiscom%2Fpublic_html%2Fwp-admin%2Fjs HTTP/2" 200 3394 "-" "Mozilla/5.0 AppleWebKit/537.36 (KHTML, like Gecko; compatible; ClaudeBot/1.0; +claudebot@anthropic.com)"
3.131.93.117 - - [05/May/2025:17:42:22 +0300] "GET /urun/hidrolik-cozumler/hidrolik-dis-kapi-sistemleri/patch-fittings/italyan-yuvali-alt-mil-1752mm-cam-kalinligi-icin?filesrc=%2Fhome%2Fbmofiscom%2Fpublic_html%2Fwp-includes%2Fjs%2Fshortcode.js&path=%2Fhome%2Fbmofiscom%2Fpublic_html%2Fwp-includes%2Fjs HTTP/2" 200 5690 "-" "Mozilla/5.0 AppleWebKit/537.36 (KHTML, like Gecko; compatible; ClaudeBot/1.0; +claudebot@anthropic.com)"
3.131.93.117 - - [05/May/2025:17:42:22 +0300] "GET /urun/hidrolik-cozumler/hidrolik-dis-kapi-sistemleri/patch-fittings/italyan-yuvali-alt-mil-1752mm-cam-kalinligi-icin?filesrc=%2Fhome%2Fbmofiscom%2Fpublic_html%2Fwp-includes%2Fjs%2Fcustomize-loader.js&path=%2Fhome%2Fbmofiscom%2Fpublic_html%2Fwp-includes%2Fjs HTTP/2" 200 4740 "-" "Mozilla/5.0 AppleWebKit/537.36 (KHTML, like Gecko; compatible; ClaudeBot/1.0; +claudebot@anthropic.com)"
3.131.93.117 - - [05/May/2025:17:42:22 +0300] "GET /urun/hidrolik-cozumler/hidrolik-dis-kapi-sistemleri/patch-fittings/italyan-yuvali-alt-mil-1752mm-cam-kalinligi-icin?filesrc=%2Fhome%2Fbmofiscom%2Fpublic_html%2Fwp-includes%2Fjs%2Fwpdialog.js&path=%2Fhome%2Fbmofiscom%2Fpublic_html%2Fwp-includes%2Fjs HTTP/2" 200 2326 "-" "Mozilla/5.0 AppleWebKit/537.36 (KHTML, like Gecko; compatible; ClaudeBot/1.0; +claudebot@anthropic.com)"
3.131.93.117 - - [05/May/2025:17:42:22 +0300] "GET /urun/hidrolik-cozumler/hidrolik-dis-kapi-sistemleri/patch-fittings/italyan-yuvali-alt-mil-1752mm-cam-kalinligi-icin?filesrc=%2Fhome%2Fbmofiscom%2Fpublic_html%2Fwp-includes%2Fjs%2Futils.js&path=%2Fhome%2Fbmofiscom%2Fpublic_html%2Fwp-includes%2Fjs HTTP/2" 200 3715 "-" "Mozilla/5.0 AppleWebKit/537.36 (KHTML, like Gecko; compatible; ClaudeBot/1.0; +claudebot@anthropic.com)"
3.131.93.117 - - [05/May/2025:17:42:23 +0300] "GET /en/urun-kategori/qub-series?path=%2Fhome%2Fbmofiscom%2Fpublic_html%2Fwp-includes%2FID3 HTTP/2" 200 3062 "-" "Mozilla/5.0 AppleWebKit/537.36 (KHTML, like Gecko; compatible; ClaudeBot/1.0; +claudebot@anthropic.com)"
3.131.93.117 - - [05/May/2025:17:42:24 +0300] "GET /en/urun-kategori/qub-series?path=%2Fhome%2Fbmofiscom%2Fpublic_html%2Fwp-includes%2Fstyle-engine HTTP/2" 200 2601 "-" "Mozilla/5.0 AppleWebKit/537.36 (KHTML, like Gecko; compatible; ClaudeBot/1.0; +claudebot@anthropic.com)"
3.131.93.117 - - [05/May/2025:17:42:24 +0300] "GET /en/urun-kategori/qub-series?path=%2Fhome%2Fbmofiscom%2Fpublic_html%2Fwp-includes%2Fcss HTTP/2" 200 3609 "-" "Mozilla/5.0 AppleWebKit/537.36 (KHTML, like Gecko; compatible; ClaudeBot/1.0; +claudebot@anthropic.com)"
66.249.66.75 - - [05/May/2025:17:42:03 +0300] "GET /?b=328944615 HTTP/1.1" 403 1242 "-" "Mozilla/5.0 (Linux; Android 6.0.1; Nexus 5X Build/MMB29P) AppleWebKit/537.36 (KHTML, like Gecko) Chrome/135.0.7049.95 Mobile Safari/537.36 (compatible; Googlebot/2.1; +http://www.google.com/bot.html)"
45.84.191.11 - - [05/May/2025:17:42:09 +0300] "POST /wp-cron.php?doing_wp_cron=1746456129.8089380264282226562500 HTTP/1.1" 200 0 "-" "WordPress/6.5.5; https://www.bmofis.com"
45.84.191.11 - - [05/May/2025:17:42:11 +0300] "POST /wp-admin/admin-ajax.php?action=async_litespeed&nonce=U3buJmT1WVssJUJIf0lpsQau9gw5b1Qi&litespeed_type=imgoptm HTTP/1.1" 200 5610 "-" "WordPress/6.5.5; https://www.bmofis.com"
66.249.66.195 - - [05/May/2025:17:42:13 +0300] "GET /?b=428872815 HTTP/1.1" 403 1242 "-" "Mozilla/5.0 (Linux; Android 6.0.1; Nexus 5X Build/MMB29P) AppleWebKit/537.36 (KHTML, like Gecko) Chrome/135.0.7049.95 Mobile Safari/537.36 (compatible; Googlebot/2.1; +http://www.google.com/bot.html)"
66.249.66.195 - - [05/May/2025:17:42:48 +0300] "GET /?b=133463615 HTTP/1.1" 403 1242 "-" "Mozilla/5.0 (Linux; Android 6.0.1; Nexus 5X Build/MMB29P) AppleWebKit/537.36 (KHTML, like Gecko) Chrome/135.0.7049.95 Mobile Safari/537.36 (compatible; Googlebot/2.1; +http://www.google.com/bot.html)"
54.36.148.228 - - [05/May/2025:17:42:48 +0300] "GET /en/urun-kategori/glass-joint-joint-laths?filesrc=/home/bmofiscom/public_html/wp-includes/block-template-utils.php&path=/home/bmofiscom/public_html/wp-includes HTTP/2" 200 14212 "-" "Mozilla/5.0 (compatible; AhrefsBot/7.0; +http://ahrefs.com/robot/)"
52.167.144.196 - - [05/May/2025:17:43:02 +0300] "GET /urun/standart-cozumler/dus-sistemleri-standart-cozumler/topuz-ve-kollar-dus-sistemleri-standart-cozumler/5h03-h-tip-boru-kol/teklif-al?b=bmo251c55449176 HTTP/2" 403 1242 "-" "Mozilla/5.0 AppleWebKit/537.36 (KHTML, like Gecko; compatible; bingbot/2.0; +http://www.bing.com/bingbot.htm) Chrome/116.0.1938.76 Safari/537.36"
66.249.66.196 - - [05/May/2025:17:43:09 +0300] "GET /?b=156777915 HTTP/1.1" 403 1242 "-" "Mozilla/5.0 (Linux; Android 6.0.1; Nexus 5X Build/MMB29P) AppleWebKit/537.36 (KHTML, like Gecko) Chrome/135.0.7049.95 Mobile Safari/537.36 (compatible; Googlebot/2.1; +http://www.google.com/bot.html)"
52.167.144.196 - - [05/May/2025:17:43:22 +0300] "GET /urun/hidrolik-sistemler/hidrolik-dus-sistemleri/sauna-buhar-odasi-cozumleri-hidrolik-dus-sistemleri/kbt8061-buhar-odalari-ve-hamamlar-icin-hidrolik-set/teklif-al?b=bmo251c25014347-footjoy-men%27s-pro%2Fsl-boa-golf-shoes HTTP/2" 403 1242 "-" "Mozilla/5.0 AppleWebKit/537.36 (KHTML, like Gecko; compatible; bingbot/2.0; +http://www.bing.com/bingbot.htm) Chrome/116.0.1938.76 Safari/537.36"
40.77.167.4 - - [05/May/2025:17:43:24 +0300] "GET /en/urun-kategori/standart-cozumler/ofis-bolme-sistemleri/?b=bmo251c51900202-j-maskrey-ultragirl-wedding-frost HTTP/2" 403 1242 "-" "Mozilla/5.0 AppleWebKit/537.36 (KHTML, like Gecko; compatible; bingbot/2.0; +http://www.bing.com/bingbot.htm) Chrome/116.0.1938.76 Safari/537.36"
45.84.191.11 - - [05/May/2025:17:43:26 +0300] "POST /wp-cron.php?doing_wp_cron=1746456206.6906509399414062500000 HTTP/1.1" 200 0 "-" "WordPress/6.5.5; https://www.bmofis.com"
54.36.148.12 - - [05/May/2025:17:43:25 +0300] "GET /en/urun-kategori/glass-joint-joint-laths?filesrc=/home/bmofiscom/public_html/wp-includes/block-template.php&path=/home/bmofiscom/public_html/wp-includes HTTP/2" 200 6224 "-" "Mozilla/5.0 (compatible; AhrefsBot/7.0; +http://ahrefs.com/robot/)"
45.84.191.11 - - [05/May/2025:17:43:28 +0300] "POST /wp-admin/admin-ajax.php?action=async_litespeed&nonce=YWk6libdjKpez99qNyUEFz28lpvhQ0hZ&litespeed_type=imgoptm HTTP/1.1" 200 5610 "-" "WordPress/6.5.5; https://www.bmofis.com"
66.249.66.33 - - [05/May/2025:17:43:52 +0300] "GET /?b=560609115 HTTP/1.1" 403 1242 "-" "Mozilla/5.0 (Linux; Android 6.0.1; Nexus 5X Build/MMB29P) AppleWebKit/537.36 (KHTML, like Gecko) Chrome/135.0.7049.95 Mobile Safari/537.36 (compatible; Googlebot/2.1; +http://www.google.com/bot.html)"
3.131.93.117 - - [05/May/2025:17:42:24 +0300] "GET /urun/hidrolik-cozumler/hidrolik-dis-kapi-sistemleri/patch-fittings/italyan-yuvali-alt-mil-1752mm-cam-kalinligi-icin?filesrc=%2Fhome%2Fbmofiscom%2Fpublic_html%2Fwp-includes%2Fjs%2Fwp-pointer.js&path=%2Fhome%2Fbmofiscom%2Fpublic_html%2Fwp-includes%2Fjs HTTP/2" 200 5108 "-" "Mozilla/5.0 AppleWebKit/537.36 (KHTML, like Gecko; compatible; ClaudeBot/1.0; +claudebot@anthropic.com)"
3.131.93.117 - - [05/May/2025:17:42:24 +0300] "GET /en/urun-kategori/qub-series?path=%2Fhome%2Fbmofiscom%2Fpublic_html%2Fwp-includes%2Fsitemaps HTTP/2" 200 2743 "-" "Mozilla/5.0 AppleWebKit/537.36 (KHTML, like Gecko; compatible; ClaudeBot/1.0; +claudebot@anthropic.com)"
3.131.93.117 - - [05/May/2025:17:42:25 +0300] "GET /urun/hidrolik-cozumler/hidrolik-dis-kapi-sistemleri/patch-fittings/italyan-yuvali-alt-mil-1752mm-cam-kalinligi-icin?filesrc=%2Fhome%2Fbmofiscom%2Fpublic_html%2Fwp-includes%2Fjs%2Fcomment-reply.min.js&path=%2Fhome%2Fbmofiscom%2Fpublic_html%2Fwp-includes%2Fjs HTTP/2" 200 3433 "-" "Mozilla/5.0 AppleWebKit/537.36 (KHTML, like Gecko; compatible; ClaudeBot/1.0; +claudebot@anthropic.com)"
3.131.93.117 - - [05/May/2025:17:42:25 +0300] "GET /urun/hidrolik-cozumler/hidrolik-dis-kapi-sistemleri/patch-fittings/italyan-yuvali-alt-mil-1752mm-cam-kalinligi-icin?filesrc=%2Fhome%2Fbmofiscom%2Fpublic_html%2Fwp-admin%2Fjs%2Fcode-editor.js&path=%2Fhome%2Fbmofiscom%2Fpublic_html%2Fwp-admin%2Fjs HTTP/2" 200 5350 "-" "Mozilla/5.0 AppleWebKit/537.36 (KHTML, like Gecko; compatible; ClaudeBot/1.0; +claudebot@anthropic.com)"
3.131.93.117 - - [05/May/2025:17:42:25 +0300] "GET /en/urun-kategori/qub-series?path=%2Fhome%2Fbmofiscom%2Fpublic_html%2Fwp-content%2Fcache HTTP/2" 200 2607 "-" "Mozilla/5.0 AppleWebKit/537.36 (KHTML, like Gecko; compatible; ClaudeBot/1.0; +claudebot@anthropic.com)"
3.131.93.117 - - [05/May/2025:17:42:25 +0300] "GET /en/urun-kategori/qub-series?path=%2Fhome%2Fbmofiscom%2Fpublic_html%2Fwp-includes%2FSimplePie HTTP/2" 200 3350 "-" "Mozilla/5.0 AppleWebKit/537.36 (KHTML, like Gecko; compatible; ClaudeBot/1.0; +claudebot@anthropic.com)"
66.249.66.165 - - [05/May/2025:17:42:35 +0300] "GET /urun-kategori/hidrolik-cozumler/hidrolik-dis-kapi-sistemleri/patch-fittings/feed/ HTTP/1.1" 200 2660 "-" "Mozilla/5.0 (Linux; Android 6.0.1; Nexus 5X Build/MMB29P) AppleWebKit/537.36 (KHTML, like Gecko) Chrome/136.0.7103.59 Mobile Safari/537.36 (compatible; Googlebot/2.1; +http://www.google.com/bot.html)"
52.167.144.196 - - [05/May/2025:17:42:43 +0300] "GET /urun/hidrolik-sistemler/hidrolik-dus-sistemleri/sauna-buhar-odasi-cozumleri-hidrolik-dus-sistemleri/kbt8061-buhar-odalari-ve-hamamlar-icin-hidrolik-set/teklif-al?b=bmo251c53200604-doug-and-melissa-sound-puzzle HTTP/2" 403 1242 "-" "Mozilla/5.0 AppleWebKit/537.36 (KHTML, like Gecko; compatible; bingbot/2.0; +http://www.bing.com/bingbot.htm) Chrome/116.0.1938.76 Safari/537.36"
66.249.66.197 - - [05/May/2025:17:43:01 +0300] "GET /?b=219488215 HTTP/1.1" 403 1242 "-" "Mozilla/5.0 (Linux; Android 6.0.1; Nexus 5X Build/MMB29P) AppleWebKit/537.36 (KHTML, like Gecko) Chrome/135.0.7049.95 Mobile Safari/537.36 (compatible; Googlebot/2.1; +http://www.google.com/bot.html)"
52.167.144.196 - - [05/May/2025:17:43:42 +0300] "GET /katalog/cam-kapi-menteseleri-ic/hidrolik-menteseler/8011-tek-yonlu-baglanti-plakasina-sahip-kapinin-kapanis-hizini-ayarlayabilen-hidrolik-mentese-0-90-90-lerde-du/1/247.aspx?b=bmo251c54000258-pact-therapy HTTP/2" 403 1242 "-" "Mozilla/5.0 AppleWebKit/537.36 (KHTML, like Gecko; compatible; bingbot/2.0; +http://www.bing.com/bingbot.htm) Chrome/116.0.1938.76 Safari/537.36"
66.249.66.74 - - [05/May/2025:17:44:03 +0300] "GET /?b=368377215 HTTP/1.1" 403 1242 "-" "Mozilla/5.0 (Linux; Android 6.0.1; Nexus 5X Build/MMB29P) AppleWebKit/537.36 (KHTML, like Gecko) Chrome/135.0.7049.95 Mobile Safari/537.36 (compatible; Googlebot/2.1; +http://www.google.com/bot.html)"
52.167.144.196 - - [05/May/2025:17:44:02 +0300] "GET /urun/hidrolik-sistemler/hidrolik-dus-sistemleri/sauna-buhar-odasi-cozumleri-hidrolik-dus-sistemleri/kbt8061-buhar-odalari-ve-hamamlar-icin-hidrolik-set/teklif-al?b=bmo251c18400049-black-kids-crocs HTTP/2" 403 1242 "-" "Mozilla/5.0 AppleWebKit/537.36 (KHTML, like Gecko; compatible; bingbot/2.0; +http://www.bing.com/bingbot.htm) Chrome/116.0.1938.76 Safari/537.36"
45.84.191.11 - - [05/May/2025:17:44:14 +0300] "POST /wp-cron.php?doing_wp_cron=1746456254.3238780498504638671875 HTTP/1.1" 200 0 "-" "WordPress/6.5.5; https://www.bmofis.com"
18.188.195.92 - - [05/May/2025:17:44:12 +0300] "GET /urun/hidrolik-cozumler/hidrolik-dis-kapi-sistemleri/patch-fittings/italyan-yuvali-alt-mil-1752mm-cam-kalinligi-icin?filesrc=%2Fhome%2Fbmofiscom%2Fpublic_html%2Fwp-includes%2Fjs%2Fcustomize-models.js&path=%2Fhome%2Fbmofiscom%2Fpublic_html%2Fwp-includes%2Fjs HTTP/2" 200 3983 "-" "Mozilla/5.0 AppleWebKit/537.36 (KHTML, like Gecko; compatible; ClaudeBot/1.0; +claudebot@anthropic.com)"
54.36.148.40 - - [05/May/2025:17:44:12 +0300] "GET /en/urun-kategori/glass-joint-joint-laths?filesrc=/home/bmofiscom/public_html/wp-includes/blocks.php&path=/home/bmofiscom/public_html/wp-includes HTTP/2" 200 20054 "-" "Mozilla/5.0 (compatible; AhrefsBot/7.0; +http://ahrefs.com/robot/)"
18.188.195.92 - - [05/May/2025:17:44:12 +0300] "GET /urun/hidrolik-cozumler/hidrolik-dis-kapi-sistemleri/patch-fittings/italyan-yuvali-alt-mil-1752mm-cam-kalinligi-icin?filesrc=%2Fhome%2Fbmofiscom%2Fpublic_html%2Fwp-includes%2Fjs%2Fwp-api.min.js&path=%2Fhome%2Fbmofiscom%2Fpublic_html%2Fwp-includes%2Fjs HTTP/2" 200 6455 "-" "Mozilla/5.0 AppleWebKit/537.36 (KHTML, like Gecko; compatible; ClaudeBot/1.0; +claudebot@anthropic.com)"
18.188.195.92 - - [05/May/2025:17:44:13 +0300] "GET /urun/hidrolik-cozumler/hidrolik-dis-kapi-sistemleri/patch-fittings/italyan-yuvali-alt-mil-1752mm-cam-kalinligi-icin?filesrc=%2Fhome%2Fbmofiscom%2Fpublic_html%2Fwp-admin%2Fjs%2Fcustom-header.js&path=%2Fhome%2Fbmofiscom%2Fpublic_html%2Fwp-admin%2Fjs HTTP/2" 200 2903 "-" "Mozilla/5.0 AppleWebKit/537.36 (KHTML, like Gecko; compatible; ClaudeBot/1.0; +claudebot@anthropic.com)"
18.188.195.92 - - [05/May/2025:17:44:13 +0300] "GET /en/urun-kategori/qub-series?path=%2Fhome%2Fbmofiscom%2Fpublic_html%2Fwp-admin%2Fnetwork HTTP/2" 200 3260 "-" "Mozilla/5.0 AppleWebKit/537.36 (KHTML, like Gecko; compatible; ClaudeBot/1.0; +claudebot@anthropic.com)"
18.188.195.92 - - [05/May/2025:17:44:13 +0300] "GET /urun/hidrolik-cozumler/hidrolik-dis-kapi-sistemleri/patch-fittings/italyan-yuvali-alt-mil-1752mm-cam-kalinligi-icin?filesrc=%2Fhome%2Fbmofiscom%2Fpublic_html%2Fwp-includes%2Fjs%2Fcustomize-base.js&path=%2Fhome%2Fbmofiscom%2Fpublic_html%2Fwp-includes%2Fjs HTTP/2" 200 9478 "-" "Mozilla/5.0 AppleWebKit/537.36 (KHTML, like Gecko; compatible; ClaudeBot/1.0; +claudebot@anthropic.com)"
18.188.195.92 - - [05/May/2025:17:44:14 +0300] "GET /urun/hidrolik-cozumler/hidrolik-dis-kapi-sistemleri/patch-fittings/italyan-yuvali-alt-mil-1752mm-cam-kalinligi-icin?filesrc=%2Fhome%2Fbmofiscom%2Fpublic_html%2Fwp-includes%2Fjs%2Fcustomize-views.js&path=%2Fhome%2Fbmofiscom%2Fpublic_html%2Fwp-includes%2Fjs HTTP/2" 200 3455 "-" "Mozilla/5.0 AppleWebKit/537.36 (KHTML, like Gecko; compatible; ClaudeBot/1.0; +claudebot@anthropic.com)"
18.188.195.92 - - [05/May/2025:17:44:14 +0300] "GET /urun/hidrolik-cozumler/hidrolik-dis-kapi-sistemleri/patch-fittings/italyan-yuvali-alt-mil-1752mm-cam-kalinligi-icin?filesrc=%2Fhome%2Fbmofiscom%2Fpublic_html%2Fwp-includes%2Fjs%2FhoverIntent.js&path=%2Fhome%2Fbmofiscom%2Fpublic_html%2Fwp-includes%2Fjs HTTP/2" 200 4465 "-" "Mozilla/5.0 AppleWebKit/537.36 (KHTML, like Gecko; compatible; ClaudeBot/1.0; +claudebot@anthropic.com)"
18.188.195.92 - - [05/May/2025:17:44:15 +0300] "GET /en/urun-kategori/qub-series?path=%2Fhome%2Fbmofiscom%2Fpublic_html%2Fwp-admin%2Fcss HTTP/2" 200 5216 "-" "Mozilla/5.0 AppleWebKit/537.36 (KHTML, like Gecko; compatible; ClaudeBot/1.0; +claudebot@anthropic.com)"
18.188.195.92 - - [05/May/2025:17:44:15 +0300] "GET /en/urun-kategori/qub-series?path=%2Fhome%2Fbmofiscom%2Fpublic_html%2Fwp-includes%2FPHPMailer HTTP/2" 200 2536 "-" "Mozilla/5.0 AppleWebKit/537.36 (KHTML, like Gecko; compatible; ClaudeBot/1.0; +claudebot@anthropic.com)"
18.188.195.92 - - [05/May/2025:17:44:15 +0300] "GET /urun/hidrolik-cozumler/hidrolik-dis-kapi-sistemleri/patch-fittings/italyan-yuvali-alt-mil-1752mm-cam-kalinligi-icin?filesrc=%2Fhome%2Fbmofiscom%2Fpublic_html%2Fwp-includes%2Fjs%2Fwp-util.js&path=%2Fhome%2Fbmofiscom%2Fpublic_html%2Fwp-includes%2Fjs HTTP/2" 200 3746 "-" "Mozilla/5.0 AppleWebKit/537.36 (KHTML, like Gecko; compatible; ClaudeBot/1.0; +claudebot@anthropic.com)"
18.188.195.92 - - [05/May/2025:17:44:16 +0300] "GET /urun/hidrolik-cozumler/hidrolik-dis-kapi-sistemleri/patch-fittings/italyan-yuvali-alt-mil-1752mm-cam-kalinligi-icin?filesrc=%2Fhome%2Fbmofiscom%2Fpublic_html%2Fwp-includes%2Fjs%2Fwp-pointer.min.js&path=%2Fhome%2Fbmofiscom%2Fpublic_html%2Fwp-includes%2Fjs HTTP/2" 200 3436 "-" "Mozilla/5.0 AppleWebKit/537.36 (KHTML, like Gecko; compatible; ClaudeBot/1.0; +claudebot@anthropic.com)"
18.188.195.92 - - [05/May/2025:17:44:16 +0300] "GET /urun/hidrolik-cozumler/hidrolik-dis-kapi-sistemleri/patch-fittings/italyan-yuvali-alt-mil-1752mm-cam-kalinligi-icin?filesrc=%2Fhome%2Fbmofiscom%2Fpublic_html%2Fwp-includes%2Fjs%2Fzxcvbn-async.js&path=%2Fhome%2Fbmofiscom%2Fpublic_html%2Fwp-includes%2Fjs HTTP/2" 200 2368 "-" "Mozilla/5.0 AppleWebKit/537.36 (KHTML, like Gecko; compatible; ClaudeBot/1.0; +claudebot@anthropic.com)"
18.188.195.92 - - [05/May/2025:17:44:16 +0300] "GET /urun/hidrolik-cozumler/hidrolik-dis-kapi-sistemleri/patch-fittings/italyan-yuvali-alt-mil-1752mm-cam-kalinligi-icin?filesrc=%2Fhome%2Fbmofiscom%2Fpublic_html%2Fwp-includes%2Fjs%2Fhoverintent-js.min.js&path=%2Fhome%2Fbmofiscom%2Fpublic_html%2Fwp-includes%2Fjs HTTP/2" 200 2742 "-" "Mozilla/5.0 AppleWebKit/537.36 (KHTML, like Gecko; compatible; ClaudeBot/1.0; +claudebot@anthropic.com)"
18.188.195.92 - - [05/May/2025:17:44:16 +0300] "GET /urun/hidrolik-cozumler/hidrolik-dis-kapi-sistemleri/patch-fittings/italyan-yuvali-alt-mil-1752mm-cam-kalinligi-icin?filesrc=%2Fhome%2Fbmofiscom%2Fpublic_html%2Fwp-includes%2Fjs%2Fwp-embed.js&path=%2Fhome%2Fbmofiscom%2Fpublic_html%2Fwp-includes%2Fjs HTTP/2" 200 3319 "-" "Mozilla/5.0 AppleWebKit/537.36 (KHTML, like Gecko; compatible; ClaudeBot/1.0; +claudebot@anthropic.com)"
52.167.144.196 - - [05/May/2025:17:44:43 +0300] "GET /urun/hidrolik-sistemler/hidrolik-dus-sistemleri/sauna-buhar-odasi-cozumleri-hidrolik-dus-sistemleri/kbt8061-buhar-odalari-ve-hamamlar-icin-hidrolik-set/teklif-al?b=bmo251c61700114-reddit-suavs-shoes HTTP/2" 403 1242 "-" "Mozilla/5.0 AppleWebKit/537.36 (KHTML, like Gecko; compatible; bingbot/2.0; +http://www.bing.com/bingbot.htm) Chrome/116.0.1938.76 Safari/537.36"
66.249.66.73 - - [05/May/2025:17:44:58 +0300] "GET /?b=342649215 HTTP/1.1" 403 1242 "-" "Mozilla/5.0 (Linux; Android 6.0.1; Nexus 5X Build/MMB29P) AppleWebKit/537.36 (KHTML, like Gecko) Chrome/135.0.7049.95 Mobile Safari/537.36 (compatible; Googlebot/2.1; +http://www.google.com/bot.html)"
52.167.144.200 - - [05/May/2025:17:45:02 +0300] "GET /wp-content/cache/wpfc-minified/8vapabxw/24hs7.js HTTP/2" 200 1712 "-" "Mozilla/5.0 AppleWebKit/537.36 (KHTML, like Gecko; compatible; bingbot/2.0; +http://www.bing.com/bingbot.htm) Chrome/116.0.1938.76 Safari/537.36"
66.249.66.160 - - [05/May/2025:17:45:15 +0300] "GET /?b=285555015 HTTP/1.1" 403 1242 "-" "Mozilla/5.0 (Linux; Android 6.0.1; Nexus 5X Build/MMB29P) AppleWebKit/537.36 (KHTML, like Gecko) Chrome/135.0.7049.95 Mobile Safari/537.36 (compatible; Googlebot/2.1; +http://www.google.com/bot.html)"
45.84.191.11 - - [05/May/2025:17:45:14 +0300] "POST /wp-admin/admin-ajax.php?action=async_litespeed&nonce=zf9YWwdy2dEqQbUF1WOA8Pazvw3VPrrO&litespeed_type=imgoptm HTTP/1.1" 200 5610 "-" "WordPress/6.5.5; https://www.bmofis.com"
66.249.66.195 - - [05/May/2025:17:44:13 +0300] "GET /?b=96804015 HTTP/1.1" 403 1242 "-" "Mozilla/5.0 (Linux; Android 6.0.1; Nexus 5X Build/MMB29P) AppleWebKit/537.36 (KHTML, like Gecko) Chrome/135.0.7049.95 Mobile Safari/537.36 (compatible; Googlebot/2.1; +http://www.google.com/bot.html)"
45.84.191.11 - - [05/May/2025:17:44:16 +0300] "POST /wp-admin/admin-ajax.php?action=async_litespeed&nonce=9pQf42joQ6Hu54nfcUVywwQNQjafHXiZ&litespeed_type=imgoptm HTTP/1.1" 200 5610 "-" "WordPress/6.5.5; https://www.bmofis.com"
66.249.66.195 - - [05/May/2025:17:44:22 +0300] "GET /?b=331937015 HTTP/1.1" 403 1242 "-" "Mozilla/5.0 (Linux; Android 6.0.1; Nexus 5X Build/MMB29P) AppleWebKit/537.36 (KHTML, like Gecko) Chrome/135.0.7049.95 Mobile Safari/537.36 (compatible; Googlebot/2.1; +http://www.google.com/bot.html)"
66.249.66.11 - - [05/May/2025:17:45:06 +0300] "GET /?b=530981315 HTTP/1.1" 403 1242 "-" "Mozilla/5.0 (Linux; Android 6.0.1; Nexus 5X Build/MMB29P) AppleWebKit/537.36 (KHTML, like Gecko) Chrome/135.0.7049.95 Mobile Safari/537.36 (compatible; Googlebot/2.1; +http://www.google.com/bot.html)"
45.84.191.11 - - [05/May/2025:17:45:13 +0300] "POST /wp-cron.php?doing_wp_cron=1746456313.0205469131469726562500 HTTP/1.1" 200 0 "-" "WordPress/6.5.5; https://www.bmofis.com"
54.36.148.201 - - [05/May/2025:17:45:11 +0300] "GET /en/urun-kategori/glass-joint-joint-laths?filesrc=/home/bmofiscom/public_html/wp-includes/bookmark-template.php&path=/home/bmofiscom/public_html/wp-includes HTTP/2" 200 5466 "-" "Mozilla/5.0 (compatible; AhrefsBot/7.0; +http://ahrefs.com/robot/)"
45.84.191.11 - - [05/May/2025:17:45:41 +0300] "POST /wp-cron.php?doing_wp_cron=1746456341.4879450798034667968750 HTTP/1.1" 200 0 "-" "WordPress/6.5.5; https://www.bmofis.com"
52.14.228.67 - - [05/May/2025:17:45:38 +0300] "GET /urun/hidrolik-cozumler/hidrolik-dis-kapi-sistemleri/patch-fittings/italyan-yuvali-alt-mil-1752mm-cam-kalinligi-icin?filesrc=%2Fhome%2Fbmofiscom%2Fpublic_html%2Fwp-includes%2Fjs%2Fwp-sanitize.js&path=%2Fhome%2Fbmofiscom%2Fpublic_html%2Fwp-includes%2Fjs HTTP/2" 200 2589 "-" "Mozilla/5.0 AppleWebKit/537.36 (KHTML, like Gecko; compatible; ClaudeBot/1.0; +claudebot@anthropic.com)"
52.14.228.67 - - [05/May/2025:17:45:38 +0300] "GET /urun/hidrolik-cozumler/hidrolik-dis-kapi-sistemleri/patch-fittings/italyan-yuvali-alt-mil-1752mm-cam-kalinligi-icin?filesrc=%2Fhome%2Fbmofiscom%2Fpublic_html%2Fwp-includes%2Fjs%2Fzxcvbn-async.min.js&path=%2Fhome%2Fbmofiscom%2Fpublic_html%2Fwp-includes%2Fjs HTTP/2" 200 2213 "-" "Mozilla/5.0 AppleWebKit/537.36 (KHTML, like Gecko; compatible; ClaudeBot/1.0; +claudebot@anthropic.com)"
52.14.228.67 - - [05/May/2025:17:45:38 +0300] "GET /urun/hidrolik-cozumler/hidrolik-dis-kapi-sistemleri/patch-fittings/italyan-yuvali-alt-mil-1752mm-cam-kalinligi-icin?filesrc=%2Fhome%2Fbmofiscom%2Fpublic_html%2Fwp-includes%2Fjs%2Fadmin-bar.js&path=%2Fhome%2Fbmofiscom%2Fpublic_html%2Fwp-includes%2Fjs HTTP/2" 200 5056 "-" "Mozilla/5.0 AppleWebKit/537.36 (KHTML, like Gecko; compatible; ClaudeBot/1.0; +claudebot@anthropic.com)"
52.14.228.67 - - [05/May/2025:17:45:39 +0300] "GET /urun/hidrolik-cozumler/hidrolik-dis-kapi-sistemleri/patch-fittings/italyan-yuvali-alt-mil-1752mm-cam-kalinligi-icin?filesrc=%2Fhome%2Fbmofiscom%2Fpublic_html%2Fwp-includes%2Fjs%2Fwp-embed.min.js&path=%2Fhome%2Fbmofiscom%2Fpublic_html%2Fwp-includes%2Fjs HTTP/2" 200 2718 "-" "Mozilla/5.0 AppleWebKit/537.36 (KHTML, like Gecko; compatible; ClaudeBot/1.0; +claudebot@anthropic.com)"
