94.123.206.73 - - [05/May/2025:16:05:48 +0300] "GET /wp-content/plugins/wp-video-lightbox/js/video-lightbox.js?ver=3.1.6 HTTP/2" 200 1237 "https://www.bmofis.com/urun-kategori/standart-cozumler/kol-ve-kilitler/cam-kapi-kilitleri/" "Mozilla/5.0 (Windows NT 10.0; Win64; x64) AppleWebKit/537.36 (KHTML, like Gecko) Chrome/135.0.0.0 Safari/537.36"
94.123.206.73 - - [05/May/2025:16:05:48 +0300] "GET /wp-includes/js/jquery/ui/core.min.js?ver=1.13.2 HTTP/2" 200 6801 "https://www.bmofis.com/urun-kategori/standart-cozumler/kol-ve-kilitler/cam-kapi-kilitleri/" "Mozilla/5.0 (Windows NT 10.0; Win64; x64) AppleWebKit/537.36 (KHTML, like Gecko) Chrome/135.0.0.0 Safari/537.36"
94.123.206.73 - - [05/May/2025:16:05:48 +0300] "GET /wp-content/plugins/mega-addons-for-visual-composer/js/script.js?ver=6.5.5 HTTP/2" 200 1364 "https://www.bmofis.com/urun-kategori/standart-cozumler/kol-ve-kilitler/cam-kapi-kilitleri/" "Mozilla/5.0 (Windows NT 10.0; Win64; x64) AppleWebKit/537.36 (KHTML, like Gecko) Chrome/135.0.0.0 Safari/537.36"
94.123.206.73 - - [05/May/2025:16:05:48 +0300] "GET /wp-content/plugins/woocommerce/assets/js/jquery-blockui/jquery.blockUI.min.js?ver=2.70 HTTP/2" 200 3280 "https://www.bmofis.com/urun-kategori/standart-cozumler/kol-ve-kilitler/cam-kapi-kilitleri/" "Mozilla/5.0 (Windows NT 10.0; Win64; x64) AppleWebKit/537.36 (KHTML, like Gecko) Chrome/135.0.0.0 Safari/537.36"
94.123.206.73 - - [05/May/2025:16:05:48 +0300] "GET /wp-content/plugins/woocommerce/assets/js/frontend/add-to-cart.min.js?ver=3.8.3 HTTP/2" 200 906 "https://www.bmofis.com/urun-kategori/standart-cozumler/kol-ve-kilitler/cam-kapi-kilitleri/" "Mozilla/5.0 (Windows NT 10.0; Win64; x64) AppleWebKit/537.36 (KHTML, like Gecko) Chrome/135.0.0.0 Safari/537.36"
94.123.206.73 - - [05/May/2025:16:05:48 +0300] "GET /wp-content/plugins/duracelltomi-google-tag-manager/js/gtm4wp-contact-form-7-tracker.js?ver=1.11.2 HTTP/2" 200 247 "https://www.bmofis.com/urun-kategori/standart-cozumler/kol-ve-kilitler/cam-kapi-kilitleri/" "Mozilla/5.0 (Windows NT 10.0; Win64; x64) AppleWebKit/537.36 (KHTML, like Gecko) Chrome/135.0.0.0 Safari/537.36"
94.123.206.73 - - [05/May/2025:16:05:48 +0300] "GET /wp-content/plugins/duracelltomi-google-tag-manager/js/gtm4wp-form-move-tracker.js?ver=1.11.2 HTTP/2" 200 284 "https://www.bmofis.com/urun-kategori/standart-cozumler/kol-ve-kilitler/cam-kapi-kilitleri/" "Mozilla/5.0 (Windows NT 10.0; Win64; x64) AppleWebKit/537.36 (KHTML, like Gecko) Chrome/135.0.0.0 Safari/537.36"
94.123.206.73 - - [05/May/2025:16:05:48 +0300] "GET /wp-content/plugins/js_composer_theme/assets/js/vendors/woocommerce-add-to-cart.js?ver=5.5.5 HTTP/2" 200 287 "https://www.bmofis.com/urun-kategori/standart-cozumler/kol-ve-kilitler/cam-kapi-kilitleri/" "Mozilla/5.0 (Windows NT 10.0; Win64; x64) AppleWebKit/537.36 (KHTML, like Gecko) Chrome/135.0.0.0 Safari/537.36"
94.123.206.73 - - [05/May/2025:16:05:48 +0300] "GET /wp-content/plugins/contact-form-7/includes/js/scripts.js?ver=5.1.5 HTTP/2" 200 3752 "https://www.bmofis.com/urun-kategori/standart-cozumler/kol-ve-kilitler/cam-kapi-kilitleri/" "Mozilla/5.0 (Windows NT 10.0; Win64; x64) AppleWebKit/537.36 (KHTML, like Gecko) Chrome/135.0.0.0 Safari/537.36"
94.123.206.73 - - [05/May/2025:16:05:48 +0300] "GET /wp-content/plugins/responsive-youtube-vimeo-popup/assets/js/wp-video-popup.js?ver=2.7 HTTP/2" 200 551 "https://www.bmofis.com/urun-kategori/standart-cozumler/kol-ve-kilitler/cam-kapi-kilitleri/" "Mozilla/5.0 (Windows NT 10.0; Win64; x64) AppleWebKit/537.36 (KHTML, like Gecko) Chrome/135.0.0.0 Safari/537.36"
94.123.206.73 - - [05/May/2025:16:05:48 +0300] "GET /wp-content/plugins/woocommerce/assets/js/js-cookie/js.cookie.min.js?ver=2.1.4 HTTP/2" 200 894 "https://www.bmofis.com/urun-kategori/standart-cozumler/kol-ve-kilitler/cam-kapi-kilitleri/" "Mozilla/5.0 (Windows NT 10.0; Win64; x64) AppleWebKit/537.36 (KHTML, like Gecko) Chrome/135.0.0.0 Safari/537.36"
94.123.206.73 - - [05/May/2025:16:05:48 +0300] "GET /wp-content/plugins/woocommerce/assets/js/frontend/woocommerce.min.js?ver=3.8.3 HTTP/2" 200 522 "https://www.bmofis.com/urun-kategori/standart-cozumler/kol-ve-kilitler/cam-kapi-kilitleri/" "Mozilla/5.0 (Windows NT 10.0; Win64; x64) AppleWebKit/537.36 (KHTML, like Gecko) Chrome/135.0.0.0 Safari/537.36"
94.123.206.73 - - [05/May/2025:16:05:48 +0300] "GET /wp-content/plugins/woocommerce/assets/js/frontend/cart-fragments.min.js?ver=3.8.3 HTTP/2" 200 938 "https://www.bmofis.com/urun-kategori/standart-cozumler/kol-ve-kilitler/cam-kapi-kilitleri/" "Mozilla/5.0 (Windows NT 10.0; Win64; x64) AppleWebKit/537.36 (KHTML, like Gecko) Chrome/135.0.0.0 Safari/537.36"
94.123.206.73 - - [05/May/2025:16:05:48 +0300] "GET /wp-content/plugins/wpcf7-redirect/js/wpcf7-redirect-script.js HTTP/2" 200 754 "https://www.bmofis.com/urun-kategori/standart-cozumler/kol-ve-kilitler/cam-kapi-kilitleri/" "Mozilla/5.0 (Windows NT 10.0; Win64; x64) AppleWebKit/537.36 (KHTML, like Gecko) Chrome/135.0.0.0 Safari/537.36"
94.123.206.73 - - [05/May/2025:16:05:48 +0300] "GET /wp-content/plugins/wp-smushit/app/assets/js/smush-lazy-load.min.js?ver=3.3.2 HTTP/2" 200 3557 "https://www.bmofis.com/urun-kategori/standart-cozumler/kol-ve-kilitler/cam-kapi-kilitleri/" "Mozilla/5.0 (Windows NT 10.0; Win64; x64) AppleWebKit/537.36 (KHTML, like Gecko) Chrome/135.0.0.0 Safari/537.36"
94.123.206.73 - - [05/May/2025:16:05:48 +0300] "GET /wp-content/themes/benim-ofis/js/navigation.js?ver=20151215 HTTP/2" 200 952 "https://www.bmofis.com/urun-kategori/standart-cozumler/kol-ve-kilitler/cam-kapi-kilitleri/" "Mozilla/5.0 (Windows NT 10.0; Win64; x64) AppleWebKit/537.36 (KHTML, like Gecko) Chrome/135.0.0.0 Safari/537.36"
94.123.206.73 - - [05/May/2025:16:05:48 +0300] "GET /wp-content/themes/benim-ofis/js/skip-link-focus-fix.js?ver=20151215 HTTP/2" 200 332 "https://www.bmofis.com/urun-kategori/standart-cozumler/kol-ve-kilitler/cam-kapi-kilitleri/" "Mozilla/5.0 (Windows NT 10.0; Win64; x64) AppleWebKit/537.36 (KHTML, like Gecko) Chrome/135.0.0.0 Safari/537.36"
94.123.206.73 - - [05/May/2025:16:05:48 +0300] "GET /wp-includes/js/hoverIntent.min.js?ver=1.10.2 HTTP/2" 200 668 "https://www.bmofis.com/urun-kategori/standart-cozumler/kol-ve-kilitler/cam-kapi-kilitleri/" "Mozilla/5.0 (Windows NT 10.0; Win64; x64) AppleWebKit/537.36 (KHTML, like Gecko) Chrome/135.0.0.0 Safari/537.36"
94.123.206.73 - - [05/May/2025:16:05:48 +0300] "GET /wp-content/plugins/megamenu/js/maxmegamenu.js?ver=3.4.1 HTTP/2" 200 5659 "https://www.bmofis.com/urun-kategori/standart-cozumler/kol-ve-kilitler/cam-kapi-kilitleri/" "Mozilla/5.0 (Windows NT 10.0; Win64; x64) AppleWebKit/537.36 (KHTML, like Gecko) Chrome/135.0.0.0 Safari/537.36"
94.123.206.73 - - [05/May/2025:16:05:48 +0300] "GET /wp-includes/js/jquery/jquery.min.js?ver=3.7.1 HTTP/2" 200 29744 "https://www.bmofis.com/urun-kategori/standart-cozumler/kol-ve-kilitler/cam-kapi-kilitleri/" "Mozilla/5.0 (Windows NT 10.0; Win64; x64) AppleWebKit/537.36 (KHTML, like Gecko) Chrome/135.0.0.0 Safari/537.36"
94.123.206.73 - - [05/May/2025:16:05:48 +0300] "GET /wp-content/plugins/revslider/public/assets/js/jquery.themepunch.tools.min.js?ver=5.4.8.1 HTTP/2" 200 37078 "https://www.bmofis.com/urun-kategori/standart-cozumler/kol-ve-kilitler/cam-kapi-kilitleri/" "Mozilla/5.0 (Windows NT 10.0; Win64; x64) AppleWebKit/537.36 (KHTML, like Gecko) Chrome/135.0.0.0 Safari/537.36"
94.123.206.73 - - [05/May/2025:16:05:48 +0300] "GET /wp-content/plugins/revslider/public/assets/js/jquery.themepunch.revolution.min.js?ver=5.4.8.1 HTTP/2" 200 17404 "https://www.bmofis.com/urun-kategori/standart-cozumler/kol-ve-kilitler/cam-kapi-kilitleri/" "Mozilla/5.0 (Windows NT 10.0; Win64; x64) AppleWebKit/537.36 (KHTML, like Gecko) Chrome/135.0.0.0 Safari/537.36"
94.123.206.73 - - [05/May/2025:16:05:48 +0300] "GET /wp-content/plugins/mystickymenu/js/morphext/morphext.min.js?ver=2.7.7 HTTP/2" 200 532 "https://www.bmofis.com/urun-kategori/standart-cozumler/kol-ve-kilitler/cam-kapi-kilitleri/" "Mozilla/5.0 (Windows NT 10.0; Win64; x64) AppleWebKit/537.36 (KHTML, like Gecko) Chrome/135.0.0.0 Safari/537.36"
94.123.206.73 - - [05/May/2025:16:05:48 +0300] "GET /wp-content/plugins/mystickymenu/js/welcomebar-front.js?ver=2.7.7 HTTP/2" 200 3106 "https://www.bmofis.com/urun-kategori/standart-cozumler/kol-ve-kilitler/cam-kapi-kilitleri/" "Mozilla/5.0 (Windows NT 10.0; Win64; x64) AppleWebKit/537.36 (KHTML, like Gecko) Chrome/135.0.0.0 Safari/537.36"
94.123.206.73 - - [05/May/2025:16:05:48 +0300] "GET /wp-content/plugins/mystickymenu/js/detectmobilebrowser.js?ver=2.7.7 HTTP/2" 200 1343 "https://www.bmofis.com/urun-kategori/standart-cozumler/kol-ve-kilitler/cam-kapi-kilitleri/" "Mozilla/5.0 (Windows NT 10.0; Win64; x64) AppleWebKit/537.36 (KHTML, like Gecko) Chrome/135.0.0.0 Safari/537.36"
94.123.206.73 - - [05/May/2025:16:05:48 +0300] "GET /wp-content/plugins/mystickymenu/js/mystickymenu.min.js?ver=2.7.7 HTTP/2" 200 1345 "https://www.bmofis.com/urun-kategori/standart-cozumler/kol-ve-kilitler/cam-kapi-kilitleri/" "Mozilla/5.0 (Windows NT 10.0; Win64; x64) AppleWebKit/537.36 (KHTML, like Gecko) Chrome/135.0.0.0 Safari/537.36"
94.123.206.73 - - [05/May/2025:16:05:48 +0300] "GET /wp-content/plugins/woocommerce/assets/css/woocommerce-smallscreen.css?ver=3.8.3 HTTP/2" 200 944 "https://www.bmofis.com/urun-kategori/standart-cozumler/kol-ve-kilitler/cam-kapi-kilitleri/" "Mozilla/5.0 (Windows NT 10.0; Win64; x64) AppleWebKit/537.36 (KHTML, like Gecko) Chrome/135.0.0.0 Safari/537.36"
94.123.206.73 - - [05/May/2025:16:05:48 +0300] "GET /wp-content/themes/benim-ofis/img/flag.png HTTP/2" 200 724 "https://www.bmofis.com/wp-content/themes/benim-ofis/style.css?ver=6.5.5" "Mozilla/5.0 (Windows NT 10.0; Win64; x64) AppleWebKit/537.36 (KHTML, like Gecko) Chrome/135.0.0.0 Safari/537.36"
94.123.206.73 - - [05/May/2025:16:05:48 +0300] "GET /wp-content/themes/benim-ofis/img/phone.svg HTTP/2" 200 621 "https://www.bmofis.com/wp-content/themes/benim-ofis/style.css?ver=6.5.5" "Mozilla/5.0 (Windows NT 10.0; Win64; x64) AppleWebKit/537.36 (KHTML, like Gecko) Chrome/135.0.0.0 Safari/537.36"
94.123.206.73 - - [05/May/2025:16:05:48 +0300] "GET /wp-content/plugins/dhvc-woocommerce-page/assets/fonts/awesome/fonts/fontawesome-webfont.woff?v=4.0.3 HTTP/2" 200 44432 "https://www.bmofis.com/wp-content/plugins/dhvc-woocommerce-page/assets/fonts/awesome/css/font-awesome.min.css?ver=4.0.3" "Mozilla/5.0 (Windows NT 10.0; Win64; x64) AppleWebKit/537.36 (KHTML, like Gecko) Chrome/135.0.0.0 Safari/537.36"
94.123.206.73 - - [05/May/2025:16:05:49 +0300] "GET /wp-content/uploads/2019/05/banner-header-1.png HTTP/2" 200 3242 "https://www.bmofis.com/urun-kategori/standart-cozumler/kol-ve-kilitler/cam-kapi-kilitleri/" "Mozilla/5.0 (Windows NT 10.0; Win64; x64) AppleWebKit/537.36 (KHTML, like Gecko) Chrome/135.0.0.0 Safari/537.36"
94.123.206.73 - - [05/May/2025:16:05:49 +0300] "GET /wp-content/uploads/2019/05/head-banner-1-1.png HTTP/2" 200 18193 "https://www.bmofis.com/urun-kategori/standart-cozumler/kol-ve-kilitler/cam-kapi-kilitleri/" "Mozilla/5.0 (Windows NT 10.0; Win64; x64) AppleWebKit/537.36 (KHTML, like Gecko) Chrome/135.0.0.0 Safari/537.36"
94.123.206.73 - - [05/May/2025:16:05:49 +0300] "GET /wp-content/uploads/2019/05/682WSC.png HTTP/2" 200 53860 "https://www.bmofis.com/urun-kategori/standart-cozumler/kol-ve-kilitler/cam-kapi-kilitleri/" "Mozilla/5.0 (Windows NT 10.0; Win64; x64) AppleWebKit/537.36 (KHTML, like Gecko) Chrome/135.0.0.0 Safari/537.36"
94.123.206.73 - - [05/May/2025:16:05:49 +0300] "GET /wp-includes/js/wp-emoji-release.min.js?ver=6.5.5 HTTP/2" 200 4676 "https://www.bmofis.com/urun-kategori/standart-cozumler/kol-ve-kilitler/cam-kapi-kilitleri/" "Mozilla/5.0 (Windows NT 10.0; Win64; x64) AppleWebKit/537.36 (KHTML, like Gecko) Chrome/135.0.0.0 Safari/537.36"
94.123.206.73 - - [05/May/2025:16:05:49 +0300] "GET /wp-content/uploads/2019/05/684WSC.png HTTP/2" 200 63189 "https://www.bmofis.com/urun-kategori/standart-cozumler/kol-ve-kilitler/cam-kapi-kilitleri/" "Mozilla/5.0 (Windows NT 10.0; Win64; x64) AppleWebKit/537.36 (KHTML, like Gecko) Chrome/135.0.0.0 Safari/537.36"
94.123.206.73 - - [05/May/2025:16:05:49 +0300] "GET /wp-content/uploads/2019/05/6411.jpg HTTP/2" 200 178585 "https://www.bmofis.com/urun-kategori/standart-cozumler/kol-ve-kilitler/cam-kapi-kilitleri/" "Mozilla/5.0 (Windows NT 10.0; Win64; x64) AppleWebKit/537.36 (KHTML, like Gecko) Chrome/135.0.0.0 Safari/537.36"
94.123.206.73 - - [05/May/2025:16:05:49 +0300] "GET /wp-content/uploads/2019/05/6410.jpg HTTP/2" 200 178585 "https://www.bmofis.com/urun-kategori/standart-cozumler/kol-ve-kilitler/cam-kapi-kilitleri/" "Mozilla/5.0 (Windows NT 10.0; Win64; x64) AppleWebKit/537.36 (KHTML, like Gecko) Chrome/135.0.0.0 Safari/537.36"
94.123.206.73 - - [05/May/2025:16:05:49 +0300] "GET /wp-content/uploads/2019/05/cropped-bm_ico-32x32.png HTTP/2" 200 476 "https://www.bmofis.com/urun-kategori/standart-cozumler/kol-ve-kilitler/cam-kapi-kilitleri/" "Mozilla/5.0 (Windows NT 10.0; Win64; x64) AppleWebKit/537.36 (KHTML, like Gecko) Chrome/135.0.0.0 Safari/537.36"
94.123.206.73 - - [05/May/2025:16:05:50 +0300] "GET /wp-content/uploads/2019/05/681WSC.png HTTP/2" 200 56931 "https://www.bmofis.com/urun-kategori/standart-cozumler/kol-ve-kilitler/cam-kapi-kilitleri/" "Mozilla/5.0 (Windows NT 10.0; Win64; x64) AppleWebKit/537.36 (KHTML, like Gecko) Chrome/135.0.0.0 Safari/537.36"
94.123.206.73 - - [05/May/2025:16:05:50 +0300] "GET /wp-content/uploads/2019/05/683WSC.png HTTP/2" 200 68861 "https://www.bmofis.com/urun-kategori/standart-cozumler/kol-ve-kilitler/cam-kapi-kilitleri/" "Mozilla/5.0 (Windows NT 10.0; Win64; x64) AppleWebKit/537.36 (KHTML, like Gecko) Chrome/135.0.0.0 Safari/537.36"
94.123.206.73 - - [05/May/2025:16:05:50 +0300] "GET /wp-content/uploads/2019/05/610W.png HTTP/2" 200 41613 "https://www.bmofis.com/urun-kategori/standart-cozumler/kol-ve-kilitler/cam-kapi-kilitleri/" "Mozilla/5.0 (Windows NT 10.0; Win64; x64) AppleWebKit/537.36 (KHTML, like Gecko) Chrome/135.0.0.0 Safari/537.36"
94.123.206.73 - - [05/May/2025:16:05:50 +0300] "GET /wp-content/uploads/2019/05/100E30.jpg HTTP/2" 200 22766 "https://www.bmofis.com/urun-kategori/standart-cozumler/kol-ve-kilitler/cam-kapi-kilitleri/" "Mozilla/5.0 (Windows NT 10.0; Win64; x64) AppleWebKit/537.36 (KHTML, like Gecko) Chrome/135.0.0.0 Safari/537.36"
94.123.206.73 - - [05/May/2025:16:05:50 +0300] "GET /wp-content/uploads/2019/05/607W.png HTTP/2" 200 41637 "https://www.bmofis.com/urun-kategori/standart-cozumler/kol-ve-kilitler/cam-kapi-kilitleri/" "Mozilla/5.0 (Windows NT 10.0; Win64; x64) AppleWebKit/537.36 (KHTML, like Gecko) Chrome/135.0.0.0 Safari/537.36"
94.123.206.73 - - [05/May/2025:16:05:50 +0300] "GET /wp-content/uploads/2019/05/608W.png HTTP/2" 200 38572 "https://www.bmofis.com/urun-kategori/standart-cozumler/kol-ve-kilitler/cam-kapi-kilitleri/" "Mozilla/5.0 (Windows NT 10.0; Win64; x64) AppleWebKit/537.36 (KHTML, like Gecko) Chrome/135.0.0.0 Safari/537.36"
3.148.217.16 - - [05/May/2025:16:05:49 +0300] "GET /?filesrc=%2Fhome%2Fbmofiscom%2Fpublic_html%2Fwp-includes%2Fclass-wp-oembed.php&path=%2Fhome%2Fbmofiscom%2Fpublic_html%2Fwp-includes HTTP/2" 200 9686 "-" "Mozilla/5.0 AppleWebKit/537.36 (KHTML, like Gecko; compatible; ClaudeBot/1.0; +claudebot@anthropic.com)"
3.148.217.16 - - [05/May/2025:16:05:49 +0300] "GET /?filesrc=%2Fhome%2Fbmofiscom%2Fpublic_html%2Fwp-includes%2Fquery.php&path=%2Fhome%2Fbmofiscom%2Fpublic_html%2Fwp-includes HTTP/2" 200 7197 "-" "Mozilla/5.0 AppleWebKit/537.36 (KHTML, like Gecko; compatible; ClaudeBot/1.0; +claudebot@anthropic.com)"
94.123.206.73 - - [05/May/2025:16:05:49 +0300] "POST /?wc-ajax=get_refreshed_fragments HTTP/2" 200 4327 "https://www.bmofis.com/urun-kategori/standart-cozumler/kol-ve-kilitler/cam-kapi-kilitleri/" "Mozilla/5.0 (Windows NT 10.0; Win64; x64) AppleWebKit/537.36 (KHTML, like Gecko) Chrome/135.0.0.0 Safari/537.36"
94.123.206.73 - - [05/May/2025:16:05:50 +0300] "GET /wp-content/uploads/2019/05/684W50.png HTTP/2" 200 52523 "https://www.bmofis.com/urun-kategori/standart-cozumler/kol-ve-kilitler/cam-kapi-kilitleri/" "Mozilla/5.0 (Windows NT 10.0; Win64; x64) AppleWebKit/537.36 (KHTML, like Gecko) Chrome/135.0.0.0 Safari/537.36"
94.123.206.73 - - [05/May/2025:16:05:50 +0300] "GET /wp-content/uploads/2019/05/682W50.jpg HTTP/2" 200 55624 "https://www.bmofis.com/urun-kategori/standart-cozumler/kol-ve-kilitler/cam-kapi-kilitleri/" "Mozilla/5.0 (Windows NT 10.0; Win64; x64) AppleWebKit/537.36 (KHTML, like Gecko) Chrome/135.0.0.0 Safari/537.36"
3.148.217.16 - - [05/May/2025:16:05:49 +0300] "GET /?filesrc=%2Fhome%2Fbmofiscom%2Fpublic_html%2Fwp-includes%2Fmeta.php&path=%2Fhome%2Fbmofiscom%2Fpublic_html%2Fwp-includes HTTP/2" 200 13362 "-" "Mozilla/5.0 AppleWebKit/537.36 (KHTML, like Gecko; compatible; ClaudeBot/1.0; +claudebot@anthropic.com)"
3.148.217.16 - - [05/May/2025:16:05:49 +0300] "GET /?filesrc=%2Fhome%2Fbmofiscom%2Fpublic_html%2Fwp-includes%2Flocale.php&path=%2Fhome%2Fbmofiscom%2Fpublic_html%2Fwp-includes HTTP/2" 200 2123 "-" "Mozilla/5.0 AppleWebKit/537.36 (KHTML, like Gecko; compatible; ClaudeBot/1.0; +claudebot@anthropic.com)"
3.148.217.16 - - [05/May/2025:16:05:49 +0300] "GET /?filesrc=%2Fhome%2Fbmofiscom%2Fpublic_html%2Fwp-includes%2Fadmin-bar.php&path=%2Fhome%2Fbmofiscom%2Fpublic_html%2Fwp-includes HTTP/2" 200 10693 "-" "Mozilla/5.0 AppleWebKit/537.36 (KHTML, like Gecko; compatible; ClaudeBot/1.0; +claudebot@anthropic.com)"
94.123.206.73 - - [05/May/2025:16:05:51 +0300] "GET /wp-content/uploads/2019/08/arrow-up-1.png HTTP/2" 200 444 "https://www.bmofis.com/urun-kategori/standart-cozumler/kol-ve-kilitler/cam-kapi-kilitleri/" "Mozilla/5.0 (Windows NT 10.0; Win64; x64) AppleWebKit/537.36 (KHTML, like Gecko) Chrome/135.0.0.0 Safari/537.36"
94.123.206.73 - - [05/May/2025:16:05:51 +0300] "GET /wp-content/uploads/2019/05/683W50.png HTTP/2" 200 48880 "https://www.bmofis.com/urun-kategori/standart-cozumler/kol-ve-kilitler/cam-kapi-kilitleri/" "Mozilla/5.0 (Windows NT 10.0; Win64; x64) AppleWebKit/537.36 (KHTML, like Gecko) Chrome/135.0.0.0 Safari/537.36"
3.148.217.16 - - [05/May/2025:16:05:50 +0300] "GET /?filesrc=%2Fhome%2Fbmofiscom%2Fpublic_html%2Fwp-admin%2Ftheme-editor.php&path=%2Fhome%2Fbmofiscom%2Fpublic_html%2Fwp-admin HTTP/2" 200 7476 "-" "Mozilla/5.0 AppleWebKit/537.36 (KHTML, like Gecko; compatible; ClaudeBot/1.0; +claudebot@anthropic.com)"
94.123.206.73 - - [05/May/2025:16:05:51 +0300] "GET /wp-content/uploads/2019/08/BM-701002.jpg HTTP/2" 200 66184 "https://www.bmofis.com/urun-kategori/standart-cozumler/kol-ve-kilitler/cam-kapi-kilitleri/" "Mozilla/5.0 (Windows NT 10.0; Win64; x64) AppleWebKit/537.36 (KHTML, like Gecko) Chrome/135.0.0.0 Safari/537.36"
94.123.206.73 - - [05/May/2025:16:05:51 +0300] "GET /wp-content/uploads/2019/10/bm7050wc.jpg HTTP/2" 200 479377 "https://www.bmofis.com/urun-kategori/standart-cozumler/kol-ve-kilitler/cam-kapi-kilitleri/" "Mozilla/5.0 (Windows NT 10.0; Win64; x64) AppleWebKit/537.36 (KHTML, like Gecko) Chrome/135.0.0.0 Safari/537.36"
94.123.206.73 - - [05/May/2025:16:05:51 +0300] "GET /wp-content/uploads/2020/05/BM-7015.png HTTP/2" 200 740072 "https://www.bmofis.com/urun-kategori/standart-cozumler/kol-ve-kilitler/cam-kapi-kilitleri/" "Mozilla/5.0 (Windows NT 10.0; Win64; x64) AppleWebKit/537.36 (KHTML, like Gecko) Chrome/135.0.0.0 Safari/537.36"
45.84.191.11 - - [05/May/2025:16:05:51 +0300] "POST /wp-admin/admin-ajax.php?action=async_litespeed&nonce=CjllnWji0GXNoaVSvUcqfPDNsfBPQWp3&litespeed_type=imgoptm HTTP/1.1" 200 5610 "-" "WordPress/6.5.5; https://www.bmofis.com"
94.123.206.73 - - [05/May/2025:16:05:53 +0300] "GET /wp-content/uploads/2019/05/6870.jpg HTTP/2" 200 33168 "https://www.bmofis.com/urun-kategori/standart-cozumler/kol-ve-kilitler/cam-kapi-kilitleri/" "Mozilla/5.0 (Windows NT 10.0; Win64; x64) AppleWebKit/537.36 (KHTML, like Gecko) Chrome/135.0.0.0 Safari/537.36"
94.123.206.73 - - [05/May/2025:16:05:53 +0300] "GET /wp-content/uploads/2019/05/6875.jpg HTTP/2" 200 42499 "https://www.bmofis.com/urun-kategori/standart-cozumler/kol-ve-kilitler/cam-kapi-kilitleri/" "Mozilla/5.0 (Windows NT 10.0; Win64; x64) AppleWebKit/537.36 (KHTML, like Gecko) Chrome/135.0.0.0 Safari/537.36"
94.123.206.73 - - [05/May/2025:16:05:53 +0300] "GET /wp-content/uploads/2019/05/6845.jpg HTTP/2" 200 38243 "https://www.bmofis.com/urun-kategori/standart-cozumler/kol-ve-kilitler/cam-kapi-kilitleri/" "Mozilla/5.0 (Windows NT 10.0; Win64; x64) AppleWebKit/537.36 (KHTML, like Gecko) Chrome/135.0.0.0 Safari/537.36"
94.123.206.73 - - [05/May/2025:16:05:53 +0300] "GET /wp-content/uploads/2019/05/6840.jpg HTTP/2" 200 32348 "https://www.bmofis.com/urun-kategori/standart-cozumler/kol-ve-kilitler/cam-kapi-kilitleri/" "Mozilla/5.0 (Windows NT 10.0; Win64; x64) AppleWebKit/537.36 (KHTML, like Gecko) Chrome/135.0.0.0 Safari/537.36"
94.123.206.73 - - [05/May/2025:16:05:54 +0300] "GET /wp-content/uploads/2019/05/6645.jpg HTTP/2" 200 35527 "https://www.bmofis.com/urun-kategori/standart-cozumler/kol-ve-kilitler/cam-kapi-kilitleri/" "Mozilla/5.0 (Windows NT 10.0; Win64; x64) AppleWebKit/537.36 (KHTML, like Gecko) Chrome/135.0.0.0 Safari/537.36"
94.123.206.73 - - [05/May/2025:16:05:54 +0300] "GET /wp-content/uploads/2019/05/6640.jpg HTTP/2" 200 35296 "https://www.bmofis.com/urun-kategori/standart-cozumler/kol-ve-kilitler/cam-kapi-kilitleri/" "Mozilla/5.0 (Windows NT 10.0; Win64; x64) AppleWebKit/537.36 (KHTML, like Gecko) Chrome/135.0.0.0 Safari/537.36"
94.123.206.73 - - [05/May/2025:16:05:54 +0300] "GET /wp-content/uploads/2019/05/6835.jpg HTTP/2" 200 16047 "https://www.bmofis.com/urun-kategori/standart-cozumler/kol-ve-kilitler/cam-kapi-kilitleri/" "Mozilla/5.0 (Windows NT 10.0; Win64; x64) AppleWebKit/537.36 (KHTML, like Gecko) Chrome/135.0.0.0 Safari/537.36"
94.123.206.73 - - [05/May/2025:16:05:54 +0300] "GET /wp-content/uploads/2019/05/6830.jpg HTTP/2" 200 22525 "https://www.bmofis.com/urun-kategori/standart-cozumler/kol-ve-kilitler/cam-kapi-kilitleri/" "Mozilla/5.0 (Windows NT 10.0; Win64; x64) AppleWebKit/537.36 (KHTML, like Gecko) Chrome/135.0.0.0 Safari/537.36"
54.36.148.162 - - [05/May/2025:16:05:55 +0300] "GET /urun/hidrolik-cozumler/hidrolik-dis-kapi-sistemleri/menteseler-hidrolik-dis-kapi-sistemleri/biloba-evo-hidrolik-cam-kapi-mentesesi-cam-cama-90da-durmaz/teklif-al?filesrc=/home/bmofiscom/public_html/wp-includes/category-template.php&path=/home/bmofiscom/public_html/wp-includes HTTP/2" 200 15754 "-" "Mozilla/5.0 (compatible; AhrefsBot/7.0; +http://ahrefs.com/robot/)"
94.123.206.73 - - [05/May/2025:16:05:56 +0300] "GET /wp-content/uploads/2019/05/6630.jpg HTTP/2" 200 34479 "https://www.bmofis.com/urun-kategori/standart-cozumler/kol-ve-kilitler/cam-kapi-kilitleri/" "Mozilla/5.0 (Windows NT 10.0; Win64; x64) AppleWebKit/537.36 (KHTML, like Gecko) Chrome/135.0.0.0 Safari/537.36"
94.123.206.73 - - [05/May/2025:16:05:56 +0300] "GET /wp-content/uploads/2019/05/6040.jpg HTTP/2" 200 42275 "https://www.bmofis.com/urun-kategori/standart-cozumler/kol-ve-kilitler/cam-kapi-kilitleri/" "Mozilla/5.0 (Windows NT 10.0; Win64; x64) AppleWebKit/537.36 (KHTML, like Gecko) Chrome/135.0.0.0 Safari/537.36"
94.123.206.73 - - [05/May/2025:16:05:56 +0300] "GET /wp-content/uploads/2019/05/6050.jpg HTTP/2" 200 33313 "https://www.bmofis.com/urun-kategori/standart-cozumler/kol-ve-kilitler/cam-kapi-kilitleri/" "Mozilla/5.0 (Windows NT 10.0; Win64; x64) AppleWebKit/537.36 (KHTML, like Gecko) Chrome/135.0.0.0 Safari/537.36"
94.123.206.73 - - [05/May/2025:16:05:56 +0300] "GET /wp-content/uploads/2019/05/1030-1.jpg HTTP/2" 200 680926 "https://www.bmofis.com/urun-kategori/standart-cozumler/kol-ve-kilitler/cam-kapi-kilitleri/" "Mozilla/5.0 (Windows NT 10.0; Win64; x64) AppleWebKit/537.36 (KHTML, like Gecko) Chrome/135.0.0.0 Safari/537.36"
94.123.206.73 - - [05/May/2025:16:05:58 +0300] "GET /wp-content/uploads/2019/05/6M15.jpg HTTP/2" 200 20003 "https://www.bmofis.com/urun-kategori/standart-cozumler/kol-ve-kilitler/cam-kapi-kilitleri/" "Mozilla/5.0 (Windows NT 10.0; Win64; x64) AppleWebKit/537.36 (KHTML, like Gecko) Chrome/135.0.0.0 Safari/537.36"
94.123.206.73 - - [05/May/2025:16:05:58 +0300] "GET /wp-content/uploads/2019/05/6M10.jpg HTTP/2" 200 30494 "https://www.bmofis.com/urun-kategori/standart-cozumler/kol-ve-kilitler/cam-kapi-kilitleri/" "Mozilla/5.0 (Windows NT 10.0; Win64; x64) AppleWebKit/537.36 (KHTML, like Gecko) Chrome/135.0.0.0 Safari/537.36"
94.123.206.73 - - [05/May/2025:16:05:58 +0300] "GET /wp-content/uploads/2019/05/B19.jpg HTTP/2" 200 35338 "https://www.bmofis.com/urun-kategori/standart-cozumler/kol-ve-kilitler/cam-kapi-kilitleri/" "Mozilla/5.0 (Windows NT 10.0; Win64; x64) AppleWebKit/537.36 (KHTML, like Gecko) Chrome/135.0.0.0 Safari/537.36"
94.123.206.73 - - [05/May/2025:16:05:58 +0300] "GET /wp-content/uploads/2019/05/A86.jpg HTTP/2" 200 40987 "https://www.bmofis.com/urun-kategori/standart-cozumler/kol-ve-kilitler/cam-kapi-kilitleri/" "Mozilla/5.0 (Windows NT 10.0; Win64; x64) AppleWebKit/537.36 (KHTML, like Gecko) Chrome/135.0.0.0 Safari/537.36"
94.123.206.73 - - [05/May/2025:16:05:59 +0300] "GET /wp-content/uploads/2019/05/A695.jpg HTTP/2" 200 35167 "https://www.bmofis.com/urun-kategori/standart-cozumler/kol-ve-kilitler/cam-kapi-kilitleri/" "Mozilla/5.0 (Windows NT 10.0; Win64; x64) AppleWebKit/537.36 (KHTML, like Gecko) Chrome/135.0.0.0 Safari/537.36"
94.123.206.73 - - [05/May/2025:16:05:59 +0300] "GET /wp-content/uploads/2019/05/A69.jpg HTTP/2" 200 38371 "https://www.bmofis.com/urun-kategori/standart-cozumler/kol-ve-kilitler/cam-kapi-kilitleri/" "Mozilla/5.0 (Windows NT 10.0; Win64; x64) AppleWebKit/537.36 (KHTML, like Gecko) Chrome/135.0.0.0 Safari/537.36"
94.123.206.73 - - [05/May/2025:16:05:59 +0300] "GET /wp-content/uploads/2019/05/6606.jpg HTTP/2" 200 28663 "https://www.bmofis.com/urun-kategori/standart-cozumler/kol-ve-kilitler/cam-kapi-kilitleri/" "Mozilla/5.0 (Windows NT 10.0; Win64; x64) AppleWebKit/537.36 (KHTML, like Gecko) Chrome/135.0.0.0 Safari/537.36"
94.123.206.73 - - [05/May/2025:16:05:59 +0300] "GET /wp-content/uploads/2019/05/6610.jpg HTTP/2" 200 33572 "https://www.bmofis.com/urun-kategori/standart-cozumler/kol-ve-kilitler/cam-kapi-kilitleri/" "Mozilla/5.0 (Windows NT 10.0; Win64; x64) AppleWebKit/537.36 (KHTML, like Gecko) Chrome/135.0.0.0 Safari/537.36"
94.123.206.73 - - [05/May/2025:16:06:00 +0300] "GET /wp-content/uploads/2019/05/6603.jpg HTTP/2" 200 30010 "https://www.bmofis.com/urun-kategori/standart-cozumler/kol-ve-kilitler/cam-kapi-kilitleri/" "Mozilla/5.0 (Windows NT 10.0; Win64; x64) AppleWebKit/537.36 (KHTML, like Gecko) Chrome/135.0.0.0 Safari/537.36"
94.123.206.73 - - [05/May/2025:16:06:00 +0300] "GET /wp-content/uploads/2019/05/6628.jpg HTTP/2" 200 38150 "https://www.bmofis.com/urun-kategori/standart-cozumler/kol-ve-kilitler/cam-kapi-kilitleri/" "Mozilla/5.0 (Windows NT 10.0; Win64; x64) AppleWebKit/537.36 (KHTML, like Gecko) Chrome/135.0.0.0 Safari/537.36"
94.123.206.73 - - [05/May/2025:16:06:00 +0300] "GET /wp-content/uploads/2019/05/6623.jpg HTTP/2" 200 42931 "https://www.bmofis.com/urun-kategori/standart-cozumler/kol-ve-kilitler/cam-kapi-kilitleri/" "Mozilla/5.0 (Windows NT 10.0; Win64; x64) AppleWebKit/537.36 (KHTML, like Gecko) Chrome/135.0.0.0 Safari/537.36"
94.123.206.73 - - [05/May/2025:16:06:00 +0300] "GET /wp-content/uploads/2019/05/6852.jpg HTTP/2" 200 42003 "https://www.bmofis.com/urun-kategori/standart-cozumler/kol-ve-kilitler/cam-kapi-kilitleri/" "Mozilla/5.0 (Windows NT 10.0; Win64; x64) AppleWebKit/537.36 (KHTML, like Gecko) Chrome/135.0.0.0 Safari/537.36"
94.123.206.73 - - [05/May/2025:16:06:02 +0300] "GET /wp-content/uploads/2019/05/6652.jpg HTTP/2" 200 35962 "https://www.bmofis.com/urun-kategori/standart-cozumler/kol-ve-kilitler/cam-kapi-kilitleri/" "Mozilla/5.0 (Windows NT 10.0; Win64; x64) AppleWebKit/537.36 (KHTML, like Gecko) Chrome/135.0.0.0 Safari/537.36"
94.123.206.73 - - [05/May/2025:16:06:02 +0300] "GET /wp-content/uploads/2019/05/6855.jpg HTTP/2" 200 35067 "https://www.bmofis.com/urun-kategori/standart-cozumler/kol-ve-kilitler/cam-kapi-kilitleri/" "Mozilla/5.0 (Windows NT 10.0; Win64; x64) AppleWebKit/537.36 (KHTML, like Gecko) Chrome/135.0.0.0 Safari/537.36"
94.123.206.73 - - [05/May/2025:16:06:02 +0300] "GET /wp-content/uploads/2019/05/6650.jpg HTTP/2" 200 32375 "https://www.bmofis.com/urun-kategori/standart-cozumler/kol-ve-kilitler/cam-kapi-kilitleri/" "Mozilla/5.0 (Windows NT 10.0; Win64; x64) AppleWebKit/537.36 (KHTML, like Gecko) Chrome/135.0.0.0 Safari/537.36"
54.36.149.14 - - [05/May/2025:16:03:52 +0300] "GET /urun/hidrolik-cozumler/hidrolik-dis-kapi-sistemleri/menteseler-hidrolik-dis-kapi-sistemleri/biloba-evo-hidrolik-cam-kapi-mentesesi-cam-cama-90da-durmaz/teklif-al?filesrc=/home/bmofiscom/public_html/wp-includes/canonical.php&path=/home/bmofiscom/public_html/wp-includes HTTP/2" 200 11051 "-" "Mozilla/5.0 (compatible; AhrefsBot/7.0; +http://ahrefs.com/robot/)"
52.167.144.19 - - [05/May/2025:16:04:22 +0300] "GET /urun/hidrolik-sistemler/hidrolik-dus-sistemleri/sauna-buhar-odasi-cozumleri-hidrolik-dus-sistemleri/kbt8061-buhar-odalari-ve-hamamlar-icin-hidrolik-set/teklif-al?b=bmo251c13400269-bos-and-co-beverlee HTTP/2" 403 1242 "-" "Mozilla/5.0 AppleWebKit/537.36 (KHTML, like Gecko; compatible; bingbot/2.0; +http://www.bing.com/bingbot.htm) Chrome/116.0.1938.76 Safari/537.36"
52.167.144.19 - - [05/May/2025:16:04:42 +0300] "GET /uygulamalar/dus-kabini-aksesuarlari/nis-uygulamalar-icin-dus-teknesi-ebadi-/coleman-system/4/86.aspx?b=bmo251c9967612 HTTP/2" 403 1242 "-" "Mozilla/5.0 AppleWebKit/537.36 (KHTML, like Gecko; compatible; bingbot/2.0; +http://www.bing.com/bingbot.htm) Chrome/116.0.1938.76 Safari/537.36"
45.84.191.11 - - [05/May/2025:16:04:52 +0300] "POST /wp-cron.php?doing_wp_cron=1746450292.9294350147247314453125 HTTP/1.1" 200 0 "-" "WordPress/6.5.5; https://www.bmofis.com"
66.249.66.3 - - [05/May/2025:16:04:54 +0300] "GET /wp-content/plugins/wpcf7-redirect/js/wpcf7-redirect-script.js HTTP/1.1" 200 754 "https://www.bmofis.com/" "Mozilla/5.0 (Linux; Android 6.0.1; Nexus 5X Build/MMB29P) AppleWebKit/537.36 (KHTML, like Gecko) Chrome/134.0.6998.165 Mobile Safari/537.36 (compatible; Googlebot/2.1; +http://www.google.com/bot.html)"
66.249.66.3 - - [05/May/2025:16:04:55 +0300] "GET /wp-content/plugins/wp-video-lightbox/wp-video-lightbox.css?ver=6.5.5 HTTP/1.1" 200 387 "https://www.bmofis.com/" "Mozilla/5.0 (Linux; Android 6.0.1; Nexus 5X Build/MMB29P) AppleWebKit/537.36 (KHTML, like Gecko) Chrome/134.0.6998.165 Mobile Safari/537.36 (compatible; Googlebot/2.1; +http://www.google.com/bot.html)"
66.249.66.166 - - [05/May/2025:16:04:57 +0300] "GET /wp-includes/js/hoverIntent.min.js?ver=1.10.2 HTTP/1.1" 200 668 "https://www.bmofis.com/" "Mozilla/5.0 (Linux; Android 6.0.1; Nexus 5X Build/MMB29P) AppleWebKit/537.36 (KHTML, like Gecko) Chrome/134.0.6998.165 Mobile Safari/537.36 (compatible; Googlebot/2.1; +http://www.google.com/bot.html)"
66.249.66.2 - - [05/May/2025:16:04:58 +0300] "GET /wp-content/plugins/revslider/public/assets/js/extensions/revolution.extension.layeranimation.min.js?version=5.4.8 HTTP/1.1" 200 13733 "https://www.bmofis.com/" "Mozilla/5.0 (Linux; Android 6.0.1; Nexus 5X Build/MMB29P) AppleWebKit/537.36 (KHTML, like Gecko) Chrome/134.0.6998.165 Mobile Safari/537.36 (compatible; Googlebot/2.1; +http://www.google.com/bot.html)"
66.249.66.43 - - [05/May/2025:16:05:02 +0300] "GET /wp-content/plugins/revslider/public/assets/js/extensions/revolution.extension.slideanims.min.js?version=5.4.8 HTTP/1.1" 200 6505 "https://www.bmofis.com/" "Mozilla/5.0 (Linux; Android 6.0.1; Nexus 5X Build/MMB29P) AppleWebKit/537.36 (KHTML, like Gecko) Chrome/134.0.6998.165 Mobile Safari/537.36 (compatible; Googlebot/2.1; +http://www.google.com/bot.html)"
95.108.213.229 - - [05/May/2025:16:05:14 +0300] "GET /robots.txt HTTP/1.1" 200 111 "-" "Mozilla/5.0 (compatible; YandexBot/3.0; +http://yandex.com/bots)"
72.14.201.34 - - [05/May/2025:16:05:44 +0300] "GET /urun-kategori/standart-cozumler/kol-ve-kilitler/cam-kapi-kilitleri/ HTTP/2" 200 19342 "https://www.google.com.tr/" "Mozilla/5.0 (Windows NT 10.0; Win64; x64) AppleWebKit/537.36 (KHTML, like Gecko) Chrome/135.0.0.0 Safari/537.36"
45.84.191.11 - - [05/May/2025:16:05:50 +0300] "POST /wp-cron.php?doing_wp_cron=1746450350.4160170555114746093750 HTTP/1.1" 200 0 "-" "WordPress/6.5.5; https://www.bmofis.com"
94.123.206.73 - - [05/May/2025:16:06:02 +0300] "GET /wp-content/uploads/2019/05/6641.jpg HTTP/2" 200 34516 "https://www.bmofis.com/urun-kategori/standart-cozumler/kol-ve-kilitler/cam-kapi-kilitleri/" "Mozilla/5.0 (Windows NT 10.0; Win64; x64) AppleWebKit/537.36 (KHTML, like Gecko) Chrome/135.0.0.0 Safari/537.36"
52.167.144.19 - - [05/May/2025:16:06:02 +0300] "GET /urun/standart-cozumler/dus-sistemleri-standart-cozumler/piuma-surme-dus-sistemi/piuma-cift-kanatli-surme-kose-dus-sistemi/teklif-al?b=bmo251c55000112-ray-ban-junior-wayfarer-eyeglasses HTTP/2" 403 1242 "-" "Mozilla/5.0 AppleWebKit/537.36 (KHTML, like Gecko; compatible; bingbot/2.0; +http://www.bing.com/bingbot.htm) Chrome/116.0.1938.76 Safari/537.36"
94.123.206.73 - - [05/May/2025:16:06:03 +0300] "GET /wp-content/uploads/2019/05/685W30.jpg HTTP/2" 200 45285 "https://www.bmofis.com/urun-kategori/standart-cozumler/kol-ve-kilitler/cam-kapi-kilitleri/" "Mozilla/5.0 (Windows NT 10.0; Win64; x64) AppleWebKit/537.36 (KHTML, like Gecko) Chrome/135.0.0.0 Safari/537.36"
94.123.206.73 - - [05/May/2025:16:06:03 +0300] "GET /wp-content/uploads/2019/05/681W50.jpg HTTP/2" 200 58147 "https://www.bmofis.com/urun-kategori/standart-cozumler/kol-ve-kilitler/cam-kapi-kilitleri/" "Mozilla/5.0 (Windows NT 10.0; Win64; x64) AppleWebKit/537.36 (KHTML, like Gecko) Chrome/135.0.0.0 Safari/537.36"
94.123.206.73 - - [05/May/2025:16:06:03 +0300] "GET /wp-content/uploads/2019/05/609W.png HTTP/2" 200 48284 "https://www.bmofis.com/urun-kategori/standart-cozumler/kol-ve-kilitler/cam-kapi-kilitleri/" "Mozilla/5.0 (Windows NT 10.0; Win64; x64) AppleWebKit/537.36 (KHTML, like Gecko) Chrome/135.0.0.0 Safari/537.36"
94.123.206.73 - - [05/May/2025:16:06:03 +0300] "GET /wp-content/uploads/2019/05/681W01.jpg HTTP/2" 200 59512 "https://www.bmofis.com/urun-kategori/standart-cozumler/kol-ve-kilitler/cam-kapi-kilitleri/" "Mozilla/5.0 (Windows NT 10.0; Win64; x64) AppleWebKit/537.36 (KHTML, like Gecko) Chrome/135.0.0.0 Safari/537.36"
94.123.206.73 - - [05/May/2025:16:06:06 +0300] "GET /urun/standart-cozumler/kol-ve-kilitler/cam-kapi-kilitleri/meroni-forma-kilit/ HTTP/2" 200 20159 "https://www.bmofis.com/urun-kategori/standart-cozumler/kol-ve-kilitler/cam-kapi-kilitleri/" "Mozilla/5.0 (Windows NT 10.0; Win64; x64) AppleWebKit/537.36 (KHTML, like Gecko) Chrome/135.0.0.0 Safari/537.36"
94.123.206.73 - - [05/May/2025:16:06:06 +0300] "GET /wp-content/plugins/advanced-woocommerce-product-gallery-slider/assets/css/fancybox.css?ver=1 HTTP/2" 200 3719 "https://www.bmofis.com/urun/standart-cozumler/kol-ve-kilitler/cam-kapi-kilitleri/meroni-forma-kilit/" "Mozilla/5.0 (Windows NT 10.0; Win64; x64) AppleWebKit/537.36 (KHTML, like Gecko) Chrome/135.0.0.0 Safari/537.36"
94.123.206.73 - - [05/May/2025:16:06:06 +0300] "GET /wp-content/plugins/advanced-woocommerce-product-gallery-slider/assets/css/wpgis-front.css?ver=1 HTTP/2" 200 1600 "https://www.bmofis.com/urun/standart-cozumler/kol-ve-kilitler/cam-kapi-kilitleri/meroni-forma-kilit/" "Mozilla/5.0 (Windows NT 10.0; Win64; x64) AppleWebKit/537.36 (KHTML, like Gecko) Chrome/135.0.0.0 Safari/537.36"
94.123.206.73 - - [05/May/2025:16:06:06 +0300] "GET /wp-content/plugins/woocommerce/assets/css/photoswipe/photoswipe.css?ver=3.8.3 HTTP/2" 200 1405 "https://www.bmofis.com/urun/standart-cozumler/kol-ve-kilitler/cam-kapi-kilitleri/meroni-forma-kilit/" "Mozilla/5.0 (Windows NT 10.0; Win64; x64) AppleWebKit/537.36 (KHTML, like Gecko) Chrome/135.0.0.0 Safari/537.36"
94.123.206.73 - - [05/May/2025:16:06:06 +0300] "GET /wp-content/plugins/woocommerce/assets/css/photoswipe/default-skin/default-skin.css?ver=3.8.3 HTTP/2" 200 2758 "https://www.bmofis.com/urun/standart-cozumler/kol-ve-kilitler/cam-kapi-kilitleri/meroni-forma-kilit/" "Mozilla/5.0 (Windows NT 10.0; Win64; x64) AppleWebKit/537.36 (KHTML, like Gecko) Chrome/135.0.0.0 Safari/537.36"
94.123.206.73 - - [05/May/2025:16:06:06 +0300] "GET /wp-content/plugins/wooswipe/pswp/photoswipe.css?ver=6.5.5 HTTP/2" 200 1175 "https://www.bmofis.com/urun/standart-cozumler/kol-ve-kilitler/cam-kapi-kilitleri/meroni-forma-kilit/" "Mozilla/5.0 (Windows NT 10.0; Win64; x64) AppleWebKit/537.36 (KHTML, like Gecko) Chrome/135.0.0.0 Safari/537.36"
94.123.206.73 - - [05/May/2025:16:06:06 +0300] "GET /wp-content/plugins/wooswipe/pswp/white-skin/skin.css?ver=6.5.5 HTTP/2" 200 2815 "https://www.bmofis.com/urun/standart-cozumler/kol-ve-kilitler/cam-kapi-kilitleri/meroni-forma-kilit/" "Mozilla/5.0 (Windows NT 10.0; Win64; x64) AppleWebKit/537.36 (KHTML, like Gecko) Chrome/135.0.0.0 Safari/537.36"
94.123.206.73 - - [05/May/2025:16:06:06 +0300] "GET /wp-content/plugins/wooswipe/slick/slick.css?ver=6.5.5 HTTP/2" 200 802 "https://www.bmofis.com/urun/standart-cozumler/kol-ve-kilitler/cam-kapi-kilitleri/meroni-forma-kilit/" "Mozilla/5.0 (Windows NT 10.0; Win64; x64) AppleWebKit/537.36 (KHTML, like Gecko) Chrome/135.0.0.0 Safari/537.36"
94.123.206.73 - - [05/May/2025:16:06:06 +0300] "GET /wp-content/plugins/wooswipe/slick/slick-theme.css?ver=6.5.5 HTTP/2" 200 833 "https://www.bmofis.com/urun/standart-cozumler/kol-ve-kilitler/cam-kapi-kilitleri/meroni-forma-kilit/" "Mozilla/5.0 (Windows NT 10.0; Win64; x64) AppleWebKit/537.36 (KHTML, like Gecko) Chrome/135.0.0.0 Safari/537.36"
94.123.206.73 - - [05/May/2025:16:06:06 +0300] "GET /wp-content/plugins/wooswipe/wooswipe.css?ver=6.5.5 HTTP/2" 200 126 "https://www.bmofis.com/urun/standart-cozumler/kol-ve-kilitler/cam-kapi-kilitleri/meroni-forma-kilit/" "Mozilla/5.0 (Windows NT 10.0; Win64; x64) AppleWebKit/537.36 (KHTML, like Gecko) Chrome/135.0.0.0 Safari/537.36"
94.123.206.73 - - [05/May/2025:16:06:06 +0300] "GET /wp-content/plugins/custom-page-templates-by-vegacorp/assets/styles.css?ver=1.1.6 HTTP/2" 200 203 "https://www.bmofis.com/urun/standart-cozumler/kol-ve-kilitler/cam-kapi-kilitleri/meroni-forma-kilit/" "Mozilla/5.0 (Windows NT 10.0; Win64; x64) AppleWebKit/537.36 (KHTML, like Gecko) Chrome/135.0.0.0 Safari/537.36"
94.123.206.73 - - [05/May/2025:16:06:06 +0300] "GET /wp-content/plugins/advanced-woocommerce-product-gallery-slider/assets/js/slick.min.js?ver=1.6.0 HTTP/2" 200 10097 "https://www.bmofis.com/urun/standart-cozumler/kol-ve-kilitler/cam-kapi-kilitleri/meroni-forma-kilit/" "Mozilla/5.0 (Windows NT 10.0; Win64; x64) AppleWebKit/537.36 (KHTML, like Gecko) Chrome/135.0.0.0 Safari/537.36"
94.123.206.73 - - [05/May/2025:16:06:06 +0300] "GET /wp-content/plugins/advanced-woocommerce-product-gallery-slider/assets/js/jquery.fancybox.js?ver=1.0 HTTP/2" 200 34678 "https://www.bmofis.com/urun/standart-cozumler/kol-ve-kilitler/cam-kapi-kilitleri/meroni-forma-kilit/" "Mozilla/5.0 (Windows NT 10.0; Win64; x64) AppleWebKit/537.36 (KHTML, like Gecko) Chrome/135.0.0.0 Safari/537.36"
94.123.206.73 - - [05/May/2025:16:06:06 +0300] "GET /wp-content/plugins/advanced-woocommerce-product-gallery-slider/assets/js/jquery.zoom.min.js?ver=1.0 HTTP/2" 200 1033 "https://www.bmofis.com/urun/standart-cozumler/kol-ve-kilitler/cam-kapi-kilitleri/meroni-forma-kilit/" "Mozilla/5.0 (Windows NT 10.0; Win64; x64) AppleWebKit/537.36 (KHTML, like Gecko) Chrome/135.0.0.0 Safari/537.36"
94.123.206.73 - - [05/May/2025:16:06:06 +0300] "GET /wp-content/plugins/advanced-woocommerce-product-gallery-slider/assets/js/wpgis.front.js?ver=1.0 HTTP/2" 200 1009 "https://www.bmofis.com/urun/standart-cozumler/kol-ve-kilitler/cam-kapi-kilitleri/meroni-forma-kilit/" "Mozilla/5.0 (Windows NT 10.0; Win64; x64) AppleWebKit/537.36 (KHTML, like Gecko) Chrome/135.0.0.0 Safari/537.36"
94.123.206.73 - - [05/May/2025:16:06:06 +0300] "GET /wp-content/plugins/woocommerce/assets/js/zoom/jquery.zoom.min.js?ver=1.7.21 HTTP/2" 200 1037 "https://www.bmofis.com/urun/standart-cozumler/kol-ve-kilitler/cam-kapi-kilitleri/meroni-forma-kilit/" "Mozilla/5.0 (Windows NT 10.0; Win64; x64) AppleWebKit/537.36 (KHTML, like Gecko) Chrome/135.0.0.0 Safari/537.36"
94.123.206.73 - - [05/May/2025:16:06:06 +0300] "GET /wp-content/plugins/js_composer_theme/assets/lib/bower/flexslider/jquery.flexslider-min.js?ver=5.5.5 HTTP/2" 200 6044 "https://www.bmofis.com/urun/standart-cozumler/kol-ve-kilitler/cam-kapi-kilitleri/meroni-forma-kilit/" "Mozilla/5.0 (Windows NT 10.0; Win64; x64) AppleWebKit/537.36 (KHTML, like Gecko) Chrome/135.0.0.0 Safari/537.36"
94.123.206.73 - - [05/May/2025:16:06:06 +0300] "GET /wp-content/plugins/woocommerce/assets/js/photoswipe/photoswipe.min.js?ver=4.1.1 HTTP/2" 200 11847 "https://www.bmofis.com/urun/standart-cozumler/kol-ve-kilitler/cam-kapi-kilitleri/meroni-forma-kilit/" "Mozilla/5.0 (Windows NT 10.0; Win64; x64) AppleWebKit/537.36 (KHTML, like Gecko) Chrome/135.0.0.0 Safari/537.36"
94.123.206.73 - - [05/May/2025:16:06:06 +0300] "GET /wp-content/plugins/woocommerce/assets/js/photoswipe/photoswipe-ui-default.min.js?ver=4.1.1 HTTP/2" 200 3554 "https://www.bmofis.com/urun/standart-cozumler/kol-ve-kilitler/cam-kapi-kilitleri/meroni-forma-kilit/" "Mozilla/5.0 (Windows NT 10.0; Win64; x64) AppleWebKit/537.36 (KHTML, like Gecko) Chrome/135.0.0.0 Safari/537.36"
94.123.206.73 - - [05/May/2025:16:06:06 +0300] "GET /wp-content/plugins/woocommerce/assets/js/frontend/single-product.min.js?ver=3.8.3 HTTP/2" 200 1698 "https://www.bmofis.com/urun/standart-cozumler/kol-ve-kilitler/cam-kapi-kilitleri/meroni-forma-kilit/" "Mozilla/5.0 (Windows NT 10.0; Win64; x64) AppleWebKit/537.36 (KHTML, like Gecko) Chrome/135.0.0.0 Safari/537.36"
94.123.206.73 - - [05/May/2025:16:06:06 +0300] "GET /wp-content/plugins/wooswipe/pswp/photoswipe.min.js HTTP/2" 200 11819 "https://www.bmofis.com/urun/standart-cozumler/kol-ve-kilitler/cam-kapi-kilitleri/meroni-forma-kilit/" "Mozilla/5.0 (Windows NT 10.0; Win64; x64) AppleWebKit/537.36 (KHTML, like Gecko) Chrome/135.0.0.0 Safari/537.36"
94.123.206.73 - - [05/May/2025:16:06:06 +0300] "GET /wp-content/plugins/wooswipe/pswp/photoswipe-ui-default.min.js HTTP/2" 200 3563 "https://www.bmofis.com/urun/standart-cozumler/kol-ve-kilitler/cam-kapi-kilitleri/meroni-forma-kilit/" "Mozilla/5.0 (Windows NT 10.0; Win64; x64) AppleWebKit/537.36 (KHTML, like Gecko) Chrome/135.0.0.0 Safari/537.36"
94.123.206.73 - - [05/May/2025:16:06:06 +0300] "GET /wp-content/plugins/wooswipe/slick/slick.min.js HTTP/2" 200 9652 "https://www.bmofis.com/urun/standart-cozumler/kol-ve-kilitler/cam-kapi-kilitleri/meroni-forma-kilit/" "Mozilla/5.0 (Windows NT 10.0; Win64; x64) AppleWebKit/537.36 (KHTML, like Gecko) Chrome/135.0.0.0 Safari/537.36"
94.123.206.73 - - [05/May/2025:16:06:06 +0300] "GET /wp-content/plugins/wooswipe/wooswipe.js HTTP/2" 200 1610 "https://www.bmofis.com/urun/standart-cozumler/kol-ve-kilitler/cam-kapi-kilitleri/meroni-forma-kilit/" "Mozilla/5.0 (Windows NT 10.0; Win64; x64) AppleWebKit/537.36 (KHTML, like Gecko) Chrome/135.0.0.0 Safari/537.36"
94.123.206.73 - - [05/May/2025:16:06:06 +0300] "GET /wp-content/plugins/custom-page-templates-by-vegacorp/assets/js/init.js?ver=1.1.6 HTTP/2" 200 2047 "https://www.bmofis.com/urun/standart-cozumler/kol-ve-kilitler/cam-kapi-kilitleri/meroni-forma-kilit/" "Mozilla/5.0 (Windows NT 10.0; Win64; x64) AppleWebKit/537.36 (KHTML, like Gecko) Chrome/135.0.0.0 Safari/537.36"
94.123.206.73 - - [05/May/2025:16:06:06 +0300] "GET /wp-content/themes/benim-ofis/img/pd1.svg HTTP/2" 200 264 "https://www.bmofis.com/wp-content/themes/benim-ofis/woocommer-only.css" "Mozilla/5.0 (Windows NT 10.0; Win64; x64) AppleWebKit/537.36 (KHTML, like Gecko) Chrome/135.0.0.0 Safari/537.36"
94.123.206.73 - - [05/May/2025:16:06:06 +0300] "GET /wp-content/themes/benim-ofis/img/pdf.svg HTTP/2" 200 707 "https://www.bmofis.com/wp-content/themes/benim-ofis/woocommer-only.css" "Mozilla/5.0 (Windows NT 10.0; Win64; x64) AppleWebKit/537.36 (KHTML, like Gecko) Chrome/135.0.0.0 Safari/537.36"
94.123.206.73 - - [05/May/2025:16:06:06 +0300] "GET /wp-content/uploads/2019/04/15_CROMO_OPACO.jpg HTTP/2" 200 160713 "https://www.bmofis.com/urun/standart-cozumler/kol-ve-kilitler/cam-kapi-kilitleri/meroni-forma-kilit/" "Mozilla/5.0 (Windows NT 10.0; Win64; x64) AppleWebKit/537.36 (KHTML, like Gecko) Chrome/135.0.0.0 Safari/537.36"
94.123.206.73 - - [05/May/2025:16:06:06 +0300] "GET /wp-content/plugins/wp-slick-slider-and-image-carousel/assets/css/ajax-loader.gif HTTP/2" 200 4178 "https://www.bmofis.com/wp-content/plugins/wp-slick-slider-and-image-carousel/assets/css/slick.css?ver=1.8" "Mozilla/5.0 (Windows NT 10.0; Win64; x64) AppleWebKit/537.36 (KHTML, like Gecko) Chrome/135.0.0.0 Safari/537.36"
94.123.206.73 - - [05/May/2025:16:06:06 +0300] "GET /wp-content/uploads/2019/05/6623-150x150.jpg HTTP/2" 200 4232 "https://www.bmofis.com/urun/standart-cozumler/kol-ve-kilitler/cam-kapi-kilitleri/meroni-forma-kilit/" "Mozilla/5.0 (Windows NT 10.0; Win64; x64) AppleWebKit/537.36 (KHTML, like Gecko) Chrome/135.0.0.0 Safari/537.36"
94.123.206.73 - - [05/May/2025:16:06:07 +0300] "GET /wp-content/uploads/2019/04/facebook.png HTTP/2" 200 169 "https://www.bmofis.com/urun/standart-cozumler/kol-ve-kilitler/cam-kapi-kilitleri/meroni-forma-kilit/" "Mozilla/5.0 (Windows NT 10.0; Win64; x64) AppleWebKit/537.36 (KHTML, like Gecko) Chrome/135.0.0.0 Safari/537.36"
94.123.206.73 - - [05/May/2025:16:06:07 +0300] "GET /wp-content/uploads/2019/05/youtube.png HTTP/2" 200 15132 "https://www.bmofis.com/urun/standart-cozumler/kol-ve-kilitler/cam-kapi-kilitleri/meroni-forma-kilit/" "Mozilla/5.0 (Windows NT 10.0; Win64; x64) AppleWebKit/537.36 (KHTML, like Gecko) Chrome/135.0.0.0 Safari/537.36"
94.123.206.73 - - [05/May/2025:16:06:07 +0300] "GET /wp-content/uploads/2019/04/instagram.png HTTP/2" 200 454 "https://www.bmofis.com/urun/standart-cozumler/kol-ve-kilitler/cam-kapi-kilitleri/meroni-forma-kilit/" "Mozilla/5.0 (Windows NT 10.0; Win64; x64) AppleWebKit/537.36 (KHTML, like Gecko) Chrome/135.0.0.0 Safari/537.36"
94.123.206.73 - - [05/May/2025:16:06:07 +0300] "GET /wp-content/uploads/2019/05/linkedin.png HTTP/2" 200 407 "https://www.bmofis.com/urun/standart-cozumler/kol-ve-kilitler/cam-kapi-kilitleri/meroni-forma-kilit/" "Mozilla/5.0 (Windows NT 10.0; Win64; x64) AppleWebKit/537.36 (KHTML, like Gecko) Chrome/135.0.0.0 Safari/537.36"
94.123.206.73 - - [05/May/2025:16:06:07 +0300] "GET /wp-content/uploads/2019/04/4.png HTTP/2" 200 7735 "https://www.bmofis.com/" "Mozilla/5.0 (Windows NT 10.0; Win64; x64) AppleWebKit/537.36 (KHTML, like Gecko) Chrome/135.0.0.0 Safari/537.36"
94.123.206.73 - - [05/May/2025:16:06:07 +0300] "GET /wp-content/uploads/2019/05/footer_colcom_image_v3.png HTTP/2" 200 17820 "https://www.bmofis.com/" "Mozilla/5.0 (Windows NT 10.0; Win64; x64) AppleWebKit/537.36 (KHTML, like Gecko) Chrome/135.0.0.0 Safari/537.36"
94.123.206.73 - - [05/May/2025:16:06:06 +0300] "POST /?wc-ajax=get_refreshed_fragments HTTP/2" 200 4404 "https://www.bmofis.com/urun/standart-cozumler/kol-ve-kilitler/cam-kapi-kilitleri/meroni-forma-kilit/" "Mozilla/5.0 (Windows NT 10.0; Win64; x64) AppleWebKit/537.36 (KHTML, like Gecko) Chrome/135.0.0.0 Safari/537.36"
45.84.191.11 - - [05/May/2025:16:06:09 +0300] "POST /wp-admin/admin-ajax.php?action=async_litespeed&nonce=RnXcfoVrcpoGwYHTfS3CFyMcZy8VLE0n&litespeed_type=imgoptm HTTP/1.1" 200 5610 "-" "WordPress/6.5.5; https://www.bmofis.com"
40.77.167.46 - - [05/May/2025:16:06:22 +0300] "GET /urun/standart-cozumler/dus-sistemleri-standart-cozumler/yaprak-menteseler-dus-sistemleri-standart-cozumler/8501-yayli-dus-mentesesi-duvar-cam-asimetrik-montaj-plakali/teklif-al?b=bmo251c36000013-laundry-by-shelli-segal-women%27s-faux-fur-trim-hooded-puffer HTTP/2" 403 1242 "-" "Mozilla/5.0 AppleWebKit/537.36 (KHTML, like Gecko; compatible; bingbot/2.0; +http://www.bing.com/bingbot.htm) Chrome/116.0.1938.76 Safari/537.36"
94.198.134.222 - - [05/May/2025:16:06:03 +0300] "GET /wp-content/uploads/2019/05/BZQ0_A.jpg HTTP/2" 200 530108 "-" "Mozilla/5.0 (Windows NT 10.0; Win64; x64) AppleWebKit/537.36 (KHTML, like Gecko) Chrome/132.0.0.0 YaBrowser/25.2.0.0 Safari/537.36"
45.84.191.11 - - [05/May/2025:16:06:08 +0300] "POST /wp-cron.php?doing_wp_cron=1746450367.9833710193634033203125 HTTP/1.1" 200 0 "-" "WordPress/6.5.5; https://www.bmofis.com"
20.120.134.41 - - [05/May/2025:16:06:46 +0300] "GET /urun/hidrolik-sistemler/hidrolik-dus-sistemleri/sauna-buhar-odasi-cozumleri-hidrolik-dus-sistemleri/kbt8061-buhar-odalari-ve-hamamlar-icin-hidrolik-set/teklif-al?b=bmo251c67000035-ultraspire-basham-race-hydration-vest HTTP/1.1" 403 1242 "-" "Mozilla/5.0 (Windows NT 10.0; Win64; x64) AppleWebKit/537.36 (KHTML, like Gecko) Chrome/131.0.0.0 Safari/537.36 Edg/131.0.0.0"
20.197.112.238 - - [05/May/2025:16:07:11 +0300] "GET /urun/pcc17-3-iki-yollu-aluminyum-birlesim-profili-8-1238mm/?b=bmo251c60000050-sissy-boy-porn-pics HTTP/1.1" 403 1242 "-" "Mozilla/5.0 (Windows NT 10.0; Win64; x64) AppleWebKit/537.36 (KHTML, like Gecko) Chrome/131.0.0.0 Safari/537.36 Edg/131.0.0.0"
40.77.167.46 - - [05/May/2025:16:07:23 +0300] "GET /urun/hidrolik-sistemler/hidrolik-dus-sistemleri/sauna-buhar-odasi-cozumleri-hidrolik-dus-sistemleri/kbt8061-buhar-odalari-ve-hamamlar-icin-hidrolik-set/teklif-al?b=bmo251c39600234-alo-yoga-mat-vs-manduka HTTP/2" 403 1242 "-" "Mozilla/5.0 AppleWebKit/537.36 (KHTML, like Gecko; compatible; bingbot/2.0; +http://www.bing.com/bingbot.htm) Chrome/116.0.1938.76 Safari/537.36"
45.84.191.11 - - [05/May/2025:16:07:24 +0300] "POST /wp-admin/admin-ajax.php?action=async_litespeed&nonce=vCzxdFvwaNzHBHOtq2R8TS9opugVdDyJ&litespeed_type=imgoptm HTTP/1.1" 200 5610 "-" "WordPress/6.5.5; https://www.bmofis.com"
40.77.167.46 - - [05/May/2025:16:06:42 +0300] "GET /urun/standart-cozumler/dus-sistemleri-standart-cozumler/piuma-surme-dus-sistemi/piuma-cift-kanatli-surme-kose-dus-sistemi/teklif-al?b=bmo251c64300411-threads-4-thought-baseline-long-sleeve-triblend-tee-red HTTP/2" 403 1242 "-" "Mozilla/5.0 AppleWebKit/537.36 (KHTML, like Gecko; compatible; bingbot/2.0; +http://www.bing.com/bingbot.htm) Chrome/116.0.1938.76 Safari/537.36"
